{"id":11898,"date":"2021-10-28T10:57:01","date_gmt":"2021-10-28T10:57:01","guid":{"rendered":"https:\/\/idecesos.com\/seguros\/?page_id=11898"},"modified":"2022-01-03T12:31:13","modified_gmt":"2022-01-03T12:31:13","slug":"de-60","status":"publish","type":"page","link":"https:\/\/idecesos.com\/seguros\/tipo\/mayores\/de-60\/","title":{"rendered":"Seguro de Decesos para Mayores de 60 a\u00f1os"},"content":{"rendered":"<div id=\"ez-toc-container\" class=\"ez-toc-v2_0_83 ez-toc-wrap-center counter-hierarchy ez-toc-counter ez-toc-custom ez-toc-container-direction\">\n<div class=\"ez-toc-title-container\">\n<p class=\"ez-toc-title\" style=\"cursor:inherit\">Tabla de Contenido<\/p>\n<span class=\"ez-toc-title-toggle\"><a href=\"#\" class=\"ez-toc-pull-right ez-toc-btn ez-toc-btn-xs ez-toc-btn-default ez-toc-toggle\" aria-label=\"Alternar tabla de contenidos\"><span class=\"ez-toc-js-icon-con\"><span class=\"\"><span class=\"eztoc-hide\" style=\"display:none;\">Toggle<\/span><span class=\"ez-toc-icon-toggle-span\"><svg style=\"fill: #db6415;color:#db6415\" xmlns=\"http:\/\/www.w3.org\/2000\/svg\" class=\"list-377408\" width=\"20px\" height=\"20px\" viewBox=\"0 0 24 24\" fill=\"none\"><path d=\"M6 6H4v2h2V6zm14 0H8v2h12V6zM4 11h2v2H4v-2zm16 0H8v2h12v-2zM4 16h2v2H4v-2zm16 0H8v2h12v-2z\" fill=\"currentColor\"><\/path><\/svg><svg style=\"fill: #db6415;color:#db6415\" class=\"arrow-unsorted-368013\" xmlns=\"http:\/\/www.w3.org\/2000\/svg\" width=\"10px\" height=\"10px\" viewBox=\"0 0 24 24\" version=\"1.2\" baseProfile=\"tiny\"><path d=\"M18.2 9.3l-6.2-6.3-6.2 6.3c-.2.2-.3.4-.3.7s.1.5.3.7c.2.2.4.3.7.3h11c.3 0 .5-.1.7-.3.2-.2.3-.5.3-.7s-.1-.5-.3-.7zM5.8 14.7l6.2 6.3 6.2-6.3c.2-.2.3-.5.3-.7s-.1-.5-.3-.7c-.2-.2-.4-.3-.7-.3h-11c-.3 0-.5.1-.7.3-.2.2-.3.5-.3.7s.1.5.3.7z\"\/><\/svg><\/span><\/span><\/span><\/a><\/span><\/div>\n<nav><ul class='ez-toc-list ez-toc-list-level-1 ' ><li class='ez-toc-page-1 ez-toc-heading-level-2'><a class=\"ez-toc-link ez-toc-heading-1\" href=\"https:\/\/idecesos.com\/seguros\/tipo\/mayores\/de-60\/#Tipos_de_seguros_de_decesos_para_mayores_de_60_anos\" >Tipos de seguros de decesos para\u00a0mayores de 60 a\u00f1os<\/a><ul class='ez-toc-list-level-3' ><li class='ez-toc-heading-level-3'><a class=\"ez-toc-link ez-toc-heading-2\" href=\"https:\/\/idecesos.com\/seguros\/tipo\/mayores\/de-60\/#Coberturas\" >Coberturas<\/a><\/li><li class='ez-toc-page-1 ez-toc-heading-level-3'><a class=\"ez-toc-link ez-toc-heading-3\" href=\"https:\/\/idecesos.com\/seguros\/tipo\/mayores\/de-60\/#Requisitos_para_contratar_un_seguro_de_decesos_para_mayores_de_60_anos\" >Requisitos para contratar un seguro de decesos para\u00a0mayores de 60 a\u00f1os<\/a><\/li><\/ul><\/li><li class='ez-toc-page-1 ez-toc-heading-level-2'><a class=\"ez-toc-link ez-toc-heading-4\" href=\"https:\/\/idecesos.com\/seguros\/tipo\/mayores\/de-60\/#%C2%BFQue_compania_de_seguro_de_decesos_elegir_para_mayores_de_60_anos\" >\u00bfQu\u00e9 compa\u00f1\u00eda de seguro de decesos elegir para\u00a0mayores de 60 a\u00f1os?<\/a><ul class='ez-toc-list-level-3' ><li class='ez-toc-heading-level-3'><a class=\"ez-toc-link ez-toc-heading-5\" href=\"https:\/\/idecesos.com\/seguros\/tipo\/mayores\/de-60\/#Paginas_relacionadas\" >P\u00e1ginas relacionadas<\/a><\/li><\/ul><\/li><\/ul><\/nav><\/div>\n\n<p>Las p\u00f3lizas de <strong>seguro de decesos para mayores de 60 a\u00f1os <\/strong>son diversas tanto por su precio, compa\u00f1\u00edas, coberturas tipos de primas, y requisitos de contrataci\u00f3n. Lo m\u00e1s importante que debes saber que con 60 a\u00f1os puedes contratar un seguro de decesos con pago fraccionado y puedes disfrutar de garant\u00edas muy usables durante toda la vida de la p\u00f3liza, adem\u00e1s de la garant\u00eda principal de servicio funerario completo.<\/p>\n<p>Asimismo, esto es posible al <strong>calcular tu seguro de decesos para mayores de 60 a\u00f1os<\/strong> en iDecesos comparador especialista en seguro de entierro l\u00edder en ahorro en Espa\u00f1a. Es muy importante, saber cuales son nuestras necesidades y nuestra forma de controlar nuestros costes porque existen distintos tipos de primas que evoluciona el precio de forma distinta seg\u00fan la modalidad que contrates (prima natural, nivelada, mixta o prima \u00fanica).<\/p>\n<p>Las <strong>10 comunidades donde m\u00e1s se contrata el seguro de decesos para mayores de 60 a\u00f1os en Espa\u00f1a son: <\/strong>Asturias, Castilla y Le\u00f3n, Galicia, Pa\u00eds Vasco, Arag\u00f3n, Cantabria, la Rioja, Extremadura, Navarra y C. Valenciana.<\/p>\n<div class=\"colorf\"><div class=\"container clearfix\"><div class=\"col-md-7\"><div class=\"tipos\"><svg id=\"stars\" style=\"display: none;\" version=\"1.1\">\n\t<symbol id=\"stars-full-star\" viewBox=\"0 0 102 18\">\n\t\t<path d=\"M9.5 14.25l-5.584 2.936 1.066-6.218L.465 6.564l6.243-.907L9.5 0l2.792 5.657 6.243.907-4.517 4.404 1.066 6.218\" \/>\n\t<\/symbol>\n\n\t<symbol id=\"stars-half-star\" viewBox=\"0 0 102 18\">\n\t\t<path d=\"M9.5 14.25l-5.584 2.936 1.066-6.218L.465 6.564l6.243-.907L9.5 0l2.792\" fill=\"#ffdc0f\" \/>\n\t<\/symbol>\n\n\t<symbol id=\"stars-all-star\" viewBox=\"0 0 102 18\">\n\t\t<use xlink:href=\"#stars-full-star\" \/>\n\t\t<use xlink:href=\"#stars-full-star\" transform=\"translate(21)\" \/>\n\t\t<use xlink:href=\"#stars-full-star\" transform=\"translate(42)\" \/>\n\t\t<use xlink:href=\"#stars-full-star\" transform=\"translate(63)\" \/>\n\t\t<use xlink:href=\"#stars-full-star\" transform=\"translate(84)\" \/>\n\t<\/symbol>\n\n\t<symbol id=\"stars-0\" viewBox=\"0 0 102 18\">\n\t\t<use xlink:href=\"#stars-all-star\" fill=\"#e5e5e5\" \/>\n\t<\/symbol>\n\n\t<symbol id=\"stars-1\" viewBox=\"0 0 102 18\">\n\t\t<use xlink:href=\"#stars-0\" \/>\n\t\t<use xlink:href=\"#stars-half-star\" \/>\n\t<\/symbol>\n\n\t<symbol id=\"stars-2\" viewBox=\"0 0 102 18\">\n\t\t<use xlink:href=\"#stars-0\" \/>\n\t\t<use xlink:href=\"#stars-full-star\" fill=\"#ffdc0f\" \/>\n\t<\/symbol>\n\n\t<symbol id=\"stars-3\" viewBox=\"0 0 102 18\">\n\t\t<use xlink:href=\"#stars-2\" \/>\n\t\t<use xlink:href=\"#stars-half-star\" transform=\"translate(21)\" \/>\n\t<\/symbol>\n\n\t<symbol id=\"stars-4\" viewBox=\"0 0 102 18\">\n\t\t<use xlink:href=\"#stars-2\" \/>\n\t\t<use xlink:href=\"#stars-full-star\" fill=\"#ffdc0f\" transform=\"translate(21)\" \/>\n\t<\/symbol>\n\n\t<symbol id=\"stars-5\" viewBox=\"0 0 102 18\">\n\t\t<use xlink:href=\"#stars-4\" \/>\n\t\t<use xlink:href=\"#stars-half-star\" transform=\"translate(42)\" \/>\n\t<\/symbol>\n\n\t<symbol id=\"stars-6\" viewBox=\"0 0 102 18\">\n\t\t<use xlink:href=\"#stars-4\" \/>\n\t\t<use xlink:href=\"#stars-full-star\" fill=\"#ffdc0f\" transform=\"translate(42)\" \/>\n\t<\/symbol>\n\n\t<symbol id=\"stars-7\" viewBox=\"0 0 102 18\">\n\t\t<use xlink:href=\"#stars-6\" \/>\n\t\t<use xlink:href=\"#stars-half-star\" transform=\"translate(63)\" \/>\n\t<\/symbol>\n\n\t<symbol id=\"stars-8\" viewBox=\"0 0 102 18\">\n\t\t<use xlink:href=\"#stars-6\" \/>\n\t\t<use xlink:href=\"#stars-full-star\" fill=\"#ffdc0f\" transform=\"translate(63)\" \/>\n\t<\/symbol>\n\n\t<symbol id=\"stars-9\" viewBox=\"0 0 102 18\">\n\t\t<use xlink:href=\"#stars-8\" \/>\n\t\t<use xlink:href=\"#stars-half-star\" transform=\"translate(84)\" \/>\n\t<\/symbol>\n\n\t<symbol id=\"stars-10\" viewBox=\"0 0 102 18\">\n\t\t<use xlink:href=\"#stars-all-star\" fill=\"#ffdc0f\" \/>\n\t<\/symbol>\n<\/svg>\n\n<h2><span class=\"ez-toc-section\" id=\"Tipos_de_seguros_de_decesos_para_mayores_de_60_anos\"><\/span>Tipos de seguros de decesos para\u00a0mayores de 60 a\u00f1os<span class=\"ez-toc-section-end\"><\/span><\/h2>\n<p>Los <strong>tipos de seguros de decesos para\u00a0<span class=\"il\">mayores<\/span> de 60 a\u00f1os<\/strong> m\u00e1s demandados a nivel nacional son los de <strong>prima nivelada o mixta.<\/strong> El tipo de prima nivelada para una persona de 60 a\u00f1os es una opci\u00f3n muy aceptable porque no tiene que adelantar mucho la estabilizaci\u00f3n de la prima, y est\u00e1 muy extendida en los sexagenarios debido a que muchos est\u00e1n prejubilados o organizando su jubilaci\u00f3n y quieren tener controladas todas las subidas de costes de su unidad familiar y necesitan tener una planificaci\u00f3n de ingresos.<\/p>\n<div class=\"tipo4 \"  ><div class=\"cuadro_tipo\"><div class=\"tipo_icon\"><i class=\"fas fa-cubes\"><\/i><!--span class=\"dashicons dashicons-image-filter\"><\/span--><\/div><div class=\"titulo_tipo titulo\">Prima Mixta<\/div><div class=\"texto_tipo\"><\/p>\n<p><strong>El tipo de prima mixta del seguro de decesos para <span class=\"il\">mayores<\/span> de 60 a\u00f1os\u00a0<\/strong>es muy interesante porque no adelantas primas y gozas de un precio muy econ\u00f3mico, tiene subidas en en las renovaciones anuales y seg\u00fan el producto de la aseguradora con la que contrates se estabiliza en edad avanzada y pasa a ser nivelada. Es una opci\u00f3n que mezcla las ventajas de la prima natural y la prima nivelada.<\/p>\n<p><\/div><\/div><\/div>\n<\/div><\/div><\/div><\/div>\n<h3><span class=\"ez-toc-section\" id=\"Coberturas\"><\/span>Coberturas<span class=\"ez-toc-section-end\"><\/span><\/h3>\n<p>Las <strong>coberturas del seguro de decesos para <span class=\"il\">mayores<\/span> de 60 a\u00f1os\u00a0<\/strong>han evolucionado considerablemente a lo largo de los \u00faltimos tiempos debido a que las compa\u00f1\u00edas han ido incluyendo en sus productos y condiciones generales garant\u00edas adicionales que le dan una usabilidad alta por parte de los asegurados. As\u00ed generan una dependencia y fidelizan al cliente, es m\u00e1s es muchos \u00e1mbitos se le conoce c\u00f3mo el seguro con coberturas de protecci\u00f3n familiar porque es pr\u00e1cticamente un multirriesgo familiar.<\/p>\n<p><strong>\u00bfQu\u00e9 cubre? Existen dos partes;<\/strong>\u00a0La cobertura b\u00e1sica o esencial <strong>del seguro de decesos para <span class=\"il\">mayores<\/span> de 60 a\u00f1os es el servicio de sepelio completo<\/strong> que incluye desde el coche f\u00fanebre, ata\u00fad, tanatorio, crematorio, cementerio, corona de flores, acto religioso, servicio de gestor\u00eda para tramitar el certificado de defunci\u00f3n y el registro civil del fallecido. As\u00ed como, todo el servicio de gestor\u00eda post sepelio en la que hay que tramitar infinidad de certificados en la Seguridad Social, Agencia Tributaria y Registro Civil.<\/p>\n<p>Las coberturas a\u00f1adidas del <strong>del seguro de decesos para <span class=\"il\">mayores<\/span> de 60 a\u00f1os<\/strong> que en el condicionado adicional de la p\u00f3liza consta c\u00f3mo servicios son muy numerosas y con distintas finalidades, a continuaci\u00f3n resalto las m\u00e1s destacadas:<\/p>\n<div class=\"colorf\"><div class=\"container clearfix\"><div class=\"col-md-7\"><div class=\"tipos\"><svg id=\"stars\" style=\"display: none;\" version=\"1.1\">\n\t<symbol id=\"stars-full-star\" viewBox=\"0 0 102 18\">\n\t\t<path d=\"M9.5 14.25l-5.584 2.936 1.066-6.218L.465 6.564l6.243-.907L9.5 0l2.792 5.657 6.243.907-4.517 4.404 1.066 6.218\" \/>\n\t<\/symbol>\n\n\t<symbol id=\"stars-half-star\" viewBox=\"0 0 102 18\">\n\t\t<path d=\"M9.5 14.25l-5.584 2.936 1.066-6.218L.465 6.564l6.243-.907L9.5 0l2.792\" fill=\"#ffdc0f\" \/>\n\t<\/symbol>\n\n\t<symbol id=\"stars-all-star\" viewBox=\"0 0 102 18\">\n\t\t<use xlink:href=\"#stars-full-star\" \/>\n\t\t<use xlink:href=\"#stars-full-star\" transform=\"translate(21)\" \/>\n\t\t<use xlink:href=\"#stars-full-star\" transform=\"translate(42)\" \/>\n\t\t<use xlink:href=\"#stars-full-star\" transform=\"translate(63)\" \/>\n\t\t<use xlink:href=\"#stars-full-star\" transform=\"translate(84)\" \/>\n\t<\/symbol>\n\n\t<symbol id=\"stars-0\" viewBox=\"0 0 102 18\">\n\t\t<use xlink:href=\"#stars-all-star\" fill=\"#e5e5e5\" \/>\n\t<\/symbol>\n\n\t<symbol id=\"stars-1\" viewBox=\"0 0 102 18\">\n\t\t<use xlink:href=\"#stars-0\" \/>\n\t\t<use xlink:href=\"#stars-half-star\" \/>\n\t<\/symbol>\n\n\t<symbol id=\"stars-2\" viewBox=\"0 0 102 18\">\n\t\t<use xlink:href=\"#stars-0\" \/>\n\t\t<use xlink:href=\"#stars-full-star\" fill=\"#ffdc0f\" \/>\n\t<\/symbol>\n\n\t<symbol id=\"stars-3\" viewBox=\"0 0 102 18\">\n\t\t<use xlink:href=\"#stars-2\" \/>\n\t\t<use xlink:href=\"#stars-half-star\" transform=\"translate(21)\" \/>\n\t<\/symbol>\n\n\t<symbol id=\"stars-4\" viewBox=\"0 0 102 18\">\n\t\t<use xlink:href=\"#stars-2\" \/>\n\t\t<use xlink:href=\"#stars-full-star\" fill=\"#ffdc0f\" transform=\"translate(21)\" \/>\n\t<\/symbol>\n\n\t<symbol id=\"stars-5\" viewBox=\"0 0 102 18\">\n\t\t<use xlink:href=\"#stars-4\" \/>\n\t\t<use xlink:href=\"#stars-half-star\" transform=\"translate(42)\" \/>\n\t<\/symbol>\n\n\t<symbol id=\"stars-6\" viewBox=\"0 0 102 18\">\n\t\t<use xlink:href=\"#stars-4\" \/>\n\t\t<use xlink:href=\"#stars-full-star\" fill=\"#ffdc0f\" transform=\"translate(42)\" \/>\n\t<\/symbol>\n\n\t<symbol id=\"stars-7\" viewBox=\"0 0 102 18\">\n\t\t<use xlink:href=\"#stars-6\" \/>\n\t\t<use xlink:href=\"#stars-half-star\" transform=\"translate(63)\" \/>\n\t<\/symbol>\n\n\t<symbol id=\"stars-8\" viewBox=\"0 0 102 18\">\n\t\t<use xlink:href=\"#stars-6\" \/>\n\t\t<use xlink:href=\"#stars-full-star\" fill=\"#ffdc0f\" transform=\"translate(63)\" \/>\n\t<\/symbol>\n\n\t<symbol id=\"stars-9\" viewBox=\"0 0 102 18\">\n\t\t<use xlink:href=\"#stars-8\" \/>\n\t\t<use xlink:href=\"#stars-half-star\" transform=\"translate(84)\" \/>\n\t<\/symbol>\n\n\t<symbol id=\"stars-10\" viewBox=\"0 0 102 18\">\n\t\t<use xlink:href=\"#stars-all-star\" fill=\"#ffdc0f\" \/>\n\t<\/symbol>\n<\/svg>\n\n<div class=\"tipo2 \"  ><div class=\"cuadro_tipo\"><div class=\"tipo_icon\"><i class=\"fas fa-cubes\"><\/i><!--span class=\"dashicons dashicons-image-filter\"><\/span--><\/div><div class=\"titulo_tipo titulo\">Finalidades Destacadas<\/div><div class=\"texto_tipo\"><\/p>\n<ul>\n<li>Testamento online: para ayudar a los asegurados de forma gratuita a organizar su legado.<\/li>\n<li>Borrado de huella digital: debido al auge de las redes sociales se ha disparado el uso de este servicio, porque les sirve a los herederos para quitar de estas webs la presencia de su familiar fallecido.<\/li>\n<li>Cl\u00ednicas dentales concertadas: consulta gratis y limpieza dental gratuita por asegurado.<\/li>\n<li>Descuentos m\u00e9dicos exclusivos en m\u00e1s de 1.000 centros y especialistas.<\/li>\n<li>Asistencia en viaje mundial.<\/li>\n<\/ul>\n<p><\/div><hr>Valoraci\u00f3n en iDecesos.com<div class=\"tipo_estrellas\">\n\t\t\t<svg class=\"icon\">\t\t<use xlink:href=\"#stars-10\">\t<\/svg>\n\t\t\t<!--img src=\"https:\/\/idecesos.com\/img\/stars_10.png\" alt=\"10\/10\" style=\"height:auto; width:120px; color:white; font-weight:700; box-sizing:border-box; border:0; vertical-align: middle;  \"-->\n\t\t\t<\/div><hr><div class=\"enlace_tipo\"><button type=\"button\" class=\"\" data-bs-toggle=\"modal\" data-bs-target=\"#comparadorModal\">\n\t\t\t\t\t\t<span class=\"\">Ver Precios<\/span>\t\t\t\t\n\t\t\t\t\t<\/button><\/div><\/div><\/div>\n<\/div><\/div><\/div><\/div>\n<h3><span class=\"ez-toc-section\" id=\"Requisitos_para_contratar_un_seguro_de_decesos_para_mayores_de_60_anos\"><\/span>Requisitos para contratar un seguro de decesos para\u00a0mayores de 60 a\u00f1os<span class=\"ez-toc-section-end\"><\/span><\/h3>\n<p>Los <strong>requisitos\u00a0 m\u00e1s destacados para contratar un seguro de decesos para <span class=\"il\">mayores<\/span> de 60 a\u00f1os\u00a0<\/strong>son tener disponibilidad de un documento de identidad legal c\u00f3mo residente en Espa\u00f1a (nie, nif, dni), cuenta bancaria de una entidad financiera con sede en Espa\u00f1a y un estado de salud que con la \u00fanica pregunta que realiza la aseguradora sea aceptada.<\/p>\n<p>Estos requisitos son comunes en todas la compa\u00f1\u00edas y en el caso de no cumplirlos no se podr\u00e1 emitir la p\u00f3liza, pero en iDecesos te asesoraremos de todas los requisitos que te exigen las mejores aseguradoras de decesos para mayores de 60 a\u00f1os.<\/p>\n<div class=\"colorf\"><div class=\"container clearfix\"><div class=\"col-md-7\">\n<h2><span class=\"ez-toc-section\" id=\"%C2%BFQue_compania_de_seguro_de_decesos_elegir_para_mayores_de_60_anos\"><\/span>\u00bfQu\u00e9 compa\u00f1\u00eda de seguro de decesos elegir para\u00a0mayores de 60 a\u00f1os?<span class=\"ez-toc-section-end\"><\/span><\/h2>\n<p>La compa\u00f1\u00eda de seguro de decesos que debemos elegir para <span class=\"il\">mayores<\/span> de 60 a\u00f1os debe ser de m\u00e1xima solvencia, es decir no vamos a investigar las cuentas de la compa\u00f1\u00eda pero al menos debe de sonarnos c\u00f3mo marca. Porque este un seguro que se paga durante varios a\u00f1os al ser anual renovable y es importante que cuando vaya ocurrir el siniestro la empresa aseguradora no exista.<\/p>\n<p>En segundo lugar, las coberturas deben ser las que mejor se ajusten a nuestras necesidades, el precio m\u00e1s barato y el tipo de prima que mejor se adapte a nuestro presupuesto.<\/p>\n<p>En conclusi\u00f3n, las compa\u00f1\u00edas mejores, m\u00e1s innovadoras y con los precios m\u00e1s baratos para un seguro de decesos para mayores de 60 a\u00f1os las comparamos en iDecesos y con ofertas, promociones y descuentos exclusivos. Es f\u00e1cil y r\u00e1pido, adem\u00e1s podr\u00e1s consultarles de forma gratuita a nuestros asesores.<\/p>\n<\/div><\/div><\/div>\n<div class=\"oficinas\">\n<h3><span class=\"ez-toc-section\" id=\"Paginas_relacionadas\"><\/span>P\u00e1ginas relacionadas<span class=\"ez-toc-section-end\"><\/span><\/h3>\n<ul><li><a href=\"https:\/\/idecesos.com\/seguros\/tipo\/mayores\/de-55\/\"><span>Seguro de Decesos para Mayores de 55 a\u00f1os<\/span><\/a><\/li><li><a href=\"https:\/\/idecesos.com\/seguros\/tipo\/mayores\/de-65\/\"><span>Seguro de Decesos para Mayores de 65 a\u00f1os<\/span><\/a><\/li><li><a href=\"https:\/\/idecesos.com\/seguros\/tipo\/mayores\/de-70\/\"><span>Seguro de Decesos para Mayores de 70 a\u00f1os<\/span><\/a><\/li><li><a href=\"https:\/\/idecesos.com\/seguros\/tipo\/mayores\/de-75\/\"><span>Seguro de Decesos para Mayores de 75 a\u00f1os<\/span><\/a><\/li><li><a href=\"https:\/\/idecesos.com\/seguros\/tipo\/mayores\/de-80-85-90\/\"><span>Seguro de Decesos para Mayores de 80, 85 y 90 a\u00f1os<\/span><\/a><\/li><\/ul>\n<\/div>\n","protected":false},"excerpt":{"rendered":"<p>Las p\u00f3lizas de seguro de decesos para mayores de 60 a\u00f1os son diversas tanto por su precio, compa\u00f1\u00edas, coberturas tipos de primas, y requisitos de contrataci\u00f3n. Lo m\u00e1s importante que debes saber que con 60 a\u00f1os puedes contratar un seguro de decesos con pago fraccionado y puedes disfrutar de garant\u00edas muy usables durante toda la&hellip; <\/p>\n","protected":false},"author":2,"featured_media":0,"parent":688,"menu_order":0,"comment_status":"closed","ping_status":"closed","template":"single.php","meta":{"footnotes":""},"class_list":["post-11898","page","type-page","status-publish","hentry"],"yoast_head":"<!-- This site is optimized with the Yoast SEO plugin v27.5 - https:\/\/yoast.com\/product\/yoast-seo-wordpress\/ -->\n<title>Seguro de Decesos para Mayores de 60 a\u00f1os \u25b7 Ofertas 2026<\/title>\n<meta name=\"description\" content=\"Busca aqu\u00ed el mejor\u3010seguro de decesos para mayores de 60 a\u00f1os\u3011N\u00ba1: Compa\u00f1\u00edas, tipos y coberturas \u2611\ufe0fOfertas y precios exclusivos de iDecesos\u00ae\" \/>\n<meta name=\"robots\" content=\"index, follow, max-snippet:-1, max-image-preview:large, max-video-preview:-1\" \/>\n<link rel=\"canonical\" href=\"https:\/\/idecesos.com\/seguros\/tipo\/mayores\/de-60\/\" \/>\n<meta property=\"og:locale\" content=\"es_ES\" \/>\n<meta property=\"og:type\" content=\"article\" \/>\n<meta property=\"og:title\" content=\"Seguro de Decesos para Mayores de 60 a\u00f1os \u25b7 Ofertas 2026\" \/>\n<meta property=\"og:description\" content=\"Busca aqu\u00ed el mejor\u3010seguro de decesos para mayores de 60 a\u00f1os\u3011N\u00ba1: Compa\u00f1\u00edas, tipos y coberturas \u2611\ufe0fOfertas y precios exclusivos de iDecesos\u00ae\" \/>\n<meta property=\"og:url\" content=\"https:\/\/idecesos.com\/seguros\/tipo\/mayores\/de-60\/\" \/>\n<meta property=\"article:modified_time\" content=\"2022-01-03T12:31:13+00:00\" \/>\n<meta name=\"twitter:card\" content=\"summary_large_image\" \/>\n<meta name=\"twitter:label1\" content=\"Tiempo de lectura\" \/>\n\t<meta name=\"twitter:data1\" content=\"5 minutos\" \/>\n<script type=\"application\/ld+json\" class=\"yoast-schema-graph\">{\"@context\":\"https:\\\/\\\/schema.org\",\"@graph\":[{\"@type\":\"WebPage\",\"@id\":\"https:\\\/\\\/idecesos.com\\\/seguros\\\/tipo\\\/mayores\\\/de-60\\\/\",\"url\":\"https:\\\/\\\/idecesos.com\\\/seguros\\\/tipo\\\/mayores\\\/de-60\\\/\",\"name\":\"Seguro de Decesos para Mayores de 60 a\u00f1os \u25b7 Ofertas 2026\",\"isPartOf\":{\"@id\":\"https:\\\/\\\/idecesos.com\\\/seguros\\\/#website\"},\"datePublished\":\"2021-10-28T10:57:01+00:00\",\"dateModified\":\"2022-01-03T12:31:13+00:00\",\"description\":\"Busca aqu\u00ed el mejor\u3010seguro de decesos para mayores de 60 a\u00f1os\u3011N\u00ba1: Compa\u00f1\u00edas, tipos y coberturas \u2611\ufe0fOfertas y precios exclusivos de iDecesos\u00ae\",\"breadcrumb\":{\"@id\":\"https:\\\/\\\/idecesos.com\\\/seguros\\\/tipo\\\/mayores\\\/de-60\\\/#breadcrumb\"},\"inLanguage\":\"es\",\"potentialAction\":[{\"@type\":\"ReadAction\",\"target\":[\"https:\\\/\\\/idecesos.com\\\/seguros\\\/tipo\\\/mayores\\\/de-60\\\/\"]}]},{\"@type\":\"BreadcrumbList\",\"@id\":\"https:\\\/\\\/idecesos.com\\\/seguros\\\/tipo\\\/mayores\\\/de-60\\\/#breadcrumb\",\"itemListElement\":[{\"@type\":\"ListItem\",\"position\":1,\"name\":\"Portada\",\"item\":\"https:\\\/\\\/idecesos.com\\\/seguros\\\/\"},{\"@type\":\"ListItem\",\"position\":2,\"name\":\"Tipos de seguros de decesos\",\"item\":\"https:\\\/\\\/idecesos.com\\\/seguros\\\/tipo\\\/\"},{\"@type\":\"ListItem\",\"position\":3,\"name\":\"Seguro Decesos Para Mayores\",\"item\":\"https:\\\/\\\/idecesos.com\\\/seguros\\\/tipo\\\/mayores\\\/\"},{\"@type\":\"ListItem\",\"position\":4,\"name\":\"Seguro de Decesos para Mayores de 60 a\u00f1os\"}]},{\"@type\":\"WebSite\",\"@id\":\"https:\\\/\\\/idecesos.com\\\/seguros\\\/#website\",\"url\":\"https:\\\/\\\/idecesos.com\\\/seguros\\\/\",\"name\":\"\",\"description\":\"\",\"potentialAction\":[{\"@type\":\"SearchAction\",\"target\":{\"@type\":\"EntryPoint\",\"urlTemplate\":\"https:\\\/\\\/idecesos.com\\\/seguros\\\/?s={search_term_string}\"},\"query-input\":{\"@type\":\"PropertyValueSpecification\",\"valueRequired\":true,\"valueName\":\"search_term_string\"}}],\"inLanguage\":\"es\"}]}<\/script>\n<!-- \/ Yoast SEO plugin. -->","yoast_head_json":{"title":"Seguro de Decesos para Mayores de 60 a\u00f1os \u25b7 Ofertas 2026","description":"Busca aqu\u00ed el mejor\u3010seguro de decesos para mayores de 60 a\u00f1os\u3011N\u00ba1: Compa\u00f1\u00edas, tipos y coberturas \u2611\ufe0fOfertas y precios exclusivos de iDecesos\u00ae","robots":{"index":"index","follow":"follow","max-snippet":"max-snippet:-1","max-image-preview":"max-image-preview:large","max-video-preview":"max-video-preview:-1"},"canonical":"https:\/\/idecesos.com\/seguros\/tipo\/mayores\/de-60\/","og_locale":"es_ES","og_type":"article","og_title":"Seguro de Decesos para Mayores de 60 a\u00f1os \u25b7 Ofertas 2026","og_description":"Busca aqu\u00ed el mejor\u3010seguro de decesos para mayores de 60 a\u00f1os\u3011N\u00ba1: Compa\u00f1\u00edas, tipos y coberturas \u2611\ufe0fOfertas y precios exclusivos de iDecesos\u00ae","og_url":"https:\/\/idecesos.com\/seguros\/tipo\/mayores\/de-60\/","article_modified_time":"2022-01-03T12:31:13+00:00","twitter_card":"summary_large_image","twitter_misc":{"Tiempo de lectura":"5 minutos"},"schema":{"@context":"https:\/\/schema.org","@graph":[{"@type":"WebPage","@id":"https:\/\/idecesos.com\/seguros\/tipo\/mayores\/de-60\/","url":"https:\/\/idecesos.com\/seguros\/tipo\/mayores\/de-60\/","name":"Seguro de Decesos para Mayores de 60 a\u00f1os \u25b7 Ofertas 2026","isPartOf":{"@id":"https:\/\/idecesos.com\/seguros\/#website"},"datePublished":"2021-10-28T10:57:01+00:00","dateModified":"2022-01-03T12:31:13+00:00","description":"Busca aqu\u00ed el mejor\u3010seguro de decesos para mayores de 60 a\u00f1os\u3011N\u00ba1: Compa\u00f1\u00edas, tipos y coberturas \u2611\ufe0fOfertas y precios exclusivos de iDecesos\u00ae","breadcrumb":{"@id":"https:\/\/idecesos.com\/seguros\/tipo\/mayores\/de-60\/#breadcrumb"},"inLanguage":"es","potentialAction":[{"@type":"ReadAction","target":["https:\/\/idecesos.com\/seguros\/tipo\/mayores\/de-60\/"]}]},{"@type":"BreadcrumbList","@id":"https:\/\/idecesos.com\/seguros\/tipo\/mayores\/de-60\/#breadcrumb","itemListElement":[{"@type":"ListItem","position":1,"name":"Portada","item":"https:\/\/idecesos.com\/seguros\/"},{"@type":"ListItem","position":2,"name":"Tipos de seguros de decesos","item":"https:\/\/idecesos.com\/seguros\/tipo\/"},{"@type":"ListItem","position":3,"name":"Seguro Decesos Para Mayores","item":"https:\/\/idecesos.com\/seguros\/tipo\/mayores\/"},{"@type":"ListItem","position":4,"name":"Seguro de Decesos para Mayores de 60 a\u00f1os"}]},{"@type":"WebSite","@id":"https:\/\/idecesos.com\/seguros\/#website","url":"https:\/\/idecesos.com\/seguros\/","name":"","description":"","potentialAction":[{"@type":"SearchAction","target":{"@type":"EntryPoint","urlTemplate":"https:\/\/idecesos.com\/seguros\/?s={search_term_string}"},"query-input":{"@type":"PropertyValueSpecification","valueRequired":true,"valueName":"search_term_string"}}],"inLanguage":"es"}]}},"_links":{"self":[{"href":"https:\/\/idecesos.com\/seguros\/wp-json\/wp\/v2\/pages\/11898","targetHints":{"allow":["GET"]}}],"collection":[{"href":"https:\/\/idecesos.com\/seguros\/wp-json\/wp\/v2\/pages"}],"about":[{"href":"https:\/\/idecesos.com\/seguros\/wp-json\/wp\/v2\/types\/page"}],"author":[{"embeddable":true,"href":"https:\/\/idecesos.com\/seguros\/wp-json\/wp\/v2\/users\/2"}],"replies":[{"embeddable":true,"href":"https:\/\/idecesos.com\/seguros\/wp-json\/wp\/v2\/comments?post=11898"}],"version-history":[{"count":9,"href":"https:\/\/idecesos.com\/seguros\/wp-json\/wp\/v2\/pages\/11898\/revisions"}],"predecessor-version":[{"id":15005,"href":"https:\/\/idecesos.com\/seguros\/wp-json\/wp\/v2\/pages\/11898\/revisions\/15005"}],"up":[{"embeddable":true,"href":"https:\/\/idecesos.com\/seguros\/wp-json\/wp\/v2\/pages\/688"}],"wp:attachment":[{"href":"https:\/\/idecesos.com\/seguros\/wp-json\/wp\/v2\/media?parent=11898"}],"curies":[{"name":"wp","href":"https:\/\/api.w.org\/{rel}","templated":true}]}}