{"id":15297,"date":"2021-11-26T09:12:12","date_gmt":"2021-11-25T10:10:09","guid":{"rendered":"https:\/\/idecesos.com\/seguros\/companias\/nortehispana\/telefono\/"},"modified":"2022-04-07T07:53:11","modified_gmt":"2022-04-07T07:53:11","slug":"telefono","status":"publish","type":"page","link":"https:\/\/idecesos.com\/seguros\/companias\/nortehispana\/telefono\/","title":{"rendered":"Atenci\u00f3n al cliente Nortehispana: telefono gratuito, e-mail"},"content":{"rendered":"<div id=\"ez-toc-container\" class=\"ez-toc-v2_0_82_2 ez-toc-wrap-center counter-hierarchy ez-toc-counter ez-toc-custom ez-toc-container-direction\">\n<div class=\"ez-toc-title-container\">\n<p class=\"ez-toc-title\" style=\"cursor:inherit\">Tabla de Contenido<\/p>\n<span class=\"ez-toc-title-toggle\"><a href=\"#\" class=\"ez-toc-pull-right ez-toc-btn ez-toc-btn-xs ez-toc-btn-default ez-toc-toggle\" aria-label=\"Alternar tabla de contenidos\"><span class=\"ez-toc-js-icon-con\"><span class=\"\"><span class=\"eztoc-hide\" style=\"display:none;\">Toggle<\/span><span class=\"ez-toc-icon-toggle-span\"><svg style=\"fill: #db6415;color:#db6415\" xmlns=\"http:\/\/www.w3.org\/2000\/svg\" class=\"list-377408\" width=\"20px\" height=\"20px\" viewBox=\"0 0 24 24\" fill=\"none\"><path d=\"M6 6H4v2h2V6zm14 0H8v2h12V6zM4 11h2v2H4v-2zm16 0H8v2h12v-2zM4 16h2v2H4v-2zm16 0H8v2h12v-2z\" fill=\"currentColor\"><\/path><\/svg><svg style=\"fill: #db6415;color:#db6415\" class=\"arrow-unsorted-368013\" xmlns=\"http:\/\/www.w3.org\/2000\/svg\" width=\"10px\" height=\"10px\" viewBox=\"0 0 24 24\" version=\"1.2\" baseProfile=\"tiny\"><path d=\"M18.2 9.3l-6.2-6.3-6.2 6.3c-.2.2-.3.4-.3.7s.1.5.3.7c.2.2.4.3.7.3h11c.3 0 .5-.1.7-.3.2-.2.3-.5.3-.7s-.1-.5-.3-.7zM5.8 14.7l6.2 6.3 6.2-6.3c.2-.2.3-.5.3-.7s-.1-.5-.3-.7c-.2-.2-.4-.3-.7-.3h-11c-.3 0-.5.1-.7.3-.2.2-.3.5-.3.7s.1.5.3.7z\"\/><\/svg><\/span><\/span><\/span><\/a><\/span><\/div>\n<nav><ul class='ez-toc-list ez-toc-list-level-1 ' ><ul class='ez-toc-list-level-4' ><li class='ez-toc-heading-level-4'><ul class='ez-toc-list-level-4' ><li class='ez-toc-heading-level-4'><a class=\"ez-toc-link ez-toc-heading-1\" href=\"https:\/\/idecesos.com\/seguros\/companias\/nortehispana\/telefono\/#Telefono_Contrataciones_951_127_403\" >Tel\u00e9fono Contrataciones \n951 127 403<\/a><\/li><\/ul><\/li><\/ul><\/li><li class='ez-toc-page-1 ez-toc-heading-level-2'><a class=\"ez-toc-link ez-toc-heading-2\" href=\"https:\/\/idecesos.com\/seguros\/companias\/nortehispana\/telefono\/#%C2%BFComo_contactar_con_Nortehispana\" >\u00bfC\u00f3mo contactar con Nortehispana?<\/a><ul class='ez-toc-list-level-3' ><li class='ez-toc-heading-level-3'><a class=\"ez-toc-link ez-toc-heading-3\" href=\"https:\/\/idecesos.com\/seguros\/companias\/nortehispana\/telefono\/#Telefono_gratuito_de_Nortehispana\" >Tel\u00e9fono gratuito de Nortehispana<\/a><\/li><li class='ez-toc-page-1 ez-toc-heading-level-3'><a class=\"ez-toc-link ez-toc-heading-4\" href=\"https:\/\/idecesos.com\/seguros\/companias\/nortehispana\/telefono\/#Horario_de_atencion_al_cliente_de_Nortehispana\" >Horario de atenci\u00f3n al cliente de Nortehispana<\/a><\/li><li class='ez-toc-page-1 ez-toc-heading-level-3'><a class=\"ez-toc-link ez-toc-heading-5\" href=\"https:\/\/idecesos.com\/seguros\/companias\/nortehispana\/telefono\/#Correo_electronico_de_Nortehispana\" >Correo electr\u00f3nico de Nortehispana<\/a><\/li><li class='ez-toc-page-1 ez-toc-heading-level-3'><a class=\"ez-toc-link ez-toc-heading-6\" href=\"https:\/\/idecesos.com\/seguros\/companias\/nortehispana\/telefono\/#Formulario_en_el_sitio_Web_de_Nortehispana\" >Formulario en el sitio Web de Nortehispana<\/a><\/li><li class='ez-toc-page-1 ez-toc-heading-level-3'><a class=\"ez-toc-link ez-toc-heading-7\" href=\"https:\/\/idecesos.com\/seguros\/companias\/nortehispana\/telefono\/#Redes_sociales_de_Nortehispana\" >Redes sociales de Nortehispana<\/a><\/li><li class='ez-toc-page-1 ez-toc-heading-level-3'><a class=\"ez-toc-link ez-toc-heading-8\" href=\"https:\/\/idecesos.com\/seguros\/companias\/nortehispana\/telefono\/#Paginas_relacionadas\" >P\u00e1ginas relacionadas<\/a><\/li><\/ul><\/li><\/ul><\/nav><\/div>\n\n<div class=\"caja\">\n<div class=\"cajaIcono2 \"  ><div class=\"cuadro\" style=\"box-shadow: inset 0 0 0 3px #ff790e\"><div class=\"iconoCircular\" style=\"border: 3px solid #ff790e\">\t\t\n\t\t\t\t\t<div class=\"iconoCirculo\">\n\t\t\t\t\t  <i class=\"fas fa-phone-volume\"><\/i>\n\t\t\t\t\t<\/div>\n\t\t\t\t<\/div><div class=\"\">\n<h4 style=\"text-align: center;\"><span class=\"ez-toc-section\" id=\"Telefono_Contrataciones_951_127_403\"><\/span><strong>Tel\u00e9fono Contrataciones<br \/>\n951 127 403<\/strong><span class=\"ez-toc-section-end\"><\/span><\/h4>\n<p><\/div><\/div><\/div><br \/>\nNortehispana tiene un horario de atenci\u00f3n al usuario las veinticuatro horas del d\u00eda, los trescientos sesenta y cinco d\u00edas del a\u00f1o. En pocos minutos le atender\u00e1 un profesional especialista en el tema que le va a facilitar toda la informaci\u00f3n precisa sobre su seguro de decesos contrato. Temas como la libre elecci\u00f3n del camposanto, ayuda psicol\u00f3gica, servicio l\u00fagubre y de testamento, traslado a su pa\u00eds de origen, gastos sanitarios y de ata\u00fad, la posibilidad de preservar el ADN del fallecido y muchas otras m\u00e1s coberturas van a ser atendidas por los mejores agentes. Nortehispana se ocupar\u00e1 de tener todo gestionado y cerrado adecuadamente apoyando a la familia en el peor instante facilitandoles toda la calma que necesitan. Sus especialistas tratar\u00e1n su situaci\u00f3n con toda la profesionalidad y delicadez que merecen.<br \/>\n<\/div><\/p>\n<div class=\"colorf \"  ><div class=\"container clearfix\"><div class=\"col-md-7\"><\/p>\n<h2><span class=\"ez-toc-section\" id=\"%C2%BFComo_contactar_con_Nortehispana\"><\/span>\u00bfC\u00f3mo contactar con Nortehispana?<span class=\"ez-toc-section-end\"><\/span><\/h2>\n<p>Para favorecer la comunicaci\u00f3n con los especialistas, Nortehispana tiene habilitada las siguientes opciones gratuitas: tel\u00e9fono de contacto y servicio de atenci\u00f3n al usuario, p\u00e1gina con un formulario a rellenar, mensajes por medio de un e mail y\/o redes sociales.<br \/>\n<\/div><\/div><\/div>\n<h3><span class=\"ez-toc-section\" id=\"Telefono_gratuito_de_Nortehispana\"><\/span>Tel\u00e9fono gratuito de Nortehispana<span class=\"ez-toc-section-end\"><\/span><\/h3>\n<p>La llamada a Nortehispana le saldr\u00e1 completamente gratis. El n\u00famero de tel\u00e9fono es <strong>900 707 700<\/strong>. Las llamadas a Nortehispana le saldr\u00e1n totalmente gratis, llame o bien le llame un agente, independientemente del tiempo que dure la conversaci\u00f3n. Este es uno de los m\u00e9todos m\u00e1s eficientes y sencillos, debido a que, casi todo el mundo, dispone de telefon\u00eda m\u00f3vil y tiene la sencillez de no tener que desplazarse a ninguna sede de la compa\u00f1\u00eda para poder consultar y tratar el tema sobre su seguro de decesos. La persona con la que hable, ser\u00e1 un experto consultor en dicha cuesti\u00f3n a fin de que, tras finalizar la llamada, sus dudas van a quedar resueltas y quedar\u00e1 absolutamente satisfecho.<br \/>\n<div class=\"colorf\"><div class=\"container clearfix\"><div class=\"col-md-7\"><\/p>\n<div class=\"cabecera_tabla_ajustada \"  style=\"width:80%\" ><div class=\"row\"><\/div>\n<p><div class=\"fila_tabla4 \"  ><div class=\"row\"><div class=\"col-8 nosepara izq\"><p><strong>Tel\u00e9fono para contrataciones<\/strong><\/p><\/div><div class=\"col-4 nosepara centro\">951 127 403<\/div><\/div><\/div><div class=\"fila_tabla4 \"  ><div class=\"row\"><div class=\"col-8 nosepara izq\"><p><strong>Tel\u00e9fono Atenci\u00f3n al cliente<\/strong><\/p><\/div><div class=\"col-4 nosepara centro\">902 406 060<\/div><\/div><\/div><div class=\"fila_tabla4 \"  ><div class=\"row\"><div class=\"col-8 nosepara izq\"><p><strong>Servicio Integral Decesos<\/strong><\/p><\/div><div class=\"col-4 nosepara centro\">935 12 61 11<\/div><\/div><\/div><\/p>\n<div class=\"pie_tabla \"  ><div class=\"row\"><div class=\"col-12 \"><\/div><\/div><\/div><\/div>\n<\/div><\/div><\/div>\n<h3><span class=\"ez-toc-section\" id=\"Horario_de_atencion_al_cliente_de_Nortehispana\"><\/span>Horario de atenci\u00f3n al cliente de Nortehispana<span class=\"ez-toc-section-end\"><\/span><\/h3>\n<p>No sabiendo la disponibilidad de las personas, Nortehispana tiene a su predisposici\u00f3n un horario, de ma\u00f1ana y de tarde, para que puedas ponerte en contacto. Se le atender\u00e1 con la mayor sabidur\u00eda, confianza y experiencia posible a fin de que el usuario quede satisfecho. As\u00ed va a ser m\u00e1s simple establecer conexi\u00f3n directa con la compa\u00f1\u00eda. El experto le responder\u00e1 a cada una de las preguntas que le vayan surgiendo en el mismo momento, adem\u00e1s de las que ya ten\u00eda preparadas. El horario libre es: <strong>horario Nortehispana.<\/strong><br \/>\n<div class=\"colorf\"><div class=\"container clearfix\"><div class=\"col-md-7\"><\/p>\n<h3><span class=\"ez-toc-section\" id=\"Correo_electronico_de_Nortehispana\"><\/span>Correo electr\u00f3nico de Nortehispana<span class=\"ez-toc-section-end\"><\/span><\/h3>\n<p>Las nuevas tecnolog\u00edas no paran de avanzar y la sociedad lo hace junto a ellas, agarradas de la mano. Gmail y Hotmail han sido una gran revoluci\u00f3n en la red. Estas plataformas han facilitado el env\u00edo y recibo de informaci\u00f3n de todo g\u00e9nero, sin tener la necesidad de desplazarse a ning\u00fan lado. Teniendo presente todos estos aspectos, Nortehispana ofrece su propio e mail <strong>crc.nortehispana@nortehispana.com<\/strong> para que puedas contactar con ellos. Con este servicio podr\u00e1 mandar cualquier pregunta o duda sobre su seguro de decesos. La respuesta habr\u00e1 sido estudiada y preparada por agentes especialistas en el tema.<br \/>\n<\/div><\/div><\/div><\/p>\n<h3><span class=\"ez-toc-section\" id=\"Formulario_en_el_sitio_Web_de_Nortehispana\"><\/span>Formulario en el sitio Web de Nortehispana<span class=\"ez-toc-section-end\"><\/span><\/h3>\n<p>Internet en la actualidad es la herramienta m\u00e1s utilizada en la vida cotidiana de la gente. Esto es debido a su simpleza, solo con teclear una palabra o bien pregunta que desee saber, este se la va a dar en unos segundos. Con solo poner en su terminal <strong>www.nortehispana.com\/<\/strong> hallar\u00e1 el lugar web de Nortehispana. Ah\u00ed encontrar\u00e1 la informaci\u00f3n b\u00e1sica sobre el seguro de decesos que tienen a su predisposici\u00f3n, sus costos, ventajas, los servicios que ofrecen\u2026 para que pueda tener una ligera idea sobre este. La empresa de seguros te facilita un usuario que podr\u00e1 rellenar f\u00e1cilmente poniendo a su disposic\u00f3n su nombre y apellidos, correo electr\u00f3nico, tel\u00e9fono, etc. Una vez finalizado y mandado, uno de los profesionales de la compa\u00f1\u00eda se pondr\u00e1 en contacto para poder resolverle cualquier duda o bien cuesti\u00f3n.<br \/>\n<div class=\"colorf\"><div class=\"container clearfix\"><div class=\"col-md-7\"><\/p>\n<h3><span class=\"ez-toc-section\" id=\"Redes_sociales_de_Nortehispana\"><\/span>Redes sociales de Nortehispana<span class=\"ez-toc-section-end\"><\/span><\/h3>\n<p>Redes sociales como Instagram, Twitter, TikTok o bien Fb est\u00e1n al orden del d\u00eda. Gracias a ellas a diario llegan a millones de personas miles de mensajes. Nortehispana dispone de algunas de estas cuentas a fin de que sus clientes est\u00e9n al tanto de sus novedades y ofertas. Adem\u00e1s de esto, en ellas podr\u00e1 encontrar un link directo cara su sitio web u conseguir informaci\u00f3n sobre d\u00f3nde est\u00e1 su sede oficial o ver algunas im\u00e1genes de su trabajo. Algunos perfiles de Nortehispana te dejan contactar con ellos a fin de que pueda resolver cualquier g\u00e9nero de duda o bien pueda ampliar la informaci\u00f3n que ya dan en su perfil.<br \/>\n<\/div><\/div><\/div><\/p>\n<\/div>\n<p><div class=\"oficinas\"> <h3><span class=\"ez-toc-section\" id=\"Paginas_relacionadas\"><\/span>P\u00e1ginas relacionadas<span class=\"ez-toc-section-end\"><\/span><\/h3><div class=\"enlazado\"><ul> <li><a href=\"https:\/\/idecesos.com\/seguros\/companias\/nortehispana\/opiniones\/\">Opiniones NorteHispana<\/a><\/li> <li><a href=\"https:\/\/idecesos.com\/seguros\/companias\/nortehispana\/precio\/\">Precio seguro Nortehispana<\/a><\/li> <li><a href=\"https:\/\/idecesos.com\/seguros\/companias\/nortehispana\/prima-mixta\/\">Nortehispana Prima Mixta<\/a><\/li> <li><a href=\"https:\/\/idecesos.com\/seguros\/companias\/nortehispana\/prima-natural\/\">Nortehispana Prima Natural<\/a><\/li> <li><a href=\"https:\/\/idecesos.com\/seguros\/companias\/nortehispana\/prima-nivelada\/\">Nortehispana Prima Nivelada<\/a><\/li> <li><a href=\"https:\/\/idecesos.com\/seguros\/companias\/nortehispana\/prima-unica\/\">Nortehispana Prima \u00danica<\/a><\/li> <li><a href=\"https:\/\/idecesos.com\/seguros\/companias\/nortehispana\/repatriacion\/\">Nortehispana Repatriaci\u00f3n<\/a><\/li> <li><a href=\"https:\/\/idecesos.com\/seguros\/companias\/nortehispana\/telefono\/\">Tel\u00e9fono Gratuito Nortehispana<\/a><\/li><\/ul><\/div> <\/div><\/p>\n","protected":false},"excerpt":{"rendered":"<p>Nortehispana tiene un horario de atenci\u00f3n al usuario las veinticuatro horas del d\u00eda, los trescientos sesenta y cinco d\u00edas del a\u00f1o. En pocos minutos le atender\u00e1 un profesional especialista en el tema que le va a facilitar toda la informaci\u00f3n precisa sobre su seguro de decesos contrato. Temas como la libre elecci\u00f3n del camposanto, ayuda&hellip; <\/p>\n","protected":false},"author":1,"featured_media":0,"parent":771,"menu_order":0,"comment_status":"closed","ping_status":"closed","template":"single.php","meta":{"footnotes":""},"class_list":["post-15297","page","type-page","status-publish","hentry"],"yoast_head":"<!-- This site is optimized with the Yoast SEO plugin v27.5 - https:\/\/yoast.com\/product\/yoast-seo-wordpress\/ -->\n<title>Tel\u00e9fono Gratuito Nortehispana \u25b7Atenci\u00f3n Cliente, Email, RRSS, Web<\/title>\n<meta name=\"description\" content=\"Busca aqu\u00ed\u3010Nortehispana seguros tel\u00e9fono gratuito\u3011Nortehispana Decesos tel\u00e9fono gratis: atenci\u00f3n al cliente y contrataciones \u2611\ufe0fVerificado en 2026\" \/>\n<meta name=\"robots\" content=\"index, follow, max-snippet:-1, max-image-preview:large, max-video-preview:-1\" \/>\n<link rel=\"canonical\" href=\"https:\/\/idecesos.com\/seguros\/companias\/nortehispana\/telefono\/\" \/>\n<meta property=\"og:locale\" content=\"es_ES\" \/>\n<meta property=\"og:type\" content=\"article\" \/>\n<meta property=\"og:title\" content=\"Tel\u00e9fono Gratuito Nortehispana \u25b7Atenci\u00f3n Cliente, Email, RRSS, Web\" \/>\n<meta property=\"og:description\" content=\"Busca aqu\u00ed\u3010Nortehispana seguros tel\u00e9fono gratuito\u3011Nortehispana Decesos tel\u00e9fono gratis: atenci\u00f3n al cliente y contrataciones \u2611\ufe0fVerificado en 2026\" \/>\n<meta property=\"og:url\" content=\"https:\/\/idecesos.com\/seguros\/companias\/nortehispana\/telefono\/\" \/>\n<meta property=\"article:modified_time\" content=\"2022-04-07T07:53:11+00:00\" \/>\n<meta name=\"twitter:card\" content=\"summary_large_image\" \/>\n<meta name=\"twitter:label1\" content=\"Tiempo de lectura\" \/>\n\t<meta name=\"twitter:data1\" content=\"4 minutos\" \/>\n<script type=\"application\/ld+json\" class=\"yoast-schema-graph\">{\"@context\":\"https:\\\/\\\/schema.org\",\"@graph\":[{\"@type\":\"WebPage\",\"@id\":\"https:\\\/\\\/idecesos.com\\\/seguros\\\/companias\\\/nortehispana\\\/telefono\\\/\",\"url\":\"https:\\\/\\\/idecesos.com\\\/seguros\\\/companias\\\/nortehispana\\\/telefono\\\/\",\"name\":\"Tel\u00e9fono Gratuito Nortehispana \u25b7Atenci\u00f3n Cliente, Email, RRSS, Web\",\"isPartOf\":{\"@id\":\"https:\\\/\\\/idecesos.com\\\/seguros\\\/#website\"},\"datePublished\":\"2021-11-25T10:10:09+00:00\",\"dateModified\":\"2022-04-07T07:53:11+00:00\",\"description\":\"Busca aqu\u00ed\u3010Nortehispana seguros tel\u00e9fono gratuito\u3011Nortehispana Decesos tel\u00e9fono gratis: atenci\u00f3n al cliente y contrataciones \u2611\ufe0fVerificado en 2026\",\"breadcrumb\":{\"@id\":\"https:\\\/\\\/idecesos.com\\\/seguros\\\/companias\\\/nortehispana\\\/telefono\\\/#breadcrumb\"},\"inLanguage\":\"es\",\"potentialAction\":[{\"@type\":\"ReadAction\",\"target\":[\"https:\\\/\\\/idecesos.com\\\/seguros\\\/companias\\\/nortehispana\\\/telefono\\\/\"]}]},{\"@type\":\"BreadcrumbList\",\"@id\":\"https:\\\/\\\/idecesos.com\\\/seguros\\\/companias\\\/nortehispana\\\/telefono\\\/#breadcrumb\",\"itemListElement\":[{\"@type\":\"ListItem\",\"position\":1,\"name\":\"Portada\",\"item\":\"https:\\\/\\\/idecesos.com\\\/seguros\\\/\"},{\"@type\":\"ListItem\",\"position\":2,\"name\":\"Compa\u00f1\u00edas de Seguros de Decesos en Espa\u00f1a\",\"item\":\"https:\\\/\\\/idecesos.com\\\/seguros\\\/companias\\\/\"},{\"@type\":\"ListItem\",\"position\":3,\"name\":\"Seguro de Decesos NorteHispana\",\"item\":\"https:\\\/\\\/idecesos.com\\\/seguros\\\/companias\\\/nortehispana\\\/\"},{\"@type\":\"ListItem\",\"position\":4,\"name\":\"Atenci\u00f3n al cliente Nortehispana: telefono gratuito, e-mail\"}]},{\"@type\":\"WebSite\",\"@id\":\"https:\\\/\\\/idecesos.com\\\/seguros\\\/#website\",\"url\":\"https:\\\/\\\/idecesos.com\\\/seguros\\\/\",\"name\":\"\",\"description\":\"\",\"potentialAction\":[{\"@type\":\"SearchAction\",\"target\":{\"@type\":\"EntryPoint\",\"urlTemplate\":\"https:\\\/\\\/idecesos.com\\\/seguros\\\/?s={search_term_string}\"},\"query-input\":{\"@type\":\"PropertyValueSpecification\",\"valueRequired\":true,\"valueName\":\"search_term_string\"}}],\"inLanguage\":\"es\"}]}<\/script>\n<!-- \/ Yoast SEO plugin. -->","yoast_head_json":{"title":"Tel\u00e9fono Gratuito Nortehispana \u25b7Atenci\u00f3n Cliente, Email, RRSS, Web","description":"Busca aqu\u00ed\u3010Nortehispana seguros tel\u00e9fono gratuito\u3011Nortehispana Decesos tel\u00e9fono gratis: atenci\u00f3n al cliente y contrataciones \u2611\ufe0fVerificado en 2026","robots":{"index":"index","follow":"follow","max-snippet":"max-snippet:-1","max-image-preview":"max-image-preview:large","max-video-preview":"max-video-preview:-1"},"canonical":"https:\/\/idecesos.com\/seguros\/companias\/nortehispana\/telefono\/","og_locale":"es_ES","og_type":"article","og_title":"Tel\u00e9fono Gratuito Nortehispana \u25b7Atenci\u00f3n Cliente, Email, RRSS, Web","og_description":"Busca aqu\u00ed\u3010Nortehispana seguros tel\u00e9fono gratuito\u3011Nortehispana Decesos tel\u00e9fono gratis: atenci\u00f3n al cliente y contrataciones \u2611\ufe0fVerificado en 2026","og_url":"https:\/\/idecesos.com\/seguros\/companias\/nortehispana\/telefono\/","article_modified_time":"2022-04-07T07:53:11+00:00","twitter_card":"summary_large_image","twitter_misc":{"Tiempo de lectura":"4 minutos"},"schema":{"@context":"https:\/\/schema.org","@graph":[{"@type":"WebPage","@id":"https:\/\/idecesos.com\/seguros\/companias\/nortehispana\/telefono\/","url":"https:\/\/idecesos.com\/seguros\/companias\/nortehispana\/telefono\/","name":"Tel\u00e9fono Gratuito Nortehispana \u25b7Atenci\u00f3n Cliente, Email, RRSS, Web","isPartOf":{"@id":"https:\/\/idecesos.com\/seguros\/#website"},"datePublished":"2021-11-25T10:10:09+00:00","dateModified":"2022-04-07T07:53:11+00:00","description":"Busca aqu\u00ed\u3010Nortehispana seguros tel\u00e9fono gratuito\u3011Nortehispana Decesos tel\u00e9fono gratis: atenci\u00f3n al cliente y contrataciones \u2611\ufe0fVerificado en 2026","breadcrumb":{"@id":"https:\/\/idecesos.com\/seguros\/companias\/nortehispana\/telefono\/#breadcrumb"},"inLanguage":"es","potentialAction":[{"@type":"ReadAction","target":["https:\/\/idecesos.com\/seguros\/companias\/nortehispana\/telefono\/"]}]},{"@type":"BreadcrumbList","@id":"https:\/\/idecesos.com\/seguros\/companias\/nortehispana\/telefono\/#breadcrumb","itemListElement":[{"@type":"ListItem","position":1,"name":"Portada","item":"https:\/\/idecesos.com\/seguros\/"},{"@type":"ListItem","position":2,"name":"Compa\u00f1\u00edas de Seguros de Decesos en Espa\u00f1a","item":"https:\/\/idecesos.com\/seguros\/companias\/"},{"@type":"ListItem","position":3,"name":"Seguro de Decesos NorteHispana","item":"https:\/\/idecesos.com\/seguros\/companias\/nortehispana\/"},{"@type":"ListItem","position":4,"name":"Atenci\u00f3n al cliente Nortehispana: telefono gratuito, e-mail"}]},{"@type":"WebSite","@id":"https:\/\/idecesos.com\/seguros\/#website","url":"https:\/\/idecesos.com\/seguros\/","name":"","description":"","potentialAction":[{"@type":"SearchAction","target":{"@type":"EntryPoint","urlTemplate":"https:\/\/idecesos.com\/seguros\/?s={search_term_string}"},"query-input":{"@type":"PropertyValueSpecification","valueRequired":true,"valueName":"search_term_string"}}],"inLanguage":"es"}]}},"_links":{"self":[{"href":"https:\/\/idecesos.com\/seguros\/wp-json\/wp\/v2\/pages\/15297","targetHints":{"allow":["GET"]}}],"collection":[{"href":"https:\/\/idecesos.com\/seguros\/wp-json\/wp\/v2\/pages"}],"about":[{"href":"https:\/\/idecesos.com\/seguros\/wp-json\/wp\/v2\/types\/page"}],"author":[{"embeddable":true,"href":"https:\/\/idecesos.com\/seguros\/wp-json\/wp\/v2\/users\/1"}],"replies":[{"embeddable":true,"href":"https:\/\/idecesos.com\/seguros\/wp-json\/wp\/v2\/comments?post=15297"}],"version-history":[{"count":10,"href":"https:\/\/idecesos.com\/seguros\/wp-json\/wp\/v2\/pages\/15297\/revisions"}],"predecessor-version":[{"id":21037,"href":"https:\/\/idecesos.com\/seguros\/wp-json\/wp\/v2\/pages\/15297\/revisions\/21037"}],"up":[{"embeddable":true,"href":"https:\/\/idecesos.com\/seguros\/wp-json\/wp\/v2\/pages\/771"}],"wp:attachment":[{"href":"https:\/\/idecesos.com\/seguros\/wp-json\/wp\/v2\/media?parent=15297"}],"curies":[{"name":"wp","href":"https:\/\/api.w.org\/{rel}","templated":true}]}}