{"id":15322,"date":"2021-11-26T09:12:26","date_gmt":"2021-11-25T10:10:23","guid":{"rendered":"https:\/\/idecesos.com\/seguros\/companias\/banco-triodos-bank\/telefono\/"},"modified":"2022-04-07T08:36:29","modified_gmt":"2022-04-07T08:36:29","slug":"telefono","status":"publish","type":"page","link":"https:\/\/idecesos.com\/seguros\/companias\/banco-triodos-bank\/telefono\/","title":{"rendered":"Atenci\u00f3n al cliente Triodos Bank: telefono gratuito, e-mail"},"content":{"rendered":"<div id=\"ez-toc-container\" class=\"ez-toc-v2_0_83 ez-toc-wrap-center counter-hierarchy ez-toc-counter ez-toc-custom ez-toc-container-direction\">\n<div class=\"ez-toc-title-container\">\n<p class=\"ez-toc-title\" style=\"cursor:inherit\">Tabla de Contenido<\/p>\n<span class=\"ez-toc-title-toggle\"><a href=\"#\" class=\"ez-toc-pull-right ez-toc-btn ez-toc-btn-xs ez-toc-btn-default ez-toc-toggle\" aria-label=\"Alternar tabla de contenidos\"><span class=\"ez-toc-js-icon-con\"><span class=\"\"><span class=\"eztoc-hide\" style=\"display:none;\">Toggle<\/span><span class=\"ez-toc-icon-toggle-span\"><svg style=\"fill: #db6415;color:#db6415\" xmlns=\"http:\/\/www.w3.org\/2000\/svg\" class=\"list-377408\" width=\"20px\" height=\"20px\" viewBox=\"0 0 24 24\" fill=\"none\"><path d=\"M6 6H4v2h2V6zm14 0H8v2h12V6zM4 11h2v2H4v-2zm16 0H8v2h12v-2zM4 16h2v2H4v-2zm16 0H8v2h12v-2z\" fill=\"currentColor\"><\/path><\/svg><svg style=\"fill: #db6415;color:#db6415\" class=\"arrow-unsorted-368013\" xmlns=\"http:\/\/www.w3.org\/2000\/svg\" width=\"10px\" height=\"10px\" viewBox=\"0 0 24 24\" version=\"1.2\" baseProfile=\"tiny\"><path d=\"M18.2 9.3l-6.2-6.3-6.2 6.3c-.2.2-.3.4-.3.7s.1.5.3.7c.2.2.4.3.7.3h11c.3 0 .5-.1.7-.3.2-.2.3-.5.3-.7s-.1-.5-.3-.7zM5.8 14.7l6.2 6.3 6.2-6.3c.2-.2.3-.5.3-.7s-.1-.5-.3-.7c-.2-.2-.4-.3-.7-.3h-11c-.3 0-.5.1-.7.3-.2.2-.3.5-.3.7s.1.5.3.7z\"\/><\/svg><\/span><\/span><\/span><\/a><\/span><\/div>\n<nav><ul class='ez-toc-list ez-toc-list-level-1 ' ><ul class='ez-toc-list-level-4' ><li class='ez-toc-heading-level-4'><ul class='ez-toc-list-level-4' ><li class='ez-toc-heading-level-4'><a class=\"ez-toc-link ez-toc-heading-1\" href=\"https:\/\/idecesos.com\/seguros\/companias\/banco-triodos-bank\/telefono\/#Telefono_Contrataciones_951_127_403\" >Tel\u00e9fono Contrataciones\r\n951 127 403<\/a><\/li><\/ul><\/li><\/ul><\/li><li class='ez-toc-page-1 ez-toc-heading-level-2'><a class=\"ez-toc-link ez-toc-heading-2\" href=\"https:\/\/idecesos.com\/seguros\/companias\/banco-triodos-bank\/telefono\/#%C2%BFComo_contactar_con_Triodos_Bank\" >\u00bfC\u00f3mo contactar con Triodos Bank?<\/a><ul class='ez-toc-list-level-3' ><li class='ez-toc-heading-level-3'><a class=\"ez-toc-link ez-toc-heading-3\" href=\"https:\/\/idecesos.com\/seguros\/companias\/banco-triodos-bank\/telefono\/#Telefono_gratuito_de_Triodos_Bank\" >Tel\u00e9fono gratuito de Triodos Bank<\/a><\/li><li class='ez-toc-page-1 ez-toc-heading-level-3'><a class=\"ez-toc-link ez-toc-heading-4\" href=\"https:\/\/idecesos.com\/seguros\/companias\/banco-triodos-bank\/telefono\/#Horario_de_atencion_al_cliente_de_Triodos_Bank\" >Horario de atenci\u00f3n al cliente de Triodos Bank<\/a><\/li><li class='ez-toc-page-1 ez-toc-heading-level-3'><a class=\"ez-toc-link ez-toc-heading-5\" href=\"https:\/\/idecesos.com\/seguros\/companias\/banco-triodos-bank\/telefono\/#Correo_electronico_de_Triodos_Bank\" >Correo electr\u00f3nico de Triodos Bank<\/a><\/li><li class='ez-toc-page-1 ez-toc-heading-level-3'><a class=\"ez-toc-link ez-toc-heading-6\" href=\"https:\/\/idecesos.com\/seguros\/companias\/banco-triodos-bank\/telefono\/#Formulario_en_el_sitio_Web_de_Triodos_Bank\" >Formulario en el sitio Web de Triodos Bank<\/a><\/li><li class='ez-toc-page-1 ez-toc-heading-level-3'><a class=\"ez-toc-link ez-toc-heading-7\" href=\"https:\/\/idecesos.com\/seguros\/companias\/banco-triodos-bank\/telefono\/#Redes_sociales_de_Triodos_Bank\" >Redes sociales de Triodos Bank<\/a><\/li><\/ul><\/li><\/ul><\/nav><\/div>\n\n<div class=\"caja\">\n<div class=\"cajaIcono2 \"  ><div class=\"cuadro\" style=\"box-shadow: inset 0 0 0 3px #ff790e\"><div class=\"iconoCircular\" style=\"border: 3px solid #ff790e\">\t\t\n\t\t\t\t\t<div class=\"iconoCirculo\">\n\t\t\t\t\t  <i class=\"fas fa-phone-volume\"><\/i>\n\t\t\t\t\t<\/div>\n\t\t\t\t<\/div><div class=\"\">\n<h4 style=\"text-align: center;\"><strong>Tel\u00e9fono Contrataciones<br \/>\n951 127 403<\/strong><\/h4>\n<p><\/div><\/div><\/div><br \/>\nA fin de que pueda tener acceso a informaci\u00f3n sobre Triodos Bank, tiene libre m\u00faltiples m\u00e9todos gratuitos, simples y sencillos. Si quiere saber o bien ser informado sobre los aspectos y prestaciones que ofrece de su seguro de decesos, como por poner un ejemplo la asistencia en viaje y\/o tras la hospitalizaci\u00f3n, el costo de la urna o bien ata\u00fad, el camposanto elegido, y otros m\u00e1s, ser\u00e1 a trav\u00e9s del servicio de atenci\u00f3n al cliente. De este modo, todo va a estar cerrado cuando llegue el d\u00eda tan complicado del entierro de un familiar y, no deber\u00e1 inquietar por nada en torno a su seguro. Adem\u00e1s, tendr\u00e1 el mayor apoyo posible en tal proceso tan fr\u00e1gil.<br \/>\n<\/div><\/p>\n<div class=\"colorf \"  ><div class=\"container clearfix\"><div class=\"col-md-7\"><\/p>\n<h2><span class=\"ez-toc-section\" id=\"%C2%BFComo_contactar_con_Triodos_Bank\"><\/span>\u00bfC\u00f3mo contactar con Triodos Bank?<span class=\"ez-toc-section-end\"><\/span><\/h2>\n<p>A fin de que Triodos Bank se ponga a su predisposici\u00f3n, le recordamos que tiene a su predisposici\u00f3n un n\u00famero de contacto gratuito, un e mail, un formulario en su web y las distintas cuentas de Triodos Bank en redes sociales.<br \/>\n<\/div><\/div><\/div>\n<h3><span class=\"ez-toc-section\" id=\"Telefono_gratuito_de_Triodos_Bank\"><\/span>Tel\u00e9fono gratuito de Triodos Bank<span class=\"ez-toc-section-end\"><\/span><\/h3>\n<p>A fin de que le resulte f\u00e1cil encontrar respuestas a sus preguntas, cuestiones, etc\u00e9teraRespecto a su seguro decesos, es fundamental conocer el tel\u00e9fono de contacto que brinda para poder establecer un v\u00ednculo con el usuario. A d\u00eda de hoy, si su pretensi\u00f3n es poder conversar de forma extensa y sin prisas con el experto, es el mejor m\u00e9todo, por su contacto directo y simpleza. Por consiguiente, para poder contactar con Triodos Bank de manera r\u00e1pida, gratuita y directa, sin tener la necesidad de desplazarte y sin interrumpir lo que est\u00e9 haciendo en ese preciso instante, se ofrece el siguiente n\u00famero de tel\u00e9fono <b>91 640 46 84.<\/b><br \/>\n<div class=\"colorf\"><div class=\"container clearfix\"><div class=\"col-md-7\"><\/p>\n<div class=\"cabecera_tabla_ajustada \"  style=\"width:80%\" ><div class=\"row\"><\/div>\n<p><div class=\"fila_tabla4 \"  ><div class=\"row\"><div class=\"col-8 nosepara izq\"><p><strong>Tel\u00e9fono para contrataciones<\/strong><\/p><\/div><div class=\"col-4 nosepara centro\">951 127 403<\/div><\/div><\/div><div class=\"fila_tabla4 \"  ><div class=\"row\"><div class=\"col-8 nosepara izq\"><p><strong>Tel\u00e9fono Atenci\u00f3n al cliente<\/strong><\/p><\/div><div class=\"col-4 nosepara centro\">900 82 29 82<\/div><\/div><\/div><\/p>\n<div class=\"pie_tabla \"  ><div class=\"row\"><div class=\"col-12 \"><\/div><\/div><\/div><\/div>\n<\/div><\/div><\/div>\n<h3><span class=\"ez-toc-section\" id=\"Horario_de_atencion_al_cliente_de_Triodos_Bank\"><\/span>Horario de atenci\u00f3n al cliente de Triodos Bank<span class=\"ez-toc-section-end\"><\/span><\/h3>\n<p>Al usuario se le proporciona por la parte de Triodos Bank un horario flexible de atenci\u00f3n al cliente a fin de que pueda resolver sus dudas. Gracias a esto, sus agente podr\u00e1n asistirle toda vez que lo necesite. La persona con la que hable le atender\u00e1 de la mejor manera posible, con un lenguaje claro y conciso para el buen entendimiento. Si lo precisa su llamada va a ser desviada a un agente especialista en seguro de decesos que le podr\u00e1 asistir con sus cuestiones y dudas sobre sus servicios contratados. Finalizada la llamada, va a tener respuesta a todas sus preguntas y va a estar contento con el trato recibido por parte del personal.<br \/>\n<div class=\"colorf\"><div class=\"container clearfix\"><div class=\"col-md-7\"><\/p>\n<h3><span class=\"ez-toc-section\" id=\"Correo_electronico_de_Triodos_Bank\"><\/span>Correo electr\u00f3nico de Triodos Bank<span class=\"ez-toc-section-end\"><\/span><\/h3>\n<p>Gran parte de la poblaci\u00f3n es siendo consciente de la influencia y tambi\u00e9n importancia que tiene Internet, con lo que tienen perfiles en las plataformas de Hotmail, Gmail, etc\u00e9teraCon este servicio, formar\u00e1n una parte del flujo de informaci\u00f3n que se establezca entre dos o m\u00e1s personas. Es una de las herramientas m\u00e1s \u00fatiles para poder recibir informaci\u00f3n o bien documentaci\u00f3n, en un caso as\u00ed, sobre su seguro de decesos. El pr\u00f3ximo e mail <strong>info@triodos.es<\/strong>\u00a0pertenece a Triodos Bank, con el que podr\u00e1 preguntar lo que quiera sobre su prima, p\u00f3liza\u2026Obtener la mejor contestaci\u00f3n para esclarecer lo que quieras saber es tan f\u00e1cil como, enviar un correo y, adem\u00e1s de conseguir las mejores respuestas, va a llegar a un buen entendimiento.<br \/>\n<\/div><\/div><\/div><\/p>\n<h3><span class=\"ez-toc-section\" id=\"Formulario_en_el_sitio_Web_de_Triodos_Bank\"><\/span>Formulario en el sitio Web de Triodos Bank<span class=\"ez-toc-section-end\"><\/span><\/h3>\n<p>En nuestros d\u00edas, internt es el primer buscador de informaci\u00f3n a nivel del mundo. Esto es as\u00ed por la globalizaci\u00f3n de la plataforma y por el gran alance que tiene. Con lo que todo el planeta la emplea. Poniendo en el buscador Triodos Bank podr\u00e1s hallar todo lo que precisas sobre sus seguro de decesos a trav\u00e9s de su web <strong>www.triodos.es\/es<\/strong>. Toda la informaci\u00f3n que econtrar\u00e1s girar\u00e1 en torno a las distintas coberturas, precios y ventajas que tienen sus servicios a fin de que puedas obtener toda la informaci\u00f3n precisa antes del asesoramiento. All\u00e1 va a poder hallar un apartado con un formulario que va a deber rellenar con sus datos a fin de que posteriormente un agente se ponga en contacto con udted lo m\u00e1s veloz posible para resolverle sus dudas sobre el tema que le alla preguntado.<br \/>\n<div class=\"colorf\"><div class=\"container clearfix\"><div class=\"col-md-7\"><\/p>\n<h3><span class=\"ez-toc-section\" id=\"Redes_sociales_de_Triodos_Bank\"><\/span>Redes sociales de Triodos Bank<span class=\"ez-toc-section-end\"><\/span><\/h3>\n<p>En la actualidad, redes sociales como Instagram, Fb, Twitter o TikTok cubren un una gran parte del tiempo de las personas es por ello que son herramientas que tienen una gran difusi\u00f3n y alcance en todo el planeta. Es muy normal que cada persona est\u00e9 resgritado en alguna de estas apps si no es en las 4. Triodos Bank tiene su perfil en alguna de estas redes sociales. En todos y cada cuenta, Triodos Bank ofrece im\u00e1genes, ofertas, v\u00eddeos y considerablemente m\u00e1s sobre sus servicios con un trato m\u00e1s pr\u00f3ximo al cliente. Gracias a sus perfiles, puedes contactar con ellos mediante su cuenta. Una enorme sencillez que hace que te olvides de correos electr\u00f3nicos o bien n\u00fameros de tel\u00e9fono.<br \/>\n<\/div><\/div><\/div><\/p>\n<\/div>\n<p><div class=\"oficinas\"> <h3>P\u00e1ginas relacionadas<\/h3><div class=\"enlazado\"><ul> <li><a href=\"https:\/\/idecesos.com\/seguros\/companias\/banco-triodos-bank\/opiniones\/\">Opiniones Triodos Bank<\/a><\/li> <li><a href=\"https:\/\/idecesos.com\/seguros\/companias\/banco-triodos-bank\/precio\/\">Precio seguro Triodos Bank<\/a><\/li> <li><a href=\"https:\/\/idecesos.com\/seguros\/companias\/banco-triodos-bank\/prima-mixta\/\">Triodos Bank Prima Mixta<\/a><\/li> <li><a href=\"https:\/\/idecesos.com\/seguros\/companias\/banco-triodos-bank\/prima-natural\/\">Triodos Bank Prima Natural<\/a><\/li> <li><a href=\"https:\/\/idecesos.com\/seguros\/companias\/banco-triodos-bank\/prima-nivelada\/\">Triodos Bank Prima Nivelada<\/a><\/li> <li><a href=\"https:\/\/idecesos.com\/seguros\/companias\/banco-triodos-bank\/prima-unica\/\">Triodos Bank Prima \u00danica<\/a><\/li> <li><a href=\"https:\/\/idecesos.com\/seguros\/companias\/banco-triodos-bank\/repatriacion\/\">Triodos Bank Repatriaci\u00f3n<\/a><\/li> <li><a href=\"https:\/\/idecesos.com\/seguros\/companias\/banco-triodos-bank\/telefono\/\">Tel\u00e9fono Gratuito Triodos Bank<\/a><\/li><\/ul><\/div> <\/div><\/p>\n","protected":false},"excerpt":{"rendered":"<p>A fin de que pueda tener acceso a informaci\u00f3n sobre Triodos Bank, tiene libre m\u00faltiples m\u00e9todos gratuitos, simples y sencillos. Si quiere saber o bien ser informado sobre los aspectos y prestaciones que ofrece de su seguro de decesos, como por poner un ejemplo la asistencia en viaje y\/o tras la hospitalizaci\u00f3n, el costo de&hellip; <\/p>\n","protected":false},"author":1,"featured_media":0,"parent":504,"menu_order":0,"comment_status":"closed","ping_status":"closed","template":"single.php","meta":{"footnotes":""},"class_list":["post-15322","page","type-page","status-publish","hentry"],"yoast_head":"<!-- This site is optimized with the Yoast SEO plugin v27.6 - https:\/\/yoast.com\/product\/yoast-seo-wordpress\/ -->\n<title>Tel\u00e9fono Gratuito Triodos Bank \u25b7Atenci\u00f3n Cliente, Email, RRSS, Web<\/title>\n<meta name=\"description\" content=\"Busca aqu\u00ed\u3010Triodos Bank seguros tel\u00e9fono gratuito\u3011Triodos Bank Decesos tel\u00e9fono gratis: atenci\u00f3n al cliente y contrataciones \u2611\ufe0fVerificado en 2026\" \/>\n<meta name=\"robots\" content=\"index, follow, max-snippet:-1, max-image-preview:large, max-video-preview:-1\" \/>\n<link rel=\"canonical\" href=\"https:\/\/idecesos.com\/seguros\/companias\/banco-triodos-bank\/telefono\/\" \/>\n<meta property=\"og:locale\" content=\"es_ES\" \/>\n<meta property=\"og:type\" content=\"article\" \/>\n<meta property=\"og:title\" content=\"Tel\u00e9fono Gratuito Triodos Bank \u25b7Atenci\u00f3n Cliente, Email, RRSS, Web\" \/>\n<meta property=\"og:description\" content=\"Busca aqu\u00ed\u3010Triodos Bank seguros tel\u00e9fono gratuito\u3011Triodos Bank Decesos tel\u00e9fono gratis: atenci\u00f3n al cliente y contrataciones \u2611\ufe0fVerificado en 2026\" \/>\n<meta property=\"og:url\" content=\"https:\/\/idecesos.com\/seguros\/companias\/banco-triodos-bank\/telefono\/\" \/>\n<meta property=\"article:modified_time\" content=\"2022-04-07T08:36:29+00:00\" \/>\n<meta name=\"twitter:card\" content=\"summary_large_image\" \/>\n<meta name=\"twitter:label1\" content=\"Tiempo de lectura\" \/>\n\t<meta name=\"twitter:data1\" content=\"4 minutos\" \/>\n<script type=\"application\/ld+json\" class=\"yoast-schema-graph\">{\"@context\":\"https:\\\/\\\/schema.org\",\"@graph\":[{\"@type\":\"WebPage\",\"@id\":\"https:\\\/\\\/idecesos.com\\\/seguros\\\/companias\\\/banco-triodos-bank\\\/telefono\\\/\",\"url\":\"https:\\\/\\\/idecesos.com\\\/seguros\\\/companias\\\/banco-triodos-bank\\\/telefono\\\/\",\"name\":\"Tel\u00e9fono Gratuito Triodos Bank \u25b7Atenci\u00f3n Cliente, Email, RRSS, Web\",\"isPartOf\":{\"@id\":\"https:\\\/\\\/idecesos.com\\\/seguros\\\/#website\"},\"datePublished\":\"2021-11-25T10:10:23+00:00\",\"dateModified\":\"2022-04-07T08:36:29+00:00\",\"description\":\"Busca aqu\u00ed\u3010Triodos Bank seguros tel\u00e9fono gratuito\u3011Triodos Bank Decesos tel\u00e9fono gratis: atenci\u00f3n al cliente y contrataciones \u2611\ufe0fVerificado en 2026\",\"breadcrumb\":{\"@id\":\"https:\\\/\\\/idecesos.com\\\/seguros\\\/companias\\\/banco-triodos-bank\\\/telefono\\\/#breadcrumb\"},\"inLanguage\":\"es\",\"potentialAction\":[{\"@type\":\"ReadAction\",\"target\":[\"https:\\\/\\\/idecesos.com\\\/seguros\\\/companias\\\/banco-triodos-bank\\\/telefono\\\/\"]}]},{\"@type\":\"BreadcrumbList\",\"@id\":\"https:\\\/\\\/idecesos.com\\\/seguros\\\/companias\\\/banco-triodos-bank\\\/telefono\\\/#breadcrumb\",\"itemListElement\":[{\"@type\":\"ListItem\",\"position\":1,\"name\":\"Portada\",\"item\":\"https:\\\/\\\/idecesos.com\\\/seguros\\\/\"},{\"@type\":\"ListItem\",\"position\":2,\"name\":\"Compa\u00f1\u00edas de Seguros de Decesos en Espa\u00f1a\",\"item\":\"https:\\\/\\\/idecesos.com\\\/seguros\\\/companias\\\/\"},{\"@type\":\"ListItem\",\"position\":3,\"name\":\"Seguro de decesos Triodos Bank\",\"item\":\"https:\\\/\\\/idecesos.com\\\/seguros\\\/companias\\\/banco-triodos-bank\\\/\"},{\"@type\":\"ListItem\",\"position\":4,\"name\":\"Atenci\u00f3n al cliente Triodos Bank: telefono gratuito, e-mail\"}]},{\"@type\":\"WebSite\",\"@id\":\"https:\\\/\\\/idecesos.com\\\/seguros\\\/#website\",\"url\":\"https:\\\/\\\/idecesos.com\\\/seguros\\\/\",\"name\":\"\",\"description\":\"\",\"potentialAction\":[{\"@type\":\"SearchAction\",\"target\":{\"@type\":\"EntryPoint\",\"urlTemplate\":\"https:\\\/\\\/idecesos.com\\\/seguros\\\/?s={search_term_string}\"},\"query-input\":{\"@type\":\"PropertyValueSpecification\",\"valueRequired\":true,\"valueName\":\"search_term_string\"}}],\"inLanguage\":\"es\"}]}<\/script>\n<!-- \/ Yoast SEO plugin. -->","yoast_head_json":{"title":"Tel\u00e9fono Gratuito Triodos Bank \u25b7Atenci\u00f3n Cliente, Email, RRSS, Web","description":"Busca aqu\u00ed\u3010Triodos Bank seguros tel\u00e9fono gratuito\u3011Triodos Bank Decesos tel\u00e9fono gratis: atenci\u00f3n al cliente y contrataciones \u2611\ufe0fVerificado en 2026","robots":{"index":"index","follow":"follow","max-snippet":"max-snippet:-1","max-image-preview":"max-image-preview:large","max-video-preview":"max-video-preview:-1"},"canonical":"https:\/\/idecesos.com\/seguros\/companias\/banco-triodos-bank\/telefono\/","og_locale":"es_ES","og_type":"article","og_title":"Tel\u00e9fono Gratuito Triodos Bank \u25b7Atenci\u00f3n Cliente, Email, RRSS, Web","og_description":"Busca aqu\u00ed\u3010Triodos Bank seguros tel\u00e9fono gratuito\u3011Triodos Bank Decesos tel\u00e9fono gratis: atenci\u00f3n al cliente y contrataciones \u2611\ufe0fVerificado en 2026","og_url":"https:\/\/idecesos.com\/seguros\/companias\/banco-triodos-bank\/telefono\/","article_modified_time":"2022-04-07T08:36:29+00:00","twitter_card":"summary_large_image","twitter_misc":{"Tiempo de lectura":"4 minutos"},"schema":{"@context":"https:\/\/schema.org","@graph":[{"@type":"WebPage","@id":"https:\/\/idecesos.com\/seguros\/companias\/banco-triodos-bank\/telefono\/","url":"https:\/\/idecesos.com\/seguros\/companias\/banco-triodos-bank\/telefono\/","name":"Tel\u00e9fono Gratuito Triodos Bank \u25b7Atenci\u00f3n Cliente, Email, RRSS, Web","isPartOf":{"@id":"https:\/\/idecesos.com\/seguros\/#website"},"datePublished":"2021-11-25T10:10:23+00:00","dateModified":"2022-04-07T08:36:29+00:00","description":"Busca aqu\u00ed\u3010Triodos Bank seguros tel\u00e9fono gratuito\u3011Triodos Bank Decesos tel\u00e9fono gratis: atenci\u00f3n al cliente y contrataciones \u2611\ufe0fVerificado en 2026","breadcrumb":{"@id":"https:\/\/idecesos.com\/seguros\/companias\/banco-triodos-bank\/telefono\/#breadcrumb"},"inLanguage":"es","potentialAction":[{"@type":"ReadAction","target":["https:\/\/idecesos.com\/seguros\/companias\/banco-triodos-bank\/telefono\/"]}]},{"@type":"BreadcrumbList","@id":"https:\/\/idecesos.com\/seguros\/companias\/banco-triodos-bank\/telefono\/#breadcrumb","itemListElement":[{"@type":"ListItem","position":1,"name":"Portada","item":"https:\/\/idecesos.com\/seguros\/"},{"@type":"ListItem","position":2,"name":"Compa\u00f1\u00edas de Seguros de Decesos en Espa\u00f1a","item":"https:\/\/idecesos.com\/seguros\/companias\/"},{"@type":"ListItem","position":3,"name":"Seguro de decesos Triodos Bank","item":"https:\/\/idecesos.com\/seguros\/companias\/banco-triodos-bank\/"},{"@type":"ListItem","position":4,"name":"Atenci\u00f3n al cliente Triodos Bank: telefono gratuito, e-mail"}]},{"@type":"WebSite","@id":"https:\/\/idecesos.com\/seguros\/#website","url":"https:\/\/idecesos.com\/seguros\/","name":"","description":"","potentialAction":[{"@type":"SearchAction","target":{"@type":"EntryPoint","urlTemplate":"https:\/\/idecesos.com\/seguros\/?s={search_term_string}"},"query-input":{"@type":"PropertyValueSpecification","valueRequired":true,"valueName":"search_term_string"}}],"inLanguage":"es"}]}},"_links":{"self":[{"href":"https:\/\/idecesos.com\/seguros\/wp-json\/wp\/v2\/pages\/15322","targetHints":{"allow":["GET"]}}],"collection":[{"href":"https:\/\/idecesos.com\/seguros\/wp-json\/wp\/v2\/pages"}],"about":[{"href":"https:\/\/idecesos.com\/seguros\/wp-json\/wp\/v2\/types\/page"}],"author":[{"embeddable":true,"href":"https:\/\/idecesos.com\/seguros\/wp-json\/wp\/v2\/users\/1"}],"replies":[{"embeddable":true,"href":"https:\/\/idecesos.com\/seguros\/wp-json\/wp\/v2\/comments?post=15322"}],"version-history":[{"count":10,"href":"https:\/\/idecesos.com\/seguros\/wp-json\/wp\/v2\/pages\/15322\/revisions"}],"predecessor-version":[{"id":21053,"href":"https:\/\/idecesos.com\/seguros\/wp-json\/wp\/v2\/pages\/15322\/revisions\/21053"}],"up":[{"embeddable":true,"href":"https:\/\/idecesos.com\/seguros\/wp-json\/wp\/v2\/pages\/504"}],"wp:attachment":[{"href":"https:\/\/idecesos.com\/seguros\/wp-json\/wp\/v2\/media?parent=15322"}],"curies":[{"name":"wp","href":"https:\/\/api.w.org\/{rel}","templated":true}]}}