{"id":15333,"date":"2021-11-26T09:12:33","date_gmt":"2021-11-25T10:10:29","guid":{"rendered":"https:\/\/idecesos.com\/seguros\/companias\/bankinter\/telefono\/"},"modified":"2022-04-03T18:45:29","modified_gmt":"2022-04-03T18:45:29","slug":"telefono","status":"publish","type":"page","link":"https:\/\/idecesos.com\/seguros\/companias\/bankinter\/telefono\/","title":{"rendered":"Atenci\u00f3n al cliente Bankinter: telefono gratuito, e-mail"},"content":{"rendered":"<div id=\"ez-toc-container\" class=\"ez-toc-v2_0_82_2 ez-toc-wrap-center counter-hierarchy ez-toc-counter ez-toc-custom ez-toc-container-direction\">\n<div class=\"ez-toc-title-container\">\n<p class=\"ez-toc-title\" style=\"cursor:inherit\">Tabla de Contenido<\/p>\n<span class=\"ez-toc-title-toggle\"><a href=\"#\" class=\"ez-toc-pull-right ez-toc-btn ez-toc-btn-xs ez-toc-btn-default ez-toc-toggle\" aria-label=\"Alternar tabla de contenidos\"><span class=\"ez-toc-js-icon-con\"><span class=\"\"><span class=\"eztoc-hide\" style=\"display:none;\">Toggle<\/span><span class=\"ez-toc-icon-toggle-span\"><svg style=\"fill: #db6415;color:#db6415\" xmlns=\"http:\/\/www.w3.org\/2000\/svg\" class=\"list-377408\" width=\"20px\" height=\"20px\" viewBox=\"0 0 24 24\" fill=\"none\"><path d=\"M6 6H4v2h2V6zm14 0H8v2h12V6zM4 11h2v2H4v-2zm16 0H8v2h12v-2zM4 16h2v2H4v-2zm16 0H8v2h12v-2z\" fill=\"currentColor\"><\/path><\/svg><svg style=\"fill: #db6415;color:#db6415\" class=\"arrow-unsorted-368013\" xmlns=\"http:\/\/www.w3.org\/2000\/svg\" width=\"10px\" height=\"10px\" viewBox=\"0 0 24 24\" version=\"1.2\" baseProfile=\"tiny\"><path d=\"M18.2 9.3l-6.2-6.3-6.2 6.3c-.2.2-.3.4-.3.7s.1.5.3.7c.2.2.4.3.7.3h11c.3 0 .5-.1.7-.3.2-.2.3-.5.3-.7s-.1-.5-.3-.7zM5.8 14.7l6.2 6.3 6.2-6.3c.2-.2.3-.5.3-.7s-.1-.5-.3-.7c-.2-.2-.4-.3-.7-.3h-11c-.3 0-.5.1-.7.3-.2.2-.3.5-.3.7s.1.5.3.7z\"\/><\/svg><\/span><\/span><\/span><\/a><\/span><\/div>\n<nav><ul class='ez-toc-list ez-toc-list-level-1 ' ><ul class='ez-toc-list-level-4' ><li class='ez-toc-heading-level-4'><ul class='ez-toc-list-level-4' ><li class='ez-toc-heading-level-4'><a class=\"ez-toc-link ez-toc-heading-1\" href=\"https:\/\/idecesos.com\/seguros\/companias\/bankinter\/telefono\/#Telefono_Contrataciones_951_127_403\" >Tel\u00e9fono Contrataciones \n951 127 403<\/a><\/li><\/ul><\/li><\/ul><\/li><li class='ez-toc-page-1 ez-toc-heading-level-2'><a class=\"ez-toc-link ez-toc-heading-2\" href=\"https:\/\/idecesos.com\/seguros\/companias\/bankinter\/telefono\/#%C2%BFComo_contactar_con_Bankinter\" >\u00bfC\u00f3mo contactar con Bankinter?<\/a><ul class='ez-toc-list-level-3' ><li class='ez-toc-heading-level-3'><a class=\"ez-toc-link ez-toc-heading-3\" href=\"https:\/\/idecesos.com\/seguros\/companias\/bankinter\/telefono\/#Telefono_gratuito_de_Bankinter\" >Tel\u00e9fono gratuito de Bankinter<\/a><\/li><li class='ez-toc-page-1 ez-toc-heading-level-3'><a class=\"ez-toc-link ez-toc-heading-4\" href=\"https:\/\/idecesos.com\/seguros\/companias\/bankinter\/telefono\/#Horario_de_atencion_al_cliente_de_Bankinter\" >Horario de atenci\u00f3n al cliente de Bankinter<\/a><\/li><li class='ez-toc-page-1 ez-toc-heading-level-3'><a class=\"ez-toc-link ez-toc-heading-5\" href=\"https:\/\/idecesos.com\/seguros\/companias\/bankinter\/telefono\/#Correo_electronico_de_Bankinter\" >Correo electr\u00f3nico de Bankinter<\/a><\/li><li class='ez-toc-page-1 ez-toc-heading-level-3'><a class=\"ez-toc-link ez-toc-heading-6\" href=\"https:\/\/idecesos.com\/seguros\/companias\/bankinter\/telefono\/#Formulario_en_el_sitio_Web_de_Bankinter\" >Formulario en el sitio Web de Bankinter<\/a><\/li><li class='ez-toc-page-1 ez-toc-heading-level-3'><a class=\"ez-toc-link ez-toc-heading-7\" href=\"https:\/\/idecesos.com\/seguros\/companias\/bankinter\/telefono\/#Redes_sociales_de_Bankinter\" >Redes sociales de Bankinter<\/a><\/li><li class='ez-toc-page-1 ez-toc-heading-level-3'><a class=\"ez-toc-link ez-toc-heading-8\" href=\"https:\/\/idecesos.com\/seguros\/companias\/bankinter\/telefono\/#Paginas_relacionadas\" >P\u00e1ginas relacionadas<\/a><\/li><\/ul><\/li><\/ul><\/nav><\/div>\n\n<div class=\"caja\">\n<div class=\"cajaIcono2 \"  ><div class=\"cuadro\" style=\"box-shadow: inset 0 0 0 3px #ff790e\"><div class=\"iconoCircular\" style=\"border: 3px solid #ff790e\">\t\t\n\t\t\t\t\t<div class=\"iconoCirculo\">\n\t\t\t\t\t  <i class=\"fas fa-phone-volume\"><\/i>\n\t\t\t\t\t<\/div>\n\t\t\t\t<\/div><div class=\"\">\n<h4 style=\"text-align: center;\"><span class=\"ez-toc-section\" id=\"Telefono_Contrataciones_951_127_403\"><\/span><strong>Tel\u00e9fono Contrataciones<br \/>\n951 127 403<\/strong><span class=\"ez-toc-section-end\"><\/span><\/h4>\n<p><\/div><\/div><\/div><br \/>\nEs alcanzable a todo aquel quiera, los m\u00e9todos de contacto que ofrece Bankinter para poder localizar la informaci\u00f3n necesaria f\u00e1cilmente. Con todas ellas, no tendr\u00e1 la necesidad de desplazarse si no le es posible y, obtendr\u00e1 una veloz y sencilla respuesta por la parte del asesor experto en seguros de decesos. Todos y cada uno de los tr\u00e1mites van a estar cerrados cuando llegue el momento de la muerte del ser querido, dado a que la compa\u00f1\u00eda comprende su situaci\u00f3n y tratar\u00e1 siempre y en todo momento el tema con el respeto que se merece. Las diferentes coberturas que ofrece su seguro de decesos, la ayuda psicol\u00f3gica que requiera, los servicios disponibles\u2026 son algunos de los datos que se le van a facilitar.<br \/>\n<\/div><\/p>\n<div class=\"colorf \"  ><div class=\"container clearfix\"><div class=\"col-md-7\"><\/p>\n<h2><span class=\"ez-toc-section\" id=\"%C2%BFComo_contactar_con_Bankinter\"><\/span>\u00bfC\u00f3mo contactar con Bankinter?<span class=\"ez-toc-section-end\"><\/span><\/h2>\n<p>Bankinter tiene libre los pr\u00f3ximos m\u00e9todos para poder contactar de forma gratuita: tel\u00e9fono de contacto, formulario en su web, mail y redes sociales.<br \/>\n<\/div><\/div><\/div>\n<h3><span class=\"ez-toc-section\" id=\"Telefono_gratuito_de_Bankinter\"><\/span>Tel\u00e9fono gratuito de Bankinter<span class=\"ez-toc-section-end\"><\/span><\/h3>\n<p>El tel\u00e9fono de contacto que va a estar libre es absolutamente gratis. El n\u00famero es: <strong>916 578 869<\/strong>. Las llamadas a Bankinter le saldr\u00e1n plenamente sin costo, llame usted o le llame un agente, con independencia del tiempo que dure la charla. Este es uno de los m\u00e9todos m\u00e1s eficaces y sencillos, debido a que, pr\u00e1cticamente todo el planeta, dispone de telefon\u00eda m\u00f3vil y tiene la sencillez de no tener que desplazarse a ninguna sede de la compa\u00f1\u00eda para poder consultar y tratar el tema sobre su seguro de decesos. El personal responsable de coger su llamada es un especialista en seguro de decesos que te va a ayudar a solucionar sus preguntas y dudas quedando completamente satisfecho con su servicio.<br \/>\n<div class=\"colorf\"><div class=\"container clearfix\"><div class=\"col-md-7\"><\/p>\n<div class=\"cabecera_tabla_ajustada \"  style=\"width:80%\" ><div class=\"row\"><\/div>\n<p><div class=\"fila_tabla4 \"  ><div class=\"row\"><div class=\"col-8 nosepara izq\"><p><strong>Tel\u00e9fono para contrataciones<\/strong><\/p><\/div><div class=\"col-4 nosepara centro\">951 127 403<\/div><\/div><\/div><div class=\"fila_tabla4 \"  ><div class=\"row\"><div class=\"col-8 nosepara izq\"><p><strong>Tel\u00e9fono para no clientes<\/strong><\/p><\/div><div class=\"col-4 nosepara centro\">901 13 13 13<\/div><\/div><\/div><\/p>\n<div class=\"pie_tabla \"  ><div class=\"row\"><div class=\"col-12 \"><\/div><\/div><\/div><\/div>\n<\/div><\/div><\/div>\n<h3><span class=\"ez-toc-section\" id=\"Horario_de_atencion_al_cliente_de_Bankinter\"><\/span>Horario de atenci\u00f3n al cliente de Bankinter<span class=\"ez-toc-section-end\"><\/span><\/h3>\n<p>No sabiendo la disponibilidad de las personas, Bankinter tiene a su disposici\u00f3n un horario, de ma\u00f1ana y de tarde, a fin de que puedas ponerte en contacto. El personal expondr\u00e1 su experiencia, conocimientos y confianza para su satisfacci\u00f3n. De esta forma, va a ser m\u00e1s sencillo el contacto directo con la empresa. Podr\u00e1 resolver las distintas dudas que le surjan sobre su posible o deseado seguro de decesos en exactamente el mismo instante, manteniendo una charla fluida con el especialista. Las horas en las que va a poder realizar la llamada son las siguientes: <strong>horario Bankinter<\/strong><br \/>\n<div class=\"colorf\"><div class=\"container clearfix\"><div class=\"col-md-7\"><\/p>\n<h3><span class=\"ez-toc-section\" id=\"Correo_electronico_de_Bankinter\"><\/span>Correo electr\u00f3nico de Bankinter<span class=\"ez-toc-section-end\"><\/span><\/h3>\n<p>Las nuevas tecnolog\u00edas no paran de avanzar y la sociedad lo hace junto a ellas, agarradas de la mano. Esto ha supuesto que internet lo invada todo y que cualquier ciudadano pueda optar a tenerlo. Plataformas como Gmail o bien Hotmail han hecho que el env\u00edo y recibo de documentos e informaci\u00f3n sea algo f\u00e1cil y pr\u00e1ctico sin tener que desplazarse a ning\u00fan lado. Teniendo en cuenta todos estos aspectos, Bankinter ofrece su propio e mail <strong>incidencias_sac.bankinter@bankinter.es<\/strong>\u00a0para que puedas contactar con ellos. Podr\u00e1 mandar a esta direcci\u00f3n cualquier cuesti\u00f3n, pregunta, duda o inquietud que le parezca sobre su seguro de decesos. La respuesta que le den los agentes habr\u00e1 sido estudiada y preparada por los especialistas de Bankinter.<br \/>\n<\/div><\/div><\/div><\/p>\n<h3><span class=\"ez-toc-section\" id=\"Formulario_en_el_sitio_Web_de_Bankinter\"><\/span>Formulario en el sitio Web de Bankinter<span class=\"ez-toc-section-end\"><\/span><\/h3>\n<p>Hoy d\u00eda, internt es el primer buscador de informaci\u00f3n a nivel del mundo. Esto se debe al alcance que tienen y, por ser la mayor plataforma digital que existe, absolutamente gratis y libre para todo el planeta. Merced al buscador, poniendo Bankinter vas a poder hallar toda la informaci\u00f3n sobre su seguro de decesos en su web <strong>www.bankinter.com\/banca\/seguros\/seguros-para-ti<\/strong>. Dicha informaci\u00f3n girar\u00e1 en torno a los diferentes g\u00e9neros de servicios que ofrecen, costos, ventajas y m\u00e1s, para que de esta manera consiga datos anteriores a su futuro asesoramiento. En la web, podr\u00e1 localizar un apartado con un formulario en el que tendr\u00e1 que poner sus datos como nombre y apellidos, tel\u00e9fono, e mail&#8230; a fin de que los agentes de Bankinter puedan ponerse en contacto con y as\u00ed resolverle todas las dudas que le haya puesto en tal documento.<br \/>\n<div class=\"colorf\"><div class=\"container clearfix\"><div class=\"col-md-7\"><\/p>\n<h3><span class=\"ez-toc-section\" id=\"Redes_sociales_de_Bankinter\"><\/span>Redes sociales de Bankinter<span class=\"ez-toc-section-end\"><\/span><\/h3>\n<p>Las redes sociales al lado de internet han globalizado el planeta. Es por esto que son empleadas como herramientas para propagar inform\u00f3 y lograr a miles de personas. Casi todo el planeta tiene una de estas aplicaciones si no est\u00e1 registrado en todas y cada una. Bankinter dispone de su perfil en ciertas de estas plataformas. En todos y cada cuenta, Bankinter ofrece im\u00e1genes, ofertas, v\u00eddeos y muchos m\u00e1s sobre sus servicios con un trato m\u00e1s pr\u00f3ximo al cliente. Gracias a sus perfiles, puedes contactar con ellos mediante su cuenta. Una gran sencillez que hace que te olvides de mails o bien tel\u00e9fonos.<br \/>\n<\/div><\/div><\/div><\/p>\n<\/div>\n<p><div class=\"oficinas\"> <h3><span class=\"ez-toc-section\" id=\"Paginas_relacionadas\"><\/span>P\u00e1ginas relacionadas<span class=\"ez-toc-section-end\"><\/span><\/h3><div class=\"enlazado\"><ul> <li><a href=\"https:\/\/idecesos.com\/seguros\/companias\/bankinter\/opiniones\/\">Opiniones Bankinter<\/a><\/li> <li><a href=\"https:\/\/idecesos.com\/seguros\/companias\/bankinter\/precio\/\">Precio seguro Bankinter<\/a><\/li> <li><a href=\"https:\/\/idecesos.com\/seguros\/companias\/bankinter\/prima-mixta\/\">Bankinter Prima Mixta<\/a><\/li> <li><a href=\"https:\/\/idecesos.com\/seguros\/companias\/bankinter\/prima-natural\/\">Bankinter Prima Natural<\/a><\/li> <li><a href=\"https:\/\/idecesos.com\/seguros\/companias\/bankinter\/prima-nivelada\/\">Bankinter Prima Nivelada<\/a><\/li> <li><a href=\"https:\/\/idecesos.com\/seguros\/companias\/bankinter\/prima-unica\/\">Bankinter Prima \u00danica<\/a><\/li> <li><a href=\"https:\/\/idecesos.com\/seguros\/companias\/bankinter\/repatriacion\/\">Bankinter Repatriaci\u00f3n<\/a><\/li> <li><a href=\"https:\/\/idecesos.com\/seguros\/companias\/bankinter\/telefono\/\">Tel\u00e9fono Gratuito Bankinter<\/a><\/li><\/ul><\/div> <\/div><\/p>\n","protected":false},"excerpt":{"rendered":"<p>Es alcanzable a todo aquel quiera, los m\u00e9todos de contacto que ofrece Bankinter para poder localizar la informaci\u00f3n necesaria f\u00e1cilmente. Con todas ellas, no tendr\u00e1 la necesidad de desplazarse si no le es posible y, obtendr\u00e1 una veloz y sencilla respuesta por la parte del asesor experto en seguros de decesos. Todos y cada uno&hellip; <\/p>\n","protected":false},"author":1,"featured_media":0,"parent":512,"menu_order":0,"comment_status":"closed","ping_status":"closed","template":"single.php","meta":{"footnotes":""},"class_list":["post-15333","page","type-page","status-publish","hentry"],"yoast_head":"<!-- This site is optimized with the Yoast SEO plugin v27.5 - https:\/\/yoast.com\/product\/yoast-seo-wordpress\/ -->\n<title>Tel\u00e9fono Gratuito Bankinter \u25b7Atenci\u00f3n Cliente, Email, RRSS, Web<\/title>\n<meta name=\"description\" content=\"Busca aqu\u00ed\u3010Bankinter seguros tel\u00e9fono gratuito\u3011Bankinter Decesos tel\u00e9fono gratis: atenci\u00f3n al cliente y contrataciones \u2611\ufe0fVerificado en 2026\" \/>\n<meta name=\"robots\" content=\"index, follow, max-snippet:-1, max-image-preview:large, max-video-preview:-1\" \/>\n<link rel=\"canonical\" href=\"https:\/\/idecesos.com\/seguros\/companias\/bankinter\/telefono\/\" \/>\n<meta property=\"og:locale\" content=\"es_ES\" \/>\n<meta property=\"og:type\" content=\"article\" \/>\n<meta property=\"og:title\" content=\"Tel\u00e9fono Gratuito Bankinter \u25b7Atenci\u00f3n Cliente, Email, RRSS, Web\" \/>\n<meta property=\"og:description\" content=\"Busca aqu\u00ed\u3010Bankinter seguros tel\u00e9fono gratuito\u3011Bankinter Decesos tel\u00e9fono gratis: atenci\u00f3n al cliente y contrataciones \u2611\ufe0fVerificado en 2026\" \/>\n<meta property=\"og:url\" content=\"https:\/\/idecesos.com\/seguros\/companias\/bankinter\/telefono\/\" \/>\n<meta property=\"article:modified_time\" content=\"2022-04-03T18:45:29+00:00\" \/>\n<meta name=\"twitter:card\" content=\"summary_large_image\" \/>\n<meta name=\"twitter:label1\" content=\"Tiempo de lectura\" \/>\n\t<meta name=\"twitter:data1\" content=\"4 minutos\" \/>\n<script type=\"application\/ld+json\" class=\"yoast-schema-graph\">{\"@context\":\"https:\\\/\\\/schema.org\",\"@graph\":[{\"@type\":\"WebPage\",\"@id\":\"https:\\\/\\\/idecesos.com\\\/seguros\\\/companias\\\/bankinter\\\/telefono\\\/\",\"url\":\"https:\\\/\\\/idecesos.com\\\/seguros\\\/companias\\\/bankinter\\\/telefono\\\/\",\"name\":\"Tel\u00e9fono Gratuito Bankinter \u25b7Atenci\u00f3n Cliente, Email, RRSS, Web\",\"isPartOf\":{\"@id\":\"https:\\\/\\\/idecesos.com\\\/seguros\\\/#website\"},\"datePublished\":\"2021-11-25T10:10:29+00:00\",\"dateModified\":\"2022-04-03T18:45:29+00:00\",\"description\":\"Busca aqu\u00ed\u3010Bankinter seguros tel\u00e9fono gratuito\u3011Bankinter Decesos tel\u00e9fono gratis: atenci\u00f3n al cliente y contrataciones \u2611\ufe0fVerificado en 2026\",\"breadcrumb\":{\"@id\":\"https:\\\/\\\/idecesos.com\\\/seguros\\\/companias\\\/bankinter\\\/telefono\\\/#breadcrumb\"},\"inLanguage\":\"es\",\"potentialAction\":[{\"@type\":\"ReadAction\",\"target\":[\"https:\\\/\\\/idecesos.com\\\/seguros\\\/companias\\\/bankinter\\\/telefono\\\/\"]}]},{\"@type\":\"BreadcrumbList\",\"@id\":\"https:\\\/\\\/idecesos.com\\\/seguros\\\/companias\\\/bankinter\\\/telefono\\\/#breadcrumb\",\"itemListElement\":[{\"@type\":\"ListItem\",\"position\":1,\"name\":\"Portada\",\"item\":\"https:\\\/\\\/idecesos.com\\\/seguros\\\/\"},{\"@type\":\"ListItem\",\"position\":2,\"name\":\"Compa\u00f1\u00edas de Seguros de Decesos en Espa\u00f1a\",\"item\":\"https:\\\/\\\/idecesos.com\\\/seguros\\\/companias\\\/\"},{\"@type\":\"ListItem\",\"position\":3,\"name\":\"Seguro de decesos Bankinter\",\"item\":\"https:\\\/\\\/idecesos.com\\\/seguros\\\/companias\\\/bankinter\\\/\"},{\"@type\":\"ListItem\",\"position\":4,\"name\":\"Atenci\u00f3n al cliente Bankinter: telefono gratuito, e-mail\"}]},{\"@type\":\"WebSite\",\"@id\":\"https:\\\/\\\/idecesos.com\\\/seguros\\\/#website\",\"url\":\"https:\\\/\\\/idecesos.com\\\/seguros\\\/\",\"name\":\"\",\"description\":\"\",\"potentialAction\":[{\"@type\":\"SearchAction\",\"target\":{\"@type\":\"EntryPoint\",\"urlTemplate\":\"https:\\\/\\\/idecesos.com\\\/seguros\\\/?s={search_term_string}\"},\"query-input\":{\"@type\":\"PropertyValueSpecification\",\"valueRequired\":true,\"valueName\":\"search_term_string\"}}],\"inLanguage\":\"es\"}]}<\/script>\n<!-- \/ Yoast SEO plugin. -->","yoast_head_json":{"title":"Tel\u00e9fono Gratuito Bankinter \u25b7Atenci\u00f3n Cliente, Email, RRSS, Web","description":"Busca aqu\u00ed\u3010Bankinter seguros tel\u00e9fono gratuito\u3011Bankinter Decesos tel\u00e9fono gratis: atenci\u00f3n al cliente y contrataciones \u2611\ufe0fVerificado en 2026","robots":{"index":"index","follow":"follow","max-snippet":"max-snippet:-1","max-image-preview":"max-image-preview:large","max-video-preview":"max-video-preview:-1"},"canonical":"https:\/\/idecesos.com\/seguros\/companias\/bankinter\/telefono\/","og_locale":"es_ES","og_type":"article","og_title":"Tel\u00e9fono Gratuito Bankinter \u25b7Atenci\u00f3n Cliente, Email, RRSS, Web","og_description":"Busca aqu\u00ed\u3010Bankinter seguros tel\u00e9fono gratuito\u3011Bankinter Decesos tel\u00e9fono gratis: atenci\u00f3n al cliente y contrataciones \u2611\ufe0fVerificado en 2026","og_url":"https:\/\/idecesos.com\/seguros\/companias\/bankinter\/telefono\/","article_modified_time":"2022-04-03T18:45:29+00:00","twitter_card":"summary_large_image","twitter_misc":{"Tiempo de lectura":"4 minutos"},"schema":{"@context":"https:\/\/schema.org","@graph":[{"@type":"WebPage","@id":"https:\/\/idecesos.com\/seguros\/companias\/bankinter\/telefono\/","url":"https:\/\/idecesos.com\/seguros\/companias\/bankinter\/telefono\/","name":"Tel\u00e9fono Gratuito Bankinter \u25b7Atenci\u00f3n Cliente, Email, RRSS, Web","isPartOf":{"@id":"https:\/\/idecesos.com\/seguros\/#website"},"datePublished":"2021-11-25T10:10:29+00:00","dateModified":"2022-04-03T18:45:29+00:00","description":"Busca aqu\u00ed\u3010Bankinter seguros tel\u00e9fono gratuito\u3011Bankinter Decesos tel\u00e9fono gratis: atenci\u00f3n al cliente y contrataciones \u2611\ufe0fVerificado en 2026","breadcrumb":{"@id":"https:\/\/idecesos.com\/seguros\/companias\/bankinter\/telefono\/#breadcrumb"},"inLanguage":"es","potentialAction":[{"@type":"ReadAction","target":["https:\/\/idecesos.com\/seguros\/companias\/bankinter\/telefono\/"]}]},{"@type":"BreadcrumbList","@id":"https:\/\/idecesos.com\/seguros\/companias\/bankinter\/telefono\/#breadcrumb","itemListElement":[{"@type":"ListItem","position":1,"name":"Portada","item":"https:\/\/idecesos.com\/seguros\/"},{"@type":"ListItem","position":2,"name":"Compa\u00f1\u00edas de Seguros de Decesos en Espa\u00f1a","item":"https:\/\/idecesos.com\/seguros\/companias\/"},{"@type":"ListItem","position":3,"name":"Seguro de decesos Bankinter","item":"https:\/\/idecesos.com\/seguros\/companias\/bankinter\/"},{"@type":"ListItem","position":4,"name":"Atenci\u00f3n al cliente Bankinter: telefono gratuito, e-mail"}]},{"@type":"WebSite","@id":"https:\/\/idecesos.com\/seguros\/#website","url":"https:\/\/idecesos.com\/seguros\/","name":"","description":"","potentialAction":[{"@type":"SearchAction","target":{"@type":"EntryPoint","urlTemplate":"https:\/\/idecesos.com\/seguros\/?s={search_term_string}"},"query-input":{"@type":"PropertyValueSpecification","valueRequired":true,"valueName":"search_term_string"}}],"inLanguage":"es"}]}},"_links":{"self":[{"href":"https:\/\/idecesos.com\/seguros\/wp-json\/wp\/v2\/pages\/15333","targetHints":{"allow":["GET"]}}],"collection":[{"href":"https:\/\/idecesos.com\/seguros\/wp-json\/wp\/v2\/pages"}],"about":[{"href":"https:\/\/idecesos.com\/seguros\/wp-json\/wp\/v2\/types\/page"}],"author":[{"embeddable":true,"href":"https:\/\/idecesos.com\/seguros\/wp-json\/wp\/v2\/users\/1"}],"replies":[{"embeddable":true,"href":"https:\/\/idecesos.com\/seguros\/wp-json\/wp\/v2\/comments?post=15333"}],"version-history":[{"count":10,"href":"https:\/\/idecesos.com\/seguros\/wp-json\/wp\/v2\/pages\/15333\/revisions"}],"predecessor-version":[{"id":20936,"href":"https:\/\/idecesos.com\/seguros\/wp-json\/wp\/v2\/pages\/15333\/revisions\/20936"}],"up":[{"embeddable":true,"href":"https:\/\/idecesos.com\/seguros\/wp-json\/wp\/v2\/pages\/512"}],"wp:attachment":[{"href":"https:\/\/idecesos.com\/seguros\/wp-json\/wp\/v2\/media?parent=15333"}],"curies":[{"name":"wp","href":"https:\/\/api.w.org\/{rel}","templated":true}]}}