{"id":15334,"date":"2021-11-26T09:12:33","date_gmt":"2021-11-25T10:10:30","guid":{"rendered":"https:\/\/idecesos.com\/seguros\/companias\/caixabank\/telefono\/"},"modified":"2022-04-03T18:58:42","modified_gmt":"2022-04-03T18:58:42","slug":"telefono","status":"publish","type":"page","link":"https:\/\/idecesos.com\/seguros\/companias\/caixabank\/telefono\/","title":{"rendered":"Atenci\u00f3n al cliente Caixabank: telefono gratuito, e-mail"},"content":{"rendered":"<div id=\"ez-toc-container\" class=\"ez-toc-v2_0_82_2 ez-toc-wrap-center counter-hierarchy ez-toc-counter ez-toc-custom ez-toc-container-direction\">\n<div class=\"ez-toc-title-container\">\n<p class=\"ez-toc-title\" style=\"cursor:inherit\">Tabla de Contenido<\/p>\n<span class=\"ez-toc-title-toggle\"><a href=\"#\" class=\"ez-toc-pull-right ez-toc-btn ez-toc-btn-xs ez-toc-btn-default ez-toc-toggle\" aria-label=\"Alternar tabla de contenidos\"><span class=\"ez-toc-js-icon-con\"><span class=\"\"><span class=\"eztoc-hide\" style=\"display:none;\">Toggle<\/span><span class=\"ez-toc-icon-toggle-span\"><svg style=\"fill: #db6415;color:#db6415\" xmlns=\"http:\/\/www.w3.org\/2000\/svg\" class=\"list-377408\" width=\"20px\" height=\"20px\" viewBox=\"0 0 24 24\" fill=\"none\"><path d=\"M6 6H4v2h2V6zm14 0H8v2h12V6zM4 11h2v2H4v-2zm16 0H8v2h12v-2zM4 16h2v2H4v-2zm16 0H8v2h12v-2z\" fill=\"currentColor\"><\/path><\/svg><svg style=\"fill: #db6415;color:#db6415\" class=\"arrow-unsorted-368013\" xmlns=\"http:\/\/www.w3.org\/2000\/svg\" width=\"10px\" height=\"10px\" viewBox=\"0 0 24 24\" version=\"1.2\" baseProfile=\"tiny\"><path d=\"M18.2 9.3l-6.2-6.3-6.2 6.3c-.2.2-.3.4-.3.7s.1.5.3.7c.2.2.4.3.7.3h11c.3 0 .5-.1.7-.3.2-.2.3-.5.3-.7s-.1-.5-.3-.7zM5.8 14.7l6.2 6.3 6.2-6.3c.2-.2.3-.5.3-.7s-.1-.5-.3-.7c-.2-.2-.4-.3-.7-.3h-11c-.3 0-.5.1-.7.3-.2.2-.3.5-.3.7s.1.5.3.7z\"\/><\/svg><\/span><\/span><\/span><\/a><\/span><\/div>\n<nav><ul class='ez-toc-list ez-toc-list-level-1 ' ><ul class='ez-toc-list-level-4' ><li class='ez-toc-heading-level-4'><ul class='ez-toc-list-level-4' ><li class='ez-toc-heading-level-4'><a class=\"ez-toc-link ez-toc-heading-1\" href=\"https:\/\/idecesos.com\/seguros\/companias\/caixabank\/telefono\/#Telefono_Contrataciones_951_127_403\" >Tel\u00e9fono Contrataciones \n951 127 403<\/a><\/li><\/ul><\/li><\/ul><\/li><li class='ez-toc-page-1 ez-toc-heading-level-2'><a class=\"ez-toc-link ez-toc-heading-2\" href=\"https:\/\/idecesos.com\/seguros\/companias\/caixabank\/telefono\/#%C2%BFComo_contactar_con_Caixabank\" >\u00bfC\u00f3mo contactar con Caixabank?<\/a><ul class='ez-toc-list-level-3' ><li class='ez-toc-heading-level-3'><a class=\"ez-toc-link ez-toc-heading-3\" href=\"https:\/\/idecesos.com\/seguros\/companias\/caixabank\/telefono\/#Telefono_gratuito_de_Caixabank\" >Tel\u00e9fono gratuito de Caixabank<\/a><\/li><li class='ez-toc-page-1 ez-toc-heading-level-3'><a class=\"ez-toc-link ez-toc-heading-4\" href=\"https:\/\/idecesos.com\/seguros\/companias\/caixabank\/telefono\/#Horario_de_atencion_al_cliente_de_Caixabank\" >Horario de atenci\u00f3n al cliente de Caixabank<\/a><\/li><li class='ez-toc-page-1 ez-toc-heading-level-3'><a class=\"ez-toc-link ez-toc-heading-5\" href=\"https:\/\/idecesos.com\/seguros\/companias\/caixabank\/telefono\/#Correo_electronico_de_Caixabank\" >Correo electr\u00f3nico de Caixabank<\/a><\/li><li class='ez-toc-page-1 ez-toc-heading-level-3'><a class=\"ez-toc-link ez-toc-heading-6\" href=\"https:\/\/idecesos.com\/seguros\/companias\/caixabank\/telefono\/#Formulario_en_el_sitio_Web_de_Caixabank\" >Formulario en el sitio Web de Caixabank<\/a><\/li><li class='ez-toc-page-1 ez-toc-heading-level-3'><a class=\"ez-toc-link ez-toc-heading-7\" href=\"https:\/\/idecesos.com\/seguros\/companias\/caixabank\/telefono\/#Redes_sociales_de_Caixabank\" >Redes sociales de Caixabank<\/a><\/li><li class='ez-toc-page-1 ez-toc-heading-level-3'><a class=\"ez-toc-link ez-toc-heading-8\" href=\"https:\/\/idecesos.com\/seguros\/companias\/caixabank\/telefono\/#Paginas_relacionadas\" >P\u00e1ginas relacionadas<\/a><\/li><\/ul><\/li><\/ul><\/nav><\/div>\n\n<div class=\"caja\">\n<div class=\"cajaIcono2 \"  ><div class=\"cuadro\" style=\"box-shadow: inset 0 0 0 3px #ff790e\"><div class=\"iconoCircular\" style=\"border: 3px solid #ff790e\">\t\t\n\t\t\t\t\t<div class=\"iconoCirculo\">\n\t\t\t\t\t  <i class=\"fas fa-phone-volume\"><\/i>\n\t\t\t\t\t<\/div>\n\t\t\t\t<\/div><div class=\"\">\n<h4 style=\"text-align: center;\"><span class=\"ez-toc-section\" id=\"Telefono_Contrataciones_951_127_403\"><\/span><strong>Tel\u00e9fono Contrataciones<br \/>\n951 127 403<\/strong><span class=\"ez-toc-section-end\"><\/span><\/h4>\n<p><\/div><\/div><\/div><br \/>\nCaixabank dispone de un abanico de opciones para que pueda obtener informaci\u00f3n gratis, simple y f\u00e1cil, alcanzable para todo el mundo. Si quiere saber o ser informado sobre los aspectos y prestaciones que ofrece de su seguro de decesos, como por poner un ejemplo la asistencia en viaje y\/o despu\u00e9s de la hospitalizaci\u00f3n, el costo de la urna o ata\u00fad, el cementerio elegido, y otros m\u00e1s, va a ser a trav\u00e9s del servicio de atenci\u00f3n al cliente. Es por este motivo que, los expertos se ocupar\u00e1 de que todo est\u00e9 aclarado, gestiones y tr\u00e1mites cerrados, para cuando toque vivir el momento tan bastante dif\u00edcil de la muerte de un familiar. Recibir\u00e1 el mayor respeto posible por la parte de los profesionales.<br \/>\n<\/div><\/p>\n<div class=\"colorf \"  ><div class=\"container clearfix\"><div class=\"col-md-7\"><\/p>\n<h2><span class=\"ez-toc-section\" id=\"%C2%BFComo_contactar_con_Caixabank\"><\/span>\u00bfC\u00f3mo contactar con Caixabank?<span class=\"ez-toc-section-end\"><\/span><\/h2>\n<p>Contactar con Caixabank es sencill\u00edsimo. Tiene m\u00faltiples opciones de contacto: tel\u00e9fono gratis, e-mail, un formulario que podr\u00e1s rellenar mediante su p\u00e1gina web o bien sus redes sociales.<br \/>\n<\/div><\/div><\/div>\n<h3><span class=\"ez-toc-section\" id=\"Telefono_gratuito_de_Caixabank\"><\/span>Tel\u00e9fono gratuito de Caixabank<span class=\"ez-toc-section-end\"><\/span><\/h3>\n<p>La llamada a Caixabank le va a salir completamente sin coste. El n\u00famero de tel\u00e9fono es: <strong>93 887 25 25<\/strong>. La llamada con Caixabank no le va a suponer ning\u00fan costo en su factura, independientemente del tiempo que est\u00e9 on-line. Este es uno de los m\u00e9todos m\u00e1s eficaces y f\u00e1ciles, debido a que, pr\u00e1cticamente todo el planeta, dispone de telefon\u00eda m\u00f3vil y tiene la facilidad de no tener que desplazarse a ninguna sede de la compa\u00f1\u00eda para poder consultar y tratar el tema sobre su seguro de decesos. La persona con la que hable, va a ser un especialista asesor en tal cuesti\u00f3n para que, tras concluir la llamada, todas sus dudas van a quedar resueltas y quedar\u00e1 totalmente satisfecho.<br \/>\n<div class=\"colorf\"><div class=\"container clearfix\"><div class=\"col-md-7\"><\/p>\n<div class=\"cabecera_tabla_ajustada \"  style=\"width:80%\" ><div class=\"row\"><\/div>\n<p><div class=\"fila_tabla4 \"  ><div class=\"row\"><div class=\"col-8 nosepara izq\"><p><strong>Tel\u00e9fono para contrataciones<\/strong><\/p><\/div><div class=\"col-4 nosepara centro\">951 127 403<\/div><\/div><\/div><div class=\"fila_tabla4 \"  ><div class=\"row\"><div class=\"col-8 nosepara izq\"><p><strong>Tel\u00e9fono Atenci\u00f3n al cliente<\/strong><\/p><\/div><div class=\"col-4 nosepara centro\">900 40 40 90<\/div><\/div><\/div><div class=\"fila_tabla4 \"  ><div class=\"row\"><div class=\"col-8 nosepara izq\"><p><strong>Tel\u00e9fono seguro de decesos<\/strong><\/p><\/div><div class=\"col-4 nosepara centro\">91 125 98 36<\/div><\/div><\/div><\/p>\n<div class=\"pie_tabla \"  ><div class=\"row\"><div class=\"col-12 \"><\/div><\/div><\/div><\/div>\n<\/div><\/div><\/div>\n<h3><span class=\"ez-toc-section\" id=\"Horario_de_atencion_al_cliente_de_Caixabank\"><\/span>Horario de atenci\u00f3n al cliente de Caixabank<span class=\"ez-toc-section-end\"><\/span><\/h3>\n<p>Caixabank es consciente de los diferentes horarios que puedan tener sus clientes por ellos tienen asistencia en diferentes franjas horarias a fin de que no te tengas que preocupar por nada y puedas resolver sus dudas sin ning\u00fan problema. La persona que le atender\u00e1, va a pasar la llamada a uno de los profesionales y expertos asesores para que pueda charlar largo y tendido sobre su seguro de decesos o cualquier aspecto que le compete. De esta forma, las dudas y cuestiones que le hab\u00edan hecho llamar a Caixabank quedar\u00e1n resueltas con la mayor brevedad posible.<br \/>\n<div class=\"colorf\"><div class=\"container clearfix\"><div class=\"col-md-7\"><\/p>\n<h3><span class=\"ez-toc-section\" id=\"Correo_electronico_de_Caixabank\"><\/span>Correo electr\u00f3nico de Caixabank<span class=\"ez-toc-section-end\"><\/span><\/h3>\n<p>Plataformas como Hotmail y Gmail son parte del planeta de Internet y, en consecuencia, la poblaci\u00f3n dispone de perfiles en estas. Con este servicio, formar\u00e1n parte del flujo de informaci\u00f3n que se establezca entre 2 o bien m\u00e1s personas. El uso de dicha herramienta favorecer\u00e1 el poder recibir datos y tambi\u00e9n informaci\u00f3n sobre su seguro de decesos. Con el siguiente e mail <b>servicio.cliente@caixabank.com <\/b>de Caixabank le va a ser posible enviarle cualquier clase de duda que tenga respecto a su prima, por ejemplo. Al desempe\u00f1ar la funci\u00f3n del env\u00edo de un e mail, la respuesta que consiga va a ser la mejor y, terminante, para poder aclarar sus ideas.<br \/>\n<\/div><\/div><\/div><\/p>\n<h3><span class=\"ez-toc-section\" id=\"Formulario_en_el_sitio_Web_de_Caixabank\"><\/span>Formulario en el sitio Web de Caixabank<span class=\"ez-toc-section-end\"><\/span><\/h3>\n<p>Asistir a los motores de b\u00fasqueda de Internet para hallar contestaciones a tus preguntas es, hoy en d\u00eda, uno de los actos m\u00e1s frecuentes. Esto es de este modo por la globalizaci\u00f3n de la plataforma y por el gran alance que tiene. Por lo que todo el planeta la utiliza. Poniendo en el buscador Caixabank podr\u00e1s encontrar todo lo que necesitas sobre sus seguro de decesos mediante su p\u00e1gina <strong>www.caixabank.es\/particular\/seguros.html<\/strong>. Toda la informaci\u00f3n que encontrar\u00e1s girar\u00e1 en torno a las diferentes coberturas, costos y ventajas que tienen sus servicios para que puedas obtener toda la informaci\u00f3n precisa ya antes del asesoramiento. Va a poder encontrar un apartado con un formulario a rellenar con su nombre y apellidos, tel\u00e9fono de contacto, correo electr\u00f3nico\u2026 Una vez realizado, uno de los profesionales asesores de la empresa se pondr\u00e1 en contacto, lo m\u00e1s veloz posible, para resolverle cualquier g\u00e9nero de duda o cuesti\u00f3n que quiera saber sobre el tema.<br \/>\n<div class=\"colorf\"><div class=\"container clearfix\"><div class=\"col-md-7\"><\/p>\n<h3><span class=\"ez-toc-section\" id=\"Redes_sociales_de_Caixabank\"><\/span>Redes sociales de Caixabank<span class=\"ez-toc-section-end\"><\/span><\/h3>\n<p>Hoy en d\u00eda, redes sociales como Instagram, Fb, Twitter o bien TikTok cubren un una gran parte del tiempo de las personas es por ello que son herramientas que tienen una gran difusi\u00f3n y alcance en todo el planeta. Pr\u00e1cticamente todo el mundo tiene una de estas aplicaciones si no est\u00e1 registrado en todas. Caixabank tiene su perfil en alguna de estas redes sociales. En cada uno de ellos de ellos podr\u00e1s localizar informaci\u00f3n sobre qui\u00e9nes son, ofertas libres que lanzan, la ubicaci\u00f3n exacta de su sede central, link a su p\u00e1gina web, im\u00e1genes, etc\u00e9teraEn algunas redes sociales puedes contactar con Caixabank para que as\u00ed puedas mantener el contacto con ellos sin tener que buscar ning\u00fan tel\u00e9fono o bien correo.<br \/>\n<\/div><\/div><\/div><\/p>\n<\/div>\n<p><div class=\"oficinas\"> <h3><span class=\"ez-toc-section\" id=\"Paginas_relacionadas\"><\/span>P\u00e1ginas relacionadas<span class=\"ez-toc-section-end\"><\/span><\/h3><div class=\"enlazado\"><ul> <li><a href=\"https:\/\/idecesos.com\/seguros\/companias\/caixabank\/opiniones\/\">Opiniones CaixaBank<\/a><\/li> <li><a href=\"https:\/\/idecesos.com\/seguros\/companias\/caixabank\/precio\/\">Precio seguro Caixabank<\/a><\/li> <li><a href=\"https:\/\/idecesos.com\/seguros\/companias\/caixabank\/prima-mixta\/\">Caixabank Prima Mixta<\/a><\/li> <li><a href=\"https:\/\/idecesos.com\/seguros\/companias\/caixabank\/prima-natural\/\">Caixabank Prima Natural<\/a><\/li> <li><a href=\"https:\/\/idecesos.com\/seguros\/companias\/caixabank\/prima-nivelada\/\">Caixabank Prima Nivelada<\/a><\/li> <li><a href=\"https:\/\/idecesos.com\/seguros\/companias\/caixabank\/prima-unica\/\">Caixabank Prima \u00danica<\/a><\/li> <li><a href=\"https:\/\/idecesos.com\/seguros\/companias\/caixabank\/repatriacion\/\">Caixabank Repatriaci\u00f3n<\/a><\/li> <li><a href=\"https:\/\/idecesos.com\/seguros\/companias\/caixabank\/telefono\/\">Tel\u00e9fono Gratuito Caixabank<\/a><\/li><\/ul><\/div> <\/div><\/p>\n","protected":false},"excerpt":{"rendered":"<p>Caixabank dispone de un abanico de opciones para que pueda obtener informaci\u00f3n gratis, simple y f\u00e1cil, alcanzable para todo el mundo. Si quiere saber o ser informado sobre los aspectos y prestaciones que ofrece de su seguro de decesos, como por poner un ejemplo la asistencia en viaje y\/o despu\u00e9s de la hospitalizaci\u00f3n, el costo&hellip; <\/p>\n","protected":false},"author":1,"featured_media":0,"parent":581,"menu_order":0,"comment_status":"closed","ping_status":"closed","template":"single.php","meta":{"footnotes":""},"class_list":["post-15334","page","type-page","status-publish","hentry"],"yoast_head":"<!-- This site is optimized with the Yoast SEO plugin v27.3 - https:\/\/yoast.com\/product\/yoast-seo-wordpress\/ -->\n<title>Tel\u00e9fono Gratuito Caixabank \u25b7Atenci\u00f3n Cliente, Email, RRSS, Web<\/title>\n<meta name=\"description\" content=\"Busca aqu\u00ed\u3010Caixabank seguros tel\u00e9fono gratuito\u3011Caixabank Decesos tel\u00e9fono gratis: atenci\u00f3n al cliente y contrataciones \u2611\ufe0fVerificado en 2026\" \/>\n<meta name=\"robots\" content=\"index, follow, max-snippet:-1, max-image-preview:large, max-video-preview:-1\" \/>\n<link rel=\"canonical\" href=\"https:\/\/idecesos.com\/seguros\/companias\/caixabank\/telefono\/\" \/>\n<meta property=\"og:locale\" content=\"es_ES\" \/>\n<meta property=\"og:type\" content=\"article\" \/>\n<meta property=\"og:title\" content=\"Tel\u00e9fono Gratuito Caixabank \u25b7Atenci\u00f3n Cliente, Email, RRSS, Web\" \/>\n<meta property=\"og:description\" content=\"Busca aqu\u00ed\u3010Caixabank seguros tel\u00e9fono gratuito\u3011Caixabank Decesos tel\u00e9fono gratis: atenci\u00f3n al cliente y contrataciones \u2611\ufe0fVerificado en 2026\" \/>\n<meta property=\"og:url\" content=\"https:\/\/idecesos.com\/seguros\/companias\/caixabank\/telefono\/\" \/>\n<meta property=\"article:modified_time\" content=\"2022-04-03T18:58:42+00:00\" \/>\n<meta name=\"twitter:card\" content=\"summary_large_image\" \/>\n<meta name=\"twitter:label1\" content=\"Tiempo de lectura\" \/>\n\t<meta name=\"twitter:data1\" content=\"4 minutos\" \/>\n<script type=\"application\/ld+json\" class=\"yoast-schema-graph\">{\"@context\":\"https:\\\/\\\/schema.org\",\"@graph\":[{\"@type\":\"WebPage\",\"@id\":\"https:\\\/\\\/idecesos.com\\\/seguros\\\/companias\\\/caixabank\\\/telefono\\\/\",\"url\":\"https:\\\/\\\/idecesos.com\\\/seguros\\\/companias\\\/caixabank\\\/telefono\\\/\",\"name\":\"Tel\u00e9fono Gratuito Caixabank \u25b7Atenci\u00f3n Cliente, Email, RRSS, Web\",\"isPartOf\":{\"@id\":\"https:\\\/\\\/idecesos.com\\\/seguros\\\/#website\"},\"datePublished\":\"2021-11-25T10:10:30+00:00\",\"dateModified\":\"2022-04-03T18:58:42+00:00\",\"description\":\"Busca aqu\u00ed\u3010Caixabank seguros tel\u00e9fono gratuito\u3011Caixabank Decesos tel\u00e9fono gratis: atenci\u00f3n al cliente y contrataciones \u2611\ufe0fVerificado en 2026\",\"breadcrumb\":{\"@id\":\"https:\\\/\\\/idecesos.com\\\/seguros\\\/companias\\\/caixabank\\\/telefono\\\/#breadcrumb\"},\"inLanguage\":\"es\",\"potentialAction\":[{\"@type\":\"ReadAction\",\"target\":[\"https:\\\/\\\/idecesos.com\\\/seguros\\\/companias\\\/caixabank\\\/telefono\\\/\"]}]},{\"@type\":\"BreadcrumbList\",\"@id\":\"https:\\\/\\\/idecesos.com\\\/seguros\\\/companias\\\/caixabank\\\/telefono\\\/#breadcrumb\",\"itemListElement\":[{\"@type\":\"ListItem\",\"position\":1,\"name\":\"Portada\",\"item\":\"https:\\\/\\\/idecesos.com\\\/seguros\\\/\"},{\"@type\":\"ListItem\",\"position\":2,\"name\":\"Compa\u00f1\u00edas de Seguros de Decesos en Espa\u00f1a\",\"item\":\"https:\\\/\\\/idecesos.com\\\/seguros\\\/companias\\\/\"},{\"@type\":\"ListItem\",\"position\":3,\"name\":\"Seguro de decesos Caixabank\",\"item\":\"https:\\\/\\\/idecesos.com\\\/seguros\\\/companias\\\/caixabank\\\/\"},{\"@type\":\"ListItem\",\"position\":4,\"name\":\"Atenci\u00f3n al cliente Caixabank: telefono gratuito, e-mail\"}]},{\"@type\":\"WebSite\",\"@id\":\"https:\\\/\\\/idecesos.com\\\/seguros\\\/#website\",\"url\":\"https:\\\/\\\/idecesos.com\\\/seguros\\\/\",\"name\":\"\",\"description\":\"\",\"potentialAction\":[{\"@type\":\"SearchAction\",\"target\":{\"@type\":\"EntryPoint\",\"urlTemplate\":\"https:\\\/\\\/idecesos.com\\\/seguros\\\/?s={search_term_string}\"},\"query-input\":{\"@type\":\"PropertyValueSpecification\",\"valueRequired\":true,\"valueName\":\"search_term_string\"}}],\"inLanguage\":\"es\"}]}<\/script>\n<!-- \/ Yoast SEO plugin. -->","yoast_head_json":{"title":"Tel\u00e9fono Gratuito Caixabank \u25b7Atenci\u00f3n Cliente, Email, RRSS, Web","description":"Busca aqu\u00ed\u3010Caixabank seguros tel\u00e9fono gratuito\u3011Caixabank Decesos tel\u00e9fono gratis: atenci\u00f3n al cliente y contrataciones \u2611\ufe0fVerificado en 2026","robots":{"index":"index","follow":"follow","max-snippet":"max-snippet:-1","max-image-preview":"max-image-preview:large","max-video-preview":"max-video-preview:-1"},"canonical":"https:\/\/idecesos.com\/seguros\/companias\/caixabank\/telefono\/","og_locale":"es_ES","og_type":"article","og_title":"Tel\u00e9fono Gratuito Caixabank \u25b7Atenci\u00f3n Cliente, Email, RRSS, Web","og_description":"Busca aqu\u00ed\u3010Caixabank seguros tel\u00e9fono gratuito\u3011Caixabank Decesos tel\u00e9fono gratis: atenci\u00f3n al cliente y contrataciones \u2611\ufe0fVerificado en 2026","og_url":"https:\/\/idecesos.com\/seguros\/companias\/caixabank\/telefono\/","article_modified_time":"2022-04-03T18:58:42+00:00","twitter_card":"summary_large_image","twitter_misc":{"Tiempo de lectura":"4 minutos"},"schema":{"@context":"https:\/\/schema.org","@graph":[{"@type":"WebPage","@id":"https:\/\/idecesos.com\/seguros\/companias\/caixabank\/telefono\/","url":"https:\/\/idecesos.com\/seguros\/companias\/caixabank\/telefono\/","name":"Tel\u00e9fono Gratuito Caixabank \u25b7Atenci\u00f3n Cliente, Email, RRSS, Web","isPartOf":{"@id":"https:\/\/idecesos.com\/seguros\/#website"},"datePublished":"2021-11-25T10:10:30+00:00","dateModified":"2022-04-03T18:58:42+00:00","description":"Busca aqu\u00ed\u3010Caixabank seguros tel\u00e9fono gratuito\u3011Caixabank Decesos tel\u00e9fono gratis: atenci\u00f3n al cliente y contrataciones \u2611\ufe0fVerificado en 2026","breadcrumb":{"@id":"https:\/\/idecesos.com\/seguros\/companias\/caixabank\/telefono\/#breadcrumb"},"inLanguage":"es","potentialAction":[{"@type":"ReadAction","target":["https:\/\/idecesos.com\/seguros\/companias\/caixabank\/telefono\/"]}]},{"@type":"BreadcrumbList","@id":"https:\/\/idecesos.com\/seguros\/companias\/caixabank\/telefono\/#breadcrumb","itemListElement":[{"@type":"ListItem","position":1,"name":"Portada","item":"https:\/\/idecesos.com\/seguros\/"},{"@type":"ListItem","position":2,"name":"Compa\u00f1\u00edas de Seguros de Decesos en Espa\u00f1a","item":"https:\/\/idecesos.com\/seguros\/companias\/"},{"@type":"ListItem","position":3,"name":"Seguro de decesos Caixabank","item":"https:\/\/idecesos.com\/seguros\/companias\/caixabank\/"},{"@type":"ListItem","position":4,"name":"Atenci\u00f3n al cliente Caixabank: telefono gratuito, e-mail"}]},{"@type":"WebSite","@id":"https:\/\/idecesos.com\/seguros\/#website","url":"https:\/\/idecesos.com\/seguros\/","name":"","description":"","potentialAction":[{"@type":"SearchAction","target":{"@type":"EntryPoint","urlTemplate":"https:\/\/idecesos.com\/seguros\/?s={search_term_string}"},"query-input":{"@type":"PropertyValueSpecification","valueRequired":true,"valueName":"search_term_string"}}],"inLanguage":"es"}]}},"_links":{"self":[{"href":"https:\/\/idecesos.com\/seguros\/wp-json\/wp\/v2\/pages\/15334","targetHints":{"allow":["GET"]}}],"collection":[{"href":"https:\/\/idecesos.com\/seguros\/wp-json\/wp\/v2\/pages"}],"about":[{"href":"https:\/\/idecesos.com\/seguros\/wp-json\/wp\/v2\/types\/page"}],"author":[{"embeddable":true,"href":"https:\/\/idecesos.com\/seguros\/wp-json\/wp\/v2\/users\/1"}],"replies":[{"embeddable":true,"href":"https:\/\/idecesos.com\/seguros\/wp-json\/wp\/v2\/comments?post=15334"}],"version-history":[{"count":10,"href":"https:\/\/idecesos.com\/seguros\/wp-json\/wp\/v2\/pages\/15334\/revisions"}],"predecessor-version":[{"id":20942,"href":"https:\/\/idecesos.com\/seguros\/wp-json\/wp\/v2\/pages\/15334\/revisions\/20942"}],"up":[{"embeddable":true,"href":"https:\/\/idecesos.com\/seguros\/wp-json\/wp\/v2\/pages\/581"}],"wp:attachment":[{"href":"https:\/\/idecesos.com\/seguros\/wp-json\/wp\/v2\/media?parent=15334"}],"curies":[{"name":"wp","href":"https:\/\/api.w.org\/{rel}","templated":true}]}}