{"id":15336,"date":"2021-11-26T09:12:34","date_gmt":"2021-11-25T10:10:31","guid":{"rendered":"https:\/\/idecesos.com\/seguros\/companias\/nederlanden\/telefono\/"},"modified":"2022-04-05T11:29:54","modified_gmt":"2022-04-05T11:29:54","slug":"telefono","status":"publish","type":"page","link":"https:\/\/idecesos.com\/seguros\/companias\/nederlanden\/telefono\/","title":{"rendered":"Atenci\u00f3n al cliente Nationale Nederlanden: telefono gratuito, e-mail"},"content":{"rendered":"<div id=\"ez-toc-container\" class=\"ez-toc-v2_0_82_2 ez-toc-wrap-center counter-hierarchy ez-toc-counter ez-toc-custom ez-toc-container-direction\">\n<div class=\"ez-toc-title-container\">\n<p class=\"ez-toc-title\" style=\"cursor:inherit\">Tabla de Contenido<\/p>\n<span class=\"ez-toc-title-toggle\"><a href=\"#\" class=\"ez-toc-pull-right ez-toc-btn ez-toc-btn-xs ez-toc-btn-default ez-toc-toggle\" aria-label=\"Alternar tabla de contenidos\"><span class=\"ez-toc-js-icon-con\"><span class=\"\"><span class=\"eztoc-hide\" style=\"display:none;\">Toggle<\/span><span class=\"ez-toc-icon-toggle-span\"><svg style=\"fill: #db6415;color:#db6415\" xmlns=\"http:\/\/www.w3.org\/2000\/svg\" class=\"list-377408\" width=\"20px\" height=\"20px\" viewBox=\"0 0 24 24\" fill=\"none\"><path d=\"M6 6H4v2h2V6zm14 0H8v2h12V6zM4 11h2v2H4v-2zm16 0H8v2h12v-2zM4 16h2v2H4v-2zm16 0H8v2h12v-2z\" fill=\"currentColor\"><\/path><\/svg><svg style=\"fill: #db6415;color:#db6415\" class=\"arrow-unsorted-368013\" xmlns=\"http:\/\/www.w3.org\/2000\/svg\" width=\"10px\" height=\"10px\" viewBox=\"0 0 24 24\" version=\"1.2\" baseProfile=\"tiny\"><path d=\"M18.2 9.3l-6.2-6.3-6.2 6.3c-.2.2-.3.4-.3.7s.1.5.3.7c.2.2.4.3.7.3h11c.3 0 .5-.1.7-.3.2-.2.3-.5.3-.7s-.1-.5-.3-.7zM5.8 14.7l6.2 6.3 6.2-6.3c.2-.2.3-.5.3-.7s-.1-.5-.3-.7c-.2-.2-.4-.3-.7-.3h-11c-.3 0-.5.1-.7.3-.2.2-.3.5-.3.7s.1.5.3.7z\"\/><\/svg><\/span><\/span><\/span><\/a><\/span><\/div>\n<nav><ul class='ez-toc-list ez-toc-list-level-1 ' ><ul class='ez-toc-list-level-4' ><li class='ez-toc-heading-level-4'><ul class='ez-toc-list-level-4' ><li class='ez-toc-heading-level-4'><a class=\"ez-toc-link ez-toc-heading-1\" href=\"https:\/\/idecesos.com\/seguros\/companias\/nederlanden\/telefono\/#Telefono_Contrataciones_951_127_403\" >Tel\u00e9fono Contrataciones \n951 127 403<\/a><\/li><\/ul><\/li><\/ul><\/li><li class='ez-toc-page-1 ez-toc-heading-level-2'><a class=\"ez-toc-link ez-toc-heading-2\" href=\"https:\/\/idecesos.com\/seguros\/companias\/nederlanden\/telefono\/#%C2%BFComo_contactar_con_Nationale_Nederlanden\" >\u00bfC\u00f3mo contactar con Nationale Nederlanden?<\/a><ul class='ez-toc-list-level-3' ><li class='ez-toc-heading-level-3'><a class=\"ez-toc-link ez-toc-heading-3\" href=\"https:\/\/idecesos.com\/seguros\/companias\/nederlanden\/telefono\/#Telefono_gratuito_de_Nationale_Nederlanden\" >Tel\u00e9fono gratuito de Nationale Nederlanden<\/a><\/li><li class='ez-toc-page-1 ez-toc-heading-level-3'><a class=\"ez-toc-link ez-toc-heading-4\" href=\"https:\/\/idecesos.com\/seguros\/companias\/nederlanden\/telefono\/#Horario_de_atencion_al_cliente_de_Nationale_Nederlanden\" >Horario de atenci\u00f3n al cliente de Nationale Nederlanden<\/a><\/li><li class='ez-toc-page-1 ez-toc-heading-level-3'><a class=\"ez-toc-link ez-toc-heading-5\" href=\"https:\/\/idecesos.com\/seguros\/companias\/nederlanden\/telefono\/#Correo_electronico_de_Nationale_Nederlanden\" >Correo electr\u00f3nico de Nationale Nederlanden<\/a><\/li><li class='ez-toc-page-1 ez-toc-heading-level-3'><a class=\"ez-toc-link ez-toc-heading-6\" href=\"https:\/\/idecesos.com\/seguros\/companias\/nederlanden\/telefono\/#Formulario_en_el_sitio_Web_de_Nationale_Nederlanden\" >Formulario en el sitio Web de Nationale Nederlanden<\/a><\/li><li class='ez-toc-page-1 ez-toc-heading-level-3'><a class=\"ez-toc-link ez-toc-heading-7\" href=\"https:\/\/idecesos.com\/seguros\/companias\/nederlanden\/telefono\/#Redes_sociales_de_Nationale_Nederlanden\" >Redes sociales de Nationale Nederlanden<\/a><\/li><li class='ez-toc-page-1 ez-toc-heading-level-3'><a class=\"ez-toc-link ez-toc-heading-8\" href=\"https:\/\/idecesos.com\/seguros\/companias\/nederlanden\/telefono\/#Paginas_relacionadas\" >P\u00e1ginas relacionadas<\/a><\/li><\/ul><\/li><\/ul><\/nav><\/div>\n\n<div class=\"caja\">\n<div class=\"cajaIcono2 \"  ><div class=\"cuadro\" style=\"box-shadow: inset 0 0 0 3px #ff790e\"><div class=\"iconoCircular\" style=\"border: 3px solid #ff790e\">\t\t\n\t\t\t\t\t<div class=\"iconoCirculo\">\n\t\t\t\t\t  <i class=\"fas fa-phone-volume\"><\/i>\n\t\t\t\t\t<\/div>\n\t\t\t\t<\/div><div class=\"\">\n<h4 style=\"text-align: center;\"><span class=\"ez-toc-section\" id=\"Telefono_Contrataciones_951_127_403\"><\/span><strong>Tel\u00e9fono Contrataciones<br \/>\n951 127 403<\/strong><span class=\"ez-toc-section-end\"><\/span><\/h4>\n<p><\/div><\/div><\/div><br \/>\nNationale Nederlanden presenta una pluralidad de m\u00e9todos, totalmente gratuitos, para que pueda tener la informaci\u00f3n precisa sobre la compa\u00f1\u00eda, f\u00e1cilmente y sencilla. Si desea saber o ser informado sobre los aspectos y posibilidades que ofrece de su seguro de decesos, como por servirnos de un ejemplo la asistencia en viaje y\/o tras la hospitalizaci\u00f3n, el coste de la urna o bien ata\u00fad, el cementerio escogido, y otros m\u00e1s, va a ser a trav\u00e9s del servicio de atenci\u00f3n al cliente. De este modo, cuando llegue el momento tan complicado y duro, como es la p\u00e9rdida de un ser querido, no deber\u00e1 preocuparse por ninguna administraci\u00f3n y tr\u00e1mite, puesto que todo va a estar cubierto. Sentir\u00e1 el \u00e1nimo y respeto justo en cada momento del proceso.<br \/>\n<\/div><\/p>\n<div class=\"colorf \"  ><div class=\"container clearfix\"><div class=\"col-md-7\"><\/p>\n<h2><span class=\"ez-toc-section\" id=\"%C2%BFComo_contactar_con_Nationale_Nederlanden\"><\/span>\u00bfC\u00f3mo contactar con Nationale Nederlanden?<span class=\"ez-toc-section-end\"><\/span><\/h2>\n<p>Si desea que Nationale Nederlanden contacte con a continuaci\u00f3n le mostramos las formas en las que puede hacerlo: v\u00eda tel\u00e9fono, e mail, a trav\u00e9s de el formulario que puedes rellenar en su p\u00e1gina web o por los diferentes perfiles de sus redes sociales.<br \/>\n<\/div><\/div><\/div>\n<h3><span class=\"ez-toc-section\" id=\"Telefono_gratuito_de_Nationale_Nederlanden\"><\/span>Tel\u00e9fono gratuito de Nationale Nederlanden<span class=\"ez-toc-section-end\"><\/span><\/h3>\n<p>Su tel\u00e9fono de contacto es completamente gratuito. El n\u00famero es: <strong>900 300 066<\/strong>. La llamada realizada por sus agentes o bien por el usuario no va a tener ning\u00fan coste en su factura telef\u00f3nica. Este es uno de los m\u00e9todos m\u00e1s eficaces y f\u00e1ciles, debido a que, casi todo el mundo, dispone de telefon\u00eda m\u00f3vil y tiene la facilidad de no tener que desplazarse a ninguna sede de la compa\u00f1\u00eda para poder preguntar y tratar el tema sobre su seguro de decesos. El personal responsable de coger su llamada es un experto en seguro de decesos que te va a ayudar a solucionar sus preguntas y dudas quedando plenamente satisfecho con su servicio.<br \/>\n<div class=\"colorf\"><div class=\"container clearfix\"><div class=\"col-md-7\"><\/p>\n<div class=\"cabecera_tabla_ajustada \"  style=\"width:80%\" ><div class=\"row\"><\/div>\n<p><div class=\"fila_tabla4 \"  ><div class=\"row\"><div class=\"col-8 nosepara izq\"><p><strong>Tel\u00e9fono para contrataciones<\/strong><\/p><\/div><div class=\"col-4 nosepara centro\">951 127 403<\/div><\/div><\/div><div class=\"fila_tabla4 \"  ><div class=\"row\"><div class=\"col-8 nosepara izq\"><p><strong>Tel\u00e9fono Atenci\u00f3n al cliente<\/strong><\/p><\/div><div class=\"col-4 nosepara centro\">91 602 46 00<\/div><\/div><\/div><\/p>\n<div class=\"pie_tabla \"  ><div class=\"row\"><div class=\"col-12 \"><\/div><\/div><\/div><\/div>\n<\/div><\/div><\/div>\n<h3><span class=\"ez-toc-section\" id=\"Horario_de_atencion_al_cliente_de_Nationale_Nederlanden\"><\/span>Horario de atenci\u00f3n al cliente de Nationale Nederlanden<span class=\"ez-toc-section-end\"><\/span><\/h3>\n<p>Al usuario se le proporciona por la parte de Nationale Nederlanden un horario flexible de atenci\u00f3n al usuario para que pueda resolver sus dudas. De esta manera podr\u00e1 llamar cuando pueda y sus agentes van a poder asistirle. La persona de atenci\u00f3n al cliente se va a poner a su total predisposici\u00f3n para ayudarle en lo que necesite. Si usted lo necesita su llamada va a ser desviada a un agente especialista en seguro de decesos que le va a poder asistir con sus cuestiones y dudas acerca de sus servicios contratados. Tras terminar la llamada, habr\u00e1 recabado todos y cada uno de los datos precisos y ser\u00e1 de su agrado el trato recibido por parte de la compa\u00f1\u00eda.<br \/>\n<div class=\"colorf\"><div class=\"container clearfix\"><div class=\"col-md-7\"><\/p>\n<h3><span class=\"ez-toc-section\" id=\"Correo_electronico_de_Nationale_Nederlanden\"><\/span>Correo electr\u00f3nico de Nationale Nederlanden<span class=\"ez-toc-section-end\"><\/span><\/h3>\n<p>Es verdad que Internet est\u00e1 a la orden del d\u00eda y, es ah\u00ed donde se encuentran las plataformas de correo veloz como Hotmail y Gmail. Por tanto, Nationale Nederlanden ha creado la pr\u00f3xima direcci\u00f3n de e mail <strong>informacion@nnespana.es<\/strong> a fin de que pueda establecer una buena conexi\u00f3n con los profesionales que estar\u00e1n a su disposici\u00f3n. Las respuestas que obtenga van a mostrar la experiencia y respeto de los profesionales, adem\u00e1s de su eficacia a la hora de responder sobre cualquier factor de su seguro de decesos que le compete.<br \/>\n<\/div><\/div><\/div><\/p>\n<h3><span class=\"ez-toc-section\" id=\"Formulario_en_el_sitio_Web_de_Nationale_Nederlanden\"><\/span>Formulario en el sitio Web de Nationale Nederlanden<span class=\"ez-toc-section-end\"><\/span><\/h3>\n<p>Internet en la actualidad es la herramienta m\u00e1s utilizada en la vida cotidiana de la gente. Buscar informaci\u00f3n jam\u00e1s hab\u00eda sido tan f\u00e1cil. Con solo teclear una palabra miles y miles de art\u00edculos y webs se ponen a tu disposici\u00f3n. Escriba en su buscador <strong>www.nnespana.es\/home<\/strong> y podr\u00e1 acceder sencillamente y r\u00e1pida a la p\u00e1gina web de Nationale Nederlanden. Ah\u00ed hallar\u00e1 la informaci\u00f3n b\u00e1sica sobre el seguro de decesos que tienen a su disposici\u00f3n, sus precios, ventajas, los servicios que ofrecen\u2026 a fin de que pueda tener una ligera idea sobre este. Nationale Nederlanden pone a su disposici\u00f3n un formulario que debe rellenar con su nombre y apellidos, mail, tel\u00e9fono de contacto, etc\u00e9tera. Una vez mandado, un agente experto se va a poner de nuevo en contacto con resolviendo todas y cada una de las preguntas o bien cuestiones que le haya elaborado.<br \/>\n<div class=\"colorf\"><div class=\"container clearfix\"><div class=\"col-md-7\"><\/p>\n<h3><span class=\"ez-toc-section\" id=\"Redes_sociales_de_Nationale_Nederlanden\"><\/span>Redes sociales de Nationale Nederlanden<span class=\"ez-toc-section-end\"><\/span><\/h3>\n<p>Hoy en d\u00eda, redes sociales como Instagram, Facebook, Twitter o TikTok cubren un una gran parte del tiempo de las personas es por esta raz\u00f3n que son herramientas que tienen una enorme difusi\u00f3n y alcance en todo el planeta. Es muy com\u00fan que, cada persona, tenga alguna de ellas o aun todas y cada una. Nationale Nederlanden dispone de su propio perfil en ciertas de estas plataformas. En cada uno de ellos de ellos podr\u00e1s hallar informaci\u00f3n sobre qui\u00e9nes son, ofertas libres que lanzan, la localizaci\u00f3n precisa de su sede central, link a su web, im\u00e1genes, etc\u00e9teraAdem\u00e1s de esto, mediante ellas puedes ponerte en contacto con Nationale Nederlanden sin la necesidad de telefonear, rellenar un formulario o bien mandar un mail.<br \/>\n<\/div><\/div><\/div><\/p>\n<\/div>\n<p><div class=\"oficinas\"> <h3><span class=\"ez-toc-section\" id=\"Paginas_relacionadas\"><\/span>P\u00e1ginas relacionadas<span class=\"ez-toc-section-end\"><\/span><\/h3><div class=\"enlazado\"><ul> <li><a href=\"https:\/\/idecesos.com\/seguros\/companias\/nederlanden\/coberturas\/\">Coberturas Seguro de Decesos Nederlanden<\/a><\/li> <li><a href=\"https:\/\/idecesos.com\/seguros\/companias\/nederlanden\/opiniones\/\">Opiniones Nationale Nederlanden<\/a><\/li> <li><a href=\"https:\/\/idecesos.com\/seguros\/companias\/nederlanden\/precio\/\">Precio seguro Nationale Nederlanden<\/a><\/li> <li><a href=\"https:\/\/idecesos.com\/seguros\/companias\/nederlanden\/prima-mixta\/\">Nationale Nederlanden Prima Mixta<\/a><\/li> <li><a href=\"https:\/\/idecesos.com\/seguros\/companias\/nederlanden\/prima-natural\/\">Nationale Nederlanden Prima Natural<\/a><\/li> <li><a href=\"https:\/\/idecesos.com\/seguros\/companias\/nederlanden\/prima-nivelada\/\">Nationale Nederlanden Prima Nivelada<\/a><\/li> <li><a href=\"https:\/\/idecesos.com\/seguros\/companias\/nederlanden\/prima-unica\/\">Nationale Nederlanden Prima \u00danica<\/a><\/li> <li><a href=\"https:\/\/idecesos.com\/seguros\/companias\/nederlanden\/repatriacion\/\">Nationale Nederlanden Repatriaci\u00f3n<\/a><\/li> <li><a href=\"https:\/\/idecesos.com\/seguros\/companias\/nederlanden\/telefono\/\">Tel\u00e9fono Gratuito Nationale Nederlanden<\/a><\/li>   <\/ul><\/div> <\/div><\/p>\n","protected":false},"excerpt":{"rendered":"<p>Nationale Nederlanden presenta una pluralidad de m\u00e9todos, totalmente gratuitos, para que pueda tener la informaci\u00f3n precisa sobre la compa\u00f1\u00eda, f\u00e1cilmente y sencilla. Si desea saber o ser informado sobre los aspectos y posibilidades que ofrece de su seguro de decesos, como por servirnos de un ejemplo la asistencia en viaje y\/o tras la hospitalizaci\u00f3n, el&hellip; <\/p>\n","protected":false},"author":1,"featured_media":0,"parent":758,"menu_order":0,"comment_status":"closed","ping_status":"closed","template":"single.php","meta":{"footnotes":""},"class_list":["post-15336","page","type-page","status-publish","hentry"],"yoast_head":"<!-- This site is optimized with the Yoast SEO plugin v27.3 - https:\/\/yoast.com\/product\/yoast-seo-wordpress\/ -->\n<title>Tel\u00e9fono Gratuito Nationale Nederlanden \u25b7Atenci\u00f3n Cliente, Email, RRSS, Web<\/title>\n<meta name=\"description\" content=\"Busca aqu\u00ed\u3010Nationale Nederlanden seguros tel\u00e9fono gratuito\u3011Nationale Nederlanden Decesos tel\u00e9fono gratis: atenci\u00f3n al cliente y contrataciones \u2611\ufe0fVerificado en 2026\" \/>\n<meta name=\"robots\" content=\"index, follow, max-snippet:-1, max-image-preview:large, max-video-preview:-1\" \/>\n<link rel=\"canonical\" href=\"https:\/\/idecesos.com\/seguros\/companias\/nederlanden\/telefono\/\" \/>\n<meta property=\"og:locale\" content=\"es_ES\" \/>\n<meta property=\"og:type\" content=\"article\" \/>\n<meta property=\"og:title\" content=\"Tel\u00e9fono Gratuito Nationale Nederlanden \u25b7Atenci\u00f3n Cliente, Email, RRSS, Web\" \/>\n<meta property=\"og:description\" content=\"Busca aqu\u00ed\u3010Nationale Nederlanden seguros tel\u00e9fono gratuito\u3011Nationale Nederlanden Decesos tel\u00e9fono gratis: atenci\u00f3n al cliente y contrataciones \u2611\ufe0fVerificado en 2026\" \/>\n<meta property=\"og:url\" content=\"https:\/\/idecesos.com\/seguros\/companias\/nederlanden\/telefono\/\" \/>\n<meta property=\"article:modified_time\" content=\"2022-04-05T11:29:54+00:00\" \/>\n<meta name=\"twitter:card\" content=\"summary_large_image\" \/>\n<meta name=\"twitter:label1\" content=\"Tiempo de lectura\" \/>\n\t<meta name=\"twitter:data1\" content=\"4 minutos\" \/>\n<script type=\"application\/ld+json\" class=\"yoast-schema-graph\">{\"@context\":\"https:\\\/\\\/schema.org\",\"@graph\":[{\"@type\":\"WebPage\",\"@id\":\"https:\\\/\\\/idecesos.com\\\/seguros\\\/companias\\\/nederlanden\\\/telefono\\\/\",\"url\":\"https:\\\/\\\/idecesos.com\\\/seguros\\\/companias\\\/nederlanden\\\/telefono\\\/\",\"name\":\"Tel\u00e9fono Gratuito Nationale Nederlanden \u25b7Atenci\u00f3n Cliente, Email, RRSS, Web\",\"isPartOf\":{\"@id\":\"https:\\\/\\\/idecesos.com\\\/seguros\\\/#website\"},\"datePublished\":\"2021-11-25T10:10:31+00:00\",\"dateModified\":\"2022-04-05T11:29:54+00:00\",\"description\":\"Busca aqu\u00ed\u3010Nationale Nederlanden seguros tel\u00e9fono gratuito\u3011Nationale Nederlanden Decesos tel\u00e9fono gratis: atenci\u00f3n al cliente y contrataciones \u2611\ufe0fVerificado en 2026\",\"breadcrumb\":{\"@id\":\"https:\\\/\\\/idecesos.com\\\/seguros\\\/companias\\\/nederlanden\\\/telefono\\\/#breadcrumb\"},\"inLanguage\":\"es\",\"potentialAction\":[{\"@type\":\"ReadAction\",\"target\":[\"https:\\\/\\\/idecesos.com\\\/seguros\\\/companias\\\/nederlanden\\\/telefono\\\/\"]}]},{\"@type\":\"BreadcrumbList\",\"@id\":\"https:\\\/\\\/idecesos.com\\\/seguros\\\/companias\\\/nederlanden\\\/telefono\\\/#breadcrumb\",\"itemListElement\":[{\"@type\":\"ListItem\",\"position\":1,\"name\":\"Portada\",\"item\":\"https:\\\/\\\/idecesos.com\\\/seguros\\\/\"},{\"@type\":\"ListItem\",\"position\":2,\"name\":\"Compa\u00f1\u00edas de Seguros de Decesos en Espa\u00f1a\",\"item\":\"https:\\\/\\\/idecesos.com\\\/seguros\\\/companias\\\/\"},{\"@type\":\"ListItem\",\"position\":3,\"name\":\"Seguro de decesos Nationale Nederlanden\",\"item\":\"https:\\\/\\\/idecesos.com\\\/seguros\\\/companias\\\/nederlanden\\\/\"},{\"@type\":\"ListItem\",\"position\":4,\"name\":\"Atenci\u00f3n al cliente Nationale Nederlanden: telefono gratuito, e-mail\"}]},{\"@type\":\"WebSite\",\"@id\":\"https:\\\/\\\/idecesos.com\\\/seguros\\\/#website\",\"url\":\"https:\\\/\\\/idecesos.com\\\/seguros\\\/\",\"name\":\"\",\"description\":\"\",\"potentialAction\":[{\"@type\":\"SearchAction\",\"target\":{\"@type\":\"EntryPoint\",\"urlTemplate\":\"https:\\\/\\\/idecesos.com\\\/seguros\\\/?s={search_term_string}\"},\"query-input\":{\"@type\":\"PropertyValueSpecification\",\"valueRequired\":true,\"valueName\":\"search_term_string\"}}],\"inLanguage\":\"es\"}]}<\/script>\n<!-- \/ Yoast SEO plugin. -->","yoast_head_json":{"title":"Tel\u00e9fono Gratuito Nationale Nederlanden \u25b7Atenci\u00f3n Cliente, Email, RRSS, Web","description":"Busca aqu\u00ed\u3010Nationale Nederlanden seguros tel\u00e9fono gratuito\u3011Nationale Nederlanden Decesos tel\u00e9fono gratis: atenci\u00f3n al cliente y contrataciones \u2611\ufe0fVerificado en 2026","robots":{"index":"index","follow":"follow","max-snippet":"max-snippet:-1","max-image-preview":"max-image-preview:large","max-video-preview":"max-video-preview:-1"},"canonical":"https:\/\/idecesos.com\/seguros\/companias\/nederlanden\/telefono\/","og_locale":"es_ES","og_type":"article","og_title":"Tel\u00e9fono Gratuito Nationale Nederlanden \u25b7Atenci\u00f3n Cliente, Email, RRSS, Web","og_description":"Busca aqu\u00ed\u3010Nationale Nederlanden seguros tel\u00e9fono gratuito\u3011Nationale Nederlanden Decesos tel\u00e9fono gratis: atenci\u00f3n al cliente y contrataciones \u2611\ufe0fVerificado en 2026","og_url":"https:\/\/idecesos.com\/seguros\/companias\/nederlanden\/telefono\/","article_modified_time":"2022-04-05T11:29:54+00:00","twitter_card":"summary_large_image","twitter_misc":{"Tiempo de lectura":"4 minutos"},"schema":{"@context":"https:\/\/schema.org","@graph":[{"@type":"WebPage","@id":"https:\/\/idecesos.com\/seguros\/companias\/nederlanden\/telefono\/","url":"https:\/\/idecesos.com\/seguros\/companias\/nederlanden\/telefono\/","name":"Tel\u00e9fono Gratuito Nationale Nederlanden \u25b7Atenci\u00f3n Cliente, Email, RRSS, Web","isPartOf":{"@id":"https:\/\/idecesos.com\/seguros\/#website"},"datePublished":"2021-11-25T10:10:31+00:00","dateModified":"2022-04-05T11:29:54+00:00","description":"Busca aqu\u00ed\u3010Nationale Nederlanden seguros tel\u00e9fono gratuito\u3011Nationale Nederlanden Decesos tel\u00e9fono gratis: atenci\u00f3n al cliente y contrataciones \u2611\ufe0fVerificado en 2026","breadcrumb":{"@id":"https:\/\/idecesos.com\/seguros\/companias\/nederlanden\/telefono\/#breadcrumb"},"inLanguage":"es","potentialAction":[{"@type":"ReadAction","target":["https:\/\/idecesos.com\/seguros\/companias\/nederlanden\/telefono\/"]}]},{"@type":"BreadcrumbList","@id":"https:\/\/idecesos.com\/seguros\/companias\/nederlanden\/telefono\/#breadcrumb","itemListElement":[{"@type":"ListItem","position":1,"name":"Portada","item":"https:\/\/idecesos.com\/seguros\/"},{"@type":"ListItem","position":2,"name":"Compa\u00f1\u00edas de Seguros de Decesos en Espa\u00f1a","item":"https:\/\/idecesos.com\/seguros\/companias\/"},{"@type":"ListItem","position":3,"name":"Seguro de decesos Nationale Nederlanden","item":"https:\/\/idecesos.com\/seguros\/companias\/nederlanden\/"},{"@type":"ListItem","position":4,"name":"Atenci\u00f3n al cliente Nationale Nederlanden: telefono gratuito, e-mail"}]},{"@type":"WebSite","@id":"https:\/\/idecesos.com\/seguros\/#website","url":"https:\/\/idecesos.com\/seguros\/","name":"","description":"","potentialAction":[{"@type":"SearchAction","target":{"@type":"EntryPoint","urlTemplate":"https:\/\/idecesos.com\/seguros\/?s={search_term_string}"},"query-input":{"@type":"PropertyValueSpecification","valueRequired":true,"valueName":"search_term_string"}}],"inLanguage":"es"}]}},"_links":{"self":[{"href":"https:\/\/idecesos.com\/seguros\/wp-json\/wp\/v2\/pages\/15336","targetHints":{"allow":["GET"]}}],"collection":[{"href":"https:\/\/idecesos.com\/seguros\/wp-json\/wp\/v2\/pages"}],"about":[{"href":"https:\/\/idecesos.com\/seguros\/wp-json\/wp\/v2\/types\/page"}],"author":[{"embeddable":true,"href":"https:\/\/idecesos.com\/seguros\/wp-json\/wp\/v2\/users\/1"}],"replies":[{"embeddable":true,"href":"https:\/\/idecesos.com\/seguros\/wp-json\/wp\/v2\/comments?post=15336"}],"version-history":[{"count":10,"href":"https:\/\/idecesos.com\/seguros\/wp-json\/wp\/v2\/pages\/15336\/revisions"}],"predecessor-version":[{"id":21015,"href":"https:\/\/idecesos.com\/seguros\/wp-json\/wp\/v2\/pages\/15336\/revisions\/21015"}],"up":[{"embeddable":true,"href":"https:\/\/idecesos.com\/seguros\/wp-json\/wp\/v2\/pages\/758"}],"wp:attachment":[{"href":"https:\/\/idecesos.com\/seguros\/wp-json\/wp\/v2\/media?parent=15336"}],"curies":[{"name":"wp","href":"https:\/\/api.w.org\/{rel}","templated":true}]}}