{"id":15337,"date":"2021-11-26T09:12:35","date_gmt":"2021-11-25T10:10:32","guid":{"rendered":"https:\/\/idecesos.com\/seguros\/companias\/santander\/telefono\/"},"modified":"2022-04-07T08:30:32","modified_gmt":"2022-04-07T08:30:32","slug":"telefono","status":"publish","type":"page","link":"https:\/\/idecesos.com\/seguros\/companias\/santander\/telefono\/","title":{"rendered":"Atenci\u00f3n al cliente Santander: telefono gratuito, e-mail"},"content":{"rendered":"<div id=\"ez-toc-container\" class=\"ez-toc-v2_0_82_2 ez-toc-wrap-center counter-hierarchy ez-toc-counter ez-toc-custom ez-toc-container-direction\">\n<div class=\"ez-toc-title-container\">\n<p class=\"ez-toc-title\" style=\"cursor:inherit\">Tabla de Contenido<\/p>\n<span class=\"ez-toc-title-toggle\"><a href=\"#\" class=\"ez-toc-pull-right ez-toc-btn ez-toc-btn-xs ez-toc-btn-default ez-toc-toggle\" aria-label=\"Alternar tabla de contenidos\"><span class=\"ez-toc-js-icon-con\"><span class=\"\"><span class=\"eztoc-hide\" style=\"display:none;\">Toggle<\/span><span class=\"ez-toc-icon-toggle-span\"><svg style=\"fill: #db6415;color:#db6415\" xmlns=\"http:\/\/www.w3.org\/2000\/svg\" class=\"list-377408\" width=\"20px\" height=\"20px\" viewBox=\"0 0 24 24\" fill=\"none\"><path d=\"M6 6H4v2h2V6zm14 0H8v2h12V6zM4 11h2v2H4v-2zm16 0H8v2h12v-2zM4 16h2v2H4v-2zm16 0H8v2h12v-2z\" fill=\"currentColor\"><\/path><\/svg><svg style=\"fill: #db6415;color:#db6415\" class=\"arrow-unsorted-368013\" xmlns=\"http:\/\/www.w3.org\/2000\/svg\" width=\"10px\" height=\"10px\" viewBox=\"0 0 24 24\" version=\"1.2\" baseProfile=\"tiny\"><path d=\"M18.2 9.3l-6.2-6.3-6.2 6.3c-.2.2-.3.4-.3.7s.1.5.3.7c.2.2.4.3.7.3h11c.3 0 .5-.1.7-.3.2-.2.3-.5.3-.7s-.1-.5-.3-.7zM5.8 14.7l6.2 6.3 6.2-6.3c.2-.2.3-.5.3-.7s-.1-.5-.3-.7c-.2-.2-.4-.3-.7-.3h-11c-.3 0-.5.1-.7.3-.2.2-.3.5-.3.7s.1.5.3.7z\"\/><\/svg><\/span><\/span><\/span><\/a><\/span><\/div>\n<nav><ul class='ez-toc-list ez-toc-list-level-1 ' ><ul class='ez-toc-list-level-4' ><li class='ez-toc-heading-level-4'><ul class='ez-toc-list-level-4' ><li class='ez-toc-heading-level-4'><a class=\"ez-toc-link ez-toc-heading-1\" href=\"https:\/\/idecesos.com\/seguros\/companias\/santander\/telefono\/#Telefono_Contrataciones_951_127_403\" >Tel\u00e9fono Contrataciones \n951 127 403<\/a><\/li><\/ul><\/li><\/ul><\/li><li class='ez-toc-page-1 ez-toc-heading-level-2'><a class=\"ez-toc-link ez-toc-heading-2\" href=\"https:\/\/idecesos.com\/seguros\/companias\/santander\/telefono\/#%C2%BFComo_contactar_con_Santander\" >\u00bfC\u00f3mo contactar con Santander?<\/a><ul class='ez-toc-list-level-3' ><li class='ez-toc-heading-level-3'><a class=\"ez-toc-link ez-toc-heading-3\" href=\"https:\/\/idecesos.com\/seguros\/companias\/santander\/telefono\/#Telefono_gratuito_de_Santander\" >Tel\u00e9fono gratuito de Santander<\/a><\/li><li class='ez-toc-page-1 ez-toc-heading-level-3'><a class=\"ez-toc-link ez-toc-heading-4\" href=\"https:\/\/idecesos.com\/seguros\/companias\/santander\/telefono\/#Horario_de_atencion_al_cliente_de_Santander\" >Horario de atenci\u00f3n al cliente de Santander<\/a><\/li><li class='ez-toc-page-1 ez-toc-heading-level-3'><a class=\"ez-toc-link ez-toc-heading-5\" href=\"https:\/\/idecesos.com\/seguros\/companias\/santander\/telefono\/#Correo_electronico_de_Santander\" >Correo electr\u00f3nico de Santander<\/a><\/li><li class='ez-toc-page-1 ez-toc-heading-level-3'><a class=\"ez-toc-link ez-toc-heading-6\" href=\"https:\/\/idecesos.com\/seguros\/companias\/santander\/telefono\/#Formulario_en_el_sitio_Web_de_Santander\" >Formulario en el sitio Web de Santander<\/a><\/li><li class='ez-toc-page-1 ez-toc-heading-level-3'><a class=\"ez-toc-link ez-toc-heading-7\" href=\"https:\/\/idecesos.com\/seguros\/companias\/santander\/telefono\/#Redes_sociales_de_Santander\" >Redes sociales de Santander<\/a><\/li><li class='ez-toc-page-1 ez-toc-heading-level-3'><a class=\"ez-toc-link ez-toc-heading-8\" href=\"https:\/\/idecesos.com\/seguros\/companias\/santander\/telefono\/#Paginas_relacionadas\" >P\u00e1ginas relacionadas<\/a><\/li><\/ul><\/li><\/ul><\/nav><\/div>\n\n<div class=\"caja\">\n<div class=\"cajaIcono2 \"  ><div class=\"cuadro\" style=\"box-shadow: inset 0 0 0 3px #ff790e\"><div class=\"iconoCircular\" style=\"border: 3px solid #ff790e\">\t\t\n\t\t\t\t\t<div class=\"iconoCirculo\">\n\t\t\t\t\t  <i class=\"fas fa-phone-volume\"><\/i>\n\t\t\t\t\t<\/div>\n\t\t\t\t<\/div><div class=\"\">\n<h4 style=\"text-align: center;\"><span class=\"ez-toc-section\" id=\"Telefono_Contrataciones_951_127_403\"><\/span><strong>Tel\u00e9fono Contrataciones<br \/>\n951 127 403<\/strong><span class=\"ez-toc-section-end\"><\/span><\/h4>\n<p><\/div><\/div><\/div><br \/>\nSantander le da varias opciones para que pueda ponerse en contacto con la compa\u00f1\u00eda, y de esta forma poder resolver sus dudas, preguntar sus inquietudes y preguntar sobre su seguro de decesos. Escogido el m\u00e9todo que m\u00e1s me amolde a , un agente experto en el tema le va a ayudar con todas y cada una de las dudas y cuestiones que tenga sobre sus coberturas contratadas. Gastos entorno al ata\u00fad y la sanidad, la posibilidad de conservar el ADN, el costo de la corona, el tanatorio y la necrol\u00f3gica&#8230; y otros muchos factores en los que usted necesite su ayuda. Se tendr\u00e1 presente la situaci\u00f3n por la que pasa la familia facilitandoles todos los tr\u00e1mites sobre la p\u00e9rdida de su ser querido para que no haya ninguna complicaci\u00f3n y puedan estar tranquilos.<br \/>\n<\/div><\/p>\n<div class=\"colorf \"  ><div class=\"container clearfix\"><div class=\"col-md-7\"><\/p>\n<h2><span class=\"ez-toc-section\" id=\"%C2%BFComo_contactar_con_Santander\"><\/span>\u00bfC\u00f3mo contactar con Santander?<span class=\"ez-toc-section-end\"><\/span><\/h2>\n<p>Gratuitamente, puede contactar con Santander, mandando un email a la direcci\u00f3n de e mail que ofrecen, llamando al n\u00famero de contacto en horario de atenci\u00f3n al usuario, rellenando un formulario en su p\u00e1gina y mediante los perfiles en sus redes sociales.<br \/>\n<\/div><\/div><\/div>\n<h3><span class=\"ez-toc-section\" id=\"Telefono_gratuito_de_Santander\"><\/span>Tel\u00e9fono gratuito de Santander<span class=\"ez-toc-section-end\"><\/span><\/h3>\n<p>Este es el tel\u00e9fono de contacto <strong>915 123 123<\/strong>. Actualmente el tiempo es muy importante. Por eso Santander est\u00e1 al tanto de que este procedimiento es veloz y simple de usar. Adem\u00e1s de esto a trav\u00e9s de \u00e9l te podr\u00e1n solucionar tus cuestiones o dudas sobre tu seguro. La llamada no tiene ning\u00fan tipo de coste, el tiempo que transcurra desde el comienzo hasta el final no corre a cargo suya por lo que puedes estar totalmente sosegado. La atenci\u00f3n al usuario experta en seguro de decesos de Santander le atender\u00e1 a fin de que pueda resolver sus cuestiones y no le quede nada en el tintero.<br \/>\n<div class=\"colorf\"><div class=\"container clearfix\"><div class=\"col-md-7\"><\/p>\n<div class=\"cabecera_tabla_ajustada \"  style=\"width:80%\" ><div class=\"row\"><\/div>\n<p><div class=\"fila_tabla4 \"  ><div class=\"row\"><div class=\"col-8 nosepara izq\"><p><strong>Tel\u00e9fono para contrataciones<\/strong><\/p><\/div><div class=\"col-4 nosepara centro\">951 127 403<\/div><\/div><\/div><div class=\"fila_tabla4 \"  ><div class=\"row\"><div class=\"col-8 nosepara izq\"><p><strong>Atenci\u00f3n al cliente Instituciones<\/strong><\/p><\/div><div class=\"col-4 nosepara centro\">91 273 71 76<\/div><\/div><\/div><\/p>\n<\/div><\/div><\/div>\n<h3><span class=\"ez-toc-section\" id=\"Horario_de_atencion_al_cliente_de_Santander\"><\/span>Horario de atenci\u00f3n al cliente de Santander<span class=\"ez-toc-section-end\"><\/span><\/h3>\n<p>Santander, pensando en , considera de gran importancia disponer de un horario de atenci\u00f3n al usuario para poder atenderle lo m\u00e1s veloz posible. Una persona va a estar al otro lado del tel\u00e9fono siempre que realice una llamada, para as\u00ed poder ofrecerle la informaci\u00f3n que necesite o bien concertar cita con los especialistas. Lo m\u00e1s esencial es que quede complacido con los datos proporcionados y el trato ofrecido por la compa\u00f1\u00eda, en tanto que en todo instante se le resolver\u00e1n pl\u00e1cidamente las cuestiones que quiera saber sobre su seguro de decesos. El siguiente horario <strong>horario Santander<\/strong> est\u00e1 ideado a fin de que la persona que quiera establecer una conversaci\u00f3n con la compa\u00f1\u00eda pueda hacerlo a lo largo del d\u00eda.<br \/>\n<div class=\"colorf\"><div class=\"container clearfix\"><div class=\"col-md-7\"><\/p>\n<h3><span class=\"ez-toc-section\" id=\"Correo_electronico_de_Santander\"><\/span>Correo electr\u00f3nico de Santander<span class=\"ez-toc-section-end\"><\/span><\/h3>\n<p>Las nuevas tecnolog\u00edas no paran de avanzar y la sociedad lo hace junto a ellas, agarradas de la mano. Gmail y Hotmail han sido una enorme revoluci\u00f3n en la red de redes. Estas plataformas han facilitado el env\u00edo y recibo de informaci\u00f3n de todo g\u00e9nero, sin tener la necesidad de desplazarse a ning\u00fan lado. Santander se ha dado cuenta de las nuevas necesidad de sus clientes y les ofrece este e mail <strong>atenclie@gruposantander.com<\/strong>\u00a0para su comodidad. Merced a esto va a poder enviar cualquier duda, solicitud o inquietud sobre su seguro de decesos. La respuesta que consiga ser\u00e1 meticulosamente estudiada y preparada por uno de los expertos.<br \/>\n<\/div><\/div><\/div><\/p>\n<h3><span class=\"ez-toc-section\" id=\"Formulario_en_el_sitio_Web_de_Santander\"><\/span>Formulario en el sitio Web de Santander<span class=\"ez-toc-section-end\"><\/span><\/h3>\n<p>Hoy d\u00eda, internt es el primer buscador de informaci\u00f3n a nivel del mundo. Su eficacia y gran alcance hace que esta plataforma digital sea la m\u00e1s utilizada para buscar informaci\u00f3n en tanto que todo est\u00e1 libre para todo el mundo. Merced al buscador, poniendo Santander vas a poder hallar toda la informaci\u00f3n sobre su seguro de decesos en su p\u00e1gina <strong>www.bancosantander.es\/particulares\/seguros<\/strong>. All\u00e1 hallar\u00e1s sus diferentes coberturas y costes para que puedas informarte sobre todos ellos y percibir informaci\u00f3n ya antes de contratar sus servicios. Podr\u00e1 localizar un apartado con un formulario a rellenar con su nombre y apellidos, tel\u00e9fono de contacto, correo electr\u00f3nico\u2026 Una vez realizado, uno de los profesionales aconsejes de la compa\u00f1\u00eda se pondr\u00e1 en contacto, lo m\u00e1s veloz posible, para resolverle cualquier clase de duda o cuesti\u00f3n que quiera saber sobre el tema.<br \/>\n<div class=\"colorf\"><div class=\"container clearfix\"><div class=\"col-md-7\"><\/p>\n<h3><span class=\"ez-toc-section\" id=\"Redes_sociales_de_Santander\"><\/span>Redes sociales de Santander<span class=\"ez-toc-section-end\"><\/span><\/h3>\n<p>Instagram, Twitter, TikTok o Fb son una de las aplicaciones m\u00e1s utilizadas en la actualidad y donde sus usuarios pasan m\u00e1s tiempo. Son una herramienta \u00fatil para expedir informaci\u00f3n de manera sencilla a miles y miles de personas. Santander cuenta con alguna de estas redes sociales para que puedas seguirlos y enterarte de todas y cada una de las novedades y ofertas que tienen a su predisposici\u00f3n sobre su seguro de decesos. En ellas vas a poder ver la ubicaci\u00f3n de su sede, c\u00f3mo trabajan, servicios que ofrecen, etc\u00e9tera Adem\u00e1s tienen un enlace directo a su p\u00e1gina web a fin de que puedas ampliar todo esto. Ciertos perfiles que tiene Santander te dan la opci\u00f3n de ponerte en contacto con ella para que puedan asesorarte sobre sus servicios o bien responderte a cualquier pregunta.<br \/>\n<\/div><\/div><\/div><\/p>\n<\/div>\n<p><div class=\"oficinas\"> <h3><span class=\"ez-toc-section\" id=\"Paginas_relacionadas\"><\/span>P\u00e1ginas relacionadas<span class=\"ez-toc-section-end\"><\/span><\/h3><div class=\"enlazado\"><ul> <li><a href=\"https:\/\/idecesos.com\/seguros\/companias\/santander\/coberturas\/\">Coberturas Santander<\/a><\/li> <li><a href=\"https:\/\/idecesos.com\/seguros\/companias\/santander\/opiniones\/\">Opiniones Santander<\/a><\/li> <li><a href=\"https:\/\/idecesos.com\/seguros\/companias\/santander\/precio\/\">Precio seguro Santander<\/a><\/li> <li><a href=\"https:\/\/idecesos.com\/seguros\/companias\/santander\/prima-mixta\/\">Santander Prima Mixta<\/a><\/li> <li><a href=\"https:\/\/idecesos.com\/seguros\/companias\/santander\/prima-natural\/\">Santander Prima Natural<\/a><\/li> <li><a href=\"https:\/\/idecesos.com\/seguros\/companias\/santander\/prima-nivelada\/\">Santander Prima Nivelada<\/a><\/li> <li><a href=\"https:\/\/idecesos.com\/seguros\/companias\/santander\/prima-unica\/\">Santander Prima \u00danica<\/a><\/li> <li><a href=\"https:\/\/idecesos.com\/seguros\/companias\/santander\/repatriacion\/\">Santander Repatriaci\u00f3n<\/a><\/li> <li><a href=\"https:\/\/idecesos.com\/seguros\/companias\/santander\/telefono\/\">Tel\u00e9fono Gratuito Santander<\/a><\/li>                                                                                                                                                                                                                                                                                                                                                                                                                                                                                                                                                                                                                                                                                                                                                                                                                                                                                                                                                                                                                                                                                                                                                                                                                                                                                                                                                                                                                                                                                                                                                                                                                                                                                                                                                                                                                                                                                                                                                                                                                                                                                                                                                                                                                                                                                                                                                                                                                                                                                                                                                                                                                                                                                                                                                                                                                                                                                                                                                                                                                                                                                                                             <\/ul><\/div> <\/div><\/p>\n","protected":false},"excerpt":{"rendered":"<p>Santander le da varias opciones para que pueda ponerse en contacto con la compa\u00f1\u00eda, y de esta forma poder resolver sus dudas, preguntar sus inquietudes y preguntar sobre su seguro de decesos. Escogido el m\u00e9todo que m\u00e1s me amolde a , un agente experto en el tema le va a ayudar con todas y cada&hellip; <\/p>\n","protected":false},"author":1,"featured_media":0,"parent":834,"menu_order":0,"comment_status":"closed","ping_status":"closed","template":"single.php","meta":{"footnotes":""},"class_list":["post-15337","page","type-page","status-publish","hentry"],"yoast_head":"<!-- This site is optimized with the Yoast SEO plugin v27.3 - https:\/\/yoast.com\/product\/yoast-seo-wordpress\/ -->\n<title>Tel\u00e9fono Gratuito Santander \u25b7Atenci\u00f3n Cliente, Email, RRSS, Web<\/title>\n<meta name=\"description\" content=\"Busca aqu\u00ed\u3010Santander seguros tel\u00e9fono gratuito\u3011Santander Decesos tel\u00e9fono gratis: atenci\u00f3n al cliente y contrataciones \u2611\ufe0fVerificado en 2026\" \/>\n<meta name=\"robots\" content=\"index, follow, max-snippet:-1, max-image-preview:large, max-video-preview:-1\" \/>\n<link rel=\"canonical\" href=\"https:\/\/idecesos.com\/seguros\/companias\/santander\/telefono\/\" \/>\n<meta property=\"og:locale\" content=\"es_ES\" \/>\n<meta property=\"og:type\" content=\"article\" \/>\n<meta property=\"og:title\" content=\"Tel\u00e9fono Gratuito Santander \u25b7Atenci\u00f3n Cliente, Email, RRSS, Web\" \/>\n<meta property=\"og:description\" content=\"Busca aqu\u00ed\u3010Santander seguros tel\u00e9fono gratuito\u3011Santander Decesos tel\u00e9fono gratis: atenci\u00f3n al cliente y contrataciones \u2611\ufe0fVerificado en 2026\" \/>\n<meta property=\"og:url\" content=\"https:\/\/idecesos.com\/seguros\/companias\/santander\/telefono\/\" \/>\n<meta property=\"article:modified_time\" content=\"2022-04-07T08:30:32+00:00\" \/>\n<meta name=\"twitter:card\" content=\"summary_large_image\" \/>\n<meta name=\"twitter:label1\" content=\"Tiempo de lectura\" \/>\n\t<meta name=\"twitter:data1\" content=\"4 minutos\" \/>\n<script type=\"application\/ld+json\" class=\"yoast-schema-graph\">{\"@context\":\"https:\\\/\\\/schema.org\",\"@graph\":[{\"@type\":\"WebPage\",\"@id\":\"https:\\\/\\\/idecesos.com\\\/seguros\\\/companias\\\/santander\\\/telefono\\\/\",\"url\":\"https:\\\/\\\/idecesos.com\\\/seguros\\\/companias\\\/santander\\\/telefono\\\/\",\"name\":\"Tel\u00e9fono Gratuito Santander \u25b7Atenci\u00f3n Cliente, Email, RRSS, Web\",\"isPartOf\":{\"@id\":\"https:\\\/\\\/idecesos.com\\\/seguros\\\/#website\"},\"datePublished\":\"2021-11-25T10:10:32+00:00\",\"dateModified\":\"2022-04-07T08:30:32+00:00\",\"description\":\"Busca aqu\u00ed\u3010Santander seguros tel\u00e9fono gratuito\u3011Santander Decesos tel\u00e9fono gratis: atenci\u00f3n al cliente y contrataciones \u2611\ufe0fVerificado en 2026\",\"breadcrumb\":{\"@id\":\"https:\\\/\\\/idecesos.com\\\/seguros\\\/companias\\\/santander\\\/telefono\\\/#breadcrumb\"},\"inLanguage\":\"es\",\"potentialAction\":[{\"@type\":\"ReadAction\",\"target\":[\"https:\\\/\\\/idecesos.com\\\/seguros\\\/companias\\\/santander\\\/telefono\\\/\"]}]},{\"@type\":\"BreadcrumbList\",\"@id\":\"https:\\\/\\\/idecesos.com\\\/seguros\\\/companias\\\/santander\\\/telefono\\\/#breadcrumb\",\"itemListElement\":[{\"@type\":\"ListItem\",\"position\":1,\"name\":\"Portada\",\"item\":\"https:\\\/\\\/idecesos.com\\\/seguros\\\/\"},{\"@type\":\"ListItem\",\"position\":2,\"name\":\"Compa\u00f1\u00edas de Seguros de Decesos en Espa\u00f1a\",\"item\":\"https:\\\/\\\/idecesos.com\\\/seguros\\\/companias\\\/\"},{\"@type\":\"ListItem\",\"position\":3,\"name\":\"Seguro de decesos Santander\",\"item\":\"https:\\\/\\\/idecesos.com\\\/seguros\\\/companias\\\/santander\\\/\"},{\"@type\":\"ListItem\",\"position\":4,\"name\":\"Atenci\u00f3n al cliente Santander: telefono gratuito, e-mail\"}]},{\"@type\":\"WebSite\",\"@id\":\"https:\\\/\\\/idecesos.com\\\/seguros\\\/#website\",\"url\":\"https:\\\/\\\/idecesos.com\\\/seguros\\\/\",\"name\":\"\",\"description\":\"\",\"potentialAction\":[{\"@type\":\"SearchAction\",\"target\":{\"@type\":\"EntryPoint\",\"urlTemplate\":\"https:\\\/\\\/idecesos.com\\\/seguros\\\/?s={search_term_string}\"},\"query-input\":{\"@type\":\"PropertyValueSpecification\",\"valueRequired\":true,\"valueName\":\"search_term_string\"}}],\"inLanguage\":\"es\"}]}<\/script>\n<!-- \/ Yoast SEO plugin. -->","yoast_head_json":{"title":"Tel\u00e9fono Gratuito Santander \u25b7Atenci\u00f3n Cliente, Email, RRSS, Web","description":"Busca aqu\u00ed\u3010Santander seguros tel\u00e9fono gratuito\u3011Santander Decesos tel\u00e9fono gratis: atenci\u00f3n al cliente y contrataciones \u2611\ufe0fVerificado en 2026","robots":{"index":"index","follow":"follow","max-snippet":"max-snippet:-1","max-image-preview":"max-image-preview:large","max-video-preview":"max-video-preview:-1"},"canonical":"https:\/\/idecesos.com\/seguros\/companias\/santander\/telefono\/","og_locale":"es_ES","og_type":"article","og_title":"Tel\u00e9fono Gratuito Santander \u25b7Atenci\u00f3n Cliente, Email, RRSS, Web","og_description":"Busca aqu\u00ed\u3010Santander seguros tel\u00e9fono gratuito\u3011Santander Decesos tel\u00e9fono gratis: atenci\u00f3n al cliente y contrataciones \u2611\ufe0fVerificado en 2026","og_url":"https:\/\/idecesos.com\/seguros\/companias\/santander\/telefono\/","article_modified_time":"2022-04-07T08:30:32+00:00","twitter_card":"summary_large_image","twitter_misc":{"Tiempo de lectura":"4 minutos"},"schema":{"@context":"https:\/\/schema.org","@graph":[{"@type":"WebPage","@id":"https:\/\/idecesos.com\/seguros\/companias\/santander\/telefono\/","url":"https:\/\/idecesos.com\/seguros\/companias\/santander\/telefono\/","name":"Tel\u00e9fono Gratuito Santander \u25b7Atenci\u00f3n Cliente, Email, RRSS, Web","isPartOf":{"@id":"https:\/\/idecesos.com\/seguros\/#website"},"datePublished":"2021-11-25T10:10:32+00:00","dateModified":"2022-04-07T08:30:32+00:00","description":"Busca aqu\u00ed\u3010Santander seguros tel\u00e9fono gratuito\u3011Santander Decesos tel\u00e9fono gratis: atenci\u00f3n al cliente y contrataciones \u2611\ufe0fVerificado en 2026","breadcrumb":{"@id":"https:\/\/idecesos.com\/seguros\/companias\/santander\/telefono\/#breadcrumb"},"inLanguage":"es","potentialAction":[{"@type":"ReadAction","target":["https:\/\/idecesos.com\/seguros\/companias\/santander\/telefono\/"]}]},{"@type":"BreadcrumbList","@id":"https:\/\/idecesos.com\/seguros\/companias\/santander\/telefono\/#breadcrumb","itemListElement":[{"@type":"ListItem","position":1,"name":"Portada","item":"https:\/\/idecesos.com\/seguros\/"},{"@type":"ListItem","position":2,"name":"Compa\u00f1\u00edas de Seguros de Decesos en Espa\u00f1a","item":"https:\/\/idecesos.com\/seguros\/companias\/"},{"@type":"ListItem","position":3,"name":"Seguro de decesos Santander","item":"https:\/\/idecesos.com\/seguros\/companias\/santander\/"},{"@type":"ListItem","position":4,"name":"Atenci\u00f3n al cliente Santander: telefono gratuito, e-mail"}]},{"@type":"WebSite","@id":"https:\/\/idecesos.com\/seguros\/#website","url":"https:\/\/idecesos.com\/seguros\/","name":"","description":"","potentialAction":[{"@type":"SearchAction","target":{"@type":"EntryPoint","urlTemplate":"https:\/\/idecesos.com\/seguros\/?s={search_term_string}"},"query-input":{"@type":"PropertyValueSpecification","valueRequired":true,"valueName":"search_term_string"}}],"inLanguage":"es"}]}},"_links":{"self":[{"href":"https:\/\/idecesos.com\/seguros\/wp-json\/wp\/v2\/pages\/15337","targetHints":{"allow":["GET"]}}],"collection":[{"href":"https:\/\/idecesos.com\/seguros\/wp-json\/wp\/v2\/pages"}],"about":[{"href":"https:\/\/idecesos.com\/seguros\/wp-json\/wp\/v2\/types\/page"}],"author":[{"embeddable":true,"href":"https:\/\/idecesos.com\/seguros\/wp-json\/wp\/v2\/users\/1"}],"replies":[{"embeddable":true,"href":"https:\/\/idecesos.com\/seguros\/wp-json\/wp\/v2\/comments?post=15337"}],"version-history":[{"count":10,"href":"https:\/\/idecesos.com\/seguros\/wp-json\/wp\/v2\/pages\/15337\/revisions"}],"predecessor-version":[{"id":21050,"href":"https:\/\/idecesos.com\/seguros\/wp-json\/wp\/v2\/pages\/15337\/revisions\/21050"}],"up":[{"embeddable":true,"href":"https:\/\/idecesos.com\/seguros\/wp-json\/wp\/v2\/pages\/834"}],"wp:attachment":[{"href":"https:\/\/idecesos.com\/seguros\/wp-json\/wp\/v2\/media?parent=15337"}],"curies":[{"name":"wp","href":"https:\/\/api.w.org\/{rel}","templated":true}]}}