{"id":15397,"date":"2021-11-26T09:12:41","date_gmt":"2021-11-25T10:17:27","guid":{"rendered":"https:\/\/idecesos.com\/seguros\/companias\/caixa-ontinyent\/telefono\/"},"modified":"2022-04-03T18:49:59","modified_gmt":"2022-04-03T18:49:59","slug":"telefono","status":"publish","type":"page","link":"https:\/\/idecesos.com\/seguros\/companias\/caixa-ontinyent\/telefono\/","title":{"rendered":"Atenci\u00f3n al cliente Caixa Ontinyent: telefono gratuito, e-mail"},"content":{"rendered":"<div id=\"ez-toc-container\" class=\"ez-toc-v2_0_83 ez-toc-wrap-center counter-hierarchy ez-toc-counter ez-toc-custom ez-toc-container-direction\">\n<div class=\"ez-toc-title-container\">\n<p class=\"ez-toc-title\" style=\"cursor:inherit\">Tabla de Contenido<\/p>\n<span class=\"ez-toc-title-toggle\"><a href=\"#\" class=\"ez-toc-pull-right ez-toc-btn ez-toc-btn-xs ez-toc-btn-default ez-toc-toggle\" aria-label=\"Alternar tabla de contenidos\"><span class=\"ez-toc-js-icon-con\"><span class=\"\"><span class=\"eztoc-hide\" style=\"display:none;\">Toggle<\/span><span class=\"ez-toc-icon-toggle-span\"><svg style=\"fill: #db6415;color:#db6415\" xmlns=\"http:\/\/www.w3.org\/2000\/svg\" class=\"list-377408\" width=\"20px\" height=\"20px\" viewBox=\"0 0 24 24\" fill=\"none\"><path d=\"M6 6H4v2h2V6zm14 0H8v2h12V6zM4 11h2v2H4v-2zm16 0H8v2h12v-2zM4 16h2v2H4v-2zm16 0H8v2h12v-2z\" fill=\"currentColor\"><\/path><\/svg><svg style=\"fill: #db6415;color:#db6415\" class=\"arrow-unsorted-368013\" xmlns=\"http:\/\/www.w3.org\/2000\/svg\" width=\"10px\" height=\"10px\" viewBox=\"0 0 24 24\" version=\"1.2\" baseProfile=\"tiny\"><path d=\"M18.2 9.3l-6.2-6.3-6.2 6.3c-.2.2-.3.4-.3.7s.1.5.3.7c.2.2.4.3.7.3h11c.3 0 .5-.1.7-.3.2-.2.3-.5.3-.7s-.1-.5-.3-.7zM5.8 14.7l6.2 6.3 6.2-6.3c.2-.2.3-.5.3-.7s-.1-.5-.3-.7c-.2-.2-.4-.3-.7-.3h-11c-.3 0-.5.1-.7.3-.2.2-.3.5-.3.7s.1.5.3.7z\"\/><\/svg><\/span><\/span><\/span><\/a><\/span><\/div>\n<nav><ul class='ez-toc-list ez-toc-list-level-1 ' ><ul class='ez-toc-list-level-4' ><li class='ez-toc-heading-level-4'><ul class='ez-toc-list-level-4' ><li class='ez-toc-heading-level-4'><a class=\"ez-toc-link ez-toc-heading-1\" href=\"https:\/\/idecesos.com\/seguros\/companias\/caixa-ontinyent\/telefono\/#Telefono_Contrataciones_951_127_403\" >Tel\u00e9fono Contrataciones\r\n951 127 403<\/a><\/li><\/ul><\/li><\/ul><\/li><li class='ez-toc-page-1 ez-toc-heading-level-2'><a class=\"ez-toc-link ez-toc-heading-2\" href=\"https:\/\/idecesos.com\/seguros\/companias\/caixa-ontinyent\/telefono\/#%C2%BFComo_contactar_con_Caixa_Ontinyent\" >\u00bfC\u00f3mo contactar con Caixa Ontinyent?<\/a><ul class='ez-toc-list-level-3' ><li class='ez-toc-heading-level-3'><a class=\"ez-toc-link ez-toc-heading-3\" href=\"https:\/\/idecesos.com\/seguros\/companias\/caixa-ontinyent\/telefono\/#Telefono_gratuito_de_Caixa_Ontinyent\" >Tel\u00e9fono gratuito de Caixa Ontinyent<\/a><\/li><li class='ez-toc-page-1 ez-toc-heading-level-3'><a class=\"ez-toc-link ez-toc-heading-4\" href=\"https:\/\/idecesos.com\/seguros\/companias\/caixa-ontinyent\/telefono\/#Horario_de_atencion_al_cliente_de_Caixa_Ontinyent\" >Horario de atenci\u00f3n al cliente de Caixa Ontinyent<\/a><\/li><li class='ez-toc-page-1 ez-toc-heading-level-3'><a class=\"ez-toc-link ez-toc-heading-5\" href=\"https:\/\/idecesos.com\/seguros\/companias\/caixa-ontinyent\/telefono\/#Correo_electronico_de_Caixa_Ontinyent\" >Correo electr\u00f3nico de Caixa Ontinyent<\/a><\/li><li class='ez-toc-page-1 ez-toc-heading-level-3'><a class=\"ez-toc-link ez-toc-heading-6\" href=\"https:\/\/idecesos.com\/seguros\/companias\/caixa-ontinyent\/telefono\/#Formulario_en_el_sitio_Web_de_Caixa_Ontinyent\" >Formulario en el sitio Web de Caixa Ontinyent<\/a><\/li><li class='ez-toc-page-1 ez-toc-heading-level-3'><a class=\"ez-toc-link ez-toc-heading-7\" href=\"https:\/\/idecesos.com\/seguros\/companias\/caixa-ontinyent\/telefono\/#Redes_sociales_de_Caixa_Ontinyent\" >Redes sociales de Caixa Ontinyent<\/a><\/li><\/ul><\/li><\/ul><\/nav><\/div>\n\n<div class=\"caja\">\n<div class=\"cajaIcono2 \"  ><div class=\"cuadro\" style=\"box-shadow: inset 0 0 0 3px #ff790e\"><div class=\"iconoCircular\" style=\"border: 3px solid #ff790e\">\t\t\n\t\t\t\t\t<div class=\"iconoCirculo\">\n\t\t\t\t\t  <i class=\"fas fa-phone-volume\"><\/i>\n\t\t\t\t\t<\/div>\n\t\t\t\t<\/div><div class=\"\">\n<h4 style=\"text-align: center;\"><strong>Tel\u00e9fono Contrataciones<br \/>\n951 127 403<\/strong><\/h4>\n<p><\/div><\/div><\/div><br \/>\nPara ponerse en contacto con Caixa Ontinyent, \u00e9sta le ofrece muchas opciones a fin de facilitar al usuario el contacto directo y poder contestar a todas sus preguntas sobre los seguros de decesos. Tras haber escogido el m\u00e9todo apropiado para usted, un asesor especialista en el tema le va a ayudar en todo lo que necesite. Temas como el los gastos del ata\u00fad, tanatorio, coronas floral, esquela, atenci\u00f3n psicol\u00f3gica&#8230; todo lo relacionado con las coberturas de su seguro de decesos. La Caixa Ontinyent se ocupar\u00e1 de ver la situaci\u00f3n en la que se halle su familia para que todo est\u00e9 en regla y no deban preocuparse por nada en ese momento tan duro como es la p\u00e9rdida de un ser querido.<br \/>\n<\/div><\/p>\n<div class=\"colorf \"  ><div class=\"container clearfix\"><div class=\"col-md-7\"><\/p>\n<h2><span class=\"ez-toc-section\" id=\"%C2%BFComo_contactar_con_Caixa_Ontinyent\"><\/span>\u00bfC\u00f3mo contactar con Caixa Ontinyent?<span class=\"ez-toc-section-end\"><\/span><\/h2>\n<p>Direcci\u00f3n de correo electr\u00f3nico, p\u00e1gina con formulario libre, plataformas como redes sociales y tel\u00e9fono de atenci\u00f3n al cliente, son los medios, absolutamente gratis, para poder comunicarse con Caixa Ontinyent.<br \/>\n<\/div><\/div><\/div>\n<h3><span class=\"ez-toc-section\" id=\"Telefono_gratuito_de_Caixa_Ontinyent\"><\/span>Tel\u00e9fono gratuito de Caixa Ontinyent<span class=\"ez-toc-section-end\"><\/span><\/h3>\n<p>Para que los especialistas puedan atenderlo y responderle a sus preguntas, dudas, etc\u00e9teraCon respecto a su seguro decesos, es fundamental conocer el tel\u00e9fono de contacto que brinda para poder establecer un v\u00ednculo con el usuario. Este es, en la actualidad, el proceso m\u00e1s f\u00e1cil para para hacer su cometido; sobre todo si su explicaci\u00f3n o consulta es algo densa o bien extensa o, sencillamente, prefiere sostener una charla m\u00e1s pr\u00f3xima con el experto consultor. Por lo tanto, para poder contactar con Caixa Ontinyent de forma r\u00e1pida, gratis y directa, sin tener la necesidad de desplazarte y sin interrumpir lo que est\u00e9 haciendo en ese preciso instante, se ofrece el siguiente n\u00famero <strong>96 291 91 91<\/strong>.<br \/>\n<div class=\"colorf\"><div class=\"container clearfix\"><div class=\"col-md-7\"><\/p>\n<div class=\"cabecera_tabla_ajustada \"  style=\"width:80%\" ><div class=\"row\"><\/div>\n<div class=\"fila_tabla4 \"  ><div class=\"row\"><div class=\"col-8 nosepara izq\"><p><strong>Tel\u00e9fono para contrataciones<\/strong><\/p><\/div><div class=\"col-4 nosepara centro\">951 127 403<\/div><\/div><\/div>\n<div class=\"pie_tabla \"  ><div class=\"row\"><div class=\"col-12 \"><\/div><\/div><\/div><\/div>\n<\/div><\/div><\/div>\n<h3><span class=\"ez-toc-section\" id=\"Horario_de_atencion_al_cliente_de_Caixa_Ontinyent\"><\/span>Horario de atenci\u00f3n al cliente de Caixa Ontinyent<span class=\"ez-toc-section-end\"><\/span><\/h3>\n<p>Para poder brindarle la mayor atenci\u00f3n por parte de Caixa Ontinyent, tiene a su predisposici\u00f3n el servicio de atenci\u00f3n al cliente. Una persona estar\u00e1 al otro lado del tel\u00e9fono toda vez que realice una llamada, para as\u00ed poder ofrecerle la informaci\u00f3n que necesite o concertar cita con los especialistas. Toda la informaci\u00f3n que desee recibir sobre su seguro de decesos, como por ejemplo los precios, ser\u00e1 dada de la mejor forma posible, para que de este modo pueda quedar contento con el trato ofrecido por la compa\u00f1\u00eda. El siguiente horario <strong>horario Caixa Ontinyent<\/strong> est\u00e1 concebido para que la persona que desee establecer una conversaci\u00f3n con la compa\u00f1\u00eda pueda hacerlo durante el d\u00eda.<br \/>\n<div class=\"colorf\"><div class=\"container clearfix\"><div class=\"col-md-7\"><\/p>\n<h3><span class=\"ez-toc-section\" id=\"Correo_electronico_de_Caixa_Ontinyent\"><\/span>Correo electr\u00f3nico de Caixa Ontinyent<span class=\"ez-toc-section-end\"><\/span><\/h3>\n<p>La poblaci\u00f3n est\u00e1 al tanto de lo esencial que es, en los tiempos que vivimos, Internet, por lo que disponen de perfiles en plataformas de correo como Hotmail o Gmail. para poder llevar a cabo diferentes tr\u00e1mites, env\u00edos de ficheros, consultas. El empleo de dicha herramienta favorecer\u00e1 el poder percibir datos e informaci\u00f3n sobre su seguro de decesos. Caixa Ontinyent dispone de la pr\u00f3xima direcci\u00f3n de e-mail <b>co@caixaontinyent.es <\/b>a fin de que pueda hacer llegar cualquier consulta o duda que le surja sobre su p\u00f3liza, el tipo de prima, o bien otro tema. Al mandar un correo electr\u00f3nico con lo que desee saber, se le responder\u00e1 de la manera m\u00e1s clara y breve, para un buen comprensi\u00f3n, cubriendo de esta forma sus necesidades y ofreci\u00e9ndole las mejores respuestas posibles.<br \/>\n<\/div><\/div><\/div><\/p>\n<h3><span class=\"ez-toc-section\" id=\"Formulario_en_el_sitio_Web_de_Caixa_Ontinyent\"><\/span>Formulario en el sitio Web de Caixa Ontinyent<span class=\"ez-toc-section-end\"><\/span><\/h3>\n<p>Simplemente pregunt\u00e1ndole al buscador de Internet lo que quieras saber, en ese momento te lo har\u00e1 saber. Por ese hecho, es la plataforma m\u00e1s esencial a la que la mayor\u00eda de las personas del planeta tienen acceso. Caixa Ontinyent es consciente de todo esto y ha creado su p\u00e1gina web <strong>www.caixaontinyent.es\/<\/strong>. En tal p\u00e1gina, se le va a facilitar un formulario el que tendr\u00e1 que rellenar los siguientes campos: nombre, apellidos, tel\u00e9fono de contacto, correo electr\u00f3nico\u2026Seguidamente, un experto en el tema se pondr\u00e1 en contacto para poder facilitarle informaci\u00f3n u ofrecerle la ayuda que necesite.<br \/>\n<div class=\"colorf\"><div class=\"container clearfix\"><div class=\"col-md-7\"><\/p>\n<h3><span class=\"ez-toc-section\" id=\"Redes_sociales_de_Caixa_Ontinyent\"><\/span>Redes sociales de Caixa Ontinyent<span class=\"ez-toc-section-end\"><\/span><\/h3>\n<p>Hoy en d\u00eda, redes sociales como Instagram, Facebook, Twitter o bien TikTok cubren un gran parte del tiempo de las personas es por esta raz\u00f3n que son herramientas que tienen una enorme difusi\u00f3n y alcance en todo el planeta. Es muy habitual que, cada persona, tenga alguna de ellas o bien aun todas y cada una. Caixa Ontinyent tiene su propia perfil en alguna de estas redes sociales. En cada uno de ellos de ellos podr\u00e1s localizar informaci\u00f3n sobre qui\u00e9nes son, ofertas libres que lanzan, la localizaci\u00f3n exacta de su sede central, enlace a su p\u00e1gina web, im\u00e1genes, etc. Gracias a sus perfiles, puedes contactar con ellos a trav\u00e9s de su cuenta. Una gran facilidad que hace que te olvides de mails o bien tel\u00e9fonos.<br \/>\n<\/div><\/div><\/div><\/p>\n<\/div>\n<p><div class=\"oficinas\"> <h3>P\u00e1ginas relacionadas<\/h3><div class=\"enlazado\"><ul> <li><a href=\"https:\/\/idecesos.com\/seguros\/companias\/caixa-ontinyent\/opiniones\/\">Opiniones Caixa Ontinyent<\/a><\/li> <li><a href=\"https:\/\/idecesos.com\/seguros\/companias\/caixa-ontinyent\/precio\/\">Precio seguro Caixa Ontinyent<\/a><\/li> <li><a href=\"https:\/\/idecesos.com\/seguros\/companias\/caixa-ontinyent\/prima-mixta\/\">Caixa Ontinyent Prima Mixta<\/a><\/li> <li><a href=\"https:\/\/idecesos.com\/seguros\/companias\/caixa-ontinyent\/prima-natural\/\">Caixa Ontinyent Prima Natural<\/a><\/li> <li><a href=\"https:\/\/idecesos.com\/seguros\/companias\/caixa-ontinyent\/prima-nivelada\/\">Caixa Ontinyent Prima Nivelada<\/a><\/li> <li><a href=\"https:\/\/idecesos.com\/seguros\/companias\/caixa-ontinyent\/prima-unica\/\">Caixa Ontinyent Prima \u00danica<\/a><\/li> <li><a href=\"https:\/\/idecesos.com\/seguros\/companias\/caixa-ontinyent\/repatriacion\/\">Caixa Ontinyent Repatriaci\u00f3n<\/a><\/li> <li><a href=\"https:\/\/idecesos.com\/seguros\/companias\/caixa-ontinyent\/telefono\/\">Tel\u00e9fono Gratuito Caixa Ontinyent<\/a><\/li><\/ul><\/div> <\/div><\/p>\n","protected":false},"excerpt":{"rendered":"<p>Para ponerse en contacto con Caixa Ontinyent, \u00e9sta le ofrece muchas opciones a fin de facilitar al usuario el contacto directo y poder contestar a todas sus preguntas sobre los seguros de decesos. Tras haber escogido el m\u00e9todo apropiado para usted, un asesor especialista en el tema le va a ayudar en todo lo que&hellip; <\/p>\n","protected":false},"author":1,"featured_media":0,"parent":519,"menu_order":0,"comment_status":"closed","ping_status":"closed","template":"single.php","meta":{"footnotes":""},"class_list":["post-15397","page","type-page","status-publish","hentry"],"yoast_head":"<!-- This site is optimized with the Yoast SEO plugin v27.5 - https:\/\/yoast.com\/product\/yoast-seo-wordpress\/ -->\n<title>Tel\u00e9fono Gratuito Caixa Ontinyent \u25b7Atenci\u00f3n Cliente, Email, RRSS, Web<\/title>\n<meta name=\"description\" content=\"Busca aqu\u00ed\u3010Caixa Ontinyent seguros tel\u00e9fono gratuito\u3011Caixa Ontinyent Decesos tel\u00e9fono gratis: atenci\u00f3n al cliente y contrataciones \u2611\ufe0fVerificado en 2026\" \/>\n<meta name=\"robots\" content=\"index, follow, max-snippet:-1, max-image-preview:large, max-video-preview:-1\" \/>\n<link rel=\"canonical\" href=\"https:\/\/idecesos.com\/seguros\/companias\/caixa-ontinyent\/telefono\/\" \/>\n<meta property=\"og:locale\" content=\"es_ES\" \/>\n<meta property=\"og:type\" content=\"article\" \/>\n<meta property=\"og:title\" content=\"Tel\u00e9fono Gratuito Caixa Ontinyent \u25b7Atenci\u00f3n Cliente, Email, RRSS, Web\" \/>\n<meta property=\"og:description\" content=\"Busca aqu\u00ed\u3010Caixa Ontinyent seguros tel\u00e9fono gratuito\u3011Caixa Ontinyent Decesos tel\u00e9fono gratis: atenci\u00f3n al cliente y contrataciones \u2611\ufe0fVerificado en 2026\" \/>\n<meta property=\"og:url\" content=\"https:\/\/idecesos.com\/seguros\/companias\/caixa-ontinyent\/telefono\/\" \/>\n<meta property=\"article:modified_time\" content=\"2022-04-03T18:49:59+00:00\" \/>\n<meta name=\"twitter:card\" content=\"summary_large_image\" \/>\n<meta name=\"twitter:label1\" content=\"Tiempo de lectura\" \/>\n\t<meta name=\"twitter:data1\" content=\"4 minutos\" \/>\n<script type=\"application\/ld+json\" class=\"yoast-schema-graph\">{\"@context\":\"https:\\\/\\\/schema.org\",\"@graph\":[{\"@type\":\"WebPage\",\"@id\":\"https:\\\/\\\/idecesos.com\\\/seguros\\\/companias\\\/caixa-ontinyent\\\/telefono\\\/\",\"url\":\"https:\\\/\\\/idecesos.com\\\/seguros\\\/companias\\\/caixa-ontinyent\\\/telefono\\\/\",\"name\":\"Tel\u00e9fono Gratuito Caixa Ontinyent \u25b7Atenci\u00f3n Cliente, Email, RRSS, Web\",\"isPartOf\":{\"@id\":\"https:\\\/\\\/idecesos.com\\\/seguros\\\/#website\"},\"datePublished\":\"2021-11-25T10:17:27+00:00\",\"dateModified\":\"2022-04-03T18:49:59+00:00\",\"description\":\"Busca aqu\u00ed\u3010Caixa Ontinyent seguros tel\u00e9fono gratuito\u3011Caixa Ontinyent Decesos tel\u00e9fono gratis: atenci\u00f3n al cliente y contrataciones \u2611\ufe0fVerificado en 2026\",\"breadcrumb\":{\"@id\":\"https:\\\/\\\/idecesos.com\\\/seguros\\\/companias\\\/caixa-ontinyent\\\/telefono\\\/#breadcrumb\"},\"inLanguage\":\"es\",\"potentialAction\":[{\"@type\":\"ReadAction\",\"target\":[\"https:\\\/\\\/idecesos.com\\\/seguros\\\/companias\\\/caixa-ontinyent\\\/telefono\\\/\"]}]},{\"@type\":\"BreadcrumbList\",\"@id\":\"https:\\\/\\\/idecesos.com\\\/seguros\\\/companias\\\/caixa-ontinyent\\\/telefono\\\/#breadcrumb\",\"itemListElement\":[{\"@type\":\"ListItem\",\"position\":1,\"name\":\"Portada\",\"item\":\"https:\\\/\\\/idecesos.com\\\/seguros\\\/\"},{\"@type\":\"ListItem\",\"position\":2,\"name\":\"Compa\u00f1\u00edas de Seguros de Decesos en Espa\u00f1a\",\"item\":\"https:\\\/\\\/idecesos.com\\\/seguros\\\/companias\\\/\"},{\"@type\":\"ListItem\",\"position\":3,\"name\":\"Seguro de decesos Caixa Ontinyent\",\"item\":\"https:\\\/\\\/idecesos.com\\\/seguros\\\/companias\\\/caixa-ontinyent\\\/\"},{\"@type\":\"ListItem\",\"position\":4,\"name\":\"Atenci\u00f3n al cliente Caixa Ontinyent: telefono gratuito, e-mail\"}]},{\"@type\":\"WebSite\",\"@id\":\"https:\\\/\\\/idecesos.com\\\/seguros\\\/#website\",\"url\":\"https:\\\/\\\/idecesos.com\\\/seguros\\\/\",\"name\":\"\",\"description\":\"\",\"potentialAction\":[{\"@type\":\"SearchAction\",\"target\":{\"@type\":\"EntryPoint\",\"urlTemplate\":\"https:\\\/\\\/idecesos.com\\\/seguros\\\/?s={search_term_string}\"},\"query-input\":{\"@type\":\"PropertyValueSpecification\",\"valueRequired\":true,\"valueName\":\"search_term_string\"}}],\"inLanguage\":\"es\"}]}<\/script>\n<!-- \/ Yoast SEO plugin. -->","yoast_head_json":{"title":"Tel\u00e9fono Gratuito Caixa Ontinyent \u25b7Atenci\u00f3n Cliente, Email, RRSS, Web","description":"Busca aqu\u00ed\u3010Caixa Ontinyent seguros tel\u00e9fono gratuito\u3011Caixa Ontinyent Decesos tel\u00e9fono gratis: atenci\u00f3n al cliente y contrataciones \u2611\ufe0fVerificado en 2026","robots":{"index":"index","follow":"follow","max-snippet":"max-snippet:-1","max-image-preview":"max-image-preview:large","max-video-preview":"max-video-preview:-1"},"canonical":"https:\/\/idecesos.com\/seguros\/companias\/caixa-ontinyent\/telefono\/","og_locale":"es_ES","og_type":"article","og_title":"Tel\u00e9fono Gratuito Caixa Ontinyent \u25b7Atenci\u00f3n Cliente, Email, RRSS, Web","og_description":"Busca aqu\u00ed\u3010Caixa Ontinyent seguros tel\u00e9fono gratuito\u3011Caixa Ontinyent Decesos tel\u00e9fono gratis: atenci\u00f3n al cliente y contrataciones \u2611\ufe0fVerificado en 2026","og_url":"https:\/\/idecesos.com\/seguros\/companias\/caixa-ontinyent\/telefono\/","article_modified_time":"2022-04-03T18:49:59+00:00","twitter_card":"summary_large_image","twitter_misc":{"Tiempo de lectura":"4 minutos"},"schema":{"@context":"https:\/\/schema.org","@graph":[{"@type":"WebPage","@id":"https:\/\/idecesos.com\/seguros\/companias\/caixa-ontinyent\/telefono\/","url":"https:\/\/idecesos.com\/seguros\/companias\/caixa-ontinyent\/telefono\/","name":"Tel\u00e9fono Gratuito Caixa Ontinyent \u25b7Atenci\u00f3n Cliente, Email, RRSS, Web","isPartOf":{"@id":"https:\/\/idecesos.com\/seguros\/#website"},"datePublished":"2021-11-25T10:17:27+00:00","dateModified":"2022-04-03T18:49:59+00:00","description":"Busca aqu\u00ed\u3010Caixa Ontinyent seguros tel\u00e9fono gratuito\u3011Caixa Ontinyent Decesos tel\u00e9fono gratis: atenci\u00f3n al cliente y contrataciones \u2611\ufe0fVerificado en 2026","breadcrumb":{"@id":"https:\/\/idecesos.com\/seguros\/companias\/caixa-ontinyent\/telefono\/#breadcrumb"},"inLanguage":"es","potentialAction":[{"@type":"ReadAction","target":["https:\/\/idecesos.com\/seguros\/companias\/caixa-ontinyent\/telefono\/"]}]},{"@type":"BreadcrumbList","@id":"https:\/\/idecesos.com\/seguros\/companias\/caixa-ontinyent\/telefono\/#breadcrumb","itemListElement":[{"@type":"ListItem","position":1,"name":"Portada","item":"https:\/\/idecesos.com\/seguros\/"},{"@type":"ListItem","position":2,"name":"Compa\u00f1\u00edas de Seguros de Decesos en Espa\u00f1a","item":"https:\/\/idecesos.com\/seguros\/companias\/"},{"@type":"ListItem","position":3,"name":"Seguro de decesos Caixa Ontinyent","item":"https:\/\/idecesos.com\/seguros\/companias\/caixa-ontinyent\/"},{"@type":"ListItem","position":4,"name":"Atenci\u00f3n al cliente Caixa Ontinyent: telefono gratuito, e-mail"}]},{"@type":"WebSite","@id":"https:\/\/idecesos.com\/seguros\/#website","url":"https:\/\/idecesos.com\/seguros\/","name":"","description":"","potentialAction":[{"@type":"SearchAction","target":{"@type":"EntryPoint","urlTemplate":"https:\/\/idecesos.com\/seguros\/?s={search_term_string}"},"query-input":{"@type":"PropertyValueSpecification","valueRequired":true,"valueName":"search_term_string"}}],"inLanguage":"es"}]}},"_links":{"self":[{"href":"https:\/\/idecesos.com\/seguros\/wp-json\/wp\/v2\/pages\/15397","targetHints":{"allow":["GET"]}}],"collection":[{"href":"https:\/\/idecesos.com\/seguros\/wp-json\/wp\/v2\/pages"}],"about":[{"href":"https:\/\/idecesos.com\/seguros\/wp-json\/wp\/v2\/types\/page"}],"author":[{"embeddable":true,"href":"https:\/\/idecesos.com\/seguros\/wp-json\/wp\/v2\/users\/1"}],"replies":[{"embeddable":true,"href":"https:\/\/idecesos.com\/seguros\/wp-json\/wp\/v2\/comments?post=15397"}],"version-history":[{"count":9,"href":"https:\/\/idecesos.com\/seguros\/wp-json\/wp\/v2\/pages\/15397\/revisions"}],"predecessor-version":[{"id":20939,"href":"https:\/\/idecesos.com\/seguros\/wp-json\/wp\/v2\/pages\/15397\/revisions\/20939"}],"up":[{"embeddable":true,"href":"https:\/\/idecesos.com\/seguros\/wp-json\/wp\/v2\/pages\/519"}],"wp:attachment":[{"href":"https:\/\/idecesos.com\/seguros\/wp-json\/wp\/v2\/media?parent=15397"}],"curies":[{"name":"wp","href":"https:\/\/api.w.org\/{rel}","templated":true}]}}