{"id":15402,"date":"2021-11-26T09:12:44","date_gmt":"2021-11-25T10:17:30","guid":{"rendered":"https:\/\/idecesos.com\/seguros\/companias\/active\/telefono\/"},"modified":"2022-04-03T17:06:13","modified_gmt":"2022-04-03T17:06:13","slug":"telefono","status":"publish","type":"page","link":"https:\/\/idecesos.com\/seguros\/companias\/active\/telefono\/","title":{"rendered":"Atenci\u00f3n al cliente Active: telefono gratuito, e-mail"},"content":{"rendered":"<div id=\"ez-toc-container\" class=\"ez-toc-v2_0_82_2 ez-toc-wrap-center counter-hierarchy ez-toc-counter ez-toc-custom ez-toc-container-direction\">\n<div class=\"ez-toc-title-container\">\n<p class=\"ez-toc-title\" style=\"cursor:inherit\">Tabla de Contenido<\/p>\n<span class=\"ez-toc-title-toggle\"><a href=\"#\" class=\"ez-toc-pull-right ez-toc-btn ez-toc-btn-xs ez-toc-btn-default ez-toc-toggle\" aria-label=\"Alternar tabla de contenidos\"><span class=\"ez-toc-js-icon-con\"><span class=\"\"><span class=\"eztoc-hide\" style=\"display:none;\">Toggle<\/span><span class=\"ez-toc-icon-toggle-span\"><svg style=\"fill: #db6415;color:#db6415\" xmlns=\"http:\/\/www.w3.org\/2000\/svg\" class=\"list-377408\" width=\"20px\" height=\"20px\" viewBox=\"0 0 24 24\" fill=\"none\"><path d=\"M6 6H4v2h2V6zm14 0H8v2h12V6zM4 11h2v2H4v-2zm16 0H8v2h12v-2zM4 16h2v2H4v-2zm16 0H8v2h12v-2z\" fill=\"currentColor\"><\/path><\/svg><svg style=\"fill: #db6415;color:#db6415\" class=\"arrow-unsorted-368013\" xmlns=\"http:\/\/www.w3.org\/2000\/svg\" width=\"10px\" height=\"10px\" viewBox=\"0 0 24 24\" version=\"1.2\" baseProfile=\"tiny\"><path d=\"M18.2 9.3l-6.2-6.3-6.2 6.3c-.2.2-.3.4-.3.7s.1.5.3.7c.2.2.4.3.7.3h11c.3 0 .5-.1.7-.3.2-.2.3-.5.3-.7s-.1-.5-.3-.7zM5.8 14.7l6.2 6.3 6.2-6.3c.2-.2.3-.5.3-.7s-.1-.5-.3-.7c-.2-.2-.4-.3-.7-.3h-11c-.3 0-.5.1-.7.3-.2.2-.3.5-.3.7s.1.5.3.7z\"\/><\/svg><\/span><\/span><\/span><\/a><\/span><\/div>\n<nav><ul class='ez-toc-list ez-toc-list-level-1 ' ><ul class='ez-toc-list-level-4' ><li class='ez-toc-heading-level-4'><ul class='ez-toc-list-level-4' ><li class='ez-toc-heading-level-4'><a class=\"ez-toc-link ez-toc-heading-1\" href=\"https:\/\/idecesos.com\/seguros\/companias\/active\/telefono\/#Telefono_Contrataciones_951_127_403\" >Tel\u00e9fono Contrataciones \n951 127 403<\/a><\/li><\/ul><\/li><\/ul><\/li><li class='ez-toc-page-1 ez-toc-heading-level-2'><a class=\"ez-toc-link ez-toc-heading-2\" href=\"https:\/\/idecesos.com\/seguros\/companias\/active\/telefono\/#%C2%BFComo_contactar_con_Active\" >\u00bfC\u00f3mo contactar con Active?<\/a><ul class='ez-toc-list-level-3' ><li class='ez-toc-heading-level-3'><a class=\"ez-toc-link ez-toc-heading-3\" href=\"https:\/\/idecesos.com\/seguros\/companias\/active\/telefono\/#Telefono_gratuito_de_Active\" >Tel\u00e9fono gratuito de Active<\/a><\/li><li class='ez-toc-page-1 ez-toc-heading-level-3'><a class=\"ez-toc-link ez-toc-heading-4\" href=\"https:\/\/idecesos.com\/seguros\/companias\/active\/telefono\/#Horario_de_atencion_al_cliente_de_Active\" >Horario de atenci\u00f3n al cliente de Active<\/a><\/li><li class='ez-toc-page-1 ez-toc-heading-level-3'><a class=\"ez-toc-link ez-toc-heading-5\" href=\"https:\/\/idecesos.com\/seguros\/companias\/active\/telefono\/#Correo_electronico_de_Active\" >Correo electr\u00f3nico de Active<\/a><\/li><li class='ez-toc-page-1 ez-toc-heading-level-3'><a class=\"ez-toc-link ez-toc-heading-6\" href=\"https:\/\/idecesos.com\/seguros\/companias\/active\/telefono\/#Formulario_en_el_sitio_Web_de_Active\" >Formulario en el sitio Web de Active<\/a><\/li><li class='ez-toc-page-1 ez-toc-heading-level-3'><a class=\"ez-toc-link ez-toc-heading-7\" href=\"https:\/\/idecesos.com\/seguros\/companias\/active\/telefono\/#Redes_sociales_de_Active\" >Redes sociales de Active<\/a><\/li><li class='ez-toc-page-1 ez-toc-heading-level-3'><a class=\"ez-toc-link ez-toc-heading-8\" href=\"https:\/\/idecesos.com\/seguros\/companias\/active\/telefono\/#Paginas_relacionadas\" >P\u00e1ginas relacionadas<\/a><\/li><\/ul><\/li><\/ul><\/nav><\/div>\n\n<div class=\"caja\">\n<div class=\"cajaIcono2 \"  ><div class=\"cuadro\" style=\"box-shadow: inset 0 0 0 3px #ff790e\"><div class=\"iconoCircular\" style=\"border: 3px solid #ff790e\">\t\t\n\t\t\t\t\t<div class=\"iconoCirculo\">\n\t\t\t\t\t  <i class=\"fas fa-phone-volume\"><\/i>\n\t\t\t\t\t<\/div>\n\t\t\t\t<\/div><div class=\"\">\n<h4 style=\"text-align: center;\"><span class=\"ez-toc-section\" id=\"Telefono_Contrataciones_951_127_403\"><\/span><strong>Tel\u00e9fono Contrataciones<br \/>\n951 127 403<\/strong><span class=\"ez-toc-section-end\"><\/span><\/h4>\n<p><\/div><\/div><\/div><br \/>\nActive tiene un horario de atenci\u00f3n al usuario las 24 horas del d\u00eda, los 365 d\u00edas del a\u00f1o. En pocos minutos le atender\u00e1 un profesional experto en el tema que le facilitar\u00e1 toda la informaci\u00f3n precisa sobre su seguro de decesos contrato. Temas como la libre elecci\u00f3n del cementerio, ayuda psicol\u00f3gica, servicio l\u00fagubre y de testamento, traslado a su pa\u00eds de origen, gastos sanitarios y de ata\u00fad, la posibilidad de conservar el ADN del fallecido y muchas otras m\u00e1s coberturas van a ser atendidas por los mejores agentes. Con el mayor tacto y toda su profesionalidad, Active se encargar\u00e1 de tenerlo todo bajo control en ese duro momento de su vida. Adem\u00e1s de esto, sus agentes tratar\u00e1n esta situaci\u00f3n con la delicadez, respeto y profesionalidad que mereces.<br \/>\n<\/div><\/p>\n<div class=\"colorf \"  ><div class=\"container clearfix\"><div class=\"col-md-7\"><\/p>\n<h2><span class=\"ez-toc-section\" id=\"%C2%BFComo_contactar_con_Active\"><\/span>\u00bfC\u00f3mo contactar con Active?<span class=\"ez-toc-section-end\"><\/span><\/h2>\n<p>Si desea que Active contacte con usted ahora le mostramos las formas en las que puede hacerlo: v\u00eda tel\u00e9fono, e mail, mediante el formulario que puedes rellenar en su web o bien por los diferentes perfiles de sus redes sociales.<br \/>\n<\/div><\/div><\/div>\n<h3><span class=\"ez-toc-section\" id=\"Telefono_gratuito_de_Active\"><\/span>Tel\u00e9fono gratuito de Active<span class=\"ez-toc-section-end\"><\/span><\/h3>\n<p>El usuario debe tener la sencillez de poder mantener una charla directa con la compa\u00f1\u00eda y, es por esta raz\u00f3n que, se le facilita el siguiente tel\u00e9fono de contacto, plenamente gratuito, <strong>96 351 98 85<\/strong>. Haciendo una simple llamada, va a poder hacer la consulta que desee y solucionar cualquier tipo de duda que tenga o le surja en ese instante sobre su seguro de decesos o las peculiaridades que posee para que se ajuste a sus necesidades. Es indiferente la duraci\u00f3n de la llamada, su total no le acarrear\u00e1 ning\u00fan coste. Es por esta raz\u00f3n que, resulta el procedimiento m\u00e1s provechoso y sencillo por el contacto directo que se establece con el consultor.<br \/>\n<div class=\"colorf\"><div class=\"container clearfix\"><div class=\"col-md-7\"><\/p>\n<div class=\"cabecera_tabla_ajustada \"  style=\"width:80%\" ><div class=\"row\"><\/div>\n<div class=\"fila_tabla4 \"  ><div class=\"row\"><div class=\"col-8 nosepara izq\"><p><strong>Tel\u00e9fono para contrataciones<\/strong><\/p><\/div><div class=\"col-4 nosepara centro\">951 127 403<\/div><\/div><\/div>\n<div class=\"pie_tabla \"  ><div class=\"row\"><div class=\"col-12 \"><\/div><\/div><\/div><\/div>\n<\/div><\/div><\/div>\n<h3><span class=\"ez-toc-section\" id=\"Horario_de_atencion_al_cliente_de_Active\"><\/span>Horario de atenci\u00f3n al cliente de Active<span class=\"ez-toc-section-end\"><\/span><\/h3>\n<p>Debido a la falta de conocimiento sobre el tiempo libre que dispone cada persona, Active ofrece un horario concreto y flexible a fin de que el usuario pueda contactar en diferentes horas durante el d\u00eda, tanto de ma\u00f1ana como de tarde. Se le atender\u00e1 con la mayor sabidur\u00eda, confianza y experiencia posible a fin de que el usuario quede satisfecho. De este modo, ser\u00e1 m\u00e1s f\u00e1cil el contacto directo con la compa\u00f1\u00eda. En exactamente el mismo momento de la llamada, va a poder hablar de forma fluida con el asesor sobre cualquier cuesti\u00f3n relacionada con su seguro. El horario de atenci\u00f3n al usuario de Active es el siguiente: <strong>horario Active<\/strong>.<br \/>\n<div class=\"colorf\"><div class=\"container clearfix\"><div class=\"col-md-7\"><\/p>\n<h3><span class=\"ez-toc-section\" id=\"Correo_electronico_de_Active\"><\/span>Correo electr\u00f3nico de Active<span class=\"ez-toc-section-end\"><\/span><\/h3>\n<p>Una gran parte de la poblaci\u00f3n es consciente de la influencia y tambi\u00e9n importancia que tiene Internet, por lo que tienen perfiles en las plataformas de Hotmail, Gmail, etc. Con este servicio, formar\u00e1n una parte del flujo de informaci\u00f3n que se establezca entre 2 o m\u00e1s personas. Es una de las herramientas m\u00e1s \u00fatiles para poder percibir informaci\u00f3n o bien documentaci\u00f3n, en este caso, sobre su seguro de decesos. El correo electr\u00f3nico de Active es <b>atencion@activeseguros.com <\/b>y va a tener la posibilidad de mandarle un mensaje con la cuesti\u00f3n que desee saber sobre, por poner un ejemplo, su p\u00f3liza. Obtener la mejor respuesta para aclarar cuanto quieras saber es tan sencillo como, mandar un mail y, adem\u00e1s de obtener las mejores contestaciones, llegar\u00e1 a un buen entendimiento.<br \/>\n<\/div><\/div><\/div><\/p>\n<h3><span class=\"ez-toc-section\" id=\"Formulario_en_el_sitio_Web_de_Active\"><\/span>Formulario en el sitio Web de Active<span class=\"ez-toc-section-end\"><\/span><\/h3>\n<p>Buscar en internet es la manera m\u00e1s f\u00e1cil y pr\u00e1ctica que tenemos actualmente para buscar informaci\u00f3n. Esto es de esta forma por la globalizaci\u00f3n de la plataforma y por el gran alance que tiene. Con lo que todo el mundo la usa. Merced al buscador, poniendo Active vas a poder localizar toda la informaci\u00f3n sobre su seguro de decesos en su p\u00e1gina <strong>www.activeseguros.com\/<\/strong>. All\u00ed hallar\u00e1s sus diferentes coberturas y precios a fin de que puedas informarte sobre todos y percibir informaci\u00f3n antes de contratar sus servicios. En la p\u00e1gina web de Active encontrar\u00e1s un formulario que deber\u00e1s rellenar con sus datos apartados como nombre y apellidos, mail, n\u00famero&#8230; para que el agente especialista en el tema pueda solucionar sus preguntas y cuestiones lo m\u00e1s veloz posible.<br \/>\n<div class=\"colorf\"><div class=\"container clearfix\"><div class=\"col-md-7\"><\/p>\n<h3><span class=\"ez-toc-section\" id=\"Redes_sociales_de_Active\"><\/span>Redes sociales de Active<span class=\"ez-toc-section-end\"><\/span><\/h3>\n<p>Las redes sociales est\u00e1n a la orden del d\u00eda: Instagram, Fb, Twitter\u2026 Son una herramienta muy \u00fatil que llega, a diario, a miles de personas. Active dispone de ciertas de ellas, a fin de que el usuario est\u00e9 al tanto de las novedades sobre su seguro de decesos, si disponen de alguna oferta en esa data, d\u00f3nde est\u00e1 la sede oficial de la compa\u00f1\u00eda\u2026 Tambi\u00e9n va a poder hallar un link directo a su p\u00e1gina web, obtener informaci\u00f3n sobre qui\u00e9nes son y ver algunas im\u00e1genes. Determinados perfiles de Active en las redes, permiten ponerse en contacto para un posible futuro asesoramiento o bien cuesti\u00f3n que le interese saber en ese preciso momento.<br \/>\n<\/div><\/div><\/div><\/p>\n<\/div>\n<p><div class=\"oficinas\"> <h3><span class=\"ez-toc-section\" id=\"Paginas_relacionadas\"><\/span>P\u00e1ginas relacionadas<span class=\"ez-toc-section-end\"><\/span><\/h3><div class=\"enlazado\"><ul> <li><a href=\"https:\/\/idecesos.com\/seguros\/companias\/active\/opiniones\/\">Opiniones Active<\/a><\/li> <li><a href=\"https:\/\/idecesos.com\/seguros\/companias\/active\/precio\/\">Precio seguro Active<\/a><\/li> <li><a href=\"https:\/\/idecesos.com\/seguros\/companias\/active\/prima-mixta\/\">Active Prima Mixta<\/a><\/li> <li><a href=\"https:\/\/idecesos.com\/seguros\/companias\/active\/prima-natural\/\">Active Prima Natural<\/a><\/li> <li><a href=\"https:\/\/idecesos.com\/seguros\/companias\/active\/prima-nivelada\/\">Active Prima Nivelada<\/a><\/li> <li><a href=\"https:\/\/idecesos.com\/seguros\/companias\/active\/prima-unica\/\">Active Prima \u00danica<\/a><\/li> <li><a href=\"https:\/\/idecesos.com\/seguros\/companias\/active\/repatriacion\/\">Active Repatriaci\u00f3n<\/a><\/li> <li><a href=\"https:\/\/idecesos.com\/seguros\/companias\/active\/telefono\/\">Tel\u00e9fono Gratuito Active<\/a><\/li><\/ul><\/div> <\/div><\/p>\n","protected":false},"excerpt":{"rendered":"<p>Active tiene un horario de atenci\u00f3n al usuario las 24 horas del d\u00eda, los 365 d\u00edas del a\u00f1o. En pocos minutos le atender\u00e1 un profesional experto en el tema que le facilitar\u00e1 toda la informaci\u00f3n precisa sobre su seguro de decesos contrato. Temas como la libre elecci\u00f3n del cementerio, ayuda psicol\u00f3gica, servicio l\u00fagubre y de&hellip; <\/p>\n","protected":false},"author":1,"featured_media":0,"parent":213,"menu_order":0,"comment_status":"closed","ping_status":"closed","template":"single.php","meta":{"footnotes":""},"class_list":["post-15402","page","type-page","status-publish","hentry"],"yoast_head":"<!-- This site is optimized with the Yoast SEO plugin v27.3 - https:\/\/yoast.com\/product\/yoast-seo-wordpress\/ -->\n<title>Tel\u00e9fono Gratuito Active \u25b7Atenci\u00f3n Cliente, Email, RRSS, Web<\/title>\n<meta name=\"description\" content=\"Busca aqu\u00ed\u3010Active seguros tel\u00e9fono gratuito\u3011Active Decesos tel\u00e9fono gratis: atenci\u00f3n al cliente y contrataciones \u2611\ufe0fVerificado en 2026\" \/>\n<meta name=\"robots\" content=\"index, follow, max-snippet:-1, max-image-preview:large, max-video-preview:-1\" \/>\n<link rel=\"canonical\" href=\"https:\/\/idecesos.com\/seguros\/companias\/active\/telefono\/\" \/>\n<meta property=\"og:locale\" content=\"es_ES\" \/>\n<meta property=\"og:type\" content=\"article\" \/>\n<meta property=\"og:title\" content=\"Tel\u00e9fono Gratuito Active \u25b7Atenci\u00f3n Cliente, Email, RRSS, Web\" \/>\n<meta property=\"og:description\" content=\"Busca aqu\u00ed\u3010Active seguros tel\u00e9fono gratuito\u3011Active Decesos tel\u00e9fono gratis: atenci\u00f3n al cliente y contrataciones \u2611\ufe0fVerificado en 2026\" \/>\n<meta property=\"og:url\" content=\"https:\/\/idecesos.com\/seguros\/companias\/active\/telefono\/\" \/>\n<meta property=\"article:modified_time\" content=\"2022-04-03T17:06:13+00:00\" \/>\n<meta name=\"twitter:card\" content=\"summary_large_image\" \/>\n<meta name=\"twitter:label1\" content=\"Tiempo de lectura\" \/>\n\t<meta name=\"twitter:data1\" content=\"4 minutos\" \/>\n<script type=\"application\/ld+json\" class=\"yoast-schema-graph\">{\"@context\":\"https:\\\/\\\/schema.org\",\"@graph\":[{\"@type\":\"WebPage\",\"@id\":\"https:\\\/\\\/idecesos.com\\\/seguros\\\/companias\\\/active\\\/telefono\\\/\",\"url\":\"https:\\\/\\\/idecesos.com\\\/seguros\\\/companias\\\/active\\\/telefono\\\/\",\"name\":\"Tel\u00e9fono Gratuito Active \u25b7Atenci\u00f3n Cliente, Email, RRSS, Web\",\"isPartOf\":{\"@id\":\"https:\\\/\\\/idecesos.com\\\/seguros\\\/#website\"},\"datePublished\":\"2021-11-25T10:17:30+00:00\",\"dateModified\":\"2022-04-03T17:06:13+00:00\",\"description\":\"Busca aqu\u00ed\u3010Active seguros tel\u00e9fono gratuito\u3011Active Decesos tel\u00e9fono gratis: atenci\u00f3n al cliente y contrataciones \u2611\ufe0fVerificado en 2026\",\"breadcrumb\":{\"@id\":\"https:\\\/\\\/idecesos.com\\\/seguros\\\/companias\\\/active\\\/telefono\\\/#breadcrumb\"},\"inLanguage\":\"es\",\"potentialAction\":[{\"@type\":\"ReadAction\",\"target\":[\"https:\\\/\\\/idecesos.com\\\/seguros\\\/companias\\\/active\\\/telefono\\\/\"]}]},{\"@type\":\"BreadcrumbList\",\"@id\":\"https:\\\/\\\/idecesos.com\\\/seguros\\\/companias\\\/active\\\/telefono\\\/#breadcrumb\",\"itemListElement\":[{\"@type\":\"ListItem\",\"position\":1,\"name\":\"Portada\",\"item\":\"https:\\\/\\\/idecesos.com\\\/seguros\\\/\"},{\"@type\":\"ListItem\",\"position\":2,\"name\":\"Compa\u00f1\u00edas de Seguros de Decesos en Espa\u00f1a\",\"item\":\"https:\\\/\\\/idecesos.com\\\/seguros\\\/companias\\\/\"},{\"@type\":\"ListItem\",\"position\":3,\"name\":\"Seguro de Decesos Active\",\"item\":\"https:\\\/\\\/idecesos.com\\\/seguros\\\/companias\\\/active\\\/\"},{\"@type\":\"ListItem\",\"position\":4,\"name\":\"Atenci\u00f3n al cliente Active: telefono gratuito, e-mail\"}]},{\"@type\":\"WebSite\",\"@id\":\"https:\\\/\\\/idecesos.com\\\/seguros\\\/#website\",\"url\":\"https:\\\/\\\/idecesos.com\\\/seguros\\\/\",\"name\":\"\",\"description\":\"\",\"potentialAction\":[{\"@type\":\"SearchAction\",\"target\":{\"@type\":\"EntryPoint\",\"urlTemplate\":\"https:\\\/\\\/idecesos.com\\\/seguros\\\/?s={search_term_string}\"},\"query-input\":{\"@type\":\"PropertyValueSpecification\",\"valueRequired\":true,\"valueName\":\"search_term_string\"}}],\"inLanguage\":\"es\"}]}<\/script>\n<!-- \/ Yoast SEO plugin. -->","yoast_head_json":{"title":"Tel\u00e9fono Gratuito Active \u25b7Atenci\u00f3n Cliente, Email, RRSS, Web","description":"Busca aqu\u00ed\u3010Active seguros tel\u00e9fono gratuito\u3011Active Decesos tel\u00e9fono gratis: atenci\u00f3n al cliente y contrataciones \u2611\ufe0fVerificado en 2026","robots":{"index":"index","follow":"follow","max-snippet":"max-snippet:-1","max-image-preview":"max-image-preview:large","max-video-preview":"max-video-preview:-1"},"canonical":"https:\/\/idecesos.com\/seguros\/companias\/active\/telefono\/","og_locale":"es_ES","og_type":"article","og_title":"Tel\u00e9fono Gratuito Active \u25b7Atenci\u00f3n Cliente, Email, RRSS, Web","og_description":"Busca aqu\u00ed\u3010Active seguros tel\u00e9fono gratuito\u3011Active Decesos tel\u00e9fono gratis: atenci\u00f3n al cliente y contrataciones \u2611\ufe0fVerificado en 2026","og_url":"https:\/\/idecesos.com\/seguros\/companias\/active\/telefono\/","article_modified_time":"2022-04-03T17:06:13+00:00","twitter_card":"summary_large_image","twitter_misc":{"Tiempo de lectura":"4 minutos"},"schema":{"@context":"https:\/\/schema.org","@graph":[{"@type":"WebPage","@id":"https:\/\/idecesos.com\/seguros\/companias\/active\/telefono\/","url":"https:\/\/idecesos.com\/seguros\/companias\/active\/telefono\/","name":"Tel\u00e9fono Gratuito Active \u25b7Atenci\u00f3n Cliente, Email, RRSS, Web","isPartOf":{"@id":"https:\/\/idecesos.com\/seguros\/#website"},"datePublished":"2021-11-25T10:17:30+00:00","dateModified":"2022-04-03T17:06:13+00:00","description":"Busca aqu\u00ed\u3010Active seguros tel\u00e9fono gratuito\u3011Active Decesos tel\u00e9fono gratis: atenci\u00f3n al cliente y contrataciones \u2611\ufe0fVerificado en 2026","breadcrumb":{"@id":"https:\/\/idecesos.com\/seguros\/companias\/active\/telefono\/#breadcrumb"},"inLanguage":"es","potentialAction":[{"@type":"ReadAction","target":["https:\/\/idecesos.com\/seguros\/companias\/active\/telefono\/"]}]},{"@type":"BreadcrumbList","@id":"https:\/\/idecesos.com\/seguros\/companias\/active\/telefono\/#breadcrumb","itemListElement":[{"@type":"ListItem","position":1,"name":"Portada","item":"https:\/\/idecesos.com\/seguros\/"},{"@type":"ListItem","position":2,"name":"Compa\u00f1\u00edas de Seguros de Decesos en Espa\u00f1a","item":"https:\/\/idecesos.com\/seguros\/companias\/"},{"@type":"ListItem","position":3,"name":"Seguro de Decesos Active","item":"https:\/\/idecesos.com\/seguros\/companias\/active\/"},{"@type":"ListItem","position":4,"name":"Atenci\u00f3n al cliente Active: telefono gratuito, e-mail"}]},{"@type":"WebSite","@id":"https:\/\/idecesos.com\/seguros\/#website","url":"https:\/\/idecesos.com\/seguros\/","name":"","description":"","potentialAction":[{"@type":"SearchAction","target":{"@type":"EntryPoint","urlTemplate":"https:\/\/idecesos.com\/seguros\/?s={search_term_string}"},"query-input":{"@type":"PropertyValueSpecification","valueRequired":true,"valueName":"search_term_string"}}],"inLanguage":"es"}]}},"_links":{"self":[{"href":"https:\/\/idecesos.com\/seguros\/wp-json\/wp\/v2\/pages\/15402","targetHints":{"allow":["GET"]}}],"collection":[{"href":"https:\/\/idecesos.com\/seguros\/wp-json\/wp\/v2\/pages"}],"about":[{"href":"https:\/\/idecesos.com\/seguros\/wp-json\/wp\/v2\/types\/page"}],"author":[{"embeddable":true,"href":"https:\/\/idecesos.com\/seguros\/wp-json\/wp\/v2\/users\/1"}],"replies":[{"embeddable":true,"href":"https:\/\/idecesos.com\/seguros\/wp-json\/wp\/v2\/comments?post=15402"}],"version-history":[{"count":8,"href":"https:\/\/idecesos.com\/seguros\/wp-json\/wp\/v2\/pages\/15402\/revisions"}],"predecessor-version":[{"id":20917,"href":"https:\/\/idecesos.com\/seguros\/wp-json\/wp\/v2\/pages\/15402\/revisions\/20917"}],"up":[{"embeddable":true,"href":"https:\/\/idecesos.com\/seguros\/wp-json\/wp\/v2\/pages\/213"}],"wp:attachment":[{"href":"https:\/\/idecesos.com\/seguros\/wp-json\/wp\/v2\/media?parent=15402"}],"curies":[{"name":"wp","href":"https:\/\/api.w.org\/{rel}","templated":true}]}}