{"id":15429,"date":"2021-11-26T09:13:01","date_gmt":"2021-11-25T10:17:44","guid":{"rendered":"https:\/\/idecesos.com\/seguros\/companias\/universal\/telefono\/"},"modified":"2024-12-11T13:45:59","modified_gmt":"2024-12-11T12:45:59","slug":"telefono","status":"publish","type":"page","link":"https:\/\/idecesos.com\/seguros\/companias\/universal\/telefono\/","title":{"rendered":"Atenci\u00f3n al cliente Seguro Universal Decesos: telefono gratuito, e-mail"},"content":{"rendered":"<div id=\"ez-toc-container\" class=\"ez-toc-v2_0_82_2 ez-toc-wrap-center counter-hierarchy ez-toc-counter ez-toc-custom ez-toc-container-direction\">\n<div class=\"ez-toc-title-container\">\n<p class=\"ez-toc-title\" style=\"cursor:inherit\">Tabla de Contenido<\/p>\n<span class=\"ez-toc-title-toggle\"><a href=\"#\" class=\"ez-toc-pull-right ez-toc-btn ez-toc-btn-xs ez-toc-btn-default ez-toc-toggle\" aria-label=\"Alternar tabla de contenidos\"><span class=\"ez-toc-js-icon-con\"><span class=\"\"><span class=\"eztoc-hide\" style=\"display:none;\">Toggle<\/span><span class=\"ez-toc-icon-toggle-span\"><svg style=\"fill: #db6415;color:#db6415\" xmlns=\"http:\/\/www.w3.org\/2000\/svg\" class=\"list-377408\" width=\"20px\" height=\"20px\" viewBox=\"0 0 24 24\" fill=\"none\"><path d=\"M6 6H4v2h2V6zm14 0H8v2h12V6zM4 11h2v2H4v-2zm16 0H8v2h12v-2zM4 16h2v2H4v-2zm16 0H8v2h12v-2z\" fill=\"currentColor\"><\/path><\/svg><svg style=\"fill: #db6415;color:#db6415\" class=\"arrow-unsorted-368013\" xmlns=\"http:\/\/www.w3.org\/2000\/svg\" width=\"10px\" height=\"10px\" viewBox=\"0 0 24 24\" version=\"1.2\" baseProfile=\"tiny\"><path d=\"M18.2 9.3l-6.2-6.3-6.2 6.3c-.2.2-.3.4-.3.7s.1.5.3.7c.2.2.4.3.7.3h11c.3 0 .5-.1.7-.3.2-.2.3-.5.3-.7s-.1-.5-.3-.7zM5.8 14.7l6.2 6.3 6.2-6.3c.2-.2.3-.5.3-.7s-.1-.5-.3-.7c-.2-.2-.4-.3-.7-.3h-11c-.3 0-.5.1-.7.3-.2.2-.3.5-.3.7s.1.5.3.7z\"\/><\/svg><\/span><\/span><\/span><\/a><\/span><\/div>\n<nav><ul class='ez-toc-list ez-toc-list-level-1 ' ><ul class='ez-toc-list-level-4' ><li class='ez-toc-heading-level-4'><ul class='ez-toc-list-level-4' ><li class='ez-toc-heading-level-4'><a class=\"ez-toc-link ez-toc-heading-1\" href=\"https:\/\/idecesos.com\/seguros\/companias\/universal\/telefono\/#Telefono_Contrataciones_951_127_403\" >Tel\u00e9fono Contrataciones \n951 127 403<\/a><\/li><\/ul><\/li><\/ul><\/li><li class='ez-toc-page-1 ez-toc-heading-level-2'><a class=\"ez-toc-link ez-toc-heading-2\" href=\"https:\/\/idecesos.com\/seguros\/companias\/universal\/telefono\/#%C2%BFComo_contactar_con_Seguro_Universal_Decesos\" >\u00bfC\u00f3mo contactar con Seguro Universal Decesos?<\/a><ul class='ez-toc-list-level-3' ><li class='ez-toc-heading-level-3'><a class=\"ez-toc-link ez-toc-heading-3\" href=\"https:\/\/idecesos.com\/seguros\/companias\/universal\/telefono\/#Telefono_gratuito_de_Seguro_Universal_Decesos\" >Tel\u00e9fono gratuito de Seguro Universal Decesos<\/a><\/li><li class='ez-toc-page-1 ez-toc-heading-level-3'><a class=\"ez-toc-link ez-toc-heading-4\" href=\"https:\/\/idecesos.com\/seguros\/companias\/universal\/telefono\/#Horario_de_atencion_al_cliente_de_Seguro_Universal_Decesos\" >Horario de atenci\u00f3n al cliente de Seguro Universal Decesos<\/a><\/li><li class='ez-toc-page-1 ez-toc-heading-level-3'><a class=\"ez-toc-link ez-toc-heading-5\" href=\"https:\/\/idecesos.com\/seguros\/companias\/universal\/telefono\/#Correo_electronico_de_Seguro_Universal_Decesos\" >Correo electr\u00f3nico de Seguro Universal Decesos<\/a><\/li><li class='ez-toc-page-1 ez-toc-heading-level-3'><a class=\"ez-toc-link ez-toc-heading-6\" href=\"https:\/\/idecesos.com\/seguros\/companias\/universal\/telefono\/#Formulario_en_el_sitio_Web_de_Seguro_Universal_Decesos\" >Formulario en el sitio Web de Seguro Universal Decesos<\/a><\/li><li class='ez-toc-page-1 ez-toc-heading-level-3'><a class=\"ez-toc-link ez-toc-heading-7\" href=\"https:\/\/idecesos.com\/seguros\/companias\/universal\/telefono\/#Redes_sociales_de_Seguro_Universal_Decesos\" >Redes sociales de Seguro Universal Decesos<\/a><\/li><li class='ez-toc-page-1 ez-toc-heading-level-3'><a class=\"ez-toc-link ez-toc-heading-8\" href=\"https:\/\/idecesos.com\/seguros\/companias\/universal\/telefono\/#Paginas_relacionadas\" >P\u00e1ginas relacionadas<\/a><\/li><\/ul><\/li><\/ul><\/nav><\/div>\n\n<div class=\"caja\">\n<div class=\"cajaIcono2 \"  ><div class=\"cuadro\" style=\"box-shadow: inset 0 0 0 3px #ff790e\"><div class=\"iconoCircular\" style=\"border: 3px solid #ff790e\">\t\t\n\t\t\t\t\t<div class=\"iconoCirculo\">\n\t\t\t\t\t  <i class=\"fas fa-phone-volume\"><\/i>\n\t\t\t\t\t<\/div>\n\t\t\t\t<\/div><div class=\"\">\n<h4 style=\"text-align: center;\"><span class=\"ez-toc-section\" id=\"Telefono_Contrataciones_951_127_403\"><\/span><strong>Tel\u00e9fono Contrataciones<br \/>\n951 127 403<\/strong><span class=\"ez-toc-section-end\"><\/span><\/h4>\n<p><\/div><\/div><\/div><br \/>\nSeguro Universal Decesos le proporciona m\u00faltiples opciones para que pueda ponerse en contacto con la compa\u00f1\u00eda, y as\u00ed poder solucionar sus dudas, consultar sus inquietudes y consultar sobre su seguro de decesos. Escogido el m\u00e9todo que m\u00e1s me amolde a usted, un agente especialista en el tema le va a ayudar con todas y cada una de las dudas y cuestiones que tenga sobre sus coberturas contratadas. Gastos ambiente al ata\u00fad y la sanidad, la posibilidad de conservar el ADN, el coste de la corona, el tanatorio y la necrol\u00f3gica&#8230; y muchos otros factores en los que necesite su ayuda. La Seguro Universal Decesos se ocupar\u00e1 de ver la situaci\u00f3n en la que se encuentre su familia para que todo est\u00e9 en regla y no deban preocuparse por nada en ese instante tan duro como es la p\u00e9rdida de un ser querido.<br \/>\n<\/div><\/p>\n<div class=\"colorf \"  ><div class=\"container clearfix\"><div class=\"col-md-7\"><\/p>\n<h2><span class=\"ez-toc-section\" id=\"%C2%BFComo_contactar_con_Seguro_Universal_Decesos\"><\/span>\u00bfC\u00f3mo contactar con Seguro Universal Decesos?<span class=\"ez-toc-section-end\"><\/span><\/h2>\n<p>Para favorecer la comunicaci\u00f3n con los especialistas, Seguro Universal Decesos tiene habilitada las siguientes opciones gratuitas: tel\u00e9fono de contacto y servicio de atenci\u00f3n al cliente, p\u00e1gina con un formulario a rellenar, mensajes mediante un mail y\/o redes sociales.<br \/>\n<\/div><\/div><\/div>\n<h3><span class=\"ez-toc-section\" id=\"Telefono_gratuito_de_Seguro_Universal_Decesos\"><\/span>Tel\u00e9fono gratuito de Seguro Universal Decesos<span class=\"ez-toc-section-end\"><\/span><\/h3>\n<p>Este es el tel\u00e9fono de contacto <strong>Tel\u00e9fono Seguro Universal Decesos<\/strong>. Seguro Universal Decesos ha pensado en t\u00ed y en tu tiempo. Es precisamente por esto que te presta este servicio veloz y eficaz donde sus agentes expertos en estos temas te ayudar\u00e1n a resolver tus dudas y cuestiones. Es esencial saber que la llamada no acarrear\u00e1 ning\u00fan tipo de costo, es indiferente el tiempo que transcurra desde el comienzo hasta el final. Un especialista en seguro de decesos le atender\u00e1 para que pueda solucionar todas sus dudas y as\u00ed quedar satisfecho con su llamada.<br \/>\n<div class=\"colorf\"><div class=\"container clearfix\"><div class=\"col-md-7\"><\/p>\n<div class=\"cabecera_tabla_ajustada \"  style=\"width:80%\" ><div class=\"row\"><\/div>\n<div class=\"fila_tabla4 \"  ><div class=\"row\"><div class=\"col-8 nosepara izq\"><p><strong>Tel\u00e9fono para contrataciones<\/strong><\/p><\/div><div class=\"col-4 nosepara centro\">951 127 403<\/div><\/div><\/div>\n<div class=\"pie_tabla \"  ><div class=\"row\"><div class=\"col-12 \"><\/div><\/div><\/div><\/div>\n<\/div><\/div><\/div>\n<h3><span class=\"ez-toc-section\" id=\"Horario_de_atencion_al_cliente_de_Seguro_Universal_Decesos\"><\/span>Horario de atenci\u00f3n al cliente de Seguro Universal Decesos<span class=\"ez-toc-section-end\"><\/span><\/h3>\n<p>Al no saber la disponibilidad de las personas, Seguro Universal Decesos tiene a su predisposici\u00f3n un horario, de ma\u00f1ana y de tarde, a fin de que puedas ponerte en contacto. El personal expondr\u00e1 toda su experiencia, conocimientos y confianza para su satisfacci\u00f3n. As\u00ed, ser\u00e1 m\u00e1s sencillo el contacto directo con la empresa. Podr\u00e1 resolver las distintas dudas que le broten sobre su posible o bien deseado seguro de decesos en exactamente el mismo instante, sosteniendo una charla fluida con el especialista. El horario de atenci\u00f3n al usuario que brinda Seguro Universal Decesos es: <strong>horario Seguro Universal Decesos<\/strong><br \/>\n<div class=\"colorf\"><div class=\"container clearfix\"><div class=\"col-md-7\"><\/p>\n<h3><span class=\"ez-toc-section\" id=\"Correo_electronico_de_Seguro_Universal_Decesos\"><\/span>Correo electr\u00f3nico de Seguro Universal Decesos<span class=\"ez-toc-section-end\"><\/span><\/h3>\n<p>Hoy en d\u00eda, nuestra sociedad est\u00e1 sumergida en el planeta de Internet. La poblaci\u00f3n es siendo consciente de ello, por lo que tienen en su poder perfiles en diferentes plataformas como Hotmail, Gmail\u2026 Seguro Universal Decesos no se queda atr\u00e1s, tiene a su disposici\u00f3n el siguiente e-mail <strong>email Seguro Universal Decesos<\/strong>. La rapidez y sencillez de este servicio para percibir y enviar informaci\u00f3n hace que cualquier consulta que tenga sobre su seguro de decesos llegue a un profesional del sector. Este se va a poner de nuevo en contacto con usted para resolverle sus dudas con un lenguaje claro y sucinto.<br \/>\n<\/div><\/div><\/div><\/p>\n<h3><span class=\"ez-toc-section\" id=\"Formulario_en_el_sitio_Web_de_Seguro_Universal_Decesos\"><\/span>Formulario en el sitio Web de Seguro Universal Decesos<span class=\"ez-toc-section-end\"><\/span><\/h3>\n<p>Internet hoy d\u00eda es la herramienta m\u00e1s utilizada en la vida rutinaria de la gente. Su simpleza se ha convertido en \u00e9xito. Con teclear una palabra o bien frase encontrar\u00e1s millones de resultados relacionados con su busca. Con solo poner en Google <strong>www.mapfre.es\/<\/strong> va a acceder facilmente a la web de Seguro Universal Decesos. En esta p\u00e1gina hallar\u00e1 toda la informaci\u00f3n que busca sobre el seguro de decesos de Seguro Universal Decesos donde pordr\u00e1 ver los servicios, costes, ventajas&#8230; que ofrecen a fin de que se pueda hacer una idea. La compa\u00f1\u00eda aseguradora te facilita un usuario que podr\u00e1 rellenar f\u00e1cilmente poniendo a su disposic\u00f3n su nombre y apellidos, mail, tel\u00e9fono, etc. Finalizado dicho formulario, un agente de Seguro Universal Decesos se va a poner en contacto con usted cuanto antes para resolver sus dudas.<br \/>\n<div class=\"colorf\"><div class=\"container clearfix\"><div class=\"col-md-7\"><\/p>\n<h3><span class=\"ez-toc-section\" id=\"Redes_sociales_de_Seguro_Universal_Decesos\"><\/span>Redes sociales de Seguro Universal Decesos<span class=\"ez-toc-section-end\"><\/span><\/h3>\n<p>La mayor\u00eda de la poblaci\u00f3n tiene creados perfiles en plataformas de redes sociales como Fb, Twitter o bien Instagram. Seguro Universal Decesos no iba a ser menos. Saber qui\u00e9nes forman parte de la empresa, contactar o bien encontrar informaci\u00f3n va a poder hacerlo a trav\u00e9s de sus plataformas libres. Con el simple acto de teclear el nombre de la compa\u00f1\u00eda, le aparecer\u00e1 el perfil y tendr\u00e1 acceso a dicha informaci\u00f3n. En \u00e9l va a poder ver im\u00e1genes, la localizaci\u00f3n de la sede oficial, el enlace de la p\u00e1gina web pertinente, si existe alguna oferta dispobible e, aun, puede ponerse en contacto mediante dicha plataforma, sin precisar llamar o enviar un e mail en ese mismo instante si no le es posible.<br \/>\n<\/div><\/div><\/div><\/p>\n<\/div>\n<p><div class=\"oficinas\"> <h3><span class=\"ez-toc-section\" id=\"Paginas_relacionadas\"><\/span>P\u00e1ginas relacionadas<span class=\"ez-toc-section-end\"><\/span><\/h3><div class=\"enlazado\"><ul> <li><a href=\"https:\/\/idecesos.com\/seguros\/companias\/universal\/opiniones\/\">Opiniones Universal<\/a><\/li> <li><a href=\"https:\/\/idecesos.com\/seguros\/companias\/universal\/pago-unico\/\">Seguro de Decesos Universal: Pago \u00danico<\/a><\/li> <li><a href=\"https:\/\/idecesos.com\/seguros\/companias\/universal\/precio\/\">Precio seguro Universal Decesos<\/a><\/li> <li><a href=\"https:\/\/idecesos.com\/seguros\/companias\/universal\/prima-mixta\/\">Seguro Universal Decesos Prima Mixta<\/a><\/li> <li><a href=\"https:\/\/idecesos.com\/seguros\/companias\/universal\/prima-natural\/\">Seguro Universal Decesos Prima Natural<\/a><\/li> <li><a href=\"https:\/\/idecesos.com\/seguros\/companias\/universal\/prima-nivelada\/\">Seguro Universal Decesos Prima Nivelada<\/a><\/li> <li><a href=\"https:\/\/idecesos.com\/seguros\/companias\/universal\/prima-unica\/\">Seguro Universal Decesos Prima \u00danica<\/a><\/li> <li><a href=\"https:\/\/idecesos.com\/seguros\/companias\/universal\/repatriacion\/\">Seguro Universal Decesos Repatriaci\u00f3n<\/a><\/li> <li><a href=\"https:\/\/idecesos.com\/seguros\/companias\/universal\/telefono\/\">Tel\u00e9fono Gratuito Seguro Universal Decesos<\/a><\/li>                                                                                                                                                                                                                                                                                                                                                                                                                                                                                                                                                                                                                                                                                                                                                                                                                                                                                                                                                                                                                                                                                                                                                                                                                                                                                                                                                                                                                                                                                                                                                                                                                                                                                                                                                                                                                                                                                                                                                                                                                                                                                                                                                                                                                                                                                                                                                                                                                                                                                                                                                                                                                                                                                                                                                                                                                                                                                                                                                                                                                                                                                                                             <\/ul><\/div> <\/div><\/p>\n","protected":false},"excerpt":{"rendered":"<p>Seguro Universal Decesos le proporciona m\u00faltiples opciones para que pueda ponerse en contacto con la compa\u00f1\u00eda, y as\u00ed poder solucionar sus dudas, consultar sus inquietudes y consultar sobre su seguro de decesos. Escogido el m\u00e9todo que m\u00e1s me amolde a usted, un agente especialista en el tema le va a ayudar con todas y cada&hellip; <\/p>\n","protected":false},"author":1,"featured_media":0,"parent":853,"menu_order":0,"comment_status":"closed","ping_status":"closed","template":"single.php","meta":{"footnotes":""},"class_list":["post-15429","page","type-page","status-publish","hentry"],"yoast_head":"<!-- This site is optimized with the Yoast SEO plugin v27.5 - https:\/\/yoast.com\/product\/yoast-seo-wordpress\/ -->\n<title>Tel\u00e9fono Gratuito Seguro Universal Decesos \u25b7Atenci\u00f3n Cliente, Email, RRSS, Web<\/title>\n<meta name=\"description\" content=\"Busca aqu\u00ed\u3010Seguro Universal Decesos seguros tel\u00e9fono gratuito\u3011Seguro Universal Decesos Decesos tel\u00e9fono gratis: atenci\u00f3n al cliente y contrataciones \u2611\ufe0fVerificado en 2026\" \/>\n<meta name=\"robots\" content=\"index, follow, max-snippet:-1, max-image-preview:large, max-video-preview:-1\" \/>\n<link rel=\"canonical\" href=\"https:\/\/idecesos.com\/seguros\/companias\/universal\/telefono\/\" \/>\n<meta property=\"og:locale\" content=\"es_ES\" \/>\n<meta property=\"og:type\" content=\"article\" \/>\n<meta property=\"og:title\" content=\"Tel\u00e9fono Gratuito Seguro Universal Decesos \u25b7Atenci\u00f3n Cliente, Email, RRSS, Web\" \/>\n<meta property=\"og:description\" content=\"Busca aqu\u00ed\u3010Seguro Universal Decesos seguros tel\u00e9fono gratuito\u3011Seguro Universal Decesos Decesos tel\u00e9fono gratis: atenci\u00f3n al cliente y contrataciones \u2611\ufe0fVerificado en 2026\" \/>\n<meta property=\"og:url\" content=\"https:\/\/idecesos.com\/seguros\/companias\/universal\/telefono\/\" \/>\n<meta property=\"article:modified_time\" content=\"2024-12-11T12:45:59+00:00\" \/>\n<meta name=\"twitter:card\" content=\"summary_large_image\" \/>\n<meta name=\"twitter:label1\" content=\"Tiempo de lectura\" \/>\n\t<meta name=\"twitter:data1\" content=\"4 minutos\" \/>\n<script type=\"application\/ld+json\" class=\"yoast-schema-graph\">{\"@context\":\"https:\\\/\\\/schema.org\",\"@graph\":[{\"@type\":\"WebPage\",\"@id\":\"https:\\\/\\\/idecesos.com\\\/seguros\\\/companias\\\/universal\\\/telefono\\\/\",\"url\":\"https:\\\/\\\/idecesos.com\\\/seguros\\\/companias\\\/universal\\\/telefono\\\/\",\"name\":\"Tel\u00e9fono Gratuito Seguro Universal Decesos \u25b7Atenci\u00f3n Cliente, Email, RRSS, Web\",\"isPartOf\":{\"@id\":\"https:\\\/\\\/idecesos.com\\\/seguros\\\/#website\"},\"datePublished\":\"2021-11-25T10:17:44+00:00\",\"dateModified\":\"2024-12-11T12:45:59+00:00\",\"description\":\"Busca aqu\u00ed\u3010Seguro Universal Decesos seguros tel\u00e9fono gratuito\u3011Seguro Universal Decesos Decesos tel\u00e9fono gratis: atenci\u00f3n al cliente y contrataciones \u2611\ufe0fVerificado en 2026\",\"breadcrumb\":{\"@id\":\"https:\\\/\\\/idecesos.com\\\/seguros\\\/companias\\\/universal\\\/telefono\\\/#breadcrumb\"},\"inLanguage\":\"es\",\"potentialAction\":[{\"@type\":\"ReadAction\",\"target\":[\"https:\\\/\\\/idecesos.com\\\/seguros\\\/companias\\\/universal\\\/telefono\\\/\"]}]},{\"@type\":\"BreadcrumbList\",\"@id\":\"https:\\\/\\\/idecesos.com\\\/seguros\\\/companias\\\/universal\\\/telefono\\\/#breadcrumb\",\"itemListElement\":[{\"@type\":\"ListItem\",\"position\":1,\"name\":\"Portada\",\"item\":\"https:\\\/\\\/idecesos.com\\\/seguros\\\/\"},{\"@type\":\"ListItem\",\"position\":2,\"name\":\"Compa\u00f1\u00edas de Seguros de Decesos en Espa\u00f1a\",\"item\":\"https:\\\/\\\/idecesos.com\\\/seguros\\\/companias\\\/\"},{\"@type\":\"ListItem\",\"position\":3,\"name\":\"Seguro de decesos Universal\",\"item\":\"https:\\\/\\\/idecesos.com\\\/seguros\\\/companias\\\/universal\\\/\"},{\"@type\":\"ListItem\",\"position\":4,\"name\":\"Atenci\u00f3n al cliente Seguro Universal Decesos: telefono gratuito, e-mail\"}]},{\"@type\":\"WebSite\",\"@id\":\"https:\\\/\\\/idecesos.com\\\/seguros\\\/#website\",\"url\":\"https:\\\/\\\/idecesos.com\\\/seguros\\\/\",\"name\":\"\",\"description\":\"\",\"potentialAction\":[{\"@type\":\"SearchAction\",\"target\":{\"@type\":\"EntryPoint\",\"urlTemplate\":\"https:\\\/\\\/idecesos.com\\\/seguros\\\/?s={search_term_string}\"},\"query-input\":{\"@type\":\"PropertyValueSpecification\",\"valueRequired\":true,\"valueName\":\"search_term_string\"}}],\"inLanguage\":\"es\"}]}<\/script>\n<!-- \/ Yoast SEO plugin. -->","yoast_head_json":{"title":"Tel\u00e9fono Gratuito Seguro Universal Decesos \u25b7Atenci\u00f3n Cliente, Email, RRSS, Web","description":"Busca aqu\u00ed\u3010Seguro Universal Decesos seguros tel\u00e9fono gratuito\u3011Seguro Universal Decesos Decesos tel\u00e9fono gratis: atenci\u00f3n al cliente y contrataciones \u2611\ufe0fVerificado en 2026","robots":{"index":"index","follow":"follow","max-snippet":"max-snippet:-1","max-image-preview":"max-image-preview:large","max-video-preview":"max-video-preview:-1"},"canonical":"https:\/\/idecesos.com\/seguros\/companias\/universal\/telefono\/","og_locale":"es_ES","og_type":"article","og_title":"Tel\u00e9fono Gratuito Seguro Universal Decesos \u25b7Atenci\u00f3n Cliente, Email, RRSS, Web","og_description":"Busca aqu\u00ed\u3010Seguro Universal Decesos seguros tel\u00e9fono gratuito\u3011Seguro Universal Decesos Decesos tel\u00e9fono gratis: atenci\u00f3n al cliente y contrataciones \u2611\ufe0fVerificado en 2026","og_url":"https:\/\/idecesos.com\/seguros\/companias\/universal\/telefono\/","article_modified_time":"2024-12-11T12:45:59+00:00","twitter_card":"summary_large_image","twitter_misc":{"Tiempo de lectura":"4 minutos"},"schema":{"@context":"https:\/\/schema.org","@graph":[{"@type":"WebPage","@id":"https:\/\/idecesos.com\/seguros\/companias\/universal\/telefono\/","url":"https:\/\/idecesos.com\/seguros\/companias\/universal\/telefono\/","name":"Tel\u00e9fono Gratuito Seguro Universal Decesos \u25b7Atenci\u00f3n Cliente, Email, RRSS, Web","isPartOf":{"@id":"https:\/\/idecesos.com\/seguros\/#website"},"datePublished":"2021-11-25T10:17:44+00:00","dateModified":"2024-12-11T12:45:59+00:00","description":"Busca aqu\u00ed\u3010Seguro Universal Decesos seguros tel\u00e9fono gratuito\u3011Seguro Universal Decesos Decesos tel\u00e9fono gratis: atenci\u00f3n al cliente y contrataciones \u2611\ufe0fVerificado en 2026","breadcrumb":{"@id":"https:\/\/idecesos.com\/seguros\/companias\/universal\/telefono\/#breadcrumb"},"inLanguage":"es","potentialAction":[{"@type":"ReadAction","target":["https:\/\/idecesos.com\/seguros\/companias\/universal\/telefono\/"]}]},{"@type":"BreadcrumbList","@id":"https:\/\/idecesos.com\/seguros\/companias\/universal\/telefono\/#breadcrumb","itemListElement":[{"@type":"ListItem","position":1,"name":"Portada","item":"https:\/\/idecesos.com\/seguros\/"},{"@type":"ListItem","position":2,"name":"Compa\u00f1\u00edas de Seguros de Decesos en Espa\u00f1a","item":"https:\/\/idecesos.com\/seguros\/companias\/"},{"@type":"ListItem","position":3,"name":"Seguro de decesos Universal","item":"https:\/\/idecesos.com\/seguros\/companias\/universal\/"},{"@type":"ListItem","position":4,"name":"Atenci\u00f3n al cliente Seguro Universal Decesos: telefono gratuito, e-mail"}]},{"@type":"WebSite","@id":"https:\/\/idecesos.com\/seguros\/#website","url":"https:\/\/idecesos.com\/seguros\/","name":"","description":"","potentialAction":[{"@type":"SearchAction","target":{"@type":"EntryPoint","urlTemplate":"https:\/\/idecesos.com\/seguros\/?s={search_term_string}"},"query-input":{"@type":"PropertyValueSpecification","valueRequired":true,"valueName":"search_term_string"}}],"inLanguage":"es"}]}},"_links":{"self":[{"href":"https:\/\/idecesos.com\/seguros\/wp-json\/wp\/v2\/pages\/15429","targetHints":{"allow":["GET"]}}],"collection":[{"href":"https:\/\/idecesos.com\/seguros\/wp-json\/wp\/v2\/pages"}],"about":[{"href":"https:\/\/idecesos.com\/seguros\/wp-json\/wp\/v2\/types\/page"}],"author":[{"embeddable":true,"href":"https:\/\/idecesos.com\/seguros\/wp-json\/wp\/v2\/users\/1"}],"replies":[{"embeddable":true,"href":"https:\/\/idecesos.com\/seguros\/wp-json\/wp\/v2\/comments?post=15429"}],"version-history":[{"count":6,"href":"https:\/\/idecesos.com\/seguros\/wp-json\/wp\/v2\/pages\/15429\/revisions"}],"predecessor-version":[{"id":21056,"href":"https:\/\/idecesos.com\/seguros\/wp-json\/wp\/v2\/pages\/15429\/revisions\/21056"}],"up":[{"embeddable":true,"href":"https:\/\/idecesos.com\/seguros\/wp-json\/wp\/v2\/pages\/853"}],"wp:attachment":[{"href":"https:\/\/idecesos.com\/seguros\/wp-json\/wp\/v2\/media?parent=15429"}],"curies":[{"name":"wp","href":"https:\/\/api.w.org\/{rel}","templated":true}]}}