{"id":15432,"date":"2021-11-26T09:13:02","date_gmt":"2021-11-25T10:17:46","guid":{"rendered":"https:\/\/idecesos.com\/seguros\/companias\/eterna\/telefono\/"},"modified":"2022-03-30T01:04:37","modified_gmt":"2022-03-30T01:04:37","slug":"telefono","status":"publish","type":"page","link":"https:\/\/idecesos.com\/seguros\/companias\/eterna\/telefono\/","title":{"rendered":"Atenci\u00f3n al cliente Eterna: telefono gratuito, e-mail"},"content":{"rendered":"<div id=\"ez-toc-container\" class=\"ez-toc-v2_0_82_2 ez-toc-wrap-center counter-hierarchy ez-toc-counter ez-toc-custom ez-toc-container-direction\">\n<div class=\"ez-toc-title-container\">\n<p class=\"ez-toc-title\" style=\"cursor:inherit\">Tabla de Contenido<\/p>\n<span class=\"ez-toc-title-toggle\"><a href=\"#\" class=\"ez-toc-pull-right ez-toc-btn ez-toc-btn-xs ez-toc-btn-default ez-toc-toggle\" aria-label=\"Alternar tabla de contenidos\"><span class=\"ez-toc-js-icon-con\"><span class=\"\"><span class=\"eztoc-hide\" style=\"display:none;\">Toggle<\/span><span class=\"ez-toc-icon-toggle-span\"><svg style=\"fill: #db6415;color:#db6415\" xmlns=\"http:\/\/www.w3.org\/2000\/svg\" class=\"list-377408\" width=\"20px\" height=\"20px\" viewBox=\"0 0 24 24\" fill=\"none\"><path d=\"M6 6H4v2h2V6zm14 0H8v2h12V6zM4 11h2v2H4v-2zm16 0H8v2h12v-2zM4 16h2v2H4v-2zm16 0H8v2h12v-2z\" fill=\"currentColor\"><\/path><\/svg><svg style=\"fill: #db6415;color:#db6415\" class=\"arrow-unsorted-368013\" xmlns=\"http:\/\/www.w3.org\/2000\/svg\" width=\"10px\" height=\"10px\" viewBox=\"0 0 24 24\" version=\"1.2\" baseProfile=\"tiny\"><path d=\"M18.2 9.3l-6.2-6.3-6.2 6.3c-.2.2-.3.4-.3.7s.1.5.3.7c.2.2.4.3.7.3h11c.3 0 .5-.1.7-.3.2-.2.3-.5.3-.7s-.1-.5-.3-.7zM5.8 14.7l6.2 6.3 6.2-6.3c.2-.2.3-.5.3-.7s-.1-.5-.3-.7c-.2-.2-.4-.3-.7-.3h-11c-.3 0-.5.1-.7.3-.2.2-.3.5-.3.7s.1.5.3.7z\"\/><\/svg><\/span><\/span><\/span><\/a><\/span><\/div>\n<nav><ul class='ez-toc-list ez-toc-list-level-1 ' ><ul class='ez-toc-list-level-4' ><li class='ez-toc-heading-level-4'><ul class='ez-toc-list-level-4' ><li class='ez-toc-heading-level-4'><a class=\"ez-toc-link ez-toc-heading-1\" href=\"https:\/\/idecesos.com\/seguros\/companias\/eterna\/telefono\/#Telefono_Contrataciones_951_127_403\" >Tel\u00e9fono Contrataciones \n951 127 403<\/a><\/li><\/ul><\/li><\/ul><\/li><li class='ez-toc-page-1 ez-toc-heading-level-2'><a class=\"ez-toc-link ez-toc-heading-2\" href=\"https:\/\/idecesos.com\/seguros\/companias\/eterna\/telefono\/#%C2%BFComo_contactar_con_Eterna\" >\u00bfC\u00f3mo contactar con Eterna?<\/a><ul class='ez-toc-list-level-3' ><li class='ez-toc-heading-level-3'><a class=\"ez-toc-link ez-toc-heading-3\" href=\"https:\/\/idecesos.com\/seguros\/companias\/eterna\/telefono\/#Telefono_gratuito_de_Eterna\" >Tel\u00e9fono gratuito de Eterna<\/a><\/li><li class='ez-toc-page-1 ez-toc-heading-level-3'><a class=\"ez-toc-link ez-toc-heading-4\" href=\"https:\/\/idecesos.com\/seguros\/companias\/eterna\/telefono\/#Horario_de_atencion_al_cliente_de_Eterna\" >Horario de atenci\u00f3n al cliente de Eterna<\/a><\/li><li class='ez-toc-page-1 ez-toc-heading-level-3'><a class=\"ez-toc-link ez-toc-heading-5\" href=\"https:\/\/idecesos.com\/seguros\/companias\/eterna\/telefono\/#Correo_electronico_de_Eterna\" >Correo electr\u00f3nico de Eterna<\/a><\/li><li class='ez-toc-page-1 ez-toc-heading-level-3'><a class=\"ez-toc-link ez-toc-heading-6\" href=\"https:\/\/idecesos.com\/seguros\/companias\/eterna\/telefono\/#Formulario_en_el_sitio_Web_de_Eterna\" >Formulario en el sitio Web de Eterna<\/a><\/li><li class='ez-toc-page-1 ez-toc-heading-level-3'><a class=\"ez-toc-link ez-toc-heading-7\" href=\"https:\/\/idecesos.com\/seguros\/companias\/eterna\/telefono\/#Redes_sociales_de_Eterna\" >Redes sociales de Eterna<\/a><\/li><li class='ez-toc-page-1 ez-toc-heading-level-3'><a class=\"ez-toc-link ez-toc-heading-8\" href=\"https:\/\/idecesos.com\/seguros\/companias\/eterna\/telefono\/#Paginas_relacionadas\" >P\u00e1ginas relacionadas<\/a><\/li><\/ul><\/li><\/ul><\/nav><\/div>\n\n<div class=\"caja\">\n<div class=\"cajaIcono2 \"  ><div class=\"cuadro\" style=\"box-shadow: inset 0 0 0 3px #ff790e\"><div class=\"iconoCircular\" style=\"border: 3px solid #ff790e\">\t\t\n\t\t\t\t\t<div class=\"iconoCirculo\">\n\t\t\t\t\t  <i class=\"fas fa-phone-volume\"><\/i>\n\t\t\t\t\t<\/div>\n\t\t\t\t<\/div><div class=\"\">\n<h4 style=\"text-align: center;\"><span class=\"ez-toc-section\" id=\"Telefono_Contrataciones_951_127_403\"><\/span><strong>Tel\u00e9fono Contrataciones<br \/>\n951 127 403<\/strong><span class=\"ez-toc-section-end\"><\/span><\/h4>\n<p><\/div><\/div><\/div><br \/>\nEs alcanzable a todo aquel quiera, los m\u00e9todos de contacto que ofrece Eterna para poder encontrar la informaci\u00f3n necesaria de manera f\u00e1cil. Con todas , no va a tener la necesidad de desplazarse si no le es posible y, conseguir\u00e1 una r\u00e1pida y f\u00e1cil contestaci\u00f3n por la parte del asesor experto en seguros de decesos. Perder a un familiar o ser querido es una ocasi\u00f3n muy dura y complicada, con lo que todos y cada uno de los miembros de la compa\u00f1\u00eda respetar\u00e1n cada momento del proceso y, sobre todo, finalizar\u00e1n todos y cada uno de los tr\u00e1mites ya antes de la fecha. Estar\u00e1 a su predisposici\u00f3n toda la informaci\u00f3n precisa en torno a las coberturas de su seguro, como por poner un ejemplo, la ayuda sicol\u00f3gica que pueda percibir, diferentes servicios disponibles, el seguro bucal o bien de traslado, etc.<br \/>\n<\/div><\/p>\n<div class=\"colorf \"  ><div class=\"container clearfix\"><div class=\"col-md-7\"><\/p>\n<h2><span class=\"ez-toc-section\" id=\"%C2%BFComo_contactar_con_Eterna\"><\/span>\u00bfC\u00f3mo contactar con Eterna?<span class=\"ez-toc-section-end\"><\/span><\/h2>\n<p>Gratis, puede contactar con Eterna, enviando un email a la direcci\u00f3n de e mail que ofrecen, llamando al n\u00famero de contacto en horario de atenci\u00f3n al cliente, rellenando un formulario en su p\u00e1gina y a trav\u00e9s de los perfiles en sus redes sociales.<br \/>\n<\/div><\/div><\/div>\n<h3><span class=\"ez-toc-section\" id=\"Telefono_gratuito_de_Eterna\"><\/span>Tel\u00e9fono gratuito de Eterna<span class=\"ez-toc-section-end\"><\/span><\/h3>\n<p>El tel\u00e9fono de contacto que estar\u00e1 libre es totalmente gratis. La llamada efectuada por la parte del usuario o del profesional, no va a tener ning\u00fan costo, independientemente del tiempo que dure. Su seguro de decesos estar\u00e1 listo con una simple llamada. Una forma sencilla y pr\u00e1ctica que te facilita la vida a fin de que no tengas que preocuparte de nada y puedas hacerlo todo desde casa, siempre y en toda circunstancia acompa\u00f1ado de los mejores profesionales. La persona que le atienda va a ser un experto en el tema que tras concluir su charla va a haber resuelto todas las dudas y tambi\u00e9n inquietudes que tuviese. El n\u00famero es el: <strong>91 703 90 00.<\/strong><br \/>\n<div class=\"colorf\"><div class=\"container clearfix\"><div class=\"col-md-7\"><\/p>\n<div class=\"cabecera_tabla_ajustada \"  style=\"width:80%\" ><div class=\"row\"><\/div>\n<p><div class=\"fila_tabla4 \"  ><div class=\"row\"><div class=\"col-8 nosepara izq\"><p><strong>Tel\u00e9fono para contrataciones<\/strong><\/p><\/div><div class=\"col-4 nosepara centro\">951 127 403<\/div><\/div><\/div><div class=\"fila_tabla4 \"  ><div class=\"row\"><div class=\"col-8 nosepara izq\"><p><strong>Tel\u00e9fono informaci\u00f3n<\/strong><\/p><\/div><div class=\"col-4 nosepara centro\">900 32 00 32<\/div><\/div><\/div><\/p>\n<div class=\"pie_tabla \"  ><div class=\"row\"><div class=\"col-12 \"><\/div><\/div><\/div><\/div>\n<\/div><\/div><\/div>\n<h3><span class=\"ez-toc-section\" id=\"Horario_de_atencion_al_cliente_de_Eterna\"><\/span>Horario de atenci\u00f3n al cliente de Eterna<span class=\"ez-toc-section-end\"><\/span><\/h3>\n<p>Al cliente se le da por la parte de Eterna un horario flexible de atenci\u00f3n al usuario para que pueda resolver sus dudas. De esta manera va a poder llamar cuando pueda y sus agentes podr\u00e1n ayudarle. La persona con la que hable le atender\u00e1 con un lenguaje claro y sucinto a fin de que los servicios que demanden quede resueltos. Si usted lo precisa su llamada ser\u00e1 desviada a un agente especialista en seguro de decesos que le podr\u00e1 asistir con sus cuestiones y dudas sobre sus servicios contratados. Con la llamada finalizada ya habr\u00e1 recibido contestaci\u00f3n a sus preguntas y va a ser de su agrado el trato recibido por el agente.<br \/>\n<div class=\"colorf\"><div class=\"container clearfix\"><div class=\"col-md-7\"><\/p>\n<h3><span class=\"ez-toc-section\" id=\"Correo_electronico_de_Eterna\"><\/span>Correo electr\u00f3nico de Eterna<span class=\"ez-toc-section-end\"><\/span><\/h3>\n<p>En nuestros d\u00edas, nuestra sociedad se encuentra inmersa en el planeta de las nuevas tecnolog\u00edas y tambi\u00e9n internet. La poblaci\u00f3n es siendo consciente de ello, con lo que tienen en su poder perfiles en diferentes plataformas como Hotmail, Gmail\u2026 Eterna no se queda atr\u00e1s, tiene a su predisposici\u00f3n el pr\u00f3ximo correo electr\u00f3nico <strong>marketinginfo@eterna-aseguradora.es<\/strong>. Merced a la rapidez y sencillez de enviar un correo, los agentes de Eterna se van a poner en contacto con usted los m\u00e1s r\u00e1pido posible para resolverle sus dudas sobre su seguro de decesos y mandarle toda la informaci\u00f3n que necesite de la forma m\u00e1s clara y concisa que tengan a fin de que ella un buen comprensi\u00f3n por ambas partes.<br \/>\n<\/div><\/div><\/div><\/p>\n<h3><span class=\"ez-toc-section\" id=\"Formulario_en_el_sitio_Web_de_Eterna\"><\/span>Formulario en el sitio Web de Eterna<span class=\"ez-toc-section-end\"><\/span><\/h3>\n<p>Buscar en internet es la forma m\u00e1s sencilla y pr\u00e1ctica que tenemos en la actualidad para buscar informaci\u00f3n. Esto es de esta manera por la globalizaci\u00f3n de la plataforma y por el gran alance que tiene. Con lo que todo el planeta la emplea. Gracias al buscador, poniendo Eterna vas a poder hallar toda la informaci\u00f3n sobre su seguro de decesos en su p\u00e1gina web <strong>www.eterna-aseguradora.es\/es<\/strong>. La informaci\u00f3n que encontrar\u00e1s en su web te va a ser \u00fatil para informarte sobre los servicios que ofrecen, precios, ventajas y considerablemente m\u00e1s, a fin de que de esta forma tengas una idea clara de sus servicios. All\u00e1 va a poder localizar un apartado con un formulario que deber\u00e1 rellenar con sus datos a fin de que m\u00e1s tarde un agente se ponga en contacto con usted lo m\u00e1s r\u00e1pido posible para resolverle sus dudas sobre el tema que le haya preguntado.<br \/>\n<div class=\"colorf\"><div class=\"container clearfix\"><div class=\"col-md-7\"><\/p>\n<h3><span class=\"ez-toc-section\" id=\"Redes_sociales_de_Eterna\"><\/span>Redes sociales de Eterna<span class=\"ez-toc-section-end\"><\/span><\/h3>\n<p>Actualmente, redes sociales como Instagram, Facebook, Twitter o TikTok cubren un gran parte del tiempo de las personas es por ello que son herramientas que tienen una enorme difusi\u00f3n y alcance en todo el planeta. Su utilidad hace que las personas cuenten al menos con una de ellas o bien hasta con las cuatro. Eterna dispone de su perfil en ciertas de estas plataformas. Eterna comparte en sus redes sociales ofertas, im\u00e1genes, v\u00eddeos, links y mucho m\u00e1s a sus clientes que pueden disfrutar de todo ello con gran sencillez. Adem\u00e1s de esto, mediante puedes ponerte en contacto con Eterna sin la necesidad de telefonear, rellenar un formulario o enviar un mail.<br \/>\n<\/div><\/div><\/div><br \/>\n<\/div><\/p>\n<p><div class=\"oficinas\"> <h3><span class=\"ez-toc-section\" id=\"Paginas_relacionadas\"><\/span>P\u00e1ginas relacionadas<span class=\"ez-toc-section-end\"><\/span><\/h3><div class=\"enlazado\"><ul> <li><a href=\"https:\/\/idecesos.com\/seguros\/companias\/eterna\/opiniones\/\">Opiniones Eterna<\/a><\/li> <li><a href=\"https:\/\/idecesos.com\/seguros\/companias\/eterna\/precio\/\">Precio seguro Eterna<\/a><\/li> <li><a href=\"https:\/\/idecesos.com\/seguros\/companias\/eterna\/prima-mixta\/\">Eterna Prima Mixta<\/a><\/li> <li><a href=\"https:\/\/idecesos.com\/seguros\/companias\/eterna\/prima-natural\/\">Eterna Prima Natural<\/a><\/li> <li><a href=\"https:\/\/idecesos.com\/seguros\/companias\/eterna\/prima-nivelada\/\">Eterna Prima Nivelada<\/a><\/li> <li><a href=\"https:\/\/idecesos.com\/seguros\/companias\/eterna\/prima-unica\/\">Eterna Prima \u00danica<\/a><\/li> <li><a href=\"https:\/\/idecesos.com\/seguros\/companias\/eterna\/repatriacion\/\">Eterna Repatriaci\u00f3n<\/a><\/li> <li><a href=\"https:\/\/idecesos.com\/seguros\/companias\/eterna\/telefono\/\">Tel\u00e9fono Gratuito Eterna<\/a><\/li><\/ul><\/div> <\/div><\/p>\n","protected":false},"excerpt":{"rendered":"<p>Es alcanzable a todo aquel quiera, los m\u00e9todos de contacto que ofrece Eterna para poder encontrar la informaci\u00f3n necesaria de manera f\u00e1cil. Con todas , no va a tener la necesidad de desplazarse si no le es posible y, conseguir\u00e1 una r\u00e1pida y f\u00e1cil contestaci\u00f3n por la parte del asesor experto en seguros de decesos.&hellip; <\/p>\n","protected":false},"author":1,"featured_media":0,"parent":5997,"menu_order":0,"comment_status":"closed","ping_status":"closed","template":"single.php","meta":{"footnotes":""},"class_list":["post-15432","page","type-page","status-publish","hentry"],"yoast_head":"<!-- This site is optimized with the Yoast SEO plugin v27.3 - https:\/\/yoast.com\/product\/yoast-seo-wordpress\/ -->\n<title>Tel\u00e9fono Gratuito Eterna \u25b7Atenci\u00f3n Cliente, Email, RRSS, Web<\/title>\n<meta name=\"description\" content=\"Busca aqu\u00ed\u3010Eterna seguros tel\u00e9fono gratuito\u3011Eterna Decesos tel\u00e9fono gratis: atenci\u00f3n al cliente y contrataciones \u2611\ufe0fVerificado en 2026\" \/>\n<meta name=\"robots\" content=\"index, follow, max-snippet:-1, max-image-preview:large, max-video-preview:-1\" \/>\n<link rel=\"canonical\" href=\"https:\/\/idecesos.com\/seguros\/companias\/eterna\/telefono\/\" \/>\n<meta property=\"og:locale\" content=\"es_ES\" \/>\n<meta property=\"og:type\" content=\"article\" \/>\n<meta property=\"og:title\" content=\"Tel\u00e9fono Gratuito Eterna \u25b7Atenci\u00f3n Cliente, Email, RRSS, Web\" \/>\n<meta property=\"og:description\" content=\"Busca aqu\u00ed\u3010Eterna seguros tel\u00e9fono gratuito\u3011Eterna Decesos tel\u00e9fono gratis: atenci\u00f3n al cliente y contrataciones \u2611\ufe0fVerificado en 2026\" \/>\n<meta property=\"og:url\" content=\"https:\/\/idecesos.com\/seguros\/companias\/eterna\/telefono\/\" \/>\n<meta property=\"article:modified_time\" content=\"2022-03-30T01:04:37+00:00\" \/>\n<meta name=\"twitter:card\" content=\"summary_large_image\" \/>\n<meta name=\"twitter:label1\" content=\"Tiempo de lectura\" \/>\n\t<meta name=\"twitter:data1\" content=\"5 minutos\" \/>\n<script type=\"application\/ld+json\" class=\"yoast-schema-graph\">{\"@context\":\"https:\\\/\\\/schema.org\",\"@graph\":[{\"@type\":\"WebPage\",\"@id\":\"https:\\\/\\\/idecesos.com\\\/seguros\\\/companias\\\/eterna\\\/telefono\\\/\",\"url\":\"https:\\\/\\\/idecesos.com\\\/seguros\\\/companias\\\/eterna\\\/telefono\\\/\",\"name\":\"Tel\u00e9fono Gratuito Eterna \u25b7Atenci\u00f3n Cliente, Email, RRSS, Web\",\"isPartOf\":{\"@id\":\"https:\\\/\\\/idecesos.com\\\/seguros\\\/#website\"},\"datePublished\":\"2021-11-25T10:17:46+00:00\",\"dateModified\":\"2022-03-30T01:04:37+00:00\",\"description\":\"Busca aqu\u00ed\u3010Eterna seguros tel\u00e9fono gratuito\u3011Eterna Decesos tel\u00e9fono gratis: atenci\u00f3n al cliente y contrataciones \u2611\ufe0fVerificado en 2026\",\"breadcrumb\":{\"@id\":\"https:\\\/\\\/idecesos.com\\\/seguros\\\/companias\\\/eterna\\\/telefono\\\/#breadcrumb\"},\"inLanguage\":\"es\",\"potentialAction\":[{\"@type\":\"ReadAction\",\"target\":[\"https:\\\/\\\/idecesos.com\\\/seguros\\\/companias\\\/eterna\\\/telefono\\\/\"]}]},{\"@type\":\"BreadcrumbList\",\"@id\":\"https:\\\/\\\/idecesos.com\\\/seguros\\\/companias\\\/eterna\\\/telefono\\\/#breadcrumb\",\"itemListElement\":[{\"@type\":\"ListItem\",\"position\":1,\"name\":\"Portada\",\"item\":\"https:\\\/\\\/idecesos.com\\\/seguros\\\/\"},{\"@type\":\"ListItem\",\"position\":2,\"name\":\"Compa\u00f1\u00edas de Seguros de Decesos en Espa\u00f1a\",\"item\":\"https:\\\/\\\/idecesos.com\\\/seguros\\\/companias\\\/\"},{\"@type\":\"ListItem\",\"position\":3,\"name\":\"Seguro de Decesos Eterna\",\"item\":\"https:\\\/\\\/idecesos.com\\\/seguros\\\/companias\\\/eterna\\\/\"},{\"@type\":\"ListItem\",\"position\":4,\"name\":\"Atenci\u00f3n al cliente Eterna: telefono gratuito, e-mail\"}]},{\"@type\":\"WebSite\",\"@id\":\"https:\\\/\\\/idecesos.com\\\/seguros\\\/#website\",\"url\":\"https:\\\/\\\/idecesos.com\\\/seguros\\\/\",\"name\":\"\",\"description\":\"\",\"potentialAction\":[{\"@type\":\"SearchAction\",\"target\":{\"@type\":\"EntryPoint\",\"urlTemplate\":\"https:\\\/\\\/idecesos.com\\\/seguros\\\/?s={search_term_string}\"},\"query-input\":{\"@type\":\"PropertyValueSpecification\",\"valueRequired\":true,\"valueName\":\"search_term_string\"}}],\"inLanguage\":\"es\"}]}<\/script>\n<!-- \/ Yoast SEO plugin. -->","yoast_head_json":{"title":"Tel\u00e9fono Gratuito Eterna \u25b7Atenci\u00f3n Cliente, Email, RRSS, Web","description":"Busca aqu\u00ed\u3010Eterna seguros tel\u00e9fono gratuito\u3011Eterna Decesos tel\u00e9fono gratis: atenci\u00f3n al cliente y contrataciones \u2611\ufe0fVerificado en 2026","robots":{"index":"index","follow":"follow","max-snippet":"max-snippet:-1","max-image-preview":"max-image-preview:large","max-video-preview":"max-video-preview:-1"},"canonical":"https:\/\/idecesos.com\/seguros\/companias\/eterna\/telefono\/","og_locale":"es_ES","og_type":"article","og_title":"Tel\u00e9fono Gratuito Eterna \u25b7Atenci\u00f3n Cliente, Email, RRSS, Web","og_description":"Busca aqu\u00ed\u3010Eterna seguros tel\u00e9fono gratuito\u3011Eterna Decesos tel\u00e9fono gratis: atenci\u00f3n al cliente y contrataciones \u2611\ufe0fVerificado en 2026","og_url":"https:\/\/idecesos.com\/seguros\/companias\/eterna\/telefono\/","article_modified_time":"2022-03-30T01:04:37+00:00","twitter_card":"summary_large_image","twitter_misc":{"Tiempo de lectura":"5 minutos"},"schema":{"@context":"https:\/\/schema.org","@graph":[{"@type":"WebPage","@id":"https:\/\/idecesos.com\/seguros\/companias\/eterna\/telefono\/","url":"https:\/\/idecesos.com\/seguros\/companias\/eterna\/telefono\/","name":"Tel\u00e9fono Gratuito Eterna \u25b7Atenci\u00f3n Cliente, Email, RRSS, Web","isPartOf":{"@id":"https:\/\/idecesos.com\/seguros\/#website"},"datePublished":"2021-11-25T10:17:46+00:00","dateModified":"2022-03-30T01:04:37+00:00","description":"Busca aqu\u00ed\u3010Eterna seguros tel\u00e9fono gratuito\u3011Eterna Decesos tel\u00e9fono gratis: atenci\u00f3n al cliente y contrataciones \u2611\ufe0fVerificado en 2026","breadcrumb":{"@id":"https:\/\/idecesos.com\/seguros\/companias\/eterna\/telefono\/#breadcrumb"},"inLanguage":"es","potentialAction":[{"@type":"ReadAction","target":["https:\/\/idecesos.com\/seguros\/companias\/eterna\/telefono\/"]}]},{"@type":"BreadcrumbList","@id":"https:\/\/idecesos.com\/seguros\/companias\/eterna\/telefono\/#breadcrumb","itemListElement":[{"@type":"ListItem","position":1,"name":"Portada","item":"https:\/\/idecesos.com\/seguros\/"},{"@type":"ListItem","position":2,"name":"Compa\u00f1\u00edas de Seguros de Decesos en Espa\u00f1a","item":"https:\/\/idecesos.com\/seguros\/companias\/"},{"@type":"ListItem","position":3,"name":"Seguro de Decesos Eterna","item":"https:\/\/idecesos.com\/seguros\/companias\/eterna\/"},{"@type":"ListItem","position":4,"name":"Atenci\u00f3n al cliente Eterna: telefono gratuito, e-mail"}]},{"@type":"WebSite","@id":"https:\/\/idecesos.com\/seguros\/#website","url":"https:\/\/idecesos.com\/seguros\/","name":"","description":"","potentialAction":[{"@type":"SearchAction","target":{"@type":"EntryPoint","urlTemplate":"https:\/\/idecesos.com\/seguros\/?s={search_term_string}"},"query-input":{"@type":"PropertyValueSpecification","valueRequired":true,"valueName":"search_term_string"}}],"inLanguage":"es"}]}},"_links":{"self":[{"href":"https:\/\/idecesos.com\/seguros\/wp-json\/wp\/v2\/pages\/15432","targetHints":{"allow":["GET"]}}],"collection":[{"href":"https:\/\/idecesos.com\/seguros\/wp-json\/wp\/v2\/pages"}],"about":[{"href":"https:\/\/idecesos.com\/seguros\/wp-json\/wp\/v2\/types\/page"}],"author":[{"embeddable":true,"href":"https:\/\/idecesos.com\/seguros\/wp-json\/wp\/v2\/users\/1"}],"replies":[{"embeddable":true,"href":"https:\/\/idecesos.com\/seguros\/wp-json\/wp\/v2\/comments?post=15432"}],"version-history":[{"count":8,"href":"https:\/\/idecesos.com\/seguros\/wp-json\/wp\/v2\/pages\/15432\/revisions"}],"predecessor-version":[{"id":20899,"href":"https:\/\/idecesos.com\/seguros\/wp-json\/wp\/v2\/pages\/15432\/revisions\/20899"}],"up":[{"embeddable":true,"href":"https:\/\/idecesos.com\/seguros\/wp-json\/wp\/v2\/pages\/5997"}],"wp:attachment":[{"href":"https:\/\/idecesos.com\/seguros\/wp-json\/wp\/v2\/media?parent=15432"}],"curies":[{"name":"wp","href":"https:\/\/api.w.org\/{rel}","templated":true}]}}