{"id":15436,"date":"2021-11-26T09:13:05","date_gmt":"2021-11-25T10:17:48","guid":{"rendered":"https:\/\/idecesos.com\/seguros\/companias\/linea-directa\/telefono\/"},"modified":"2022-03-30T01:07:47","modified_gmt":"2022-03-30T01:07:47","slug":"telefono","status":"publish","type":"page","link":"https:\/\/idecesos.com\/seguros\/companias\/linea-directa\/telefono\/","title":{"rendered":"Atenci\u00f3n al cliente L\u00ednea Directa: telefono gratuito, e-mail"},"content":{"rendered":"<div id=\"ez-toc-container\" class=\"ez-toc-v2_0_82_2 ez-toc-wrap-center counter-hierarchy ez-toc-counter ez-toc-custom ez-toc-container-direction\">\n<div class=\"ez-toc-title-container\">\n<p class=\"ez-toc-title\" style=\"cursor:inherit\">Tabla de Contenido<\/p>\n<span class=\"ez-toc-title-toggle\"><a href=\"#\" class=\"ez-toc-pull-right ez-toc-btn ez-toc-btn-xs ez-toc-btn-default ez-toc-toggle\" aria-label=\"Alternar tabla de contenidos\"><span class=\"ez-toc-js-icon-con\"><span class=\"\"><span class=\"eztoc-hide\" style=\"display:none;\">Toggle<\/span><span class=\"ez-toc-icon-toggle-span\"><svg style=\"fill: #db6415;color:#db6415\" xmlns=\"http:\/\/www.w3.org\/2000\/svg\" class=\"list-377408\" width=\"20px\" height=\"20px\" viewBox=\"0 0 24 24\" fill=\"none\"><path d=\"M6 6H4v2h2V6zm14 0H8v2h12V6zM4 11h2v2H4v-2zm16 0H8v2h12v-2zM4 16h2v2H4v-2zm16 0H8v2h12v-2z\" fill=\"currentColor\"><\/path><\/svg><svg style=\"fill: #db6415;color:#db6415\" class=\"arrow-unsorted-368013\" xmlns=\"http:\/\/www.w3.org\/2000\/svg\" width=\"10px\" height=\"10px\" viewBox=\"0 0 24 24\" version=\"1.2\" baseProfile=\"tiny\"><path d=\"M18.2 9.3l-6.2-6.3-6.2 6.3c-.2.2-.3.4-.3.7s.1.5.3.7c.2.2.4.3.7.3h11c.3 0 .5-.1.7-.3.2-.2.3-.5.3-.7s-.1-.5-.3-.7zM5.8 14.7l6.2 6.3 6.2-6.3c.2-.2.3-.5.3-.7s-.1-.5-.3-.7c-.2-.2-.4-.3-.7-.3h-11c-.3 0-.5.1-.7.3-.2.2-.3.5-.3.7s.1.5.3.7z\"\/><\/svg><\/span><\/span><\/span><\/a><\/span><\/div>\n<nav><ul class='ez-toc-list ez-toc-list-level-1 ' ><ul class='ez-toc-list-level-4' ><li class='ez-toc-heading-level-4'><ul class='ez-toc-list-level-4' ><li class='ez-toc-heading-level-4'><a class=\"ez-toc-link ez-toc-heading-1\" href=\"https:\/\/idecesos.com\/seguros\/companias\/linea-directa\/telefono\/#Telefono_Contrataciones_951_127_403\" >Tel\u00e9fono Contrataciones \n951 127 403<\/a><\/li><\/ul><\/li><\/ul><\/li><li class='ez-toc-page-1 ez-toc-heading-level-2'><a class=\"ez-toc-link ez-toc-heading-2\" href=\"https:\/\/idecesos.com\/seguros\/companias\/linea-directa\/telefono\/#%C2%BFComo_contactar_con_Linea_Directa\" >\u00bfC\u00f3mo contactar con L\u00ednea Directa?<\/a><ul class='ez-toc-list-level-3' ><li class='ez-toc-heading-level-3'><a class=\"ez-toc-link ez-toc-heading-3\" href=\"https:\/\/idecesos.com\/seguros\/companias\/linea-directa\/telefono\/#Telefono_gratuito_de_Linea_Directa\" >Tel\u00e9fono gratuito de L\u00ednea Directa<\/a><\/li><li class='ez-toc-page-1 ez-toc-heading-level-3'><a class=\"ez-toc-link ez-toc-heading-4\" href=\"https:\/\/idecesos.com\/seguros\/companias\/linea-directa\/telefono\/#Horario_de_atencion_al_cliente_de_Linea_Directa\" >Horario de atenci\u00f3n al cliente de L\u00ednea Directa<\/a><\/li><li class='ez-toc-page-1 ez-toc-heading-level-3'><a class=\"ez-toc-link ez-toc-heading-5\" href=\"https:\/\/idecesos.com\/seguros\/companias\/linea-directa\/telefono\/#Correo_electronico_de_Linea_Directa\" >Correo electr\u00f3nico de L\u00ednea Directa<\/a><\/li><li class='ez-toc-page-1 ez-toc-heading-level-3'><a class=\"ez-toc-link ez-toc-heading-6\" href=\"https:\/\/idecesos.com\/seguros\/companias\/linea-directa\/telefono\/#Formulario_en_el_sitio_Web_de_Linea_Directa\" >Formulario en el sitio Web de L\u00ednea Directa<\/a><\/li><li class='ez-toc-page-1 ez-toc-heading-level-3'><a class=\"ez-toc-link ez-toc-heading-7\" href=\"https:\/\/idecesos.com\/seguros\/companias\/linea-directa\/telefono\/#Redes_sociales_de_Linea_Directa\" >Redes sociales de L\u00ednea Directa<\/a><\/li><li class='ez-toc-page-1 ez-toc-heading-level-3'><a class=\"ez-toc-link ez-toc-heading-8\" href=\"https:\/\/idecesos.com\/seguros\/companias\/linea-directa\/telefono\/#Paginas_relacionadas\" >P\u00e1ginas relacionadas<\/a><\/li><\/ul><\/li><\/ul><\/nav><\/div>\n\n<div class=\"caja\">\n<div class=\"cajaIcono2 \"  ><div class=\"cuadro\" style=\"box-shadow: inset 0 0 0 3px #ff790e\"><div class=\"iconoCircular\" style=\"border: 3px solid #ff790e\">\t\t\n\t\t\t\t\t<div class=\"iconoCirculo\">\n\t\t\t\t\t  <i class=\"fas fa-phone-volume\"><\/i>\n\t\t\t\t\t<\/div>\n\t\t\t\t<\/div><div class=\"\">\n<h4 style=\"text-align: center;\"><span class=\"ez-toc-section\" id=\"Telefono_Contrataciones_951_127_403\"><\/span><strong>Tel\u00e9fono Contrataciones<br \/>\n951 127 403<\/strong><span class=\"ez-toc-section-end\"><\/span><\/h4>\n<p><\/div><\/div><\/div><br \/>\nL\u00ednea Directa dispone de un horario de atenci\u00f3n al cliente y, en las horas estimadas, le atender\u00e1 un profesional para facilitarle la informaci\u00f3n necesaria sobre su seguro de decesos y aspectos como la ayuda sicol\u00f3gica que requiera, la libre elecci\u00f3n del camposanto donde el asegurado quiera ser inhumado, la administraci\u00f3n sobre la tramitaci\u00f3n funeraria, el servicio l\u00fagubre y de testamento, la corona floral que quiera seleccionar, el tanatorio que desee, los gastos de ata\u00fad y sanitarios, la cobertura de traslado tanto nacional como internacional del fallecido, en accidentes y del seguro bucal, la posibilidad que tiene de preservar el ADN, la orientaci\u00f3n m\u00e9dica telef\u00f3nica disponible veinticuatro horas y muchos otros m\u00e1s. L\u00ednea Directa empatiza con los familiares cuando llegue el d\u00eda tan duro como es la p\u00e9rdida de un familiar y, es por ello que, todo estar\u00e1 gestionado y cerrado adecuadamente para esas datas. Sus especialistas tratar\u00e1n su situaci\u00f3n con toda la profesionalidad y delicadez que merecen.<br \/>\n<\/div><\/p>\n<div class=\"colorf \"  ><div class=\"container clearfix\"><div class=\"col-md-7\"><\/p>\n<h2><span class=\"ez-toc-section\" id=\"%C2%BFComo_contactar_con_Linea_Directa\"><\/span>\u00bfC\u00f3mo contactar con L\u00ednea Directa?<span class=\"ez-toc-section-end\"><\/span><\/h2>\n<p>Ponerse en contacto con L\u00ednea Directa es muy simple. Ofrece varios m\u00e9todos para contactar con ellos: tel\u00e9fono gratis, correo electr\u00f3nico, un formulario que vas a poder rellenar mediante su p\u00e1gina web o bien a trav\u00e9s de sus redes sociales.<br \/>\n<\/div><\/div><\/div>\n<h3><span class=\"ez-toc-section\" id=\"Telefono_gratuito_de_Linea_Directa\"><\/span>Tel\u00e9fono gratuito de L\u00ednea Directa<span class=\"ez-toc-section-end\"><\/span><\/h3>\n<p>Para poder aconsejarle y contestar a sus dudas, cuestiones, etc. Con respecto a su seguro decesos, es muy importante conocer el tel\u00e9fono de contacto que brinda para poder establecer un v\u00ednculo con el usuario. Este es, hoy d\u00eda, el proceso m\u00e1s f\u00e1cil para para realizar su cometido; sobre todo si su explicaci\u00f3n o bien consulta es algo densa o bien extensa o, simplemente, prefiere sostener una conversaci\u00f3n m\u00e1s cercana con el especialista asesor. Con el pr\u00f3ximo tel\u00e9fono <strong>917 001 001 <\/strong>no deber\u00e1s moverte de donde est\u00e9s para poder realizar la llamada y hablar con alg\u00fan miembro de L\u00ednea Directa veloz y gratuitamente.<br \/>\n<div class=\"colorf\"><div class=\"container clearfix\"><div class=\"col-md-7\"><\/p>\n<div class=\"cabecera_tabla_ajustada \"  style=\"width:80%\" ><div class=\"row\"><\/div>\n<p><div class=\"fila_tabla4 \"  ><div class=\"row\"><div class=\"col-8 nosepara izq\"><p><strong>Tel\u00e9fono para contrataciones<\/strong><\/p><\/div><div class=\"col-4 nosepara centro\">951 127 403<\/div><\/div><\/div><div class=\"fila_tabla4 \"  ><div class=\"row\"><div class=\"col-8 nosepara izq\"><p><strong>Tel\u00e9fono informaci\u00f3n<\/strong><\/p><\/div><div class=\"col-4 nosepara centro\">917 708 870<\/div><\/div><\/div><\/p>\n<div class=\"pie_tabla \"  ><div class=\"row\"><div class=\"col-12 \"><\/div><\/div><\/div><\/div>\n<\/div><\/div><\/div>\n<h3><span class=\"ez-toc-section\" id=\"Horario_de_atencion_al_cliente_de_Linea_Directa\"><\/span>Horario de atenci\u00f3n al cliente de L\u00ednea Directa<span class=\"ez-toc-section-end\"><\/span><\/h3>\n<p>La compa\u00f1\u00eda al no ser consciente del tiempo libre que dispone cada persona para poder efectuar la llamada telef\u00f3nica o bien ponerse en contacto, ofrece un horario concreto y concreto, tanto de ma\u00f1ana como de tarde, a fin de que puedan tener flexibilidad a la hora de comunicarse con la empresa. La persona que coja su llamada le va a pasar con un agente especialista en el tema a fin de que pueda solucionar todas sus dudas y inconvenientes sobre su seguro de decesos. Gracias a este servicio quedar\u00e1n resueltas sus dudas.<br \/>\n<div class=\"colorf\"><div class=\"container clearfix\"><div class=\"col-md-7\"><\/p>\n<h3><span class=\"ez-toc-section\" id=\"Correo_electronico_de_Linea_Directa\"><\/span>Correo electr\u00f3nico de L\u00ednea Directa<span class=\"ez-toc-section-end\"><\/span><\/h3>\n<p>Hoy por hoy, nuestra sociedad est\u00e1 sumergida en el mundo de Internet. L\u00ednea Directa ha puesta a su disposici\u00f3n el siguiente e-mail para que pueda contactar con ellos y sumarse a la era digital <strong>socialmedia@lineadirecta.es<\/strong>. Gracias a la rapidez y sencillez de expedir un correo, los agentes de L\u00ednea Directa se pondr\u00e1n en contacto con los m\u00e1s veloz posible para resolverle sus dudas sobre su seguro de decesos y mandarle toda la informaci\u00f3n que necesite de la manera m\u00e1s clara y concisa que tengan a fin de que un buen entendimiento por ambas partes.<br \/>\n<\/div><\/div><\/div><\/p>\n<h3><span class=\"ez-toc-section\" id=\"Formulario_en_el_sitio_Web_de_Linea_Directa\"><\/span>Formulario en el sitio Web de L\u00ednea Directa<span class=\"ez-toc-section-end\"><\/span><\/h3>\n<p>La mayor parte de la poblaci\u00f3n tiene acceso a la plataforma con m\u00e1s influencia, los buscadores web de Internet. Con solo teclear una palabra, el usuario podr\u00e1 entrar en un mundo lleno de respuestas. L\u00ednea Directa dispone de su propia p\u00e1gina web, en la que vas a poder localizar todo tipo de informaci\u00f3n gratuita sobre su seguro de decesos: recomendaciones, servicios, ventajas, precios, etc\u00e9teraDe este modo, obtendr\u00e1 la documentaci\u00f3n precisa para su asesoramiento el ma\u00f1ana. La informaci\u00f3n disponible que encontrar\u00e1 es general, dependiendo de sus necesidades o bien caracter\u00edsticas, se le ajustar\u00e1 a su medida las mejores garant\u00edas. <strong>www.lineadirecta.com\/<\/strong> corresponde a la web de L\u00ednea Directa.<br \/>\n<div class=\"colorf\"><div class=\"container clearfix\"><div class=\"col-md-7\"><\/p>\n<h3><span class=\"ez-toc-section\" id=\"Redes_sociales_de_Linea_Directa\"><\/span>Redes sociales de L\u00ednea Directa<span class=\"ez-toc-section-end\"><\/span><\/h3>\n<p>Redes sociales como Twitter, Instagram, Fb o TikTok se han convertido en uno de los principales medios de las personas, es precisamente por esto que es una de las herramientas con mayor alcance y difusi\u00f3n que existen en nuestros d\u00edas. Pr\u00e1cticamente todo el planeta tiene una de estas aplicaciones si no est\u00e1 registrado en todas. En alguna de estas aplicaciones L\u00ednea Directa tiene una cuenta. En cada uno de ellos podr\u00e1s hallar informaci\u00f3n sobre qui\u00e9nes son, ofertas libres que lanzan, la localizaci\u00f3n precisa de su sede central, enlace a su web, im\u00e1genes, etc. Adem\u00e1s de esto, mediante puedes contactar con L\u00ednea Directa sin la necesidad de llamar por tel\u00e9fono, rellenar un formulario o bien expedir un correo electr\u00f3nico.<br \/>\n<\/div><\/div><\/div><br \/>\n<\/div><\/p>\n<p><div class=\"oficinas\"> <h3><span class=\"ez-toc-section\" id=\"Paginas_relacionadas\"><\/span>P\u00e1ginas relacionadas<span class=\"ez-toc-section-end\"><\/span><\/h3><div class=\"enlazado\"><ul> <li><a href=\"https:\/\/idecesos.com\/seguros\/companias\/linea-directa\/opiniones\/\">Opiniones de Seguro Decesos L\u00ednea Directa<\/a><\/li> <li><a href=\"https:\/\/idecesos.com\/seguros\/companias\/linea-directa\/precio\/\">Precio seguro L\u00ednea Directa<\/a><\/li> <li><a href=\"https:\/\/idecesos.com\/seguros\/companias\/linea-directa\/prima-mixta\/\">L\u00ednea Directa Prima Mixta<\/a><\/li> <li><a href=\"https:\/\/idecesos.com\/seguros\/companias\/linea-directa\/prima-natural\/\">L\u00ednea Directa Prima Natural<\/a><\/li> <li><a href=\"https:\/\/idecesos.com\/seguros\/companias\/linea-directa\/prima-nivelada\/\">L\u00ednea Directa Prima Nivelada<\/a><\/li> <li><a href=\"https:\/\/idecesos.com\/seguros\/companias\/linea-directa\/prima-unica\/\">L\u00ednea Directa Prima \u00danica<\/a><\/li> <li><a href=\"https:\/\/idecesos.com\/seguros\/companias\/linea-directa\/repatriacion\/\">L\u00ednea Directa Repatriaci\u00f3n<\/a><\/li> <li><a href=\"https:\/\/idecesos.com\/seguros\/companias\/linea-directa\/telefono\/\">Tel\u00e9fono Gratuito L\u00ednea Directa<\/a><\/li><\/ul><\/div> <\/div><\/p>\n","protected":false},"excerpt":{"rendered":"<p>L\u00ednea Directa dispone de un horario de atenci\u00f3n al cliente y, en las horas estimadas, le atender\u00e1 un profesional para facilitarle la informaci\u00f3n necesaria sobre su seguro de decesos y aspectos como la ayuda sicol\u00f3gica que requiera, la libre elecci\u00f3n del camposanto donde el asegurado quiera ser inhumado, la administraci\u00f3n sobre la tramitaci\u00f3n funeraria, el&hellip; <\/p>\n","protected":false},"author":1,"featured_media":0,"parent":6197,"menu_order":0,"comment_status":"closed","ping_status":"closed","template":"single.php","meta":{"footnotes":""},"class_list":["post-15436","page","type-page","status-publish","hentry"],"yoast_head":"<!-- This site is optimized with the Yoast SEO plugin v27.5 - https:\/\/yoast.com\/product\/yoast-seo-wordpress\/ -->\n<title>Tel\u00e9fono Gratuito L\u00ednea Directa \u25b7Atenci\u00f3n Cliente, Email, RRSS, Web<\/title>\n<meta name=\"description\" content=\"Busca aqu\u00ed\u3010L\u00ednea Directa seguros tel\u00e9fono gratuito\u3011L\u00ednea Directa Decesos tel\u00e9fono gratis: atenci\u00f3n al cliente y contrataciones \u2611\ufe0fVerificado en 2026\" \/>\n<meta name=\"robots\" content=\"index, follow, max-snippet:-1, max-image-preview:large, max-video-preview:-1\" \/>\n<link rel=\"canonical\" href=\"https:\/\/idecesos.com\/seguros\/companias\/linea-directa\/telefono\/\" \/>\n<meta property=\"og:locale\" content=\"es_ES\" \/>\n<meta property=\"og:type\" content=\"article\" \/>\n<meta property=\"og:title\" content=\"Tel\u00e9fono Gratuito L\u00ednea Directa \u25b7Atenci\u00f3n Cliente, Email, RRSS, Web\" \/>\n<meta property=\"og:description\" content=\"Busca aqu\u00ed\u3010L\u00ednea Directa seguros tel\u00e9fono gratuito\u3011L\u00ednea Directa Decesos tel\u00e9fono gratis: atenci\u00f3n al cliente y contrataciones \u2611\ufe0fVerificado en 2026\" \/>\n<meta property=\"og:url\" content=\"https:\/\/idecesos.com\/seguros\/companias\/linea-directa\/telefono\/\" \/>\n<meta property=\"article:modified_time\" content=\"2022-03-30T01:07:47+00:00\" \/>\n<meta name=\"twitter:card\" content=\"summary_large_image\" \/>\n<meta name=\"twitter:label1\" content=\"Tiempo de lectura\" \/>\n\t<meta name=\"twitter:data1\" content=\"4 minutos\" \/>\n<script type=\"application\/ld+json\" class=\"yoast-schema-graph\">{\"@context\":\"https:\\\/\\\/schema.org\",\"@graph\":[{\"@type\":\"WebPage\",\"@id\":\"https:\\\/\\\/idecesos.com\\\/seguros\\\/companias\\\/linea-directa\\\/telefono\\\/\",\"url\":\"https:\\\/\\\/idecesos.com\\\/seguros\\\/companias\\\/linea-directa\\\/telefono\\\/\",\"name\":\"Tel\u00e9fono Gratuito L\u00ednea Directa \u25b7Atenci\u00f3n Cliente, Email, RRSS, Web\",\"isPartOf\":{\"@id\":\"https:\\\/\\\/idecesos.com\\\/seguros\\\/#website\"},\"datePublished\":\"2021-11-25T10:17:48+00:00\",\"dateModified\":\"2022-03-30T01:07:47+00:00\",\"description\":\"Busca aqu\u00ed\u3010L\u00ednea Directa seguros tel\u00e9fono gratuito\u3011L\u00ednea Directa Decesos tel\u00e9fono gratis: atenci\u00f3n al cliente y contrataciones \u2611\ufe0fVerificado en 2026\",\"breadcrumb\":{\"@id\":\"https:\\\/\\\/idecesos.com\\\/seguros\\\/companias\\\/linea-directa\\\/telefono\\\/#breadcrumb\"},\"inLanguage\":\"es\",\"potentialAction\":[{\"@type\":\"ReadAction\",\"target\":[\"https:\\\/\\\/idecesos.com\\\/seguros\\\/companias\\\/linea-directa\\\/telefono\\\/\"]}]},{\"@type\":\"BreadcrumbList\",\"@id\":\"https:\\\/\\\/idecesos.com\\\/seguros\\\/companias\\\/linea-directa\\\/telefono\\\/#breadcrumb\",\"itemListElement\":[{\"@type\":\"ListItem\",\"position\":1,\"name\":\"Portada\",\"item\":\"https:\\\/\\\/idecesos.com\\\/seguros\\\/\"},{\"@type\":\"ListItem\",\"position\":2,\"name\":\"Compa\u00f1\u00edas de Seguros de Decesos en Espa\u00f1a\",\"item\":\"https:\\\/\\\/idecesos.com\\\/seguros\\\/companias\\\/\"},{\"@type\":\"ListItem\",\"position\":3,\"name\":\"Seguro de Decesos L\u00ednea Directa\",\"item\":\"https:\\\/\\\/idecesos.com\\\/seguros\\\/companias\\\/linea-directa\\\/\"},{\"@type\":\"ListItem\",\"position\":4,\"name\":\"Atenci\u00f3n al cliente L\u00ednea Directa: telefono gratuito, e-mail\"}]},{\"@type\":\"WebSite\",\"@id\":\"https:\\\/\\\/idecesos.com\\\/seguros\\\/#website\",\"url\":\"https:\\\/\\\/idecesos.com\\\/seguros\\\/\",\"name\":\"\",\"description\":\"\",\"potentialAction\":[{\"@type\":\"SearchAction\",\"target\":{\"@type\":\"EntryPoint\",\"urlTemplate\":\"https:\\\/\\\/idecesos.com\\\/seguros\\\/?s={search_term_string}\"},\"query-input\":{\"@type\":\"PropertyValueSpecification\",\"valueRequired\":true,\"valueName\":\"search_term_string\"}}],\"inLanguage\":\"es\"}]}<\/script>\n<!-- \/ Yoast SEO plugin. -->","yoast_head_json":{"title":"Tel\u00e9fono Gratuito L\u00ednea Directa \u25b7Atenci\u00f3n Cliente, Email, RRSS, Web","description":"Busca aqu\u00ed\u3010L\u00ednea Directa seguros tel\u00e9fono gratuito\u3011L\u00ednea Directa Decesos tel\u00e9fono gratis: atenci\u00f3n al cliente y contrataciones \u2611\ufe0fVerificado en 2026","robots":{"index":"index","follow":"follow","max-snippet":"max-snippet:-1","max-image-preview":"max-image-preview:large","max-video-preview":"max-video-preview:-1"},"canonical":"https:\/\/idecesos.com\/seguros\/companias\/linea-directa\/telefono\/","og_locale":"es_ES","og_type":"article","og_title":"Tel\u00e9fono Gratuito L\u00ednea Directa \u25b7Atenci\u00f3n Cliente, Email, RRSS, Web","og_description":"Busca aqu\u00ed\u3010L\u00ednea Directa seguros tel\u00e9fono gratuito\u3011L\u00ednea Directa Decesos tel\u00e9fono gratis: atenci\u00f3n al cliente y contrataciones \u2611\ufe0fVerificado en 2026","og_url":"https:\/\/idecesos.com\/seguros\/companias\/linea-directa\/telefono\/","article_modified_time":"2022-03-30T01:07:47+00:00","twitter_card":"summary_large_image","twitter_misc":{"Tiempo de lectura":"4 minutos"},"schema":{"@context":"https:\/\/schema.org","@graph":[{"@type":"WebPage","@id":"https:\/\/idecesos.com\/seguros\/companias\/linea-directa\/telefono\/","url":"https:\/\/idecesos.com\/seguros\/companias\/linea-directa\/telefono\/","name":"Tel\u00e9fono Gratuito L\u00ednea Directa \u25b7Atenci\u00f3n Cliente, Email, RRSS, Web","isPartOf":{"@id":"https:\/\/idecesos.com\/seguros\/#website"},"datePublished":"2021-11-25T10:17:48+00:00","dateModified":"2022-03-30T01:07:47+00:00","description":"Busca aqu\u00ed\u3010L\u00ednea Directa seguros tel\u00e9fono gratuito\u3011L\u00ednea Directa Decesos tel\u00e9fono gratis: atenci\u00f3n al cliente y contrataciones \u2611\ufe0fVerificado en 2026","breadcrumb":{"@id":"https:\/\/idecesos.com\/seguros\/companias\/linea-directa\/telefono\/#breadcrumb"},"inLanguage":"es","potentialAction":[{"@type":"ReadAction","target":["https:\/\/idecesos.com\/seguros\/companias\/linea-directa\/telefono\/"]}]},{"@type":"BreadcrumbList","@id":"https:\/\/idecesos.com\/seguros\/companias\/linea-directa\/telefono\/#breadcrumb","itemListElement":[{"@type":"ListItem","position":1,"name":"Portada","item":"https:\/\/idecesos.com\/seguros\/"},{"@type":"ListItem","position":2,"name":"Compa\u00f1\u00edas de Seguros de Decesos en Espa\u00f1a","item":"https:\/\/idecesos.com\/seguros\/companias\/"},{"@type":"ListItem","position":3,"name":"Seguro de Decesos L\u00ednea Directa","item":"https:\/\/idecesos.com\/seguros\/companias\/linea-directa\/"},{"@type":"ListItem","position":4,"name":"Atenci\u00f3n al cliente L\u00ednea Directa: telefono gratuito, e-mail"}]},{"@type":"WebSite","@id":"https:\/\/idecesos.com\/seguros\/#website","url":"https:\/\/idecesos.com\/seguros\/","name":"","description":"","potentialAction":[{"@type":"SearchAction","target":{"@type":"EntryPoint","urlTemplate":"https:\/\/idecesos.com\/seguros\/?s={search_term_string}"},"query-input":{"@type":"PropertyValueSpecification","valueRequired":true,"valueName":"search_term_string"}}],"inLanguage":"es"}]}},"_links":{"self":[{"href":"https:\/\/idecesos.com\/seguros\/wp-json\/wp\/v2\/pages\/15436","targetHints":{"allow":["GET"]}}],"collection":[{"href":"https:\/\/idecesos.com\/seguros\/wp-json\/wp\/v2\/pages"}],"about":[{"href":"https:\/\/idecesos.com\/seguros\/wp-json\/wp\/v2\/types\/page"}],"author":[{"embeddable":true,"href":"https:\/\/idecesos.com\/seguros\/wp-json\/wp\/v2\/users\/1"}],"replies":[{"embeddable":true,"href":"https:\/\/idecesos.com\/seguros\/wp-json\/wp\/v2\/comments?post=15436"}],"version-history":[{"count":8,"href":"https:\/\/idecesos.com\/seguros\/wp-json\/wp\/v2\/pages\/15436\/revisions"}],"predecessor-version":[{"id":20901,"href":"https:\/\/idecesos.com\/seguros\/wp-json\/wp\/v2\/pages\/15436\/revisions\/20901"}],"up":[{"embeddable":true,"href":"https:\/\/idecesos.com\/seguros\/wp-json\/wp\/v2\/pages\/6197"}],"wp:attachment":[{"href":"https:\/\/idecesos.com\/seguros\/wp-json\/wp\/v2\/media?parent=15436"}],"curies":[{"name":"wp","href":"https:\/\/api.w.org\/{rel}","templated":true}]}}