{"id":15453,"date":"2021-11-26T09:13:15","date_gmt":"2021-11-25T10:17:57","guid":{"rendered":"https:\/\/idecesos.com\/seguros\/companias\/ama-mutua\/telefono\/"},"modified":"2022-04-07T12:03:21","modified_gmt":"2022-04-07T12:03:21","slug":"telefono","status":"publish","type":"page","link":"https:\/\/idecesos.com\/seguros\/companias\/ama-mutua\/telefono\/","title":{"rendered":"Atenci\u00f3n al cliente Ama Mutua: telefono gratuito, e-mail"},"content":{"rendered":"<div id=\"ez-toc-container\" class=\"ez-toc-v2_0_82_2 ez-toc-wrap-center counter-hierarchy ez-toc-counter ez-toc-custom ez-toc-container-direction\">\n<div class=\"ez-toc-title-container\">\n<p class=\"ez-toc-title\" style=\"cursor:inherit\">Tabla de Contenido<\/p>\n<span class=\"ez-toc-title-toggle\"><a href=\"#\" class=\"ez-toc-pull-right ez-toc-btn ez-toc-btn-xs ez-toc-btn-default ez-toc-toggle\" aria-label=\"Alternar tabla de contenidos\"><span class=\"ez-toc-js-icon-con\"><span class=\"\"><span class=\"eztoc-hide\" style=\"display:none;\">Toggle<\/span><span class=\"ez-toc-icon-toggle-span\"><svg style=\"fill: #db6415;color:#db6415\" xmlns=\"http:\/\/www.w3.org\/2000\/svg\" class=\"list-377408\" width=\"20px\" height=\"20px\" viewBox=\"0 0 24 24\" fill=\"none\"><path d=\"M6 6H4v2h2V6zm14 0H8v2h12V6zM4 11h2v2H4v-2zm16 0H8v2h12v-2zM4 16h2v2H4v-2zm16 0H8v2h12v-2z\" fill=\"currentColor\"><\/path><\/svg><svg style=\"fill: #db6415;color:#db6415\" class=\"arrow-unsorted-368013\" xmlns=\"http:\/\/www.w3.org\/2000\/svg\" width=\"10px\" height=\"10px\" viewBox=\"0 0 24 24\" version=\"1.2\" baseProfile=\"tiny\"><path d=\"M18.2 9.3l-6.2-6.3-6.2 6.3c-.2.2-.3.4-.3.7s.1.5.3.7c.2.2.4.3.7.3h11c.3 0 .5-.1.7-.3.2-.2.3-.5.3-.7s-.1-.5-.3-.7zM5.8 14.7l6.2 6.3 6.2-6.3c.2-.2.3-.5.3-.7s-.1-.5-.3-.7c-.2-.2-.4-.3-.7-.3h-11c-.3 0-.5.1-.7.3-.2.2-.3.5-.3.7s.1.5.3.7z\"\/><\/svg><\/span><\/span><\/span><\/a><\/span><\/div>\n<nav><ul class='ez-toc-list ez-toc-list-level-1 ' ><ul class='ez-toc-list-level-4' ><li class='ez-toc-heading-level-4'><ul class='ez-toc-list-level-4' ><li class='ez-toc-heading-level-4'><a class=\"ez-toc-link ez-toc-heading-1\" href=\"https:\/\/idecesos.com\/seguros\/companias\/ama-mutua\/telefono\/#Telefono_Contrataciones_951_127_403\" >Tel\u00e9fono Contrataciones \n951 127 403<\/a><\/li><\/ul><\/li><\/ul><\/li><li class='ez-toc-page-1 ez-toc-heading-level-2'><a class=\"ez-toc-link ez-toc-heading-2\" href=\"https:\/\/idecesos.com\/seguros\/companias\/ama-mutua\/telefono\/#%C2%BFComo_contactar_con_Ama_Mutua\" >\u00bfC\u00f3mo contactar con Ama Mutua?<\/a><ul class='ez-toc-list-level-3' ><li class='ez-toc-heading-level-3'><a class=\"ez-toc-link ez-toc-heading-3\" href=\"https:\/\/idecesos.com\/seguros\/companias\/ama-mutua\/telefono\/#Telefono_gratuito_de_Ama_Mutua\" >Tel\u00e9fono gratuito de Ama Mutua<\/a><\/li><li class='ez-toc-page-1 ez-toc-heading-level-3'><a class=\"ez-toc-link ez-toc-heading-4\" href=\"https:\/\/idecesos.com\/seguros\/companias\/ama-mutua\/telefono\/#Horario_de_atencion_al_cliente_de_Ama_Mutua\" >Horario de atenci\u00f3n al cliente de Ama Mutua<\/a><\/li><li class='ez-toc-page-1 ez-toc-heading-level-3'><a class=\"ez-toc-link ez-toc-heading-5\" href=\"https:\/\/idecesos.com\/seguros\/companias\/ama-mutua\/telefono\/#Correo_electronico_de_Ama_Mutua\" >Correo electr\u00f3nico de Ama Mutua<\/a><\/li><li class='ez-toc-page-1 ez-toc-heading-level-3'><a class=\"ez-toc-link ez-toc-heading-6\" href=\"https:\/\/idecesos.com\/seguros\/companias\/ama-mutua\/telefono\/#Formulario_en_el_sitio_Web_de_Ama_Mutua\" >Formulario en el sitio Web de Ama Mutua<\/a><\/li><li class='ez-toc-page-1 ez-toc-heading-level-3'><a class=\"ez-toc-link ez-toc-heading-7\" href=\"https:\/\/idecesos.com\/seguros\/companias\/ama-mutua\/telefono\/#Redes_sociales_de_Ama_Mutua\" >Redes sociales de Ama Mutua<\/a><\/li><li class='ez-toc-page-1 ez-toc-heading-level-3'><a class=\"ez-toc-link ez-toc-heading-8\" href=\"https:\/\/idecesos.com\/seguros\/companias\/ama-mutua\/telefono\/#Paginas_relacionadas\" >P\u00e1ginas relacionadas<\/a><\/li><\/ul><\/li><\/ul><\/nav><\/div>\n\n<div class=\"caja\">\n<div class=\"cajaIcono2 \"  ><div class=\"cuadro\" style=\"box-shadow: inset 0 0 0 3px #ff790e\"><div class=\"iconoCircular\" style=\"border: 3px solid #ff790e\">\t\t\n\t\t\t\t\t<div class=\"iconoCirculo\">\n\t\t\t\t\t  <i class=\"fas fa-phone-volume\"><\/i>\n\t\t\t\t\t<\/div>\n\t\t\t\t<\/div><div class=\"\">\n<h4 style=\"text-align: center;\"><span class=\"ez-toc-section\" id=\"Telefono_Contrataciones_951_127_403\"><\/span><strong>Tel\u00e9fono Contrataciones<br \/>\n951 127 403<\/strong><span class=\"ez-toc-section-end\"><\/span><\/h4>\n<p><\/div><\/div><\/div><br \/>\nA fin de que pueda tener acceso a informaci\u00f3n sobre Ama Mutua, tiene disponible varios m\u00e9todos gratis, simples y sencillos. La atenci\u00f3n al usuario que ofrece le informar\u00e1 sobre su seguro de decesos, adem\u00e1s de resolver cualquier clase de duda o consulta que tenga: elecci\u00f3n del cementerio, gastos de ata\u00fad, diferentes tipos de asistencia (en viaje, blog post-hospitalizaci\u00f3n), servicio de testamento y f\u00fanebre, orientaci\u00f3n m\u00e9dica, gesti\u00f3n de tramitaci\u00f3n funerario, esquela y otros muchos m\u00e1s. De esta forma, cuando llegue el instante tan complicado y duro, como es la p\u00e9rdida de un ser querido, no tendr\u00e1 que preocuparse por ninguna gesti\u00f3n y tr\u00e1mite, en tanto que todo estar\u00e1 cubierto. Adem\u00e1s, va a tener el mayor apoyo posible en tal proceso tan fr\u00e1gil.<br \/>\n<\/div><\/p>\n<div class=\"colorf \"  ><div class=\"container clearfix\"><div class=\"col-md-7\"><\/p>\n<h2><span class=\"ez-toc-section\" id=\"%C2%BFComo_contactar_con_Ama_Mutua\"><\/span>\u00bfC\u00f3mo contactar con Ama Mutua?<span class=\"ez-toc-section-end\"><\/span><\/h2>\n<p>Para contactar con Ama Mutua, dispone de un tel\u00e9fono gratuito de contacto, e-mail, web, en la que se le facilitar\u00e1 un formulario y, por \u00faltimo, perfiles en diferentes redes sociales.<br \/>\n<\/div><\/div><\/div>\n<h3><span class=\"ez-toc-section\" id=\"Telefono_gratuito_de_Ama_Mutua\"><\/span>Tel\u00e9fono gratuito de Ama Mutua<span class=\"ez-toc-section-end\"><\/span><\/h3>\n<p>Para facilitar respuestas a dudas, cuestiones, asesoramiento, etc. En torno a su seguro de decesos, se le proporcionar\u00e1 un n\u00famero de contacto y as\u00ed dialogar con la compa\u00f1\u00eda. Podr\u00eda decirse que, es el procedimiento menos complejo y m\u00e1s simple para llevar a cabo una buena y cercana conversaci\u00f3n con el asesor y poder aclarar todas las cuestiones. Por tanto, para poder contactar con Ama Mutua de forma r\u00e1pida, gratis y directa, sin tener la necesidad de desplazarte y sin interrumpir lo que est\u00e9 haciendo en ese instante, se ofrece el pr\u00f3ximo n\u00famero de tel\u00e9fono <b>913 43 47 00.<\/b><br \/>\n<div class=\"colorf\"><div class=\"container clearfix\"><div class=\"col-md-7\"><\/p>\n<div class=\"cabecera_tabla_ajustada \"  style=\"width:80%\" ><div class=\"row\"><\/div>\n<p><div class=\"fila_tabla4 \"  ><div class=\"row\"><div class=\"col-8 nosepara izq\"><p><strong>Tel\u00e9fono para contrataciones<\/strong><\/p><\/div><div class=\"col-4 nosepara centro\">951 127 403<\/div><\/div><\/div><div class=\"fila_tabla4 \"  ><div class=\"row\"><div class=\"col-8 nosepara izq\"><p><strong>Tel\u00e9fono para informaci\u00f3n<\/strong><\/p><\/div><div class=\"col-4 nosepara centro\">900 82 20 82<\/div><\/div><\/div><div class=\"fila_tabla4 \"  ><div class=\"row\"><div class=\"col-8 nosepara izq\"><p><strong>Tel\u00e9fono para decesos<\/strong><\/p><\/div><div class=\"col-4 nosepara centro\">915 72 82 62<\/div><\/div><\/div><\/p>\n<div class=\"pie_tabla \"  ><div class=\"row\"><div class=\"col-12 \"><\/div><\/div><\/div><\/div>\n<\/div><\/div><\/div>\n<h3><span class=\"ez-toc-section\" id=\"Horario_de_atencion_al_cliente_de_Ama_Mutua\"><\/span>Horario de atenci\u00f3n al cliente de Ama Mutua<span class=\"ez-toc-section-end\"><\/span><\/h3>\n<p>La compa\u00f1\u00eda cuenta con que todos sus clientes no tienen el mismo horario para poder realizar su llamada telef\u00f3nica. Es por esto que ha creado m\u00faltiples horarios en diferentes franjas para que pueda ser atendido en todo momento cuando lo necesite. La persona que le atender\u00e1 va a pasar su llamada a uno de los expertos de Ama Mutua a fin de que pueda charlar con usted y pueda solventarle cualquier duda o cuesti\u00f3n que tenga sobre su seguro de decesos contratado. De esta forma, van a quedar resueltas las dudas o cuestiones que le hab\u00edan llevado a contactar con la Ama Mutua.<br \/>\n<div class=\"colorf\"><div class=\"container clearfix\"><div class=\"col-md-7\"><\/p>\n<h3><span class=\"ez-toc-section\" id=\"Correo_electronico_de_Ama_Mutua\"><\/span>Correo electr\u00f3nico de Ama Mutua<span class=\"ez-toc-section-end\"><\/span><\/h3>\n<p>En la actualidad, el mundo est\u00e1 sumergido en la era de internet. Ama Mutua ha puesta a su disposici\u00f3n el pr\u00f3ximo e mail a fin de que pueda contactar con ellos y sumarse a la era digital <strong>info@amaseguros.com<\/strong>. Debido a que es uno de los m\u00e9todos m\u00e1s r\u00e1pidos y f\u00e1ciles para mandar y recibir informaci\u00f3n, cualquier consulta o duda que tenga sobre su seguro de decesos, un profesional en el tema de la compa\u00f1\u00eda le atender\u00e1 y responder\u00e1 con un lenguaje claro y sucinto, con la intenci\u00f3n de un buen entendimiento y, reflejando de este modo, la experiencia y profesionalidad que tienen.<br \/>\n<\/div><\/div><\/div><\/p>\n<h3><span class=\"ez-toc-section\" id=\"Formulario_en_el_sitio_Web_de_Ama_Mutua\"><\/span>Formulario en el sitio Web de Ama Mutua<span class=\"ez-toc-section-end\"><\/span><\/h3>\n<p>Pregunt\u00e1ndole a un buscador de Internet, hallar\u00e1 la contestaci\u00f3n en un instante. Por ese hecho, es la plataforma m\u00e1s esencial a la que la mayor\u00eda de las personas del planeta tienen acceso. Ama Mutua es consciente de todo esto y ha creado su p\u00e1gina web <strong>www.amaseguros.com\/<\/strong>. En ella, vas a poder rellenar un formulario b\u00e1sico, en el que le solicitar\u00e1n ciertos datos como su nombre y apellidos, m\u00f3vil, y\/o mail. M\u00e1s tarde, el consultor correspondiente se pondr\u00e1 en contacto para informarle y ayudarle en cualquier aspecto que le resulte preciso.<br \/>\n<div class=\"colorf\"><div class=\"container clearfix\"><div class=\"col-md-7\"><\/p>\n<h3><span class=\"ez-toc-section\" id=\"Redes_sociales_de_Ama_Mutua\"><\/span>Redes sociales de Ama Mutua<span class=\"ez-toc-section-end\"><\/span><\/h3>\n<p>La era de las redes sociales a cambiado nuestra forma de comunicarnos. Ahora recibimos por ella todo g\u00e9nero de informaciones y estamos conectado con millones de personas. Ama Mutua cuenta con alguna de estas redes sociales para que puedas proseguirlos y enterarte de todas las novedades y ofertas que tienen a su predisposici\u00f3n sobre su seguro de decesos. En ellas vas a poder ver la localizaci\u00f3n de su sede, c\u00f3mo trabajan, servicios que ofrecen, etc. Adem\u00e1s tienen un enlace directo a su p\u00e1gina web a fin de que puedas ampliar todo esto. Algunos perfiles de Ama Mutua te permiten contactar con ellos a fin de que pueda solucionar cualquier tipo de duda o bien pueda ampliar la informaci\u00f3n que ya dan en su perfil.<br \/>\n<\/div><\/div><\/div><\/p>\n<\/div>\n<p><div class=\"oficinas\"> <h3><span class=\"ez-toc-section\" id=\"Paginas_relacionadas\"><\/span>P\u00e1ginas relacionadas<span class=\"ez-toc-section-end\"><\/span><\/h3><div class=\"enlazado\"><ul> <li><a href=\"https:\/\/idecesos.com\/seguros\/companias\/ama-mutua\/opiniones\/\">Opiniones AMA Mutua<\/a><\/li> <li><a href=\"https:\/\/idecesos.com\/seguros\/companias\/ama-mutua\/precio\/\">Precio seguro Ama Mutua<\/a><\/li> <li><a href=\"https:\/\/idecesos.com\/seguros\/companias\/ama-mutua\/prima-mixta\/\">Ama Mutua Prima Mixta<\/a><\/li> <li><a href=\"https:\/\/idecesos.com\/seguros\/companias\/ama-mutua\/prima-natural\/\">Ama Mutua Prima Natural<\/a><\/li> <li><a href=\"https:\/\/idecesos.com\/seguros\/companias\/ama-mutua\/prima-nivelada\/\">Ama Mutua Prima Nivelada<\/a><\/li> <li><a href=\"https:\/\/idecesos.com\/seguros\/companias\/ama-mutua\/prima-unica\/\">Ama Mutua Prima \u00danica<\/a><\/li> <li><a href=\"https:\/\/idecesos.com\/seguros\/companias\/ama-mutua\/repatriacion\/\">Ama Mutua Repatriaci\u00f3n<\/a><\/li> <li><a href=\"https:\/\/idecesos.com\/seguros\/companias\/ama-mutua\/telefono\/\">Tel\u00e9fono Gratuito Ama Mutua<\/a><\/li><\/ul><\/div> <\/div><\/p>\n","protected":false},"excerpt":{"rendered":"<p>A fin de que pueda tener acceso a informaci\u00f3n sobre Ama Mutua, tiene disponible varios m\u00e9todos gratis, simples y sencillos. La atenci\u00f3n al usuario que ofrece le informar\u00e1 sobre su seguro de decesos, adem\u00e1s de resolver cualquier clase de duda o consulta que tenga: elecci\u00f3n del cementerio, gastos de ata\u00fad, diferentes tipos de asistencia (en&hellip; <\/p>\n","protected":false},"author":1,"featured_media":0,"parent":9510,"menu_order":0,"comment_status":"closed","ping_status":"closed","template":"single.php","meta":{"footnotes":""},"class_list":["post-15453","page","type-page","status-publish","hentry"],"yoast_head":"<!-- This site is optimized with the Yoast SEO plugin v27.5 - https:\/\/yoast.com\/product\/yoast-seo-wordpress\/ -->\n<title>Tel\u00e9fono Gratuito Ama Mutua \u25b7Atenci\u00f3n Cliente, Email, RRSS, Web<\/title>\n<meta name=\"description\" content=\"Busca aqu\u00ed\u3010Ama Mutua seguros tel\u00e9fono gratuito\u3011Ama Mutua Decesos tel\u00e9fono gratis: atenci\u00f3n al cliente y contrataciones \u2611\ufe0fVerificado en 2026\" \/>\n<meta name=\"robots\" content=\"index, follow, max-snippet:-1, max-image-preview:large, max-video-preview:-1\" \/>\n<link rel=\"canonical\" href=\"https:\/\/idecesos.com\/seguros\/companias\/ama-mutua\/telefono\/\" \/>\n<meta property=\"og:locale\" content=\"es_ES\" \/>\n<meta property=\"og:type\" content=\"article\" \/>\n<meta property=\"og:title\" content=\"Tel\u00e9fono Gratuito Ama Mutua \u25b7Atenci\u00f3n Cliente, Email, RRSS, Web\" \/>\n<meta property=\"og:description\" content=\"Busca aqu\u00ed\u3010Ama Mutua seguros tel\u00e9fono gratuito\u3011Ama Mutua Decesos tel\u00e9fono gratis: atenci\u00f3n al cliente y contrataciones \u2611\ufe0fVerificado en 2026\" \/>\n<meta property=\"og:url\" content=\"https:\/\/idecesos.com\/seguros\/companias\/ama-mutua\/telefono\/\" \/>\n<meta property=\"article:modified_time\" content=\"2022-04-07T12:03:21+00:00\" \/>\n<meta name=\"twitter:card\" content=\"summary_large_image\" \/>\n<meta name=\"twitter:label1\" content=\"Tiempo de lectura\" \/>\n\t<meta name=\"twitter:data1\" content=\"4 minutos\" \/>\n<script type=\"application\/ld+json\" class=\"yoast-schema-graph\">{\"@context\":\"https:\\\/\\\/schema.org\",\"@graph\":[{\"@type\":\"WebPage\",\"@id\":\"https:\\\/\\\/idecesos.com\\\/seguros\\\/companias\\\/ama-mutua\\\/telefono\\\/\",\"url\":\"https:\\\/\\\/idecesos.com\\\/seguros\\\/companias\\\/ama-mutua\\\/telefono\\\/\",\"name\":\"Tel\u00e9fono Gratuito Ama Mutua \u25b7Atenci\u00f3n Cliente, Email, RRSS, Web\",\"isPartOf\":{\"@id\":\"https:\\\/\\\/idecesos.com\\\/seguros\\\/#website\"},\"datePublished\":\"2021-11-25T10:17:57+00:00\",\"dateModified\":\"2022-04-07T12:03:21+00:00\",\"description\":\"Busca aqu\u00ed\u3010Ama Mutua seguros tel\u00e9fono gratuito\u3011Ama Mutua Decesos tel\u00e9fono gratis: atenci\u00f3n al cliente y contrataciones \u2611\ufe0fVerificado en 2026\",\"breadcrumb\":{\"@id\":\"https:\\\/\\\/idecesos.com\\\/seguros\\\/companias\\\/ama-mutua\\\/telefono\\\/#breadcrumb\"},\"inLanguage\":\"es\",\"potentialAction\":[{\"@type\":\"ReadAction\",\"target\":[\"https:\\\/\\\/idecesos.com\\\/seguros\\\/companias\\\/ama-mutua\\\/telefono\\\/\"]}]},{\"@type\":\"BreadcrumbList\",\"@id\":\"https:\\\/\\\/idecesos.com\\\/seguros\\\/companias\\\/ama-mutua\\\/telefono\\\/#breadcrumb\",\"itemListElement\":[{\"@type\":\"ListItem\",\"position\":1,\"name\":\"Portada\",\"item\":\"https:\\\/\\\/idecesos.com\\\/seguros\\\/\"},{\"@type\":\"ListItem\",\"position\":2,\"name\":\"Compa\u00f1\u00edas de Seguros de Decesos en Espa\u00f1a\",\"item\":\"https:\\\/\\\/idecesos.com\\\/seguros\\\/companias\\\/\"},{\"@type\":\"ListItem\",\"position\":3,\"name\":\"Seguro de decesos A.M.A Mutua\",\"item\":\"https:\\\/\\\/idecesos.com\\\/seguros\\\/companias\\\/ama-mutua\\\/\"},{\"@type\":\"ListItem\",\"position\":4,\"name\":\"Atenci\u00f3n al cliente Ama Mutua: telefono gratuito, e-mail\"}]},{\"@type\":\"WebSite\",\"@id\":\"https:\\\/\\\/idecesos.com\\\/seguros\\\/#website\",\"url\":\"https:\\\/\\\/idecesos.com\\\/seguros\\\/\",\"name\":\"\",\"description\":\"\",\"potentialAction\":[{\"@type\":\"SearchAction\",\"target\":{\"@type\":\"EntryPoint\",\"urlTemplate\":\"https:\\\/\\\/idecesos.com\\\/seguros\\\/?s={search_term_string}\"},\"query-input\":{\"@type\":\"PropertyValueSpecification\",\"valueRequired\":true,\"valueName\":\"search_term_string\"}}],\"inLanguage\":\"es\"}]}<\/script>\n<!-- \/ Yoast SEO plugin. -->","yoast_head_json":{"title":"Tel\u00e9fono Gratuito Ama Mutua \u25b7Atenci\u00f3n Cliente, Email, RRSS, Web","description":"Busca aqu\u00ed\u3010Ama Mutua seguros tel\u00e9fono gratuito\u3011Ama Mutua Decesos tel\u00e9fono gratis: atenci\u00f3n al cliente y contrataciones \u2611\ufe0fVerificado en 2026","robots":{"index":"index","follow":"follow","max-snippet":"max-snippet:-1","max-image-preview":"max-image-preview:large","max-video-preview":"max-video-preview:-1"},"canonical":"https:\/\/idecesos.com\/seguros\/companias\/ama-mutua\/telefono\/","og_locale":"es_ES","og_type":"article","og_title":"Tel\u00e9fono Gratuito Ama Mutua \u25b7Atenci\u00f3n Cliente, Email, RRSS, Web","og_description":"Busca aqu\u00ed\u3010Ama Mutua seguros tel\u00e9fono gratuito\u3011Ama Mutua Decesos tel\u00e9fono gratis: atenci\u00f3n al cliente y contrataciones \u2611\ufe0fVerificado en 2026","og_url":"https:\/\/idecesos.com\/seguros\/companias\/ama-mutua\/telefono\/","article_modified_time":"2022-04-07T12:03:21+00:00","twitter_card":"summary_large_image","twitter_misc":{"Tiempo de lectura":"4 minutos"},"schema":{"@context":"https:\/\/schema.org","@graph":[{"@type":"WebPage","@id":"https:\/\/idecesos.com\/seguros\/companias\/ama-mutua\/telefono\/","url":"https:\/\/idecesos.com\/seguros\/companias\/ama-mutua\/telefono\/","name":"Tel\u00e9fono Gratuito Ama Mutua \u25b7Atenci\u00f3n Cliente, Email, RRSS, Web","isPartOf":{"@id":"https:\/\/idecesos.com\/seguros\/#website"},"datePublished":"2021-11-25T10:17:57+00:00","dateModified":"2022-04-07T12:03:21+00:00","description":"Busca aqu\u00ed\u3010Ama Mutua seguros tel\u00e9fono gratuito\u3011Ama Mutua Decesos tel\u00e9fono gratis: atenci\u00f3n al cliente y contrataciones \u2611\ufe0fVerificado en 2026","breadcrumb":{"@id":"https:\/\/idecesos.com\/seguros\/companias\/ama-mutua\/telefono\/#breadcrumb"},"inLanguage":"es","potentialAction":[{"@type":"ReadAction","target":["https:\/\/idecesos.com\/seguros\/companias\/ama-mutua\/telefono\/"]}]},{"@type":"BreadcrumbList","@id":"https:\/\/idecesos.com\/seguros\/companias\/ama-mutua\/telefono\/#breadcrumb","itemListElement":[{"@type":"ListItem","position":1,"name":"Portada","item":"https:\/\/idecesos.com\/seguros\/"},{"@type":"ListItem","position":2,"name":"Compa\u00f1\u00edas de Seguros de Decesos en Espa\u00f1a","item":"https:\/\/idecesos.com\/seguros\/companias\/"},{"@type":"ListItem","position":3,"name":"Seguro de decesos A.M.A Mutua","item":"https:\/\/idecesos.com\/seguros\/companias\/ama-mutua\/"},{"@type":"ListItem","position":4,"name":"Atenci\u00f3n al cliente Ama Mutua: telefono gratuito, e-mail"}]},{"@type":"WebSite","@id":"https:\/\/idecesos.com\/seguros\/#website","url":"https:\/\/idecesos.com\/seguros\/","name":"","description":"","potentialAction":[{"@type":"SearchAction","target":{"@type":"EntryPoint","urlTemplate":"https:\/\/idecesos.com\/seguros\/?s={search_term_string}"},"query-input":{"@type":"PropertyValueSpecification","valueRequired":true,"valueName":"search_term_string"}}],"inLanguage":"es"}]}},"_links":{"self":[{"href":"https:\/\/idecesos.com\/seguros\/wp-json\/wp\/v2\/pages\/15453","targetHints":{"allow":["GET"]}}],"collection":[{"href":"https:\/\/idecesos.com\/seguros\/wp-json\/wp\/v2\/pages"}],"about":[{"href":"https:\/\/idecesos.com\/seguros\/wp-json\/wp\/v2\/types\/page"}],"author":[{"embeddable":true,"href":"https:\/\/idecesos.com\/seguros\/wp-json\/wp\/v2\/users\/1"}],"replies":[{"embeddable":true,"href":"https:\/\/idecesos.com\/seguros\/wp-json\/wp\/v2\/comments?post=15453"}],"version-history":[{"count":8,"href":"https:\/\/idecesos.com\/seguros\/wp-json\/wp\/v2\/pages\/15453\/revisions"}],"predecessor-version":[{"id":21074,"href":"https:\/\/idecesos.com\/seguros\/wp-json\/wp\/v2\/pages\/15453\/revisions\/21074"}],"up":[{"embeddable":true,"href":"https:\/\/idecesos.com\/seguros\/wp-json\/wp\/v2\/pages\/9510"}],"wp:attachment":[{"href":"https:\/\/idecesos.com\/seguros\/wp-json\/wp\/v2\/media?parent=15453"}],"curies":[{"name":"wp","href":"https:\/\/api.w.org\/{rel}","templated":true}]}}