{"id":17526,"date":"2021-12-15T16:03:59","date_gmt":"2021-12-15T16:03:59","guid":{"rendered":"https:\/\/idecesos.com\/seguros\/companias\/clinicum\/precio\/"},"modified":"2022-03-10T12:12:17","modified_gmt":"2022-03-10T12:12:17","slug":"precio","status":"publish","type":"page","link":"https:\/\/idecesos.com\/seguros\/companias\/clinicum\/precio\/","title":{"rendered":"\u00bfCu\u00e1nto cuesta el seguro de decesos Clinicum?"},"content":{"rendered":"<div id=\"ez-toc-container\" class=\"ez-toc-v2_0_82_2 ez-toc-wrap-center counter-hierarchy ez-toc-counter ez-toc-custom ez-toc-container-direction\">\n<div class=\"ez-toc-title-container\">\n<p class=\"ez-toc-title\" style=\"cursor:inherit\">Tabla de Contenido<\/p>\n<span class=\"ez-toc-title-toggle\"><a href=\"#\" class=\"ez-toc-pull-right ez-toc-btn ez-toc-btn-xs ez-toc-btn-default ez-toc-toggle\" aria-label=\"Alternar tabla de contenidos\"><span class=\"ez-toc-js-icon-con\"><span class=\"\"><span class=\"eztoc-hide\" style=\"display:none;\">Toggle<\/span><span class=\"ez-toc-icon-toggle-span\"><svg style=\"fill: #db6415;color:#db6415\" xmlns=\"http:\/\/www.w3.org\/2000\/svg\" class=\"list-377408\" width=\"20px\" height=\"20px\" viewBox=\"0 0 24 24\" fill=\"none\"><path d=\"M6 6H4v2h2V6zm14 0H8v2h12V6zM4 11h2v2H4v-2zm16 0H8v2h12v-2zM4 16h2v2H4v-2zm16 0H8v2h12v-2z\" fill=\"currentColor\"><\/path><\/svg><svg style=\"fill: #db6415;color:#db6415\" class=\"arrow-unsorted-368013\" xmlns=\"http:\/\/www.w3.org\/2000\/svg\" width=\"10px\" height=\"10px\" viewBox=\"0 0 24 24\" version=\"1.2\" baseProfile=\"tiny\"><path d=\"M18.2 9.3l-6.2-6.3-6.2 6.3c-.2.2-.3.4-.3.7s.1.5.3.7c.2.2.4.3.7.3h11c.3 0 .5-.1.7-.3.2-.2.3-.5.3-.7s-.1-.5-.3-.7zM5.8 14.7l6.2 6.3 6.2-6.3c.2-.2.3-.5.3-.7s-.1-.5-.3-.7c-.2-.2-.4-.3-.7-.3h-11c-.3 0-.5.1-.7.3-.2.2-.3.5-.3.7s.1.5.3.7z\"\/><\/svg><\/span><\/span><\/span><\/a><\/span><\/div>\n<nav><ul class='ez-toc-list ez-toc-list-level-1 ' ><li class='ez-toc-page-1 ez-toc-heading-level-2'><a class=\"ez-toc-link ez-toc-heading-1\" href=\"https:\/\/idecesos.com\/seguros\/companias\/clinicum\/precio\/#Calcular_precio_seguro_de_decesos_Clinicum\" >Calcular precio seguro de decesos Clinicum<\/a><\/li><li class='ez-toc-page-1 ez-toc-heading-level-2'><a class=\"ez-toc-link ez-toc-heading-2\" href=\"https:\/\/idecesos.com\/seguros\/companias\/clinicum\/precio\/#Tabla_comparativa_de_precios_Clinicum\" >Tabla comparativa de precios Clinicum<\/a><ul class='ez-toc-list-level-3' ><li class='ez-toc-heading-level-3'><a class=\"ez-toc-link ez-toc-heading-3\" href=\"https:\/\/idecesos.com\/seguros\/companias\/clinicum\/precio\/#%C2%BFCual_es_la_mejor_tarifa_de_seguros_de_Clinicum\" >\u00bfCu\u00e1l es la mejor tarifa de seguros de Clinicum ?<\/a><\/li><li class='ez-toc-page-1 ez-toc-heading-level-3'><a class=\"ez-toc-link ez-toc-heading-4\" href=\"https:\/\/idecesos.com\/seguros\/companias\/clinicum\/precio\/#%C2%BFPuede_aumentar_precio_mensual_de_los_seguros_de_Clinicum\" >\u00bfPuede aumentar precio mensual de los seguros de Clinicum ?<\/a><\/li><li class='ez-toc-page-1 ez-toc-heading-level-3'><a class=\"ez-toc-link ez-toc-heading-5\" href=\"https:\/\/idecesos.com\/seguros\/companias\/clinicum\/precio\/#%C2%BFEl_precio_de_seguros_de_decesos_Clinicum_sube_con_la_edad\" >\u00bfEl precio de seguros de decesos Clinicum sube con la edad?<\/a><\/li><li class='ez-toc-page-1 ez-toc-heading-level-3'><a class=\"ez-toc-link ez-toc-heading-6\" href=\"https:\/\/idecesos.com\/seguros\/companias\/clinicum\/precio\/#Paginas_relacionadas\" >P\u00e1ginas relacionadas<\/a><\/li><\/ul><\/li><\/ul><\/nav><\/div>\n<p><br \/>\nEn el sector de los seguros de decesos existen muchos tipos de empresas aseguradoras, coberturas y precios entre aqu\u00e9llos que mejor se pueden adaptar a sus necesidades. Es preciso antes de decidir por qu\u00e9 producto o bien compa\u00f1\u00eda seleccionar, estar informado de las distintas tarifas que ofrecen. No se preocupe. iDecesos ha trabajado por para facilitarle cada uno de ellos de los precios y diferentes modalidades de primas que existen en los seguros de decesos a fin de que en cuesti\u00f3n de minutos puede saber cu\u00e1l es el tipo de seguro que precisa y se amolda a sus necesidades.<\/p>\n<div class=\"colorf\"><div class=\"container clearfix\"><div class=\"col-md-7\">\n<h2><span class=\"ez-toc-section\" id=\"Calcular_precio_seguro_de_decesos_Clinicum\"><\/span>Calcular precio seguro de decesos Clinicum<span class=\"ez-toc-section-end\"><\/span><\/h2>\n<p>Clinicum hace un proceso personalizado para cada uno de sus clientes del servicio de la mano de excelentes profesionales del \u00e1mbito de forma muy exhaustiva para que se adapten sus coberturas y precios perfectamente a lo que buscas a fin de que puedas vivir apacible y sin preocupaciones. Es importante anticiparse a lo que pueda acontecer, estando prevenido. Clinicum te asegura el c\u00e1lculo del precio de tu p\u00f3liza en menos de un minuto vas a conocer la tarifa de seguro de decesos. iDecesos es la herramienta m\u00e1s f\u00e1cil y r\u00e1pida de usar en nuestros d\u00edas para comparar precios de seguros de decesos. Solo tienes que rellenar los datos que te pedimos y obtendr\u00e1s en cuesti\u00f3n de segundos la tarifa que m\u00e1s se amolde a ti. Adem\u00e1s, podr\u00e1s ver todas y cada una las ventajas que tienes a tu predisposici\u00f3n de manera sencilla. Ya lo has visto, simple y sencillo. Adem\u00e1s de esto, este servicio es gratis y podr\u00e1s emplearlo todas las veces que desees.<br \/>\n<\/div><\/div><\/div><\/p>\n<h2><span class=\"ez-toc-section\" id=\"Tabla_comparativa_de_precios_Clinicum\"><\/span>Tabla comparativa de precios Clinicum<span class=\"ez-toc-section-end\"><\/span><\/h2>\n<p><div class=\"cabecera_tabla_precio\"><table class=\"table table-striped\"><thead><tr><th class=\"nosepara centrado\">Tipo<\/th><th class=\"nosepara centrado nojustificado\">Precio Desde<\/th><th class=\"nosepara dcha\"><\/th><\/tr><\/thead><tbody><tr class=\"fila_tabla_precio\"><td class=\"nosepara izq\">Precio Seguro Decesos Clinicum<\/td><td class=\"nosepara centro\">1,47 \u20ac\/mes<\/td><td class=\"nosepara derecha\">\t\t\t\t\t\n\t\t\t\t\t\t<span class=\"\" style=\"cursor:pointer\" data-bs-toggle=\"modal\" data-bs-target=\"#comparadorModal\">Calcular<\/span>\t\t\t\t\n\t\t\t\t\t\n\t\t\t\t<\/td><\/tr><\/div><tr class=\"fila_tabla_precio\"><td class=\"nosepara izq\">Precio Prima \u00danica Clinicum<\/td><td class=\"nosepara centro\">2360 \u20ac<\/td><td class=\"nosepara derecha\">\t\t\t\t\t\n\t\t\t\t\t\t<span class=\"\" style=\"cursor:pointer\" data-bs-toggle=\"modal\" data-bs-target=\"#comparadorModal\">Calcular<\/span>\t\t\t\t\n\t\t\t\t\t\n\t\t\t\t<\/td><\/tr><\/div><tr class=\"fila_tabla_precio\"><td class=\"nosepara izq\">Precio Prima Natural Clinicum<\/td><td class=\"nosepara centro\">1,22 \u20ac\/mes<\/td><td class=\"nosepara derecha\">\t\t\t\t\t\n\t\t\t\t\t\t<span class=\"\" style=\"cursor:pointer\" data-bs-toggle=\"modal\" data-bs-target=\"#comparadorModal\">Calcular<\/span>\t\t\t\t\n\t\t\t\t\t\n\t\t\t\t<\/td><\/tr><\/div><tr class=\"fila_tabla_precio\"><td class=\"nosepara izq\">Precio Prima Nivelada Clinicum<\/td><td class=\"nosepara centro\">1,66 \u20ac\/mes<\/td><td class=\"nosepara derecha\">\t\t\t\t\t\n\t\t\t\t\t\t<span class=\"\" style=\"cursor:pointer\" data-bs-toggle=\"modal\" data-bs-target=\"#comparadorModal\">Calcular<\/span>\t\t\t\t\n\t\t\t\t\t\n\t\t\t\t<\/td><\/tr><\/div><tr class=\"fila_tabla_precio\"><td class=\"nosepara izq\">Precio Prima Mixta Clinicum<\/td><td class=\"nosepara centro\">1,36 \u20ac\/mes<\/td><td class=\"nosepara derecha\">\t\t\t\t\t\n\t\t\t\t\t\t<span class=\"\" style=\"cursor:pointer\" data-bs-toggle=\"modal\" data-bs-target=\"#comparadorModal\">Calcular<\/span>\t\t\t\t\n\t\t\t\t\t\n\t\t\t\t<\/td><\/tr><\/div><tr class=\"fila_tabla_precio\"><td class=\"nosepara izq\">Precio Prima Seminatural Clinicum<\/td><td class=\"nosepara centro\">1,61 \u20ac\/mes<\/td><td class=\"nosepara derecha\">\t\t\t\t\t\n\t\t\t\t\t\t<span class=\"\" style=\"cursor:pointer\" data-bs-toggle=\"modal\" data-bs-target=\"#comparadorModal\">Calcular<\/span>\t\t\t\t\n\t\t\t\t\t\n\t\t\t\t<\/td><\/tr><\/div><tr class=\"fila_tabla_precio\"><td class=\"nosepara izq\">Precio con Repatriaci\u00f3n Clinicum<\/td><td class=\"nosepara centro\">0,84 \u20ac a la cuota<\/td><td class=\"nosepara derecha\">\t\t\t\t\t\n\t\t\t\t\t\t<span class=\"\" style=\"cursor:pointer\" data-bs-toggle=\"modal\" data-bs-target=\"#comparadorModal\">Calcular<\/span>\t\t\t\t\n\t\t\t\t\t\n\t\t\t\t<\/td><\/tr><\/div><tr class=\"fila_tabla_precio\"><td class=\"nosepara izq\">Precio Seguro Defunci\u00f3n Clinicum<\/td><td class=\"nosepara centro\">1,64 \u20ac\/mes<\/td><td class=\"nosepara derecha\">\t\t\t\t\t\n\t\t\t\t\t\t<span class=\"\" style=\"cursor:pointer\" data-bs-toggle=\"modal\" data-bs-target=\"#comparadorModal\">Calcular<\/span>\t\t\t\t\n\t\t\t\t\t\n\t\t\t\t<\/td><\/tr><\/div><tr class=\"fila_tabla_precio\"><td class=\"nosepara izq\">Precio Seguro Fallecimiento Clinicum<\/td><td class=\"nosepara centro\">1,59 \u20ac\/mes<\/td><td class=\"nosepara derecha\">\t\t\t\t\t\n\t\t\t\t\t\t<span class=\"\" style=\"cursor:pointer\" data-bs-toggle=\"modal\" data-bs-target=\"#comparadorModal\">Calcular<\/span>\t\t\t\t\n\t\t\t\t\t\n\t\t\t\t<\/td><\/tr><\/div><tr class=\"fila_tabla_precio\"><td class=\"nosepara izq\">Precio Seguro Muertos Clinicum<\/td><td class=\"nosepara centro\">1,54 \u20ac\/mes<\/td><td class=\"nosepara derecha\">\t\t\t\t\t\n\t\t\t\t\t\t<span class=\"\" style=\"cursor:pointer\" data-bs-toggle=\"modal\" data-bs-target=\"#comparadorModal\">Calcular<\/span>\t\t\t\t\n\t\t\t\t\t\n\t\t\t\t<\/td><\/tr><\/div><tr class=\"fila_tabla_precio\"><td class=\"nosepara izq\">Precio Asistencia Familiar Clinicum<\/td><td class=\"nosepara centro\">1,48 \u20ac\/mes<\/td><td class=\"nosepara derecha\">\t\t\t\t\t\n\t\t\t\t\t\t<span class=\"\" style=\"cursor:pointer\" data-bs-toggle=\"modal\" data-bs-target=\"#comparadorModal\">Calcular<\/span>\t\t\t\t\n\t\t\t\t\t\n\t\t\t\t<\/td><\/tr><\/div><\/tbody><\/table><\/div><\/p>\n<p>Comania te lo quiere poner mucho m\u00e1s simple con esta tabla comparativa vas a poder visualizarlo las distintas tarifas que cuenta cada p\u00f3liza. Clinicum asegura que quede todo cubierto en el sepelio y no tengas que preocuparte de nada tanto como tus familiares, donde no te salva absolutamente nadie de la muerte ni de los obst\u00e1culos, te tienes a ti para poder asegurar tu tranquilidad en el instante del \u00f3bito. Clinicum solo te recuerda que un d\u00eda est\u00e1s de pie y al d\u00eda despu\u00e9s, ya no hay siguiente. No tienes a la suerte y contrata ya tu seguro de decesos con Clinicum.<br \/>\n<div class=\"colorf\"><div class=\"container clearfix\"><div class=\"col-md-7\"><\/p>\n<h3><span class=\"ez-toc-section\" id=\"%C2%BFCual_es_la_mejor_tarifa_de_seguros_de_Clinicum\"><\/span>\u00bfCu\u00e1l es la mejor tarifa de seguros de Clinicum ?<span class=\"ez-toc-section-end\"><\/span><\/h3>\n<p>No busque m\u00e1s, con la oferta de Clinicum obtendr\u00e1 todo cuanto busca. Las diferentes seguros de decesos tienen un sinf\u00edn de garant\u00edas adicionales que le dan una alta usabilidad a las p\u00f3lizas y un alto valor a\u00f1adido para los clientes del servicio, es una clara ventaja a nivel competitivo con respecto a otros que se ofertan en el mercado asegurador con precios y coberturas obsoletas. Gracias a iDecesos todo este trabajo te ser\u00e1 m\u00e1s f\u00e1cil, puesto que te asistiremos a hallar lo que verdaderamente precisas.<br \/>\n<\/div><\/div><\/div><\/p>\n<h3><span class=\"ez-toc-section\" id=\"%C2%BFPuede_aumentar_precio_mensual_de_los_seguros_de_Clinicum\"><\/span>\u00bfPuede aumentar precio mensual de los seguros de Clinicum ?<span class=\"ez-toc-section-end\"><\/span><\/h3>\n<p>Clinicum es famosa por su amplia gama de primas para poder amoldarse a cada uno de ellos de los perfiles independientemente del rango de edad que pertenezcan. En este pa\u00eds, la inmensa mayor\u00eda goza de un seguro de decesos de prima nivelada en tanto que se sostienen el precio en la renovaci\u00f3n anual y sin sobresaltos, ahora le indicaremos las distintas modalidades de primas que prevalecen para que puedas atinar en la elecci\u00f3n de tu seguro de defunci\u00f3n<\/p>\n<p><strong>\u2022 Prima \u00danica o pago \u00fanico:<\/strong> Esta modalidad de prima cubre el rango de edad avanzada y tambi\u00e9n con enfermedades terminales, garantiza el servicio de sepelio completo a trav\u00e9s de el pago \u00fanico de la prima y dejando todo resuelto a sus familiares, llegado el instante del deceso del tomador de la p\u00f3liza.<\/p>\n<p>Prima natural: es el tipo de prima famosa tambi\u00e9n como creciente, debido a que no para de medrar anualmente el precio de la prima pues obedece a la edad actuarial que tienen los asegurados desde el inicio de la p\u00f3liza, calcula la esperanza de vida y establece una cuadro evolutivo de la tarifa de la prima a muchos a\u00f1os vista.<br \/>\n<strong>\u2022 Prima Mixta:<\/strong> Esta prima es una mezcla de las modalidades de Prima Nivelada y Prima Natural, esta p\u00f3liza se va recalculando del mismo modo que la prima natural, dependiendo del peligro de fallecimiento que pueda tener el asegurado dependiendo de sus a\u00f1os, pero superados los 60 a\u00f1os se incorpora una nivelaci\u00f3n de precios que va a quedar incesante como en la prima nivelada, en suma, un mix de las dos como bien su nombre indica.<br \/>\nVas a poder dividir el costo de las modalidades de primas y que te pasen el recibo cada treinta d\u00edas, 60 d\u00edas, noventa dias, 60 dias o bien cada trescientos sesenta y cinco d\u00edas. En iDecesos la inmensa mayor\u00eda de nuestros clientes salvo los de primas \u00fanicas como es obvio escogen la modalidad mensual mas ofrecemos absolutamente todas las forma de pago libres en el instante con cada una de las aseguradoras.<br \/>\n<div class=\"colorf\"><div class=\"container clearfix\"><div class=\"col-md-7\"><\/p>\n<h3><span class=\"ez-toc-section\" id=\"%C2%BFEl_precio_de_seguros_de_decesos_Clinicum_sube_con_la_edad\"><\/span>\u00bfEl precio de seguros de decesos Clinicum sube con la edad?<span class=\"ez-toc-section-end\"><\/span><\/h3>\n<p>No se preocupe por nada. Si todav\u00eda no cuenta con una p\u00f3liza es el instante de contratar el seguro de decesos de Clinicum. Su edad no ser\u00e1 un impedimento y ellos se encargasen de todo. Dentro de Clinicum podr\u00e1s estar sosegado en tanto que no hay subida en cuanto se vaya aumentando la edad, la p\u00f3liza se hace en referencia a la edad del asegurado. Su edad no es una barrera para contratar uno de sus seguros de decesos con lo que podr\u00e1 contar con sus diferentes modalidades que pueden ser prima nivelada, natural, mixta, semi natural y \u00fanica. Ahorra tiempo con Clinicum. Ellos se encargaran de los tr\u00e1mites burocr\u00e1ticos y de todos los gastos de sepelio. Clinicum te ofrece coberturas de lo m\u00e1s interesantes y actuales a fin de que sus asegurados est\u00e9n en las mejores manos. No deje que pasen los a\u00f1os y contrata ya un seguro de decesos para que su familia y puedan tener un futuro m\u00e1s sosegado.<br \/>\n<\/div><\/div><\/div><\/p>\n<h3><span class=\"ez-toc-section\" id=\"Paginas_relacionadas\"><\/span>P\u00e1ginas relacionadas<span class=\"ez-toc-section-end\"><\/span><\/h3><div class=\"enlazado\"><ul> <li><a href=\"https:\/\/idecesos.com\/seguros\/companias\/clinicum\/opiniones\/\">Opiniones Clinicum<\/a><\/li> <li><a href=\"https:\/\/idecesos.com\/seguros\/companias\/clinicum\/precio\/\">Precio seguro Clinicum<\/a><\/li> <li><a href=\"https:\/\/idecesos.com\/seguros\/companias\/clinicum\/prima-mixta\/\">Clinicum Prima Mixta<\/a><\/li> <li><a href=\"https:\/\/idecesos.com\/seguros\/companias\/clinicum\/prima-natural\/\">Clinicum Prima Natural<\/a><\/li> <li><a href=\"https:\/\/idecesos.com\/seguros\/companias\/clinicum\/prima-nivelada\/\">Clinicum Prima Nivelada<\/a><\/li> <li><a href=\"https:\/\/idecesos.com\/seguros\/companias\/clinicum\/prima-unica\/\">Clinicum Prima \u00danica<\/a><\/li> <li><a href=\"https:\/\/idecesos.com\/seguros\/companias\/clinicum\/repatriacion\/\">Clinicum Repatriaci\u00f3n<\/a><\/li> <li><a href=\"https:\/\/idecesos.com\/seguros\/companias\/clinicum\/telefono\/\">Tel\u00e9fono Gratuito Clinicum<\/a><\/li><\/ul><\/div>\n","protected":false},"excerpt":{"rendered":"<p>En el sector de los seguros de decesos existen muchos tipos de empresas aseguradoras, coberturas y precios entre aqu\u00e9llos que mejor se pueden adaptar a sus necesidades. Es preciso antes de decidir por qu\u00e9 producto o bien compa\u00f1\u00eda seleccionar, estar informado de las distintas tarifas que ofrecen. No se preocupe. iDecesos ha trabajado por para&hellip; <\/p>\n","protected":false},"author":1,"featured_media":17527,"parent":9488,"menu_order":0,"comment_status":"closed","ping_status":"closed","template":"single.php","meta":{"footnotes":""},"class_list":["post-17526","page","type-page","status-publish","has-post-thumbnail","hentry"],"yoast_head":"<!-- This site is optimized with the Yoast SEO plugin v27.2 - https:\/\/yoast.com\/product\/yoast-seo-wordpress\/ -->\n<title>Precio Seguro Decesos Clinicum \u25b7DTO 25% I Oferta 2026<\/title>\n<meta name=\"description\" content=\"Calcular aqu\u00ed\u3010precio seguro de decesos Clinicum\u3011Tarifas, oferta y descuento de seguro defunci\u00f3n Clinicum 2026 \u2611\ufe0fiDecesos\u00ae N\u00ba1 en ahorro\" \/>\n<meta name=\"robots\" content=\"index, follow, max-snippet:-1, max-image-preview:large, max-video-preview:-1\" \/>\n<link rel=\"canonical\" href=\"https:\/\/idecesos.com\/seguros\/companias\/clinicum\/precio\/\" \/>\n<meta property=\"og:locale\" content=\"es_ES\" \/>\n<meta property=\"og:type\" content=\"article\" \/>\n<meta property=\"og:title\" content=\"Precio Seguro Decesos Clinicum \u25b7DTO 25% I Oferta 2026\" \/>\n<meta property=\"og:description\" content=\"Calcular aqu\u00ed\u3010precio seguro de decesos Clinicum\u3011Tarifas, oferta y descuento de seguro defunci\u00f3n Clinicum 2026 \u2611\ufe0fiDecesos\u00ae N\u00ba1 en ahorro\" \/>\n<meta property=\"og:url\" content=\"https:\/\/idecesos.com\/seguros\/companias\/clinicum\/precio\/\" \/>\n<meta property=\"article:modified_time\" content=\"2022-03-10T12:12:17+00:00\" \/>\n<meta property=\"og:image\" content=\"https:\/\/idecesos.com\/seguros\/wp-content\/uploads\/2021\/12\/precio-2.jpg-105.jpeg\" \/>\n\t<meta property=\"og:image:width\" content=\"1500\" \/>\n\t<meta property=\"og:image:height\" content=\"559\" \/>\n\t<meta property=\"og:image:type\" content=\"image\/jpeg\" \/>\n<meta name=\"twitter:card\" content=\"summary_large_image\" \/>\n<meta name=\"twitter:label1\" content=\"Tiempo de lectura\" \/>\n\t<meta name=\"twitter:data1\" content=\"75 minutos\" \/>\n<script type=\"application\/ld+json\" class=\"yoast-schema-graph\">{\"@context\":\"https:\/\/schema.org\",\"@graph\":[{\"@type\":\"WebPage\",\"@id\":\"https:\/\/idecesos.com\/seguros\/companias\/clinicum\/precio\/\",\"url\":\"https:\/\/idecesos.com\/seguros\/companias\/clinicum\/precio\/\",\"name\":\"Precio Seguro Decesos Clinicum \u25b7DTO 25% I Oferta 2026\",\"isPartOf\":{\"@id\":\"https:\/\/idecesos.com\/seguros\/#website\"},\"primaryImageOfPage\":{\"@id\":\"https:\/\/idecesos.com\/seguros\/companias\/clinicum\/precio\/#primaryimage\"},\"image\":{\"@id\":\"https:\/\/idecesos.com\/seguros\/companias\/clinicum\/precio\/#primaryimage\"},\"thumbnailUrl\":\"https:\/\/idecesos.com\/seguros\/wp-content\/uploads\/2021\/12\/precio-2.jpg-105.jpeg\",\"datePublished\":\"2021-12-15T16:03:59+00:00\",\"dateModified\":\"2022-03-10T12:12:17+00:00\",\"description\":\"Calcular aqu\u00ed\u3010precio seguro de decesos Clinicum\u3011Tarifas, oferta y descuento de seguro defunci\u00f3n Clinicum 2026 \u2611\ufe0fiDecesos\u00ae N\u00ba1 en ahorro\",\"breadcrumb\":{\"@id\":\"https:\/\/idecesos.com\/seguros\/companias\/clinicum\/precio\/#breadcrumb\"},\"inLanguage\":\"es\",\"potentialAction\":[{\"@type\":\"ReadAction\",\"target\":[\"https:\/\/idecesos.com\/seguros\/companias\/clinicum\/precio\/\"]}]},{\"@type\":\"ImageObject\",\"inLanguage\":\"es\",\"@id\":\"https:\/\/idecesos.com\/seguros\/companias\/clinicum\/precio\/#primaryimage\",\"url\":\"https:\/\/idecesos.com\/seguros\/wp-content\/uploads\/2021\/12\/precio-2.jpg-105.jpeg\",\"contentUrl\":\"https:\/\/idecesos.com\/seguros\/wp-content\/uploads\/2021\/12\/precio-2.jpg-105.jpeg\",\"width\":1500,\"height\":559,\"caption\":\"Precio Clinicum\"},{\"@type\":\"BreadcrumbList\",\"@id\":\"https:\/\/idecesos.com\/seguros\/companias\/clinicum\/precio\/#breadcrumb\",\"itemListElement\":[{\"@type\":\"ListItem\",\"position\":1,\"name\":\"Portada\",\"item\":\"https:\/\/idecesos.com\/seguros\/\"},{\"@type\":\"ListItem\",\"position\":2,\"name\":\"Compa\u00f1\u00edas de Seguros de Decesos en Espa\u00f1a\",\"item\":\"https:\/\/idecesos.com\/seguros\/companias\/\"},{\"@type\":\"ListItem\",\"position\":3,\"name\":\"Seguros de decesos Cl\u00ednicum\",\"item\":\"https:\/\/idecesos.com\/seguros\/companias\/clinicum\/\"},{\"@type\":\"ListItem\",\"position\":4,\"name\":\"\u00bfCu\u00e1nto cuesta el seguro de decesos Clinicum?\"}]},{\"@type\":\"WebSite\",\"@id\":\"https:\/\/idecesos.com\/seguros\/#website\",\"url\":\"https:\/\/idecesos.com\/seguros\/\",\"name\":\"\",\"description\":\"\",\"potentialAction\":[{\"@type\":\"SearchAction\",\"target\":{\"@type\":\"EntryPoint\",\"urlTemplate\":\"https:\/\/idecesos.com\/seguros\/?s={search_term_string}\"},\"query-input\":{\"@type\":\"PropertyValueSpecification\",\"valueRequired\":true,\"valueName\":\"search_term_string\"}}],\"inLanguage\":\"es\"}]}<\/script>\n<!-- \/ Yoast SEO plugin. -->","yoast_head_json":{"title":"Precio Seguro Decesos Clinicum \u25b7DTO 25% I Oferta 2026","description":"Calcular aqu\u00ed\u3010precio seguro de decesos Clinicum\u3011Tarifas, oferta y descuento de seguro defunci\u00f3n Clinicum 2026 \u2611\ufe0fiDecesos\u00ae N\u00ba1 en ahorro","robots":{"index":"index","follow":"follow","max-snippet":"max-snippet:-1","max-image-preview":"max-image-preview:large","max-video-preview":"max-video-preview:-1"},"canonical":"https:\/\/idecesos.com\/seguros\/companias\/clinicum\/precio\/","og_locale":"es_ES","og_type":"article","og_title":"Precio Seguro Decesos Clinicum \u25b7DTO 25% I Oferta 2026","og_description":"Calcular aqu\u00ed\u3010precio seguro de decesos Clinicum\u3011Tarifas, oferta y descuento de seguro defunci\u00f3n Clinicum 2026 \u2611\ufe0fiDecesos\u00ae N\u00ba1 en ahorro","og_url":"https:\/\/idecesos.com\/seguros\/companias\/clinicum\/precio\/","article_modified_time":"2022-03-10T12:12:17+00:00","og_image":[{"width":1500,"height":559,"url":"https:\/\/idecesos.com\/seguros\/wp-content\/uploads\/2021\/12\/precio-2.jpg-105.jpeg","type":"image\/jpeg"}],"twitter_card":"summary_large_image","twitter_misc":{"Tiempo de lectura":"75 minutos"},"schema":{"@context":"https:\/\/schema.org","@graph":[{"@type":"WebPage","@id":"https:\/\/idecesos.com\/seguros\/companias\/clinicum\/precio\/","url":"https:\/\/idecesos.com\/seguros\/companias\/clinicum\/precio\/","name":"Precio Seguro Decesos Clinicum \u25b7DTO 25% I Oferta 2026","isPartOf":{"@id":"https:\/\/idecesos.com\/seguros\/#website"},"primaryImageOfPage":{"@id":"https:\/\/idecesos.com\/seguros\/companias\/clinicum\/precio\/#primaryimage"},"image":{"@id":"https:\/\/idecesos.com\/seguros\/companias\/clinicum\/precio\/#primaryimage"},"thumbnailUrl":"https:\/\/idecesos.com\/seguros\/wp-content\/uploads\/2021\/12\/precio-2.jpg-105.jpeg","datePublished":"2021-12-15T16:03:59+00:00","dateModified":"2022-03-10T12:12:17+00:00","description":"Calcular aqu\u00ed\u3010precio seguro de decesos Clinicum\u3011Tarifas, oferta y descuento de seguro defunci\u00f3n Clinicum 2026 \u2611\ufe0fiDecesos\u00ae N\u00ba1 en ahorro","breadcrumb":{"@id":"https:\/\/idecesos.com\/seguros\/companias\/clinicum\/precio\/#breadcrumb"},"inLanguage":"es","potentialAction":[{"@type":"ReadAction","target":["https:\/\/idecesos.com\/seguros\/companias\/clinicum\/precio\/"]}]},{"@type":"ImageObject","inLanguage":"es","@id":"https:\/\/idecesos.com\/seguros\/companias\/clinicum\/precio\/#primaryimage","url":"https:\/\/idecesos.com\/seguros\/wp-content\/uploads\/2021\/12\/precio-2.jpg-105.jpeg","contentUrl":"https:\/\/idecesos.com\/seguros\/wp-content\/uploads\/2021\/12\/precio-2.jpg-105.jpeg","width":1500,"height":559,"caption":"Precio Clinicum"},{"@type":"BreadcrumbList","@id":"https:\/\/idecesos.com\/seguros\/companias\/clinicum\/precio\/#breadcrumb","itemListElement":[{"@type":"ListItem","position":1,"name":"Portada","item":"https:\/\/idecesos.com\/seguros\/"},{"@type":"ListItem","position":2,"name":"Compa\u00f1\u00edas de Seguros de Decesos en Espa\u00f1a","item":"https:\/\/idecesos.com\/seguros\/companias\/"},{"@type":"ListItem","position":3,"name":"Seguros de decesos Cl\u00ednicum","item":"https:\/\/idecesos.com\/seguros\/companias\/clinicum\/"},{"@type":"ListItem","position":4,"name":"\u00bfCu\u00e1nto cuesta el seguro de decesos Clinicum?"}]},{"@type":"WebSite","@id":"https:\/\/idecesos.com\/seguros\/#website","url":"https:\/\/idecesos.com\/seguros\/","name":"","description":"","potentialAction":[{"@type":"SearchAction","target":{"@type":"EntryPoint","urlTemplate":"https:\/\/idecesos.com\/seguros\/?s={search_term_string}"},"query-input":{"@type":"PropertyValueSpecification","valueRequired":true,"valueName":"search_term_string"}}],"inLanguage":"es"}]}},"_links":{"self":[{"href":"https:\/\/idecesos.com\/seguros\/wp-json\/wp\/v2\/pages\/17526","targetHints":{"allow":["GET"]}}],"collection":[{"href":"https:\/\/idecesos.com\/seguros\/wp-json\/wp\/v2\/pages"}],"about":[{"href":"https:\/\/idecesos.com\/seguros\/wp-json\/wp\/v2\/types\/page"}],"author":[{"embeddable":true,"href":"https:\/\/idecesos.com\/seguros\/wp-json\/wp\/v2\/users\/1"}],"replies":[{"embeddable":true,"href":"https:\/\/idecesos.com\/seguros\/wp-json\/wp\/v2\/comments?post=17526"}],"version-history":[{"count":3,"href":"https:\/\/idecesos.com\/seguros\/wp-json\/wp\/v2\/pages\/17526\/revisions"}],"predecessor-version":[{"id":20177,"href":"https:\/\/idecesos.com\/seguros\/wp-json\/wp\/v2\/pages\/17526\/revisions\/20177"}],"up":[{"embeddable":true,"href":"https:\/\/idecesos.com\/seguros\/wp-json\/wp\/v2\/pages\/9488"}],"wp:featuredmedia":[{"embeddable":true,"href":"https:\/\/idecesos.com\/seguros\/wp-json\/wp\/v2\/media\/17527"}],"wp:attachment":[{"href":"https:\/\/idecesos.com\/seguros\/wp-json\/wp\/v2\/media?parent=17526"}],"curies":[{"name":"wp","href":"https:\/\/api.w.org\/{rel}","templated":true}]}}