{"id":18049,"date":"2021-12-29T11:52:31","date_gmt":"2021-12-29T11:45:45","guid":{"rendered":"https:\/\/idecesos.com\/seguros\/companias\/asisa\/dar-de-baja\/"},"modified":"2022-01-27T16:20:17","modified_gmt":"2022-01-27T16:20:17","slug":"dar-de-baja","status":"publish","type":"page","link":"https:\/\/idecesos.com\/seguros\/companias\/asisa\/dar-de-baja\/","title":{"rendered":"\u00bfC\u00f3mo dar de baja seguro Asisa?"},"content":{"rendered":"<div id=\"ez-toc-container\" class=\"ez-toc-v2_0_82_2 ez-toc-wrap-center counter-hierarchy ez-toc-counter ez-toc-custom ez-toc-container-direction\">\n<div class=\"ez-toc-title-container\">\n<p class=\"ez-toc-title\" style=\"cursor:inherit\">Tabla de Contenido<\/p>\n<span class=\"ez-toc-title-toggle\"><a href=\"#\" class=\"ez-toc-pull-right ez-toc-btn ez-toc-btn-xs ez-toc-btn-default ez-toc-toggle\" aria-label=\"Alternar tabla de contenidos\"><span class=\"ez-toc-js-icon-con\"><span class=\"\"><span class=\"eztoc-hide\" style=\"display:none;\">Toggle<\/span><span class=\"ez-toc-icon-toggle-span\"><svg style=\"fill: #db6415;color:#db6415\" xmlns=\"http:\/\/www.w3.org\/2000\/svg\" class=\"list-377408\" width=\"20px\" height=\"20px\" viewBox=\"0 0 24 24\" fill=\"none\"><path d=\"M6 6H4v2h2V6zm14 0H8v2h12V6zM4 11h2v2H4v-2zm16 0H8v2h12v-2zM4 16h2v2H4v-2zm16 0H8v2h12v-2z\" fill=\"currentColor\"><\/path><\/svg><svg style=\"fill: #db6415;color:#db6415\" class=\"arrow-unsorted-368013\" xmlns=\"http:\/\/www.w3.org\/2000\/svg\" width=\"10px\" height=\"10px\" viewBox=\"0 0 24 24\" version=\"1.2\" baseProfile=\"tiny\"><path d=\"M18.2 9.3l-6.2-6.3-6.2 6.3c-.2.2-.3.4-.3.7s.1.5.3.7c.2.2.4.3.7.3h11c.3 0 .5-.1.7-.3.2-.2.3-.5.3-.7s-.1-.5-.3-.7zM5.8 14.7l6.2 6.3 6.2-6.3c.2-.2.3-.5.3-.7s-.1-.5-.3-.7c-.2-.2-.4-.3-.7-.3h-11c-.3 0-.5.1-.7.3-.2.2-.3.5-.3.7s.1.5.3.7z\"\/><\/svg><\/span><\/span><\/span><\/a><\/span><\/div>\n<nav><ul class='ez-toc-list ez-toc-list-level-1 ' ><li class='ez-toc-page-1 ez-toc-heading-level-2'><a class=\"ez-toc-link ez-toc-heading-1\" href=\"https:\/\/idecesos.com\/seguros\/companias\/asisa\/dar-de-baja\/#Diferentes_opciones_para_cancelar_un_contrato_con_Asisa\" >Diferentes opciones para cancelar un contrato con Asisa<\/a><ul class='ez-toc-list-level-3' ><li class='ez-toc-heading-level-3'><a class=\"ez-toc-link ez-toc-heading-2\" href=\"https:\/\/idecesos.com\/seguros\/companias\/asisa\/dar-de-baja\/#A_traves_de_la_web_de_Asisa\" >A trav\u00e9s de la web de Asisa<\/a><\/li><li class='ez-toc-page-1 ez-toc-heading-level-3'><a class=\"ez-toc-link ez-toc-heading-3\" href=\"https:\/\/idecesos.com\/seguros\/companias\/asisa\/dar-de-baja\/#Utilizando_el_correo_electronico_de_Asisa\" >Utilizando el correo electr\u00f3nico de Asisa<\/a><\/li><li class='ez-toc-page-1 ez-toc-heading-level-3'><a class=\"ez-toc-link ez-toc-heading-4\" href=\"https:\/\/idecesos.com\/seguros\/companias\/asisa\/dar-de-baja\/#Dar_de_baja_Asisa_por_fax\" >Dar de baja Asisa por fax<\/a><\/li><li class='ez-toc-page-1 ez-toc-heading-level-3'><a class=\"ez-toc-link ez-toc-heading-5\" href=\"https:\/\/idecesos.com\/seguros\/companias\/asisa\/dar-de-baja\/#En_la_oficina_de_Asisa\" >En la oficina de Asisa<\/a><\/li><li class='ez-toc-page-1 ez-toc-heading-level-3'><a class=\"ez-toc-link ez-toc-heading-6\" href=\"https:\/\/idecesos.com\/seguros\/companias\/asisa\/dar-de-baja\/#Telefono_para_dar_de_baja_Asisa\" >T\u00e9lefono para dar de baja Asisa<\/a><\/li><\/ul><\/li><li class='ez-toc-page-1 ez-toc-heading-level-2'><a class=\"ez-toc-link ez-toc-heading-7\" href=\"https:\/\/idecesos.com\/seguros\/companias\/asisa\/dar-de-baja\/#Dar_de_baja_seguro_Asisa_de_un_fallecido\" >Dar de baja seguro Asisa de un fallecido<\/a><ul class='ez-toc-list-level-3' ><li class='ez-toc-heading-level-3'><a class=\"ez-toc-link ez-toc-heading-8\" href=\"https:\/\/idecesos.com\/seguros\/companias\/asisa\/dar-de-baja\/#Paginas_relacionadas\" >P\u00e1ginas relacionadas<\/a><\/li><\/ul><\/li><\/ul><\/nav><\/div>\n<p> iDecesos ha trabajado para explicarle de qu\u00e9 forma dar de baja un seguro de decesos. Hacerlo puede parecer algo complicado, mas no tiene de qu\u00e9 preocuparse, a continuaci\u00f3n, le vamos a mostrar los pasos que a de seguir. De esta manera, con la informaci\u00f3n recogida, vas a poder hacerlo t\u00fa mismo y solventar los inconvenientes que le haya acarreado. Es muy importante que sepa que, una vez dado de baja su seguro de decesos, es conveniente que busque otro que se adapte a sus necesidades, para tu futura tranquilidad y la de tus familiares. Para evitar inconvenientes, va a deber informar a la compa\u00f1\u00eda de la baja de su seguro, 30 d\u00edas antes de su renovaci\u00f3n. <div class=\"colorf \"  ><div class=\"container clearfix\"><div class=\"col-md-7\"><\/p>\r\n<h2><span class=\"ez-toc-section\" id=\"Diferentes_opciones_para_cancelar_un_contrato_con_Asisa\"><\/span>Diferentes opciones para cancelar un contrato con Asisa<span class=\"ez-toc-section-end\"><\/span><\/h2>\r\n<!-- \/wp:post-content -->\r\n\r\n<!-- wp:paragraph -->\r\n<p>Basadas en la experiencia de los clientes, puedes conocer las distintas opciones de esas personas que dieron de baja su seguro. Para darse de baja de un seguro de fallecimiento hay muchas opciones comunes en todas las compa\u00f1\u00edas de seguros. Aunque en ciertas compa\u00f1\u00edas aseguradoras te pueden admitir la cancelaci\u00f3n del seguro de forma telef\u00f3nica, para eludir que desperdicies el tiempo, lo m\u00e1s normal es que acudas a una oficina y entregues el formulario de forma impresa. Si precisas ayuda sobre de qu\u00e9 forma puedes anular tu seguro de decesos, puedes llamarnos por tel\u00e9fono o mandarnos un e-mail a nuestro e mail. <\/div><\/div><\/div><\/p>\r\n<h3><span class=\"ez-toc-section\" id=\"A_traves_de_la_web_de_Asisa\"><\/span>A trav\u00e9s de la web de Asisa<span class=\"ez-toc-section-end\"><\/span><\/h3>\r\n<p>No olvides comprobar los datos ya que si ciertos est\u00e1n mal, la compa\u00f1\u00eda aseguradora no proceder\u00e1 a realizar la baja de tu seguro de decesos. \u00bfDe qu\u00e9 manera puedo cancelar mi seguro de decesos por la red por medio de el sitio web de la compa\u00f1\u00eda de seguros? La forma m\u00e1s sencilla es usando el buscador que podr\u00e1s encontrar en la p\u00e1gina de la compa\u00f1\u00eda y escribiendo lo que precisas saber. Contacta con tu compa\u00f1\u00eda por tel\u00e9fono si no encuentras de qu\u00e9 manera puedes dar de baja tu seguro de decesos. Tambi\u00e9n cumplimente el formulario o descargue el documento que se le pide para poder completar su petici\u00f3n. Es muy importante que revise con detenimiento si tiene todos los datos que solicita Asisa en tanto que en caso contrario no recibir\u00e1 confirmaci\u00f3n de la baja. <div class=\"colorf \"  ><div class=\"container clearfix\"><div class=\"col-md-7\"><\/p>\r\n<h3><span class=\"ez-toc-section\" id=\"Utilizando_el_correo_electronico_de_Asisa\"><\/span>Utilizando el correo electr\u00f3nico de Asisa<span class=\"ez-toc-section-end\"><\/span><\/h3>\r\n<p>Si lo prefieres, puedes solicitar la baja del seguro de decesos a trav\u00e9s del correo electr\u00f3nico de la compa\u00f1\u00eda. En pocos minutos podr\u00e1s tener tu contestaci\u00f3n sobre tu solicitud de darte de baja de tu seguro. Para solicitar la solicitud de baja del seguro, tendr\u00e1s que enviar una copia del documento de identidad y el documento firmado con los datos personales donde se detalla el deseo de darse de baja. Esto puedes pedirlo en el 951 127 403 o en el info@idecesos. com. Si no deseas tener problemas, guarda una copia sellada y el justificante. Con una copia de la notificaci\u00f3n te aseguras de no tener ning\u00fan g\u00e9nero de inconveniente en el futuro. <\/div><\/div><\/div><\/p>\r\n<h3><span class=\"ez-toc-section\" id=\"Dar_de_baja_Asisa_por_fax\"><\/span>Dar de baja Asisa por fax<span class=\"ez-toc-section-end\"><\/span><\/h3>\r\n<p>Puedes usar tambi\u00e9n el fax para dar de baja tu seguro de fallecimiento. El uso del fax no tiene mayores dificultades del mismo modo que el empleo del mail. Solo debes mandarle a tu compa\u00f1\u00eda de seguro tu copia del documento de identidad y la notificaci\u00f3n firmada. Si no la encuesta, ll\u00e1menos a este n\u00famero y te la vamos a facilitar 951 127 403. De la misma manera que en las opciones anteriormente detalladas, no olvides guardar la copia sellada y el justificante. Si deseas evitar inconvenientes, te recomendamos guardar tambi\u00e9n la copia de la notificaci\u00f3n donde se especifique la fecha de env\u00edo. <div class=\"colorf \"  ><div class=\"container clearfix\"><div class=\"col-md-7\"><\/p>\r\n<h3><span class=\"ez-toc-section\" id=\"En_la_oficina_de_Asisa\"><\/span>En la oficina de Asisa<span class=\"ez-toc-section-end\"><\/span><\/h3>\r\n<p>Si prefiere llevar el proceso de su baja, forma presencial, va a poder hacerlo acudiendo a las oficinas de Asisa. Pregunte o busque en su buscador la oficina de Asisa m\u00e1s cercana a su casa y dir\u00edjase en el horario estipulado para ser atendido. Los expertos le atender\u00e1n y van a ayudar en todo cuanto necesite para rellenar y firmar correctamente los documentos. El proceso ser\u00e1 tan sencillo como continuar las indicaciones de los asesores. Es necesario, que lleve su documento de identidad, para el correcto funcionamiento del tr\u00e1mite. Al concluir, le van a dar una imitaci\u00f3n de todo lo rellenado y el agente pasar\u00e1 a tramitarlo para darle de baja con lo que no deber\u00e1 preocuparse por solamente. <\/div><\/div><\/div><\/p>\r\n<h3><span class=\"ez-toc-section\" id=\"Telefono_para_dar_de_baja_Asisa\"><\/span>T\u00e9lefono para dar de baja Asisa<span class=\"ez-toc-section-end\"><\/span><\/h3>\r\n<p>Recurrir al tel\u00e9fono de Asisa para darse de baja en sus seguro de decesos es muy usual. Lo m\u00e1s importante es que acuda al n\u00famero que le facilitamos a fin de que sea gratis y charles con la persona indicada, evitando un tour por todos los departamentos de Asisa seguro de decesos. Cuando te atiendan seguramente le grabar\u00e1n la solicitud de baja con unos par\u00e1metros de seguridad para garantizar que es el tomador de la p\u00f3liza y que no debe ning\u00fan recibo a Asisa y que no ha sobrepasado el periodo legal. En iDecesos ponemos a su predisposici\u00f3n nuestro servicio de gesti\u00f3n de baja sin coste a\u00f1adido para todos nuestros clientes del servicio de seguro de decesos, \u00fanicamente le requerimos una autorizaci\u00f3n legal. <div class=\"colorf \"  ><div class=\"container clearfix\"><div class=\"col-md-7\"><\/p>\r\n<h2><span class=\"ez-toc-section\" id=\"Dar_de_baja_seguro_Asisa_de_un_fallecido\"><\/span>Dar de baja seguro Asisa de un fallecido<span class=\"ez-toc-section-end\"><\/span><\/h2>\r\n<p>Finalmente, le explicaremos c\u00f3mo dar de baja el seguro de decesos tras el fallecimiento del asegurado. Esta, es la manera m\u00e1s f\u00e1cil de cancelar el contrato de un seguro de estas peculiaridades. No tendr\u00e1 que preocuparse por nada, los especialistas se ocupar\u00e1n de todos y cada uno de los tr\u00e1mites. Tras su fallecimiento, su seguro de decesos va a quedar cancelado, merced a Asisa. Tras la prestaci\u00f3n del servicio del sepelio, Asisa se va a hacer cargo de dar de baja el seguro de decesos del fallecido y, no tendr\u00e1 que preocuparse por nada. <\/div><\/div><\/div> <div class=\"oficinas\"> <h3><span class=\"ez-toc-section\" id=\"Paginas_relacionadas\"><\/span>P\u00e1ginas relacionadas<span class=\"ez-toc-section-end\"><\/span><\/h3><div class=\"enlazado\"><ul> <li><a href=\"https:\/\/idecesos.com\/seguros\/companias\/asisa\/coberturas\/\">Coberturas Seguro de decesos Asisa<\/a><\/li> <li><a href=\"https:\/\/idecesos.com\/seguros\/companias\/asisa\/opiniones\/\">Opiniones Asisa<\/a><\/li> <li><a href=\"https:\/\/idecesos.com\/seguros\/companias\/asisa\/precio\/\">Precio seguro Asisa<\/a><\/li> <li><a href=\"https:\/\/idecesos.com\/seguros\/companias\/asisa\/prima-mixta\/\">Asisa Prima Mixta<\/a><\/li> <li><a href=\"https:\/\/idecesos.com\/seguros\/companias\/asisa\/prima-natural\/\">Asisa Prima Natural<\/a><\/li> <li><a href=\"https:\/\/idecesos.com\/seguros\/companias\/asisa\/prima-nivelada\/\">Asisa Prima Nivelada<\/a><\/li> <li><a href=\"https:\/\/idecesos.com\/seguros\/companias\/asisa\/prima-unica\/\">Asisa Prima \u00danica<\/a><\/li> <li><a href=\"https:\/\/idecesos.com\/seguros\/companias\/asisa\/repatriacion\/\">Asisa Repatriaci\u00f3n<\/a><\/li> <li><a href=\"https:\/\/idecesos.com\/seguros\/companias\/asisa\/telefono\/\">Tel\u00e9fono Gratuito Asisa<\/a><\/li><\/ul><\/div> <\/div><\/p>","protected":false},"excerpt":{"rendered":"<p>iDecesos ha trabajado para explicarle de qu\u00e9 forma dar de baja un seguro de decesos. Hacerlo puede parecer algo complicado, mas no tiene de qu\u00e9 preocuparse, a continuaci\u00f3n, le vamos a mostrar los pasos que a de seguir. De esta manera, con la informaci\u00f3n recogida, vas a poder hacerlo t\u00fa mismo y solventar los inconvenientes&hellip; <\/p>\n","protected":false},"author":1,"featured_media":0,"parent":163,"menu_order":0,"comment_status":"closed","ping_status":"closed","template":"single.php","meta":{"footnotes":""},"class_list":["post-18049","page","type-page","status-publish","hentry"],"yoast_head":"<!-- This site is optimized with the Yoast SEO plugin v27.3 - https:\/\/yoast.com\/product\/yoast-seo-wordpress\/ -->\n<title>\u00bfC\u00f3mo dar de Baja o Cancelar Seguro de Decesos Asisa?<\/title>\n<meta name=\"description\" content=\"Obt\u00e9n aqu\u00ed\u3010c\u00f3mo dar de baja o cancelar seguro de decesos Asisa\u3011Modelo carta, fax, correo electr\u00f3nico (email), tel\u00e9fono gratis.\" \/>\n<meta name=\"robots\" content=\"index, follow, max-snippet:-1, max-image-preview:large, max-video-preview:-1\" \/>\n<link rel=\"canonical\" href=\"https:\/\/idecesos.com\/seguros\/companias\/asisa\/dar-de-baja\/\" \/>\n<meta property=\"og:locale\" content=\"es_ES\" \/>\n<meta property=\"og:type\" content=\"article\" \/>\n<meta property=\"og:title\" content=\"\u00bfC\u00f3mo dar de Baja o Cancelar Seguro de Decesos Asisa?\" \/>\n<meta property=\"og:description\" content=\"Obt\u00e9n aqu\u00ed\u3010c\u00f3mo dar de baja o cancelar seguro de decesos Asisa\u3011Modelo carta, fax, correo electr\u00f3nico (email), tel\u00e9fono gratis.\" \/>\n<meta property=\"og:url\" content=\"https:\/\/idecesos.com\/seguros\/companias\/asisa\/dar-de-baja\/\" \/>\n<meta property=\"article:modified_time\" content=\"2022-01-27T16:20:17+00:00\" \/>\n<meta name=\"twitter:card\" content=\"summary_large_image\" \/>\n<meta name=\"twitter:label1\" content=\"Tiempo de lectura\" \/>\n\t<meta name=\"twitter:data1\" content=\"5 minutos\" \/>\n<script type=\"application\/ld+json\" class=\"yoast-schema-graph\">{\"@context\":\"https:\\\/\\\/schema.org\",\"@graph\":[{\"@type\":\"WebPage\",\"@id\":\"https:\\\/\\\/idecesos.com\\\/seguros\\\/companias\\\/asisa\\\/dar-de-baja\\\/\",\"url\":\"https:\\\/\\\/idecesos.com\\\/seguros\\\/companias\\\/asisa\\\/dar-de-baja\\\/\",\"name\":\"\u00bfC\u00f3mo dar de Baja o Cancelar Seguro de Decesos Asisa?\",\"isPartOf\":{\"@id\":\"https:\\\/\\\/idecesos.com\\\/seguros\\\/#website\"},\"datePublished\":\"2021-12-29T11:45:45+00:00\",\"dateModified\":\"2022-01-27T16:20:17+00:00\",\"description\":\"Obt\u00e9n aqu\u00ed\u3010c\u00f3mo dar de baja o cancelar seguro de decesos Asisa\u3011Modelo carta, fax, correo electr\u00f3nico (email), tel\u00e9fono gratis.\",\"breadcrumb\":{\"@id\":\"https:\\\/\\\/idecesos.com\\\/seguros\\\/companias\\\/asisa\\\/dar-de-baja\\\/#breadcrumb\"},\"inLanguage\":\"es\",\"potentialAction\":[{\"@type\":\"ReadAction\",\"target\":[\"https:\\\/\\\/idecesos.com\\\/seguros\\\/companias\\\/asisa\\\/dar-de-baja\\\/\"]}]},{\"@type\":\"BreadcrumbList\",\"@id\":\"https:\\\/\\\/idecesos.com\\\/seguros\\\/companias\\\/asisa\\\/dar-de-baja\\\/#breadcrumb\",\"itemListElement\":[{\"@type\":\"ListItem\",\"position\":1,\"name\":\"Portada\",\"item\":\"https:\\\/\\\/idecesos.com\\\/seguros\\\/\"},{\"@type\":\"ListItem\",\"position\":2,\"name\":\"Compa\u00f1\u00edas de Seguros de Decesos en Espa\u00f1a\",\"item\":\"https:\\\/\\\/idecesos.com\\\/seguros\\\/companias\\\/\"},{\"@type\":\"ListItem\",\"position\":3,\"name\":\"Seguro de Decesos Asisa\",\"item\":\"https:\\\/\\\/idecesos.com\\\/seguros\\\/companias\\\/asisa\\\/\"},{\"@type\":\"ListItem\",\"position\":4,\"name\":\"\u00bfC\u00f3mo dar de baja seguro Asisa?\"}]},{\"@type\":\"WebSite\",\"@id\":\"https:\\\/\\\/idecesos.com\\\/seguros\\\/#website\",\"url\":\"https:\\\/\\\/idecesos.com\\\/seguros\\\/\",\"name\":\"\",\"description\":\"\",\"potentialAction\":[{\"@type\":\"SearchAction\",\"target\":{\"@type\":\"EntryPoint\",\"urlTemplate\":\"https:\\\/\\\/idecesos.com\\\/seguros\\\/?s={search_term_string}\"},\"query-input\":{\"@type\":\"PropertyValueSpecification\",\"valueRequired\":true,\"valueName\":\"search_term_string\"}}],\"inLanguage\":\"es\"}]}<\/script>\n<!-- \/ Yoast SEO plugin. -->","yoast_head_json":{"title":"\u00bfC\u00f3mo dar de Baja o Cancelar Seguro de Decesos Asisa?","description":"Obt\u00e9n aqu\u00ed\u3010c\u00f3mo dar de baja o cancelar seguro de decesos Asisa\u3011Modelo carta, fax, correo electr\u00f3nico (email), tel\u00e9fono gratis.","robots":{"index":"index","follow":"follow","max-snippet":"max-snippet:-1","max-image-preview":"max-image-preview:large","max-video-preview":"max-video-preview:-1"},"canonical":"https:\/\/idecesos.com\/seguros\/companias\/asisa\/dar-de-baja\/","og_locale":"es_ES","og_type":"article","og_title":"\u00bfC\u00f3mo dar de Baja o Cancelar Seguro de Decesos Asisa?","og_description":"Obt\u00e9n aqu\u00ed\u3010c\u00f3mo dar de baja o cancelar seguro de decesos Asisa\u3011Modelo carta, fax, correo electr\u00f3nico (email), tel\u00e9fono gratis.","og_url":"https:\/\/idecesos.com\/seguros\/companias\/asisa\/dar-de-baja\/","article_modified_time":"2022-01-27T16:20:17+00:00","twitter_card":"summary_large_image","twitter_misc":{"Tiempo de lectura":"5 minutos"},"schema":{"@context":"https:\/\/schema.org","@graph":[{"@type":"WebPage","@id":"https:\/\/idecesos.com\/seguros\/companias\/asisa\/dar-de-baja\/","url":"https:\/\/idecesos.com\/seguros\/companias\/asisa\/dar-de-baja\/","name":"\u00bfC\u00f3mo dar de Baja o Cancelar Seguro de Decesos Asisa?","isPartOf":{"@id":"https:\/\/idecesos.com\/seguros\/#website"},"datePublished":"2021-12-29T11:45:45+00:00","dateModified":"2022-01-27T16:20:17+00:00","description":"Obt\u00e9n aqu\u00ed\u3010c\u00f3mo dar de baja o cancelar seguro de decesos Asisa\u3011Modelo carta, fax, correo electr\u00f3nico (email), tel\u00e9fono gratis.","breadcrumb":{"@id":"https:\/\/idecesos.com\/seguros\/companias\/asisa\/dar-de-baja\/#breadcrumb"},"inLanguage":"es","potentialAction":[{"@type":"ReadAction","target":["https:\/\/idecesos.com\/seguros\/companias\/asisa\/dar-de-baja\/"]}]},{"@type":"BreadcrumbList","@id":"https:\/\/idecesos.com\/seguros\/companias\/asisa\/dar-de-baja\/#breadcrumb","itemListElement":[{"@type":"ListItem","position":1,"name":"Portada","item":"https:\/\/idecesos.com\/seguros\/"},{"@type":"ListItem","position":2,"name":"Compa\u00f1\u00edas de Seguros de Decesos en Espa\u00f1a","item":"https:\/\/idecesos.com\/seguros\/companias\/"},{"@type":"ListItem","position":3,"name":"Seguro de Decesos Asisa","item":"https:\/\/idecesos.com\/seguros\/companias\/asisa\/"},{"@type":"ListItem","position":4,"name":"\u00bfC\u00f3mo dar de baja seguro Asisa?"}]},{"@type":"WebSite","@id":"https:\/\/idecesos.com\/seguros\/#website","url":"https:\/\/idecesos.com\/seguros\/","name":"","description":"","potentialAction":[{"@type":"SearchAction","target":{"@type":"EntryPoint","urlTemplate":"https:\/\/idecesos.com\/seguros\/?s={search_term_string}"},"query-input":{"@type":"PropertyValueSpecification","valueRequired":true,"valueName":"search_term_string"}}],"inLanguage":"es"}]}},"_links":{"self":[{"href":"https:\/\/idecesos.com\/seguros\/wp-json\/wp\/v2\/pages\/18049","targetHints":{"allow":["GET"]}}],"collection":[{"href":"https:\/\/idecesos.com\/seguros\/wp-json\/wp\/v2\/pages"}],"about":[{"href":"https:\/\/idecesos.com\/seguros\/wp-json\/wp\/v2\/types\/page"}],"author":[{"embeddable":true,"href":"https:\/\/idecesos.com\/seguros\/wp-json\/wp\/v2\/users\/1"}],"replies":[{"embeddable":true,"href":"https:\/\/idecesos.com\/seguros\/wp-json\/wp\/v2\/comments?post=18049"}],"version-history":[{"count":4,"href":"https:\/\/idecesos.com\/seguros\/wp-json\/wp\/v2\/pages\/18049\/revisions"}],"predecessor-version":[{"id":19087,"href":"https:\/\/idecesos.com\/seguros\/wp-json\/wp\/v2\/pages\/18049\/revisions\/19087"}],"up":[{"embeddable":true,"href":"https:\/\/idecesos.com\/seguros\/wp-json\/wp\/v2\/pages\/163"}],"wp:attachment":[{"href":"https:\/\/idecesos.com\/seguros\/wp-json\/wp\/v2\/media?parent=18049"}],"curies":[{"name":"wp","href":"https:\/\/api.w.org\/{rel}","templated":true}]}}