{"id":18060,"date":"2021-12-29T11:52:41","date_gmt":"2021-12-29T11:45:51","guid":{"rendered":"https:\/\/idecesos.com\/seguros\/companias\/axa\/dar-de-baja\/"},"modified":"2022-01-26T16:49:15","modified_gmt":"2022-01-26T16:49:15","slug":"dar-de-baja","status":"publish","type":"page","link":"https:\/\/idecesos.com\/seguros\/companias\/axa\/dar-de-baja\/","title":{"rendered":"\u00bfC\u00f3mo dar de baja seguro AXA?"},"content":{"rendered":"<div id=\"ez-toc-container\" class=\"ez-toc-v2_0_82_2 ez-toc-wrap-center counter-hierarchy ez-toc-counter ez-toc-custom ez-toc-container-direction\">\n<div class=\"ez-toc-title-container\">\n<p class=\"ez-toc-title\" style=\"cursor:inherit\">Tabla de Contenido<\/p>\n<span class=\"ez-toc-title-toggle\"><a href=\"#\" class=\"ez-toc-pull-right ez-toc-btn ez-toc-btn-xs ez-toc-btn-default ez-toc-toggle\" aria-label=\"Alternar tabla de contenidos\"><span class=\"ez-toc-js-icon-con\"><span class=\"\"><span class=\"eztoc-hide\" style=\"display:none;\">Toggle<\/span><span class=\"ez-toc-icon-toggle-span\"><svg style=\"fill: #db6415;color:#db6415\" xmlns=\"http:\/\/www.w3.org\/2000\/svg\" class=\"list-377408\" width=\"20px\" height=\"20px\" viewBox=\"0 0 24 24\" fill=\"none\"><path d=\"M6 6H4v2h2V6zm14 0H8v2h12V6zM4 11h2v2H4v-2zm16 0H8v2h12v-2zM4 16h2v2H4v-2zm16 0H8v2h12v-2z\" fill=\"currentColor\"><\/path><\/svg><svg style=\"fill: #db6415;color:#db6415\" class=\"arrow-unsorted-368013\" xmlns=\"http:\/\/www.w3.org\/2000\/svg\" width=\"10px\" height=\"10px\" viewBox=\"0 0 24 24\" version=\"1.2\" baseProfile=\"tiny\"><path d=\"M18.2 9.3l-6.2-6.3-6.2 6.3c-.2.2-.3.4-.3.7s.1.5.3.7c.2.2.4.3.7.3h11c.3 0 .5-.1.7-.3.2-.2.3-.5.3-.7s-.1-.5-.3-.7zM5.8 14.7l6.2 6.3 6.2-6.3c.2-.2.3-.5.3-.7s-.1-.5-.3-.7c-.2-.2-.4-.3-.7-.3h-11c-.3 0-.5.1-.7.3-.2.2-.3.5-.3.7s.1.5.3.7z\"\/><\/svg><\/span><\/span><\/span><\/a><\/span><\/div>\n<nav><ul class='ez-toc-list ez-toc-list-level-1 ' ><li class='ez-toc-page-1 ez-toc-heading-level-2'><a class=\"ez-toc-link ez-toc-heading-1\" href=\"https:\/\/idecesos.com\/seguros\/companias\/axa\/dar-de-baja\/#Diferentes_opciones_para_cancelar_un_contrato_con_AXA\" >Diferentes opciones para cancelar un contrato con AXA<\/a><ul class='ez-toc-list-level-3' ><li class='ez-toc-heading-level-3'><a class=\"ez-toc-link ez-toc-heading-2\" href=\"https:\/\/idecesos.com\/seguros\/companias\/axa\/dar-de-baja\/#A_traves_de_la_web_de_AXA\" >A trav\u00e9s de la web de AXA<\/a><\/li><li class='ez-toc-page-1 ez-toc-heading-level-3'><a class=\"ez-toc-link ez-toc-heading-3\" href=\"https:\/\/idecesos.com\/seguros\/companias\/axa\/dar-de-baja\/#Utilizando_el_correo_electronico_de_AXA\" >Utilizando el correo electr\u00f3nico de AXA<\/a><\/li><li class='ez-toc-page-1 ez-toc-heading-level-3'><a class=\"ez-toc-link ez-toc-heading-4\" href=\"https:\/\/idecesos.com\/seguros\/companias\/axa\/dar-de-baja\/#Dar_de_baja_AXA_por_fax\" >Dar de baja AXA por fax<\/a><\/li><li class='ez-toc-page-1 ez-toc-heading-level-3'><a class=\"ez-toc-link ez-toc-heading-5\" href=\"https:\/\/idecesos.com\/seguros\/companias\/axa\/dar-de-baja\/#En_la_oficina_de_AXA\" >En la oficina de AXA<\/a><\/li><li class='ez-toc-page-1 ez-toc-heading-level-3'><a class=\"ez-toc-link ez-toc-heading-6\" href=\"https:\/\/idecesos.com\/seguros\/companias\/axa\/dar-de-baja\/#Telefono_para_dar_de_baja_AXA\" >T\u00e9lefono para dar de baja AXA<\/a><\/li><\/ul><\/li><li class='ez-toc-page-1 ez-toc-heading-level-2'><a class=\"ez-toc-link ez-toc-heading-7\" href=\"https:\/\/idecesos.com\/seguros\/companias\/axa\/dar-de-baja\/#Dar_de_baja_seguro_AXA_de_un_fallecido\" >Dar de baja seguro AXA de un fallecido<\/a><ul class='ez-toc-list-level-3' ><li class='ez-toc-heading-level-3'><a class=\"ez-toc-link ez-toc-heading-8\" href=\"https:\/\/idecesos.com\/seguros\/companias\/axa\/dar-de-baja\/#Paginas_relacionadas\" >P\u00e1ginas relacionadas<\/a><\/li><\/ul><\/li><\/ul><\/nav><\/div>\n<p> Ahora, le explicaremos c\u00f3mo dar de baja su seguro de decesos. Si bien pueda parecer una tarea dif\u00edcil, en iDecesos podr\u00e1s encontrar la forma m\u00e1s veloz para dar de baja tu seguro de decesos. Ahora le explicaremos cu\u00e1les son los pasos que debe continuar y las distintas formas de darse de baja. Vas a poder dar de baja mismo su seguro de decesos tras conocer todas las formas diferentes que tienes para realizar el proceso. Te invitamos a proseguir con tu seguro de decesos ya que es clave a fin de que puedas vivir m\u00e1s apacible y sin preocupaciones. <div class=\"colorf \"  ><div class=\"container clearfix\"><div class=\"col-md-7\"><\/p>\r\n<h2><span class=\"ez-toc-section\" id=\"Diferentes_opciones_para_cancelar_un_contrato_con_AXA\"><\/span>Diferentes opciones para cancelar un contrato con AXA<span class=\"ez-toc-section-end\"><\/span><\/h2>\r\n<!-- \/wp:post-content -->\r\n\r\n<!-- wp:paragraph -->\r\n<p>Cada compa\u00f1\u00eda de seguro de decesos funciona de una forma diferente, mas la mayor parte le solicitan a sus clientes del servicio un documento en el que ponga sus deseos de dar de baja sus servicios de su seguro de decesos. Existen numerosas formas de cancelar su contrato, una de ellas es mediante una carta certificada. Desde iDecesos le recomendamos que guarde el resguardo del documento y que haga una copia. Si prefiere otros m\u00e9todos para dar de baja su seguro, se los ense\u00f1aremos ahora. <\/div><\/div><\/div><\/p>\r\n<h3><span class=\"ez-toc-section\" id=\"A_traves_de_la_web_de_AXA\"><\/span>A trav\u00e9s de la web de AXA<span class=\"ez-toc-section-end\"><\/span><\/h3>\r\n<p>Puede optar por la posibilidad de acceder a la web www.axa.es\/ y escribir en su buscador lo que desee saber. En ese instante, le aparecer\u00e1n varias opciones. Seleccione la indicada y siga los pasos que le indican. Es muy f\u00e1cil. El n\u00famero 918 070 055 que tiene disponible AXA, podr\u00e1 usarlo, en exactamente el mismo instante, que le surja una duda o no le aparezca esta alternativa. Para finalizar su solicitud y, en el caso de que s\u00ed le aparezca esa alternativa, deber\u00e1 rellenar un formulario o bien descargar el documento que se le solicite. <div class=\"colorf \"  ><div class=\"container clearfix\"><div class=\"col-md-7\"><\/p>\r\n<h3><span class=\"ez-toc-section\" id=\"Utilizando_el_correo_electronico_de_AXA\"><\/span>Utilizando el correo electr\u00f3nico de AXA<span class=\"ez-toc-section-end\"><\/span><\/h3>\r\n<p>Puedes dar de baja tambi\u00e9n tu seguro de fallecimiento mediante mail. En pocos minutos podr\u00e1s tener tu respuesta sobre tu solicitud de darte de baja de tu seguro. Env\u00edeles los siguientes documentos: una copia del documento de identidad del contratante y la notificaci\u00f3n firmada por el asegurado con sus datos personales, que puedes localizarla en la web de AXA o puedes ped\u00edrnosla a nosotros a trav\u00e9s de nuestro n\u00famero 951 127 403 o correo info@idecesos. com, como ya hemos comentado previamente. Para que la baja del seguro de decesos se realice de manera correcta, debes tener la copia sellada y el justificante. Para tu mayor tranquilidad, guarda tambi\u00e9n una imitaci\u00f3n de la notificaci\u00f3n del d\u00eda en el que la enviastes. <\/div><\/div><\/div><\/p>\r\n<h3><span class=\"ez-toc-section\" id=\"Dar_de_baja_AXA_por_fax\"><\/span>Dar de baja AXA por fax<span class=\"ez-toc-section-end\"><\/span><\/h3>\r\n<p>Podr\u00e1s ponerte en contacto con tu empresa de seguros a trav\u00e9s de el fax se\u00f1alando tus datos personales y el n\u00famero de la p\u00f3liza y as\u00ed pedir la baja del seguro de decesos. Con un mes de antelaci\u00f3n que se cancele su contrato a vencimiento para que no se le pase el recibo de AXA referente a su p\u00f3liza de decesos y vas a deber anexar en el mismo folio las dos caras del documento de identidad para que sea efectiva y legal. Toda esta documentaci\u00f3n hay que mandarla marcando el n\u00famero de fax de AXA. Guarda todos los documentos incluido la confirmaci\u00f3n de env\u00edo para evitar problemas futuros con tu empresa aseguradora. <div class=\"colorf \"  ><div class=\"container clearfix\"><div class=\"col-md-7\"><\/p>\r\n<h3><span class=\"ez-toc-section\" id=\"En_la_oficina_de_AXA\"><\/span>En la oficina de AXA<span class=\"ez-toc-section-end\"><\/span><\/h3>\r\n<p>Si todav\u00eda no se ha decidido por un procedimiento, ac\u00e1 le dejamos otro por si no controla muy bien las nuevas tecnolog\u00edas y estos m\u00e9todos de env\u00edo. Asiste a la oficina de tu compa\u00f1\u00eda de seguros para proceder a dar de baja el seguro de decesos. En la red de redes vas a poder hallar cu\u00e1l es la oficina m\u00e1s cercana a ti a fin de que puedas dar de baja tu seguro de decesos. No olvides ir a tu oficina en los horarios indicados y si es necesario, pide cita. Solo deber\u00e1 de ir siguiendo los pasos que le vayan indicando para finiquitar de finalizar su baja. <\/div><\/div><\/div><\/p>\r\n<h3><span class=\"ez-toc-section\" id=\"Telefono_para_dar_de_baja_AXA\"><\/span>T\u00e9lefono para dar de baja AXA<span class=\"ez-toc-section-end\"><\/span><\/h3>\r\n<p>Contacta con ellos mediante su telef\u00f3no de atenci\u00f3n para proceder a la baja de tu seguro de decesos. Busque el tel\u00e9fono de AXA en la red o bien llame de forma directa al tel\u00e9fono que le facilitamos a continuaci\u00f3n 918 070 055. Para resolver tus dudas, un agente se pondr\u00e1 en contacto contigo y de esta forma poder ayudarte de una forma completamente adaptada. Solo deber\u00e1s proseguir las indicaciones del agente de la compa\u00f1\u00eda para proceder a la baja del seguro. No es conveniente continuar sin un seguro de decesos ya que este te permitir\u00e1 estar considerablemente m\u00e1s sosegado. Puedes decantarse por usar nuestro comparador en iDecesos para saber cu\u00e1l es el mejor seguro para ti. <div class=\"colorf \"  ><div class=\"container clearfix\"><div class=\"col-md-7\"><\/p>\r\n<h2><span class=\"ez-toc-section\" id=\"Dar_de_baja_seguro_AXA_de_un_fallecido\"><\/span>Dar de baja seguro AXA de un fallecido<span class=\"ez-toc-section-end\"><\/span><\/h2>\r\n<p>Por \u00faltimo, le daremos las claves a fin de que sepa de qu\u00e9 forma puede dar de baja el seguro, si la persona asegurada ha fallecido. Nos encargaremos de que este procedimiento, que le puede resultar complejo, sea m\u00e1s sencillo y f\u00e1cil de lo que cree. No deber\u00e1 preocuparse por los tr\u00e1mites mentados previamente. AXA anular\u00e1 de forma autom\u00e1tica el seguro de decesos tras el fallecimiento de la persona asegurada. Para la tranquilidad de sus familiares, cuando ocurra el fallecimiento del ser querido, la compa\u00f1\u00eda se har\u00e1 cargo de todos y cada uno de los tr\u00e1mites necesarios. <\/div><\/div><\/div> <div class=\"oficinas\"> <h3><span class=\"ez-toc-section\" id=\"Paginas_relacionadas\"><\/span>P\u00e1ginas relacionadas<span class=\"ez-toc-section-end\"><\/span><\/h3><div class=\"enlazado\"><ul> <li><a href=\"https:\/\/idecesos.com\/seguros\/companias\/axa\/coberturas\/\">Coberturas Seguro de Decesos AXA<\/a><\/li> <li><a href=\"https:\/\/idecesos.com\/seguros\/companias\/axa\/opiniones\/\">Opiniones AXA<\/a><\/li> <li><a href=\"https:\/\/idecesos.com\/seguros\/companias\/axa\/precio\/\">Precio seguro AXA<\/a><\/li> <li><a href=\"https:\/\/idecesos.com\/seguros\/companias\/axa\/prima-mixta\/\">AXA Prima Mixta<\/a><\/li> <li><a href=\"https:\/\/idecesos.com\/seguros\/companias\/axa\/prima-natural\/\">AXA Prima Natural<\/a><\/li> <li><a href=\"https:\/\/idecesos.com\/seguros\/companias\/axa\/prima-nivelada\/\">AXA Prima Nivelada<\/a><\/li> <li><a href=\"https:\/\/idecesos.com\/seguros\/companias\/axa\/prima-unica\/\">AXA Prima \u00danica<\/a><\/li> <li><a href=\"https:\/\/idecesos.com\/seguros\/companias\/axa\/repatriacion\/\">AXA Repatriaci\u00f3n<\/a><\/li> <li><a href=\"https:\/\/idecesos.com\/seguros\/companias\/axa\/telefono\/\">Tel\u00e9fono Gratuito AXA<\/a><\/li><\/ul><\/div> <\/div><\/p>","protected":false},"excerpt":{"rendered":"<p>Ahora, le explicaremos c\u00f3mo dar de baja su seguro de decesos. Si bien pueda parecer una tarea dif\u00edcil, en iDecesos podr\u00e1s encontrar la forma m\u00e1s veloz para dar de baja tu seguro de decesos. Ahora le explicaremos cu\u00e1les son los pasos que debe continuar y las distintas formas de darse de baja. Vas a poder&hellip; <\/p>\n","protected":false},"author":1,"featured_media":0,"parent":247,"menu_order":0,"comment_status":"closed","ping_status":"closed","template":"single.php","meta":{"footnotes":""},"class_list":["post-18060","page","type-page","status-publish","hentry"],"yoast_head":"<!-- This site is optimized with the Yoast SEO plugin v27.3 - https:\/\/yoast.com\/product\/yoast-seo-wordpress\/ -->\n<title>\u00bfC\u00f3mo dar de Baja o Cancelar Seguro de Decesos AXA?<\/title>\n<meta name=\"description\" content=\"Obt\u00e9n aqu\u00ed\u3010c\u00f3mo dar de baja o cancelar seguro de decesos AXA\u3011Modelo carta, fax, correo electr\u00f3nico (email), tel\u00e9fono gratis.\" \/>\n<meta name=\"robots\" content=\"index, follow, max-snippet:-1, max-image-preview:large, max-video-preview:-1\" \/>\n<link rel=\"canonical\" href=\"https:\/\/idecesos.com\/seguros\/companias\/axa\/dar-de-baja\/\" \/>\n<meta property=\"og:locale\" content=\"es_ES\" \/>\n<meta property=\"og:type\" content=\"article\" \/>\n<meta property=\"og:title\" content=\"\u00bfC\u00f3mo dar de Baja o Cancelar Seguro de Decesos AXA?\" \/>\n<meta property=\"og:description\" content=\"Obt\u00e9n aqu\u00ed\u3010c\u00f3mo dar de baja o cancelar seguro de decesos AXA\u3011Modelo carta, fax, correo electr\u00f3nico (email), tel\u00e9fono gratis.\" \/>\n<meta property=\"og:url\" content=\"https:\/\/idecesos.com\/seguros\/companias\/axa\/dar-de-baja\/\" \/>\n<meta property=\"article:modified_time\" content=\"2022-01-26T16:49:15+00:00\" \/>\n<meta name=\"twitter:card\" content=\"summary_large_image\" \/>\n<meta name=\"twitter:label1\" content=\"Tiempo de lectura\" \/>\n\t<meta name=\"twitter:data1\" content=\"15 minutos\" \/>\n<script type=\"application\/ld+json\" class=\"yoast-schema-graph\">{\"@context\":\"https:\\\/\\\/schema.org\",\"@graph\":[{\"@type\":\"WebPage\",\"@id\":\"https:\\\/\\\/idecesos.com\\\/seguros\\\/companias\\\/axa\\\/dar-de-baja\\\/\",\"url\":\"https:\\\/\\\/idecesos.com\\\/seguros\\\/companias\\\/axa\\\/dar-de-baja\\\/\",\"name\":\"\u00bfC\u00f3mo dar de Baja o Cancelar Seguro de Decesos AXA?\",\"isPartOf\":{\"@id\":\"https:\\\/\\\/idecesos.com\\\/seguros\\\/#website\"},\"datePublished\":\"2021-12-29T11:45:51+00:00\",\"dateModified\":\"2022-01-26T16:49:15+00:00\",\"description\":\"Obt\u00e9n aqu\u00ed\u3010c\u00f3mo dar de baja o cancelar seguro de decesos AXA\u3011Modelo carta, fax, correo electr\u00f3nico (email), tel\u00e9fono gratis.\",\"breadcrumb\":{\"@id\":\"https:\\\/\\\/idecesos.com\\\/seguros\\\/companias\\\/axa\\\/dar-de-baja\\\/#breadcrumb\"},\"inLanguage\":\"es\",\"potentialAction\":[{\"@type\":\"ReadAction\",\"target\":[\"https:\\\/\\\/idecesos.com\\\/seguros\\\/companias\\\/axa\\\/dar-de-baja\\\/\"]}]},{\"@type\":\"BreadcrumbList\",\"@id\":\"https:\\\/\\\/idecesos.com\\\/seguros\\\/companias\\\/axa\\\/dar-de-baja\\\/#breadcrumb\",\"itemListElement\":[{\"@type\":\"ListItem\",\"position\":1,\"name\":\"Portada\",\"item\":\"https:\\\/\\\/idecesos.com\\\/seguros\\\/\"},{\"@type\":\"ListItem\",\"position\":2,\"name\":\"Compa\u00f1\u00edas de Seguros de Decesos en Espa\u00f1a\",\"item\":\"https:\\\/\\\/idecesos.com\\\/seguros\\\/companias\\\/\"},{\"@type\":\"ListItem\",\"position\":3,\"name\":\"Seguro de Decesos AXA\",\"item\":\"https:\\\/\\\/idecesos.com\\\/seguros\\\/companias\\\/axa\\\/\"},{\"@type\":\"ListItem\",\"position\":4,\"name\":\"\u00bfC\u00f3mo dar de baja seguro AXA?\"}]},{\"@type\":\"WebSite\",\"@id\":\"https:\\\/\\\/idecesos.com\\\/seguros\\\/#website\",\"url\":\"https:\\\/\\\/idecesos.com\\\/seguros\\\/\",\"name\":\"\",\"description\":\"\",\"potentialAction\":[{\"@type\":\"SearchAction\",\"target\":{\"@type\":\"EntryPoint\",\"urlTemplate\":\"https:\\\/\\\/idecesos.com\\\/seguros\\\/?s={search_term_string}\"},\"query-input\":{\"@type\":\"PropertyValueSpecification\",\"valueRequired\":true,\"valueName\":\"search_term_string\"}}],\"inLanguage\":\"es\"}]}<\/script>\n<!-- \/ Yoast SEO plugin. -->","yoast_head_json":{"title":"\u00bfC\u00f3mo dar de Baja o Cancelar Seguro de Decesos AXA?","description":"Obt\u00e9n aqu\u00ed\u3010c\u00f3mo dar de baja o cancelar seguro de decesos AXA\u3011Modelo carta, fax, correo electr\u00f3nico (email), tel\u00e9fono gratis.","robots":{"index":"index","follow":"follow","max-snippet":"max-snippet:-1","max-image-preview":"max-image-preview:large","max-video-preview":"max-video-preview:-1"},"canonical":"https:\/\/idecesos.com\/seguros\/companias\/axa\/dar-de-baja\/","og_locale":"es_ES","og_type":"article","og_title":"\u00bfC\u00f3mo dar de Baja o Cancelar Seguro de Decesos AXA?","og_description":"Obt\u00e9n aqu\u00ed\u3010c\u00f3mo dar de baja o cancelar seguro de decesos AXA\u3011Modelo carta, fax, correo electr\u00f3nico (email), tel\u00e9fono gratis.","og_url":"https:\/\/idecesos.com\/seguros\/companias\/axa\/dar-de-baja\/","article_modified_time":"2022-01-26T16:49:15+00:00","twitter_card":"summary_large_image","twitter_misc":{"Tiempo de lectura":"15 minutos"},"schema":{"@context":"https:\/\/schema.org","@graph":[{"@type":"WebPage","@id":"https:\/\/idecesos.com\/seguros\/companias\/axa\/dar-de-baja\/","url":"https:\/\/idecesos.com\/seguros\/companias\/axa\/dar-de-baja\/","name":"\u00bfC\u00f3mo dar de Baja o Cancelar Seguro de Decesos AXA?","isPartOf":{"@id":"https:\/\/idecesos.com\/seguros\/#website"},"datePublished":"2021-12-29T11:45:51+00:00","dateModified":"2022-01-26T16:49:15+00:00","description":"Obt\u00e9n aqu\u00ed\u3010c\u00f3mo dar de baja o cancelar seguro de decesos AXA\u3011Modelo carta, fax, correo electr\u00f3nico (email), tel\u00e9fono gratis.","breadcrumb":{"@id":"https:\/\/idecesos.com\/seguros\/companias\/axa\/dar-de-baja\/#breadcrumb"},"inLanguage":"es","potentialAction":[{"@type":"ReadAction","target":["https:\/\/idecesos.com\/seguros\/companias\/axa\/dar-de-baja\/"]}]},{"@type":"BreadcrumbList","@id":"https:\/\/idecesos.com\/seguros\/companias\/axa\/dar-de-baja\/#breadcrumb","itemListElement":[{"@type":"ListItem","position":1,"name":"Portada","item":"https:\/\/idecesos.com\/seguros\/"},{"@type":"ListItem","position":2,"name":"Compa\u00f1\u00edas de Seguros de Decesos en Espa\u00f1a","item":"https:\/\/idecesos.com\/seguros\/companias\/"},{"@type":"ListItem","position":3,"name":"Seguro de Decesos AXA","item":"https:\/\/idecesos.com\/seguros\/companias\/axa\/"},{"@type":"ListItem","position":4,"name":"\u00bfC\u00f3mo dar de baja seguro AXA?"}]},{"@type":"WebSite","@id":"https:\/\/idecesos.com\/seguros\/#website","url":"https:\/\/idecesos.com\/seguros\/","name":"","description":"","potentialAction":[{"@type":"SearchAction","target":{"@type":"EntryPoint","urlTemplate":"https:\/\/idecesos.com\/seguros\/?s={search_term_string}"},"query-input":{"@type":"PropertyValueSpecification","valueRequired":true,"valueName":"search_term_string"}}],"inLanguage":"es"}]}},"_links":{"self":[{"href":"https:\/\/idecesos.com\/seguros\/wp-json\/wp\/v2\/pages\/18060","targetHints":{"allow":["GET"]}}],"collection":[{"href":"https:\/\/idecesos.com\/seguros\/wp-json\/wp\/v2\/pages"}],"about":[{"href":"https:\/\/idecesos.com\/seguros\/wp-json\/wp\/v2\/types\/page"}],"author":[{"embeddable":true,"href":"https:\/\/idecesos.com\/seguros\/wp-json\/wp\/v2\/users\/1"}],"replies":[{"embeddable":true,"href":"https:\/\/idecesos.com\/seguros\/wp-json\/wp\/v2\/comments?post=18060"}],"version-history":[{"count":7,"href":"https:\/\/idecesos.com\/seguros\/wp-json\/wp\/v2\/pages\/18060\/revisions"}],"predecessor-version":[{"id":19041,"href":"https:\/\/idecesos.com\/seguros\/wp-json\/wp\/v2\/pages\/18060\/revisions\/19041"}],"up":[{"embeddable":true,"href":"https:\/\/idecesos.com\/seguros\/wp-json\/wp\/v2\/pages\/247"}],"wp:attachment":[{"href":"https:\/\/idecesos.com\/seguros\/wp-json\/wp\/v2\/media?parent=18060"}],"curies":[{"name":"wp","href":"https:\/\/api.w.org\/{rel}","templated":true}]}}