{"id":18063,"date":"2021-12-29T11:52:44","date_gmt":"2021-12-29T11:45:53","guid":{"rendered":"https:\/\/idecesos.com\/seguros\/companias\/banco-popular\/dar-de-baja\/"},"modified":"2022-01-26T17:33:07","modified_gmt":"2022-01-26T17:33:07","slug":"dar-de-baja","status":"publish","type":"page","link":"https:\/\/idecesos.com\/seguros\/companias\/banco-popular\/dar-de-baja\/","title":{"rendered":"\u00bfC\u00f3mo dar de baja seguro Banco Popular?"},"content":{"rendered":"<div id=\"ez-toc-container\" class=\"ez-toc-v2_0_82_2 ez-toc-wrap-center counter-hierarchy ez-toc-counter ez-toc-custom ez-toc-container-direction\">\n<div class=\"ez-toc-title-container\">\n<p class=\"ez-toc-title\" style=\"cursor:inherit\">Tabla de Contenido<\/p>\n<span class=\"ez-toc-title-toggle\"><a href=\"#\" class=\"ez-toc-pull-right ez-toc-btn ez-toc-btn-xs ez-toc-btn-default ez-toc-toggle\" aria-label=\"Alternar tabla de contenidos\"><span class=\"ez-toc-js-icon-con\"><span class=\"\"><span class=\"eztoc-hide\" style=\"display:none;\">Toggle<\/span><span class=\"ez-toc-icon-toggle-span\"><svg style=\"fill: #db6415;color:#db6415\" xmlns=\"http:\/\/www.w3.org\/2000\/svg\" class=\"list-377408\" width=\"20px\" height=\"20px\" viewBox=\"0 0 24 24\" fill=\"none\"><path d=\"M6 6H4v2h2V6zm14 0H8v2h12V6zM4 11h2v2H4v-2zm16 0H8v2h12v-2zM4 16h2v2H4v-2zm16 0H8v2h12v-2z\" fill=\"currentColor\"><\/path><\/svg><svg style=\"fill: #db6415;color:#db6415\" class=\"arrow-unsorted-368013\" xmlns=\"http:\/\/www.w3.org\/2000\/svg\" width=\"10px\" height=\"10px\" viewBox=\"0 0 24 24\" version=\"1.2\" baseProfile=\"tiny\"><path d=\"M18.2 9.3l-6.2-6.3-6.2 6.3c-.2.2-.3.4-.3.7s.1.5.3.7c.2.2.4.3.7.3h11c.3 0 .5-.1.7-.3.2-.2.3-.5.3-.7s-.1-.5-.3-.7zM5.8 14.7l6.2 6.3 6.2-6.3c.2-.2.3-.5.3-.7s-.1-.5-.3-.7c-.2-.2-.4-.3-.7-.3h-11c-.3 0-.5.1-.7.3-.2.2-.3.5-.3.7s.1.5.3.7z\"\/><\/svg><\/span><\/span><\/span><\/a><\/span><\/div>\n<nav><ul class='ez-toc-list ez-toc-list-level-1 ' ><li class='ez-toc-page-1 ez-toc-heading-level-2'><a class=\"ez-toc-link ez-toc-heading-1\" href=\"https:\/\/idecesos.com\/seguros\/companias\/banco-popular\/dar-de-baja\/#Diferentes_opciones_para_cancelar_un_contrato_con_Banco_Popular\" >Diferentes opciones para cancelar un contrato con Banco Popular<\/a><ul class='ez-toc-list-level-3' ><li class='ez-toc-heading-level-3'><a class=\"ez-toc-link ez-toc-heading-2\" href=\"https:\/\/idecesos.com\/seguros\/companias\/banco-popular\/dar-de-baja\/#A_traves_de_la_web_de_Banco_Popular\" >A trav\u00e9s de la web de Banco Popular<\/a><\/li><li class='ez-toc-page-1 ez-toc-heading-level-3'><a class=\"ez-toc-link ez-toc-heading-3\" href=\"https:\/\/idecesos.com\/seguros\/companias\/banco-popular\/dar-de-baja\/#Utilizando_el_correo_electronico_de_Banco_Popular\" >Utilizando el correo electr\u00f3nico de Banco Popular<\/a><\/li><li class='ez-toc-page-1 ez-toc-heading-level-3'><a class=\"ez-toc-link ez-toc-heading-4\" href=\"https:\/\/idecesos.com\/seguros\/companias\/banco-popular\/dar-de-baja\/#Dar_de_baja_Banco_Popular_por_fax\" >Dar de baja Banco Popular por fax<\/a><\/li><li class='ez-toc-page-1 ez-toc-heading-level-3'><a class=\"ez-toc-link ez-toc-heading-5\" href=\"https:\/\/idecesos.com\/seguros\/companias\/banco-popular\/dar-de-baja\/#En_la_oficina_de_Banco_Popular\" >En la oficina de Banco Popular<\/a><\/li><li class='ez-toc-page-1 ez-toc-heading-level-3'><a class=\"ez-toc-link ez-toc-heading-6\" href=\"https:\/\/idecesos.com\/seguros\/companias\/banco-popular\/dar-de-baja\/#Telefono_para_dar_de_baja_Banco_Popular\" >T\u00e9lefono para dar de baja Banco Popular<\/a><\/li><\/ul><\/li><li class='ez-toc-page-1 ez-toc-heading-level-2'><a class=\"ez-toc-link ez-toc-heading-7\" href=\"https:\/\/idecesos.com\/seguros\/companias\/banco-popular\/dar-de-baja\/#Dar_de_baja_seguro_Banco_Popular_de_un_fallecido\" >Dar de baja seguro Banco Popular de un fallecido<\/a><ul class='ez-toc-list-level-3' ><li class='ez-toc-heading-level-3'><a class=\"ez-toc-link ez-toc-heading-8\" href=\"https:\/\/idecesos.com\/seguros\/companias\/banco-popular\/dar-de-baja\/#Paginas_relacionadas\" >P\u00e1ginas relacionadas<\/a><\/li><\/ul><\/li><\/ul><\/nav><\/div>\n<p> iDecesos se ocupar\u00e1 de explicarle, con todo detalle, de qu\u00e9 manera puede dar de baja a su seguro. Hacerlo puede parecer algo complicado, pero no tiene de qu\u00e9 preocuparse, a continuaci\u00f3n, le vamos a mostrar los pasos que a de proseguir. Merced a esto, en tan solo un par de minutos va a tener la informaci\u00f3n suficiente para poder hacerlo usted mismo y solucionar el problema que le haya causado. Para la tranquilidad de su familia y, la suya, resulta conveniente que se haga de un seguro de decesos que cumpla sus requisitos para prevenir, de esta manera, posibles incidencias en un futuro. Para dar de baja su seguro apropiadamente, va a deber informar a la compa\u00f1\u00eda treinta d\u00edas antes de su data de renovaci\u00f3n. <div class=\"colorf \"  ><div class=\"container clearfix\"><div class=\"col-md-7\"><\/p>\r\n<h2><span class=\"ez-toc-section\" id=\"Diferentes_opciones_para_cancelar_un_contrato_con_Banco_Popular\"><\/span>Diferentes opciones para cancelar un contrato con Banco Popular<span class=\"ez-toc-section-end\"><\/span><\/h2>\r\n<!-- \/wp:post-content -->\r\n\r\n<!-- wp:paragraph -->\r\n<p>Cada empresa de seguros de seguros de decesos funciona de una manera diferente, mas la enorme mayor\u00eda le piden a sus clientes que rellenen un documento en el que ponga sus deseos de darse de baja de sus servicios. Si no sabes de qu\u00e9 documento hablamos, puedes llamarnos al tel\u00e9fono 951 127 403 o bien contactar con nosotros en nuestro info@idecesos. com. Puedes decantarse por enviar una carta certificada con el deseo expreso de anular el contrato con la empresa aseguradora de decesos. Guarde el resguardo del documento y haz una imitaci\u00f3n de este por lo que pueda pasar en un futuro. Si usted, por \u00faltimo, no decide escoger este procedimiento, a continuaci\u00f3n, le mostramos otras formas por las que va a poder darse de baja del seguro de decesos de Banco Popular. <\/div><\/div><\/div><\/p>\r\n<h3><span class=\"ez-toc-section\" id=\"A_traves_de_la_web_de_Banco_Popular\"><\/span>A trav\u00e9s de la web de Banco Popular<span class=\"ez-toc-section-end\"><\/span><\/h3>\r\n<p>El acceso a su p\u00e1gina www.santanderseguros.es\/san\/sanseguros\/contacto y teclear en su buscador lo que precises saber, es una de las opciones para dar de baja su seguro de decesos. En ese momento, conseguir\u00e1 diferentes respuestas. Deber\u00e1s escoger la indicada y seguir los pasos. Es realmente f\u00e1cil. El n\u00famero de tel\u00e9fono 915123123\u00a0que tiene disponible Banco Popular, podr\u00e1 emplearlo, en exactamente el mismo momento, que le surja una duda o bien no le aparezca esta alternativa. Si le aparece, rellenando el formulario o descargando el documento que le solicite, va a poder llenar la petici\u00f3n. <div class=\"colorf \"  ><div class=\"container clearfix\"><div class=\"col-md-7\"><\/p>\r\n<h3><span class=\"ez-toc-section\" id=\"Utilizando_el_correo_electronico_de_Banco_Popular\"><\/span>Utilizando el correo electr\u00f3nico de Banco Popular<span class=\"ez-toc-section-end\"><\/span><\/h3>\r\n<p>Otra de las formas de dar de baja el seguro de decesos de Banco Popular, es escribiendo un mensaje a trav\u00e9s del siguiente e mail email Banco Popular. Solo le ocupar\u00e1 unos minutos de su tiempo. Va a deber enviarles a su c\u00f3digo postal la siguiente informaci\u00f3n: una copia del DNI del contratante y la notificaci\u00f3n, que anteriormente le hemos dicho de qu\u00e9 forma conseguirla, firmada por el asegurado con sus datos personales. Para poder llenar el proceso, debe guardar una copia sellada y, su justificante de recibo. Por precauci\u00f3n a futuros problemas futuros, es recomendable que haga una imitaci\u00f3n de la notificaci\u00f3n con la data de env\u00edo. <\/div><\/div><\/div><\/p>\r\n<h3><span class=\"ez-toc-section\" id=\"Dar_de_baja_Banco_Popular_por_fax\"><\/span>Dar de baja Banco Popular por fax<span class=\"ez-toc-section-end\"><\/span><\/h3>\r\n<p>Utilizar la funci\u00f3n del fax, es otra alternativa para su baja. Esto es muy parecido al correo electr\u00f3nico. Los pasos son exactamente los mismos, tanto digitalmente como por fax. Debe enviar una imitaci\u00f3n de su documento de identidad y, la notificaci\u00f3n con su firma, que podr\u00e1 hallarla en la web de la compa\u00f1\u00eda o, si usted lo prefiere, se la podemos facilitar , a trav\u00e9s del t\u00e9lefono de contacto 915123123. Debe rememorar, tener a su disposici\u00f3n y, guardar, una copia sellada y el justificante de su recibo. Guardar una copia de su notificaci\u00f3n, en la que aparezca la fecha de env\u00edo, ser\u00e1 fundamental para eludir futuros inconvenientes. <div class=\"colorf \"  ><div class=\"container clearfix\"><div class=\"col-md-7\"><\/p>\r\n<h3><span class=\"ez-toc-section\" id=\"En_la_oficina_de_Banco_Popular\"><\/span>En la oficina de Banco Popular<span class=\"ez-toc-section-end\"><\/span><\/h3>\r\n<p>Si deseas que los agentes de tu compa\u00f1\u00eda te aconsejen, deber\u00e1s asistir a la oficina de tu compa\u00f1\u00eda para efectuar los tr\u00e1mites de la baja del seguro de decesos. Vas a deber presentar un documento dejando constancia de tu deseo de cancelar tu seguro de decesos en la oficina. No olvides llevar una imitaci\u00f3n de tu documento nacional de identidad. Con el sello queda constancia de que todos los datos expuestos est\u00e1n correctos. En la data debe exponerse que el contrato fue anulado un mes ya antes del fin del contrato. <\/div><\/div><\/div><\/p>\r\n<h3><span class=\"ez-toc-section\" id=\"Telefono_para_dar_de_baja_Banco_Popular\"><\/span>T\u00e9lefono para dar de baja Banco Popular<span class=\"ez-toc-section-end\"><\/span><\/h3>\r\n<p>Asimismo puede darse de baja a trav\u00e9s de v\u00eda telef\u00f3nica. Busque el tel\u00e9fono de Banco Popular en la red de redes o bien llame de manera directa desde aqu\u00ed 915123123. Deber\u00e1 comunicarle al especialista el por qu\u00e9 de su llamada y le se\u00f1alar\u00e1 los pasos que tiene que proseguir. Siguiendo los pasos indicados, lo tendr\u00e1 todo solucionado de forma r\u00e1pida y, el experto, se encargar\u00e1 de dar fin a su seguro de decesos. Si despu\u00e9s de esto quiere contratar un nuevo seguro, no dude en ver todas y cada una de las opciones y equiparar todas las ofertas con iDecesos. <div class=\"colorf \"  ><div class=\"container clearfix\"><div class=\"col-md-7\"><\/p>\r\n<h2><span class=\"ez-toc-section\" id=\"Dar_de_baja_seguro_Banco_Popular_de_un_fallecido\"><\/span>Dar de baja seguro Banco Popular de un fallecido<span class=\"ez-toc-section-end\"><\/span><\/h2>\r\n<p>Por \u00faltimo, le indicamos c\u00f3mo dar de baja el seguro en el caso de fallecimiento del cliente del servicio. Debido a la ausencia de la persona que ha contratado el seguro, puede parecer dif\u00edcil su baja mas, con nosotros, va a ser considerablemente m\u00e1s simple de lo que semeja. No tendr\u00e1 que preocuparse por los tr\u00e1mites mencionados anteriormente. En el momento que muera el asegurado\/a, Banco Popular anular\u00e1 inmediatamente su seguro. Banco Popular, tras el sepelio de la persona asegurada, se ocupar\u00e1 de todos y cada uno de los tr\u00e1mites legales para darle de baja y, los familiares no deber\u00e1n preocuparse, van a poder estar apacibles. <\/div><\/div><\/div> <div class=\"oficinas\"> <h3><span class=\"ez-toc-section\" id=\"Paginas_relacionadas\"><\/span>P\u00e1ginas relacionadas<span class=\"ez-toc-section-end\"><\/span><\/h3><div class=\"enlazado\"><ul> <li><a href=\"https:\/\/idecesos.com\/seguros\/companias\/banco-popular\/coberturas\/\">Coberturas Seguro de Decesos Banco Popular<\/a><\/li> <li><a href=\"https:\/\/idecesos.com\/seguros\/companias\/banco-popular\/opiniones\/\">Opiniones Banco Popular<\/a><\/li> <li><a href=\"https:\/\/idecesos.com\/seguros\/companias\/banco-popular\/precio\/\">Precio seguro Banco Popular<\/a><\/li> <li><a href=\"https:\/\/idecesos.com\/seguros\/companias\/banco-popular\/prima-mixta\/\">Banco Popular Prima Mixta<\/a><\/li> <li><a href=\"https:\/\/idecesos.com\/seguros\/companias\/banco-popular\/prima-natural\/\">Banco Popular Prima Natural<\/a><\/li> <li><a href=\"https:\/\/idecesos.com\/seguros\/companias\/banco-popular\/prima-nivelada\/\">Banco Popular Prima Nivelada<\/a><\/li> <li><a href=\"https:\/\/idecesos.com\/seguros\/companias\/banco-popular\/prima-unica\/\">Banco Popular Prima \u00danica<\/a><\/li> <li><a href=\"https:\/\/idecesos.com\/seguros\/companias\/banco-popular\/repatriacion\/\">Banco Popular Repatriaci\u00f3n<\/a><\/li> <li><a href=\"https:\/\/idecesos.com\/seguros\/companias\/banco-popular\/telefono\/\">Tel\u00e9fono Gratuito Banco Popular<\/a><\/li><\/ul><\/div> <\/div><\/p>","protected":false},"excerpt":{"rendered":"<p>iDecesos se ocupar\u00e1 de explicarle, con todo detalle, de qu\u00e9 manera puede dar de baja a su seguro. Hacerlo puede parecer algo complicado, pero no tiene de qu\u00e9 preocuparse, a continuaci\u00f3n, le vamos a mostrar los pasos que a de proseguir. Merced a esto, en tan solo un par de minutos va a tener la&hellip; <\/p>\n","protected":false},"author":1,"featured_media":0,"parent":298,"menu_order":0,"comment_status":"closed","ping_status":"closed","template":"single.php","meta":{"footnotes":""},"class_list":["post-18063","page","type-page","status-publish","hentry"],"yoast_head":"<!-- This site is optimized with the Yoast SEO plugin v27.3 - https:\/\/yoast.com\/product\/yoast-seo-wordpress\/ -->\n<title>\u00bfC\u00f3mo dar de Baja o Cancelar Seguro de Decesos Banco Popular?<\/title>\n<meta name=\"description\" content=\"Obt\u00e9n aqu\u00ed\u3010c\u00f3mo dar de baja o cancelar seguro de decesos Banco Popular\u3011Modelo carta, fax, correo electr\u00f3nico (email), tel\u00e9fono gratis.\" \/>\n<meta name=\"robots\" content=\"index, follow, max-snippet:-1, max-image-preview:large, max-video-preview:-1\" \/>\n<link rel=\"canonical\" href=\"https:\/\/idecesos.com\/seguros\/companias\/banco-popular\/dar-de-baja\/\" \/>\n<meta property=\"og:locale\" content=\"es_ES\" \/>\n<meta property=\"og:type\" content=\"article\" \/>\n<meta property=\"og:title\" content=\"\u00bfC\u00f3mo dar de Baja o Cancelar Seguro de Decesos Banco Popular?\" \/>\n<meta property=\"og:description\" content=\"Obt\u00e9n aqu\u00ed\u3010c\u00f3mo dar de baja o cancelar seguro de decesos Banco Popular\u3011Modelo carta, fax, correo electr\u00f3nico (email), tel\u00e9fono gratis.\" \/>\n<meta property=\"og:url\" content=\"https:\/\/idecesos.com\/seguros\/companias\/banco-popular\/dar-de-baja\/\" \/>\n<meta property=\"article:modified_time\" content=\"2022-01-26T17:33:07+00:00\" \/>\n<meta name=\"twitter:card\" content=\"summary_large_image\" \/>\n<meta name=\"twitter:label1\" content=\"Tiempo de lectura\" \/>\n\t<meta name=\"twitter:data1\" content=\"5 minutos\" \/>\n<script type=\"application\/ld+json\" class=\"yoast-schema-graph\">{\"@context\":\"https:\\\/\\\/schema.org\",\"@graph\":[{\"@type\":\"WebPage\",\"@id\":\"https:\\\/\\\/idecesos.com\\\/seguros\\\/companias\\\/banco-popular\\\/dar-de-baja\\\/\",\"url\":\"https:\\\/\\\/idecesos.com\\\/seguros\\\/companias\\\/banco-popular\\\/dar-de-baja\\\/\",\"name\":\"\u00bfC\u00f3mo dar de Baja o Cancelar Seguro de Decesos Banco Popular?\",\"isPartOf\":{\"@id\":\"https:\\\/\\\/idecesos.com\\\/seguros\\\/#website\"},\"datePublished\":\"2021-12-29T11:45:53+00:00\",\"dateModified\":\"2022-01-26T17:33:07+00:00\",\"description\":\"Obt\u00e9n aqu\u00ed\u3010c\u00f3mo dar de baja o cancelar seguro de decesos Banco Popular\u3011Modelo carta, fax, correo electr\u00f3nico (email), tel\u00e9fono gratis.\",\"breadcrumb\":{\"@id\":\"https:\\\/\\\/idecesos.com\\\/seguros\\\/companias\\\/banco-popular\\\/dar-de-baja\\\/#breadcrumb\"},\"inLanguage\":\"es\",\"potentialAction\":[{\"@type\":\"ReadAction\",\"target\":[\"https:\\\/\\\/idecesos.com\\\/seguros\\\/companias\\\/banco-popular\\\/dar-de-baja\\\/\"]}]},{\"@type\":\"BreadcrumbList\",\"@id\":\"https:\\\/\\\/idecesos.com\\\/seguros\\\/companias\\\/banco-popular\\\/dar-de-baja\\\/#breadcrumb\",\"itemListElement\":[{\"@type\":\"ListItem\",\"position\":1,\"name\":\"Portada\",\"item\":\"https:\\\/\\\/idecesos.com\\\/seguros\\\/\"},{\"@type\":\"ListItem\",\"position\":2,\"name\":\"Compa\u00f1\u00edas de Seguros de Decesos en Espa\u00f1a\",\"item\":\"https:\\\/\\\/idecesos.com\\\/seguros\\\/companias\\\/\"},{\"@type\":\"ListItem\",\"position\":3,\"name\":\"Seguro de decesos Banco Popular\",\"item\":\"https:\\\/\\\/idecesos.com\\\/seguros\\\/companias\\\/banco-popular\\\/\"},{\"@type\":\"ListItem\",\"position\":4,\"name\":\"\u00bfC\u00f3mo dar de baja seguro Banco Popular?\"}]},{\"@type\":\"WebSite\",\"@id\":\"https:\\\/\\\/idecesos.com\\\/seguros\\\/#website\",\"url\":\"https:\\\/\\\/idecesos.com\\\/seguros\\\/\",\"name\":\"\",\"description\":\"\",\"potentialAction\":[{\"@type\":\"SearchAction\",\"target\":{\"@type\":\"EntryPoint\",\"urlTemplate\":\"https:\\\/\\\/idecesos.com\\\/seguros\\\/?s={search_term_string}\"},\"query-input\":{\"@type\":\"PropertyValueSpecification\",\"valueRequired\":true,\"valueName\":\"search_term_string\"}}],\"inLanguage\":\"es\"}]}<\/script>\n<!-- \/ Yoast SEO plugin. -->","yoast_head_json":{"title":"\u00bfC\u00f3mo dar de Baja o Cancelar Seguro de Decesos Banco Popular?","description":"Obt\u00e9n aqu\u00ed\u3010c\u00f3mo dar de baja o cancelar seguro de decesos Banco Popular\u3011Modelo carta, fax, correo electr\u00f3nico (email), tel\u00e9fono gratis.","robots":{"index":"index","follow":"follow","max-snippet":"max-snippet:-1","max-image-preview":"max-image-preview:large","max-video-preview":"max-video-preview:-1"},"canonical":"https:\/\/idecesos.com\/seguros\/companias\/banco-popular\/dar-de-baja\/","og_locale":"es_ES","og_type":"article","og_title":"\u00bfC\u00f3mo dar de Baja o Cancelar Seguro de Decesos Banco Popular?","og_description":"Obt\u00e9n aqu\u00ed\u3010c\u00f3mo dar de baja o cancelar seguro de decesos Banco Popular\u3011Modelo carta, fax, correo electr\u00f3nico (email), tel\u00e9fono gratis.","og_url":"https:\/\/idecesos.com\/seguros\/companias\/banco-popular\/dar-de-baja\/","article_modified_time":"2022-01-26T17:33:07+00:00","twitter_card":"summary_large_image","twitter_misc":{"Tiempo de lectura":"5 minutos"},"schema":{"@context":"https:\/\/schema.org","@graph":[{"@type":"WebPage","@id":"https:\/\/idecesos.com\/seguros\/companias\/banco-popular\/dar-de-baja\/","url":"https:\/\/idecesos.com\/seguros\/companias\/banco-popular\/dar-de-baja\/","name":"\u00bfC\u00f3mo dar de Baja o Cancelar Seguro de Decesos Banco Popular?","isPartOf":{"@id":"https:\/\/idecesos.com\/seguros\/#website"},"datePublished":"2021-12-29T11:45:53+00:00","dateModified":"2022-01-26T17:33:07+00:00","description":"Obt\u00e9n aqu\u00ed\u3010c\u00f3mo dar de baja o cancelar seguro de decesos Banco Popular\u3011Modelo carta, fax, correo electr\u00f3nico (email), tel\u00e9fono gratis.","breadcrumb":{"@id":"https:\/\/idecesos.com\/seguros\/companias\/banco-popular\/dar-de-baja\/#breadcrumb"},"inLanguage":"es","potentialAction":[{"@type":"ReadAction","target":["https:\/\/idecesos.com\/seguros\/companias\/banco-popular\/dar-de-baja\/"]}]},{"@type":"BreadcrumbList","@id":"https:\/\/idecesos.com\/seguros\/companias\/banco-popular\/dar-de-baja\/#breadcrumb","itemListElement":[{"@type":"ListItem","position":1,"name":"Portada","item":"https:\/\/idecesos.com\/seguros\/"},{"@type":"ListItem","position":2,"name":"Compa\u00f1\u00edas de Seguros de Decesos en Espa\u00f1a","item":"https:\/\/idecesos.com\/seguros\/companias\/"},{"@type":"ListItem","position":3,"name":"Seguro de decesos Banco Popular","item":"https:\/\/idecesos.com\/seguros\/companias\/banco-popular\/"},{"@type":"ListItem","position":4,"name":"\u00bfC\u00f3mo dar de baja seguro Banco Popular?"}]},{"@type":"WebSite","@id":"https:\/\/idecesos.com\/seguros\/#website","url":"https:\/\/idecesos.com\/seguros\/","name":"","description":"","potentialAction":[{"@type":"SearchAction","target":{"@type":"EntryPoint","urlTemplate":"https:\/\/idecesos.com\/seguros\/?s={search_term_string}"},"query-input":{"@type":"PropertyValueSpecification","valueRequired":true,"valueName":"search_term_string"}}],"inLanguage":"es"}]}},"_links":{"self":[{"href":"https:\/\/idecesos.com\/seguros\/wp-json\/wp\/v2\/pages\/18063","targetHints":{"allow":["GET"]}}],"collection":[{"href":"https:\/\/idecesos.com\/seguros\/wp-json\/wp\/v2\/pages"}],"about":[{"href":"https:\/\/idecesos.com\/seguros\/wp-json\/wp\/v2\/types\/page"}],"author":[{"embeddable":true,"href":"https:\/\/idecesos.com\/seguros\/wp-json\/wp\/v2\/users\/1"}],"replies":[{"embeddable":true,"href":"https:\/\/idecesos.com\/seguros\/wp-json\/wp\/v2\/comments?post=18063"}],"version-history":[{"count":5,"href":"https:\/\/idecesos.com\/seguros\/wp-json\/wp\/v2\/pages\/18063\/revisions"}],"predecessor-version":[{"id":19058,"href":"https:\/\/idecesos.com\/seguros\/wp-json\/wp\/v2\/pages\/18063\/revisions\/19058"}],"up":[{"embeddable":true,"href":"https:\/\/idecesos.com\/seguros\/wp-json\/wp\/v2\/pages\/298"}],"wp:attachment":[{"href":"https:\/\/idecesos.com\/seguros\/wp-json\/wp\/v2\/media?parent=18063"}],"curies":[{"name":"wp","href":"https:\/\/api.w.org\/{rel}","templated":true}]}}