{"id":18070,"date":"2021-12-29T11:52:47","date_gmt":"2021-12-29T11:45:58","guid":{"rendered":"https:\/\/idecesos.com\/seguros\/companias\/almudena\/dar-de-baja\/"},"modified":"2022-01-26T17:26:57","modified_gmt":"2022-01-26T17:26:57","slug":"dar-de-baja","status":"publish","type":"page","link":"https:\/\/idecesos.com\/seguros\/companias\/almudena\/dar-de-baja\/","title":{"rendered":"\u00bfC\u00f3mo dar de baja seguro La Almudena?"},"content":{"rendered":"<div id=\"ez-toc-container\" class=\"ez-toc-v2_0_82_2 ez-toc-wrap-center counter-hierarchy ez-toc-counter ez-toc-custom ez-toc-container-direction\">\n<div class=\"ez-toc-title-container\">\n<p class=\"ez-toc-title\" style=\"cursor:inherit\">Tabla de Contenido<\/p>\n<span class=\"ez-toc-title-toggle\"><a href=\"#\" class=\"ez-toc-pull-right ez-toc-btn ez-toc-btn-xs ez-toc-btn-default ez-toc-toggle\" aria-label=\"Alternar tabla de contenidos\"><span class=\"ez-toc-js-icon-con\"><span class=\"\"><span class=\"eztoc-hide\" style=\"display:none;\">Toggle<\/span><span class=\"ez-toc-icon-toggle-span\"><svg style=\"fill: #db6415;color:#db6415\" xmlns=\"http:\/\/www.w3.org\/2000\/svg\" class=\"list-377408\" width=\"20px\" height=\"20px\" viewBox=\"0 0 24 24\" fill=\"none\"><path d=\"M6 6H4v2h2V6zm14 0H8v2h12V6zM4 11h2v2H4v-2zm16 0H8v2h12v-2zM4 16h2v2H4v-2zm16 0H8v2h12v-2z\" fill=\"currentColor\"><\/path><\/svg><svg style=\"fill: #db6415;color:#db6415\" class=\"arrow-unsorted-368013\" xmlns=\"http:\/\/www.w3.org\/2000\/svg\" width=\"10px\" height=\"10px\" viewBox=\"0 0 24 24\" version=\"1.2\" baseProfile=\"tiny\"><path d=\"M18.2 9.3l-6.2-6.3-6.2 6.3c-.2.2-.3.4-.3.7s.1.5.3.7c.2.2.4.3.7.3h11c.3 0 .5-.1.7-.3.2-.2.3-.5.3-.7s-.1-.5-.3-.7zM5.8 14.7l6.2 6.3 6.2-6.3c.2-.2.3-.5.3-.7s-.1-.5-.3-.7c-.2-.2-.4-.3-.7-.3h-11c-.3 0-.5.1-.7.3-.2.2-.3.5-.3.7s.1.5.3.7z\"\/><\/svg><\/span><\/span><\/span><\/a><\/span><\/div>\n<nav><ul class='ez-toc-list ez-toc-list-level-1 ' ><li class='ez-toc-page-1 ez-toc-heading-level-2'><a class=\"ez-toc-link ez-toc-heading-1\" href=\"https:\/\/idecesos.com\/seguros\/companias\/almudena\/dar-de-baja\/#Diferentes_opciones_para_cancelar_un_contrato_con_La_Almudena\" >Diferentes opciones para cancelar un contrato con La Almudena<\/a><ul class='ez-toc-list-level-3' ><li class='ez-toc-heading-level-3'><a class=\"ez-toc-link ez-toc-heading-2\" href=\"https:\/\/idecesos.com\/seguros\/companias\/almudena\/dar-de-baja\/#A_traves_de_la_web_de_La_Almudena\" >A trav\u00e9s de la web de La Almudena<\/a><\/li><li class='ez-toc-page-1 ez-toc-heading-level-3'><a class=\"ez-toc-link ez-toc-heading-3\" href=\"https:\/\/idecesos.com\/seguros\/companias\/almudena\/dar-de-baja\/#Utilizando_el_correo_electronico_de_La_Almudena\" >Utilizando el correo electr\u00f3nico de La Almudena<\/a><\/li><li class='ez-toc-page-1 ez-toc-heading-level-3'><a class=\"ez-toc-link ez-toc-heading-4\" href=\"https:\/\/idecesos.com\/seguros\/companias\/almudena\/dar-de-baja\/#Dar_de_baja_La_Almudena_por_fax\" >Dar de baja La Almudena por fax<\/a><\/li><li class='ez-toc-page-1 ez-toc-heading-level-3'><a class=\"ez-toc-link ez-toc-heading-5\" href=\"https:\/\/idecesos.com\/seguros\/companias\/almudena\/dar-de-baja\/#En_la_oficina_de_La_Almudena\" >En la oficina de La Almudena<\/a><\/li><li class='ez-toc-page-1 ez-toc-heading-level-3'><a class=\"ez-toc-link ez-toc-heading-6\" href=\"https:\/\/idecesos.com\/seguros\/companias\/almudena\/dar-de-baja\/#Telefono_para_dar_de_baja_La_Almudena\" >T\u00e9lefono para dar de baja La Almudena<\/a><\/li><\/ul><\/li><li class='ez-toc-page-1 ez-toc-heading-level-2'><a class=\"ez-toc-link ez-toc-heading-7\" href=\"https:\/\/idecesos.com\/seguros\/companias\/almudena\/dar-de-baja\/#Dar_de_baja_seguro_La_Almudena_de_un_fallecido\" >Dar de baja seguro La Almudena de un fallecido<\/a><ul class='ez-toc-list-level-3' ><li class='ez-toc-heading-level-3'><a class=\"ez-toc-link ez-toc-heading-8\" href=\"https:\/\/idecesos.com\/seguros\/companias\/almudena\/dar-de-baja\/#Paginas_relacionadas\" >P\u00e1ginas relacionadas<\/a><\/li><\/ul><\/li><\/ul><\/nav><\/div>\n<p> Solo deber\u00e1s proseguir las indicaciones que te mostramos a fin de que puedas dar de baja tu seguro. Hay que empezar por repasar su propia factura o contrato de seguro de decesos, ah\u00ed encontrar\u00e1 los datos de La Almudena a la que pertenece su seguro de decesos. Cuando tenga esta informaci\u00f3n podr\u00e1 buscar la direcci\u00f3n de la compa\u00f1\u00eda en Internet. Contacta con tu aseguradora en el tel\u00e9fono de atenci\u00f3n al cliente que te indiquen a fin de que puedas proceder a dar de baja tu seguro de decesos. Cuando concluyas de hablar con atenci\u00f3n al usuario, te se\u00f1alar\u00e1n que puedes pedir la baja del seguro a trav\u00e9s de el tel\u00e9fono o e-mail. Debes comunicarle a tu compa\u00f1\u00eda de seguros tu deseo por escrito de darte de baja de tu seguro de decesos para que no se hagan cargo de los servicios. <div class=\"colorf \"  ><div class=\"container clearfix\"><div class=\"col-md-7\"><\/p>\r\n<h2><span class=\"ez-toc-section\" id=\"Diferentes_opciones_para_cancelar_un_contrato_con_La_Almudena\"><\/span>Diferentes opciones para cancelar un contrato con La Almudena<span class=\"ez-toc-section-end\"><\/span><\/h2>\r\n<!-- \/wp:post-content -->\r\n\r\n<!-- wp:paragraph -->\r\n<p>Un aspecto en com\u00fan de pr\u00e1cticamente todas las compa\u00f1\u00edas es que, solicitan a sus clientes del servicio, un documento en el que aparezcan los motivos o bien deseos por los que desea dar de baja su seguro de decesos. Hay diferentes formas de darse de baja, mas, de cualquier forma, si usted desea enviar una carta certificada con un modelo est\u00e1ndar de cancelaci\u00f3n de su contrato con La Almudena esta deber\u00e1 d\u00e1rselo por v\u00e1lido. Desde iDecesos le aconsejamos que guarde el resguardo del documento y que haga una copia. Ahora, le indicaremos otras formas de dar de baja a su seguro de decesos. <\/div><\/div><\/div><\/p>\r\n<h3><span class=\"ez-toc-section\" id=\"A_traves_de_la_web_de_La_Almudena\"><\/span>A trav\u00e9s de la web de La Almudena<span class=\"ez-toc-section-end\"><\/span><\/h3>\r\n<p>Puedes dar de baja tu seguro de decesos mediante la p\u00e1gina web de la compa\u00f1\u00eda en la que tengas contratado tu seguro. Solo tendr\u00e1s que escribir lo que buscas en su p\u00e1gina a fin de que te aparezca toda la informaci\u00f3n. Para conseguir la informaci\u00f3n y si no tiene buscador, intenta hallar la secci\u00f3n donde pienses que puede estar tu respuesta. Para proceder a dar de baja el seguro, tendr\u00e1s que rellenar el formulario que se te indique. Si de todas y cada una maneras no halla lo que busca, no debe preocuparse, p\u00f3ngase en contacto con nosotros para que podamos facilitarle toda la informaci\u00f3n que precisa a trav\u00e9s de nuestro n\u00famero 951 127 403 o bien por nuestro e mail info@idecesos. com. Si has conseguido hallar el formulario para dar de baja tu seguro de decesos, vas a recibir en unos pocos minutos un documento donde se te notifique que lo has realizado correctamente. <div class=\"colorf \"  ><div class=\"container clearfix\"><div class=\"col-md-7\"><\/p>\r\n<h3><span class=\"ez-toc-section\" id=\"Utilizando_el_correo_electronico_de_La_Almudena\"><\/span>Utilizando el correo electr\u00f3nico de La Almudena<span class=\"ez-toc-section-end\"><\/span><\/h3>\r\n<p>Env\u00edales un correo electr\u00f3nico a tu compa\u00f1\u00eda si deseas dar de baja tu seguro de decesos. A fin de que la aseguradora pueda dar de baja tu seguro de decesos deber\u00e1s hacerles llegar una copia de tu documento nacional de identidad y el documento firmado con tus datos personales pidiendo la baja. No olvides guardar una copia sellada y el justificante. Tambi\u00e9n te recomendamos que guardes una imitaci\u00f3n de la notificaci\u00f3n del correo con la data expuesta del env\u00edo. Tendr\u00e1s que mandar a tu empresa aseguradora tu n\u00famero de p\u00f3liza 30 d\u00edas ya antes del fin del contrato. <\/div><\/div><\/div><\/p>\r\n<h3><span class=\"ez-toc-section\" id=\"Dar_de_baja_La_Almudena_por_fax\"><\/span>Dar de baja La Almudena por fax<span class=\"ez-toc-section-end\"><\/span><\/h3>\r\n<p>Darse de baja por fax asimismo es una alternativa. Es muy similar al e mail. Deber\u00e1 continuar los mismos pasos, en vez de digital, enviarlo a trav\u00e9s de fax. Debe mandar una copia de su documento nacional de identidad y, la notificaci\u00f3n con su firma, que podr\u00e1 hallarla en la web de la compa\u00f1\u00eda o, si lo prefiere, se la podemos facilitar nosotros, a trav\u00e9s del t\u00e9lefono de contacto 900 24 25 26. Debe recordar, tener a su predisposici\u00f3n y, guardar, una copia sellada y el justificante de su recibo. No tendr\u00e1 ning\u00fan tipo de incidencia en el futuro, si guarda una imitaci\u00f3n de la notificaci\u00f3n, con la fecha adecuada de env\u00edo. <div class=\"colorf \"  ><div class=\"container clearfix\"><div class=\"col-md-7\"><\/p>\r\n<h3><span class=\"ez-toc-section\" id=\"En_la_oficina_de_La_Almudena\"><\/span>En la oficina de La Almudena<span class=\"ez-toc-section-end\"><\/span><\/h3>\r\n<p>Si lo quiere, va a poder dar de baja su seguro acudiendo, de forma presencial, a la oficina de La Almudena. Para asistir a la oficina m\u00e1s pr\u00f3xima, solo deber\u00e1 teclear en Internet el nombre de La Almudena. Los expertos trabajadores de La Almudena le van a ayudar en todo cuanto necesite con respecto a los documentos que debe rellenar y firmar. Solo deber\u00e1 proseguir, adecuadamente, los pasos que le ordenen. Es muy necesario que no olvide su documento nacional de identidad, para que, cada una parte del proceso, se pueda realizar correctamente. Para finiquitar, le har\u00e1n entrega de una copia de cada documento y, el especialista efectuar\u00e1 los tr\u00e1mites pertinentes. <\/div><\/div><\/div><\/p>\r\n<h3><span class=\"ez-toc-section\" id=\"Telefono_para_dar_de_baja_La_Almudena\"><\/span>T\u00e9lefono para dar de baja La Almudena<span class=\"ez-toc-section-end\"><\/span><\/h3>\r\n<p>Otro de los m\u00e9todos es a trav\u00e9s de una llamada telef\u00f3nica a la compa\u00f1\u00eda. Puede buscar su tel\u00e9fono en Internet o, llamando al 900 24 25 26. Comun\u00edquele a quien le atienda lo que desee y le dar\u00e1n los pasos pertinentes que debe seguir. Siguiendo los pasos indicados, lo va a tener todo solucionado velozmente y, el experto, se ocupar\u00e1 de dar fin a su seguro de decesos. Con iDecesos podr\u00e1 localizar un nuevo seguro que se adapte a sus necesidades, equiparando todas y cada una de las opciones posibles. <div class=\"colorf \"  ><div class=\"container clearfix\"><div class=\"col-md-7\"><\/p>\r\n<h2><span class=\"ez-toc-section\" id=\"Dar_de_baja_seguro_La_Almudena_de_un_fallecido\"><\/span>Dar de baja seguro La Almudena de un fallecido<span class=\"ez-toc-section-end\"><\/span><\/h2>\r\n<p>Finalmente, le indicamos de qu\u00e9 forma dar de baja el seguro en el caso de fallecimiento del cliente del servicio. Puede parecer bastante dif\u00edcil mas, es uno de los m\u00e9todos m\u00e1s simples. No tiene que preocuparse por nada ni hacer ninguno de los tr\u00e1mites que le hemos explicado anteriormente. En el instante que muera el asegurado\/a, La Almudena anular\u00e1 de forma inmediata su seguro. Tras el sepelio del asegurado, La Almudena va a dar de baja el seguro de la persona fallecida y, su familia, podr\u00e1 estar tranquila a lo largo de todo el proceso. <\/div><\/div><\/div> <div class=\"oficinas\"> <h3><span class=\"ez-toc-section\" id=\"Paginas_relacionadas\"><\/span>P\u00e1ginas relacionadas<span class=\"ez-toc-section-end\"><\/span><\/h3><div class=\"enlazado\"><ul> <li><a href=\"https:\/\/idecesos.com\/seguros\/companias\/almudena\/opiniones\/\">Opiniones Almudena<\/a><\/li> <li><a href=\"https:\/\/idecesos.com\/seguros\/companias\/almudena\/precio\/\">Precio seguro La Almudena<\/a><\/li> <li><a href=\"https:\/\/idecesos.com\/seguros\/companias\/almudena\/prima-mixta\/\">La Almudena Prima Mixta<\/a><\/li> <li><a href=\"https:\/\/idecesos.com\/seguros\/companias\/almudena\/prima-natural\/\">La Almudena Prima Natural<\/a><\/li> <li><a href=\"https:\/\/idecesos.com\/seguros\/companias\/almudena\/prima-nivelada\/\">La Almudena Prima Nivelada<\/a><\/li> <li><a href=\"https:\/\/idecesos.com\/seguros\/companias\/almudena\/prima-unica\/\">La Almudena Prima \u00danica<\/a><\/li> <li><a href=\"https:\/\/idecesos.com\/seguros\/companias\/almudena\/repatriacion\/\">La Almudena Repatriaci\u00f3n<\/a><\/li> <li><a href=\"https:\/\/idecesos.com\/seguros\/companias\/almudena\/telefono\/\">Tel\u00e9fono Gratuito La Almudena<\/a><\/li><\/ul><\/div> <\/div><\/p>","protected":false},"excerpt":{"rendered":"<p>Solo deber\u00e1s proseguir las indicaciones que te mostramos a fin de que puedas dar de baja tu seguro. Hay que empezar por repasar su propia factura o contrato de seguro de decesos, ah\u00ed encontrar\u00e1 los datos de La Almudena a la que pertenece su seguro de decesos. Cuando tenga esta informaci\u00f3n podr\u00e1 buscar la direcci\u00f3n&hellip; <\/p>\n","protected":false},"author":1,"featured_media":0,"parent":472,"menu_order":0,"comment_status":"closed","ping_status":"closed","template":"single.php","meta":{"footnotes":""},"class_list":["post-18070","page","type-page","status-publish","hentry"],"yoast_head":"<!-- This site is optimized with the Yoast SEO plugin v27.3 - https:\/\/yoast.com\/product\/yoast-seo-wordpress\/ -->\n<title>\u00bfC\u00f3mo dar de Baja o Cancelar Seguro de Decesos La Almudena?<\/title>\n<meta name=\"description\" content=\"Obt\u00e9n aqu\u00ed\u3010c\u00f3mo dar de baja o cancelar seguro de decesos La Almudena\u3011Modelo carta, fax, correo electr\u00f3nico (email), tel\u00e9fono gratis.\" \/>\n<meta name=\"robots\" content=\"index, follow, max-snippet:-1, max-image-preview:large, max-video-preview:-1\" \/>\n<link rel=\"canonical\" href=\"https:\/\/idecesos.com\/seguros\/companias\/almudena\/dar-de-baja\/\" \/>\n<meta property=\"og:locale\" content=\"es_ES\" \/>\n<meta property=\"og:type\" content=\"article\" \/>\n<meta property=\"og:title\" content=\"\u00bfC\u00f3mo dar de Baja o Cancelar Seguro de Decesos La Almudena?\" \/>\n<meta property=\"og:description\" content=\"Obt\u00e9n aqu\u00ed\u3010c\u00f3mo dar de baja o cancelar seguro de decesos La Almudena\u3011Modelo carta, fax, correo electr\u00f3nico (email), tel\u00e9fono gratis.\" \/>\n<meta property=\"og:url\" content=\"https:\/\/idecesos.com\/seguros\/companias\/almudena\/dar-de-baja\/\" \/>\n<meta property=\"article:modified_time\" content=\"2022-01-26T17:26:57+00:00\" \/>\n<meta name=\"twitter:card\" content=\"summary_large_image\" \/>\n<meta name=\"twitter:label1\" content=\"Tiempo de lectura\" \/>\n\t<meta name=\"twitter:data1\" content=\"15 minutos\" \/>\n<script type=\"application\/ld+json\" class=\"yoast-schema-graph\">{\"@context\":\"https:\\\/\\\/schema.org\",\"@graph\":[{\"@type\":\"WebPage\",\"@id\":\"https:\\\/\\\/idecesos.com\\\/seguros\\\/companias\\\/almudena\\\/dar-de-baja\\\/\",\"url\":\"https:\\\/\\\/idecesos.com\\\/seguros\\\/companias\\\/almudena\\\/dar-de-baja\\\/\",\"name\":\"\u00bfC\u00f3mo dar de Baja o Cancelar Seguro de Decesos La Almudena?\",\"isPartOf\":{\"@id\":\"https:\\\/\\\/idecesos.com\\\/seguros\\\/#website\"},\"datePublished\":\"2021-12-29T11:45:58+00:00\",\"dateModified\":\"2022-01-26T17:26:57+00:00\",\"description\":\"Obt\u00e9n aqu\u00ed\u3010c\u00f3mo dar de baja o cancelar seguro de decesos La Almudena\u3011Modelo carta, fax, correo electr\u00f3nico (email), tel\u00e9fono gratis.\",\"breadcrumb\":{\"@id\":\"https:\\\/\\\/idecesos.com\\\/seguros\\\/companias\\\/almudena\\\/dar-de-baja\\\/#breadcrumb\"},\"inLanguage\":\"es\",\"potentialAction\":[{\"@type\":\"ReadAction\",\"target\":[\"https:\\\/\\\/idecesos.com\\\/seguros\\\/companias\\\/almudena\\\/dar-de-baja\\\/\"]}]},{\"@type\":\"BreadcrumbList\",\"@id\":\"https:\\\/\\\/idecesos.com\\\/seguros\\\/companias\\\/almudena\\\/dar-de-baja\\\/#breadcrumb\",\"itemListElement\":[{\"@type\":\"ListItem\",\"position\":1,\"name\":\"Portada\",\"item\":\"https:\\\/\\\/idecesos.com\\\/seguros\\\/\"},{\"@type\":\"ListItem\",\"position\":2,\"name\":\"Compa\u00f1\u00edas de Seguros de Decesos en Espa\u00f1a\",\"item\":\"https:\\\/\\\/idecesos.com\\\/seguros\\\/companias\\\/\"},{\"@type\":\"ListItem\",\"position\":3,\"name\":\"Seguro de Decesos La Almudena\",\"item\":\"https:\\\/\\\/idecesos.com\\\/seguros\\\/companias\\\/almudena\\\/\"},{\"@type\":\"ListItem\",\"position\":4,\"name\":\"\u00bfC\u00f3mo dar de baja seguro La Almudena?\"}]},{\"@type\":\"WebSite\",\"@id\":\"https:\\\/\\\/idecesos.com\\\/seguros\\\/#website\",\"url\":\"https:\\\/\\\/idecesos.com\\\/seguros\\\/\",\"name\":\"\",\"description\":\"\",\"potentialAction\":[{\"@type\":\"SearchAction\",\"target\":{\"@type\":\"EntryPoint\",\"urlTemplate\":\"https:\\\/\\\/idecesos.com\\\/seguros\\\/?s={search_term_string}\"},\"query-input\":{\"@type\":\"PropertyValueSpecification\",\"valueRequired\":true,\"valueName\":\"search_term_string\"}}],\"inLanguage\":\"es\"}]}<\/script>\n<!-- \/ Yoast SEO plugin. -->","yoast_head_json":{"title":"\u00bfC\u00f3mo dar de Baja o Cancelar Seguro de Decesos La Almudena?","description":"Obt\u00e9n aqu\u00ed\u3010c\u00f3mo dar de baja o cancelar seguro de decesos La Almudena\u3011Modelo carta, fax, correo electr\u00f3nico (email), tel\u00e9fono gratis.","robots":{"index":"index","follow":"follow","max-snippet":"max-snippet:-1","max-image-preview":"max-image-preview:large","max-video-preview":"max-video-preview:-1"},"canonical":"https:\/\/idecesos.com\/seguros\/companias\/almudena\/dar-de-baja\/","og_locale":"es_ES","og_type":"article","og_title":"\u00bfC\u00f3mo dar de Baja o Cancelar Seguro de Decesos La Almudena?","og_description":"Obt\u00e9n aqu\u00ed\u3010c\u00f3mo dar de baja o cancelar seguro de decesos La Almudena\u3011Modelo carta, fax, correo electr\u00f3nico (email), tel\u00e9fono gratis.","og_url":"https:\/\/idecesos.com\/seguros\/companias\/almudena\/dar-de-baja\/","article_modified_time":"2022-01-26T17:26:57+00:00","twitter_card":"summary_large_image","twitter_misc":{"Tiempo de lectura":"15 minutos"},"schema":{"@context":"https:\/\/schema.org","@graph":[{"@type":"WebPage","@id":"https:\/\/idecesos.com\/seguros\/companias\/almudena\/dar-de-baja\/","url":"https:\/\/idecesos.com\/seguros\/companias\/almudena\/dar-de-baja\/","name":"\u00bfC\u00f3mo dar de Baja o Cancelar Seguro de Decesos La Almudena?","isPartOf":{"@id":"https:\/\/idecesos.com\/seguros\/#website"},"datePublished":"2021-12-29T11:45:58+00:00","dateModified":"2022-01-26T17:26:57+00:00","description":"Obt\u00e9n aqu\u00ed\u3010c\u00f3mo dar de baja o cancelar seguro de decesos La Almudena\u3011Modelo carta, fax, correo electr\u00f3nico (email), tel\u00e9fono gratis.","breadcrumb":{"@id":"https:\/\/idecesos.com\/seguros\/companias\/almudena\/dar-de-baja\/#breadcrumb"},"inLanguage":"es","potentialAction":[{"@type":"ReadAction","target":["https:\/\/idecesos.com\/seguros\/companias\/almudena\/dar-de-baja\/"]}]},{"@type":"BreadcrumbList","@id":"https:\/\/idecesos.com\/seguros\/companias\/almudena\/dar-de-baja\/#breadcrumb","itemListElement":[{"@type":"ListItem","position":1,"name":"Portada","item":"https:\/\/idecesos.com\/seguros\/"},{"@type":"ListItem","position":2,"name":"Compa\u00f1\u00edas de Seguros de Decesos en Espa\u00f1a","item":"https:\/\/idecesos.com\/seguros\/companias\/"},{"@type":"ListItem","position":3,"name":"Seguro de Decesos La Almudena","item":"https:\/\/idecesos.com\/seguros\/companias\/almudena\/"},{"@type":"ListItem","position":4,"name":"\u00bfC\u00f3mo dar de baja seguro La Almudena?"}]},{"@type":"WebSite","@id":"https:\/\/idecesos.com\/seguros\/#website","url":"https:\/\/idecesos.com\/seguros\/","name":"","description":"","potentialAction":[{"@type":"SearchAction","target":{"@type":"EntryPoint","urlTemplate":"https:\/\/idecesos.com\/seguros\/?s={search_term_string}"},"query-input":{"@type":"PropertyValueSpecification","valueRequired":true,"valueName":"search_term_string"}}],"inLanguage":"es"}]}},"_links":{"self":[{"href":"https:\/\/idecesos.com\/seguros\/wp-json\/wp\/v2\/pages\/18070","targetHints":{"allow":["GET"]}}],"collection":[{"href":"https:\/\/idecesos.com\/seguros\/wp-json\/wp\/v2\/pages"}],"about":[{"href":"https:\/\/idecesos.com\/seguros\/wp-json\/wp\/v2\/types\/page"}],"author":[{"embeddable":true,"href":"https:\/\/idecesos.com\/seguros\/wp-json\/wp\/v2\/users\/1"}],"replies":[{"embeddable":true,"href":"https:\/\/idecesos.com\/seguros\/wp-json\/wp\/v2\/comments?post=18070"}],"version-history":[{"count":4,"href":"https:\/\/idecesos.com\/seguros\/wp-json\/wp\/v2\/pages\/18070\/revisions"}],"predecessor-version":[{"id":19055,"href":"https:\/\/idecesos.com\/seguros\/wp-json\/wp\/v2\/pages\/18070\/revisions\/19055"}],"up":[{"embeddable":true,"href":"https:\/\/idecesos.com\/seguros\/wp-json\/wp\/v2\/pages\/472"}],"wp:attachment":[{"href":"https:\/\/idecesos.com\/seguros\/wp-json\/wp\/v2\/media?parent=18070"}],"curies":[{"name":"wp","href":"https:\/\/api.w.org\/{rel}","templated":true}]}}