{"id":18109,"date":"2021-12-29T11:52:51","date_gmt":"2021-12-29T11:47:59","guid":{"rendered":"https:\/\/idecesos.com\/seguros\/companias\/ing\/dar-de-baja\/"},"modified":"2022-01-26T17:46:45","modified_gmt":"2022-01-26T17:46:45","slug":"dar-de-baja","status":"publish","type":"page","link":"https:\/\/idecesos.com\/seguros\/companias\/ing\/dar-de-baja\/","title":{"rendered":"\u00bfC\u00f3mo dar de baja seguro ING?"},"content":{"rendered":"<div id=\"ez-toc-container\" class=\"ez-toc-v2_0_82_2 ez-toc-wrap-center counter-hierarchy ez-toc-counter ez-toc-custom ez-toc-container-direction\">\n<div class=\"ez-toc-title-container\">\n<p class=\"ez-toc-title\" style=\"cursor:inherit\">Tabla de Contenido<\/p>\n<span class=\"ez-toc-title-toggle\"><a href=\"#\" class=\"ez-toc-pull-right ez-toc-btn ez-toc-btn-xs ez-toc-btn-default ez-toc-toggle\" aria-label=\"Alternar tabla de contenidos\"><span class=\"ez-toc-js-icon-con\"><span class=\"\"><span class=\"eztoc-hide\" style=\"display:none;\">Toggle<\/span><span class=\"ez-toc-icon-toggle-span\"><svg style=\"fill: #db6415;color:#db6415\" xmlns=\"http:\/\/www.w3.org\/2000\/svg\" class=\"list-377408\" width=\"20px\" height=\"20px\" viewBox=\"0 0 24 24\" fill=\"none\"><path d=\"M6 6H4v2h2V6zm14 0H8v2h12V6zM4 11h2v2H4v-2zm16 0H8v2h12v-2zM4 16h2v2H4v-2zm16 0H8v2h12v-2z\" fill=\"currentColor\"><\/path><\/svg><svg style=\"fill: #db6415;color:#db6415\" class=\"arrow-unsorted-368013\" xmlns=\"http:\/\/www.w3.org\/2000\/svg\" width=\"10px\" height=\"10px\" viewBox=\"0 0 24 24\" version=\"1.2\" baseProfile=\"tiny\"><path d=\"M18.2 9.3l-6.2-6.3-6.2 6.3c-.2.2-.3.4-.3.7s.1.5.3.7c.2.2.4.3.7.3h11c.3 0 .5-.1.7-.3.2-.2.3-.5.3-.7s-.1-.5-.3-.7zM5.8 14.7l6.2 6.3 6.2-6.3c.2-.2.3-.5.3-.7s-.1-.5-.3-.7c-.2-.2-.4-.3-.7-.3h-11c-.3 0-.5.1-.7.3-.2.2-.3.5-.3.7s.1.5.3.7z\"\/><\/svg><\/span><\/span><\/span><\/a><\/span><\/div>\n<nav><ul class='ez-toc-list ez-toc-list-level-1 ' ><li class='ez-toc-page-1 ez-toc-heading-level-2'><a class=\"ez-toc-link ez-toc-heading-1\" href=\"https:\/\/idecesos.com\/seguros\/companias\/ing\/dar-de-baja\/#Diferentes_opciones_para_cancelar_un_contrato_con_ING\" >Diferentes opciones para cancelar un contrato con ING<\/a><ul class='ez-toc-list-level-3' ><li class='ez-toc-heading-level-3'><a class=\"ez-toc-link ez-toc-heading-2\" href=\"https:\/\/idecesos.com\/seguros\/companias\/ing\/dar-de-baja\/#A_traves_de_la_web_de_ING\" >A trav\u00e9s de la web de ING<\/a><\/li><li class='ez-toc-page-1 ez-toc-heading-level-3'><a class=\"ez-toc-link ez-toc-heading-3\" href=\"https:\/\/idecesos.com\/seguros\/companias\/ing\/dar-de-baja\/#Utilizando_el_correo_electronico_de_ING\" >Utilizando el correo electr\u00f3nico de ING<\/a><\/li><li class='ez-toc-page-1 ez-toc-heading-level-3'><a class=\"ez-toc-link ez-toc-heading-4\" href=\"https:\/\/idecesos.com\/seguros\/companias\/ing\/dar-de-baja\/#Dar_de_baja_ING_por_fax\" >Dar de baja ING por fax<\/a><\/li><li class='ez-toc-page-1 ez-toc-heading-level-3'><a class=\"ez-toc-link ez-toc-heading-5\" href=\"https:\/\/idecesos.com\/seguros\/companias\/ing\/dar-de-baja\/#En_la_oficina_de_ING\" >En la oficina de ING<\/a><\/li><li class='ez-toc-page-1 ez-toc-heading-level-3'><a class=\"ez-toc-link ez-toc-heading-6\" href=\"https:\/\/idecesos.com\/seguros\/companias\/ing\/dar-de-baja\/#Telefono_para_dar_de_baja_ING\" >T\u00e9lefono para dar de baja ING<\/a><\/li><\/ul><\/li><li class='ez-toc-page-1 ez-toc-heading-level-2'><a class=\"ez-toc-link ez-toc-heading-7\" href=\"https:\/\/idecesos.com\/seguros\/companias\/ing\/dar-de-baja\/#Dar_de_baja_seguro_ING_de_un_fallecido\" >Dar de baja seguro ING de un fallecido<\/a><ul class='ez-toc-list-level-3' ><li class='ez-toc-heading-level-3'><a class=\"ez-toc-link ez-toc-heading-8\" href=\"https:\/\/idecesos.com\/seguros\/companias\/ing\/dar-de-baja\/#Paginas_relacionadas\" >P\u00e1ginas relacionadas<\/a><\/li><\/ul><\/li><\/ul><\/nav><\/div>\n<p> iDecesos se ha encargado de estudiar, exhaustivamente, c\u00f3mo dar de baja su seguro de decesos. Llevarlo a cabo es muy simple y, , le mostraremos cada paso que tiene que seguir a fin de que no tenga que preocuparse. Gracias a esto, en solo dos minutos va a tener la informaci\u00f3n suficiente para poder hacerlo usted mismo y solventar el problema que le haya ocasionado. Tambi\u00e9n va a poder buscar una nueva opci\u00f3n alternativa a su seguro en tanto que le recomendamos que no se quede sin uno en tanto que el seguro de decesos le brinda a usted y a sus familiares una enorme calma por todo lo que pueda acontecer en un futuro. Le recordamos antes de comenzar que dar es esencial informar a ING por lo menos con 30 d\u00edas de antelaci\u00f3n de la fecha de renovaci\u00f3n de su seguro para que de esta manera no tenga ning\u00fan inconveniente en el futuro y poder dar de baja su seguro de decesos de manera f\u00e1cil. <div class=\"colorf \"  ><div class=\"container clearfix\"><div class=\"col-md-7\"><\/p>\r\n<h2><span class=\"ez-toc-section\" id=\"Diferentes_opciones_para_cancelar_un_contrato_con_ING\"><\/span>Diferentes opciones para cancelar un contrato con ING<span class=\"ez-toc-section-end\"><\/span><\/h2>\r\n<!-- \/wp:post-content -->\r\n\r\n<!-- wp:paragraph -->\r\n<p>La forma de actuar de cada compa\u00f1\u00eda es muy diferente mas, casi todas, piden a sus asegurados un documento en el que quede perseverancia su deseo de dar de baja a su seguro. La compa\u00f1\u00eda deber\u00e1 darle por v\u00e1lido el env\u00edo una carta certificada con la cancelaci\u00f3n de su contrato. Le aconsejamos que conserve el resguardo del documento y, posteriormente, haga una copia. A continuaci\u00f3n, le indicaremos otras formas de dar de baja a su seguro de decesos. <\/div><\/div><\/div><\/p>\r\n<h3><span class=\"ez-toc-section\" id=\"A_traves_de_la_web_de_ING\"><\/span>A trav\u00e9s de la web de ING<span class=\"ez-toc-section-end\"><\/span><\/h3>\r\n<p>Es de vital relevancia que examines que todos los datos est\u00e1n bien expuestos. \u00bfC\u00f3mo se puede darse de baja en el portal de ING en el seguro de decesos?. Para poder dar de baja tu seguro, tendr\u00e1s que acudir al buscador de su p\u00e1gina y elegir la opci\u00f3n m\u00e1s asequible. Si tiene alguna duda o no le aparece esta alternativa puede ponerse en contacto con ING por tel\u00e9fono para que le resuelvan el problema de manera directa mediante el n\u00famero de tel\u00e9fono que le facilitamos. Adem\u00e1s cumplimente el formulario o descargue el documento que se le solicita para poder completar su solicitud. Es fundamental que revise con detenimiento si tiene todos y cada uno de los datos que solicita ING en tanto que de lo contrario no recibir\u00e1 confirmaci\u00f3n de la baja. <div class=\"colorf \"  ><div class=\"container clearfix\"><div class=\"col-md-7\"><\/p>\r\n<h3><span class=\"ez-toc-section\" id=\"Utilizando_el_correo_electronico_de_ING\"><\/span>Utilizando el correo electr\u00f3nico de ING<span class=\"ez-toc-section-end\"><\/span><\/h3>\r\n<p>Tiene la posibilidad de dar de baja a su seguro, mediante mail. Usando la direcci\u00f3n de correo email ING, tendr\u00e1s todo solucionado r\u00e1pidamente. Le indicamos que, debe expedir los pr\u00f3ximos documentos a ING: una imitaci\u00f3n de su DNI y, la notificaci\u00f3n firmada por usted y, si no la tiene, puede encontrarla en la web de la compa\u00f1\u00eda o bien nosotros mismos se la proporcionaremos, mediante el n\u00famero de tel\u00e9fono 951 127 403 o el correo electr\u00f3nico info@idecesos. com. Para que el proceso prosiga un buen camino, debe guardar su justificante del recibo y, una copia correctamente sellada. Para su tranquilidad, guarde una copia de la notificaci\u00f3n, en la que aparezca la fecha de env\u00edo. <\/div><\/div><\/div><\/p>\r\n<h3><span class=\"ez-toc-section\" id=\"Dar_de_baja_ING_por_fax\"><\/span>Dar de baja ING por fax<span class=\"ez-toc-section-end\"><\/span><\/h3>\r\n<p>Otra de las opciones es darse de baja mediante el fax. Es muy similar al correo. Tendr\u00e1 que proseguir exactamente los mismos pasos, en lugar de digital, mandarlo mediante fax. Deber\u00e1 mandar mediante esta herramienta una copia de su documento nacional de identidad y la notificaci\u00f3n firma de baja que puede localizarla en la p\u00e1gina web de ING o bien te la podemos facilitar si nos llamas al 91 206 66 66. Le hacemos un recordatorio importante: debe tener guardada una copia sellada y un justificante del recibo. Para prevenir futuras incidencias, tenga a buen recaudo la copia de la notificaci\u00f3n, con su data de env\u00edo adecuada. <div class=\"colorf \"  ><div class=\"container clearfix\"><div class=\"col-md-7\"><\/p>\r\n<h3><span class=\"ez-toc-section\" id=\"En_la_oficina_de_ING\"><\/span>En la oficina de ING<span class=\"ez-toc-section-end\"><\/span><\/h3>\r\n<p>Si todos los m\u00e9todos anteriores le parecen muy dif\u00edciles pues no controla realmente bien las nuevas tecnolog\u00edas tambi\u00e9n puede decantarse por ir presencialmente a una oficina de ING y all\u00e1 va a poder darse de baja tambi\u00e9n de su seguro de decesos. Pregunte o bien busque en su buscador la oficina de ING m\u00e1s cercana a su casa y dir\u00edjase en el horario estipulado para ser atendido. Los expertos le atender\u00e1n y ayudar\u00e1n en todo lo que necesite para rellenar y firmar apropiadamente los documentos. El proceso va a ser tan sencillo como continuar las indicaciones de los aconsejes. Le recordamos que lleve su DNI a fin de que todo este tr\u00e1mite se pueda hacer, en tanto que es preciso. Para terminar el proceso correctamente, los profesionales le dar\u00e1n una imitaci\u00f3n de cada documento firmado y, se encargar\u00e1n de cerrar el tr\u00e1mite de su baja. <\/div><\/div><\/div><\/p>\r\n<h3><span class=\"ez-toc-section\" id=\"Telefono_para_dar_de_baja_ING\"><\/span>T\u00e9lefono para dar de baja ING<span class=\"ez-toc-section-end\"><\/span><\/h3>\r\n<p>Para finalizar su contrato con ING, de forma telef\u00f3nica, solo deber\u00e1 continuar los sencillos pasos que el experto le vaya se\u00f1alando. Para ello, va a deber buscar en la red el n\u00famero de contacto adecuado o llamar de manera directa a este n\u00famero 91 206 66 66. En poqu\u00edsimo tiempo, si prosigue con exactitud cada paso recomendado, tendr\u00e1 su contrato de baja apropiadamente cerrado, gracias tambi\u00e9n, a la cooperaci\u00f3n de los especialistas para completar los tr\u00e1mites. <div class=\"colorf \"  ><div class=\"container clearfix\"><div class=\"col-md-7\"><\/p>\r\n<h2><span class=\"ez-toc-section\" id=\"Dar_de_baja_seguro_ING_de_un_fallecido\"><\/span>Dar de baja seguro ING de un fallecido<span class=\"ez-toc-section-end\"><\/span><\/h2>\r\n<p>Para finiquitar, tendr\u00e1 una explicaci\u00f3n detallada de c\u00f3mo dar de baja el seguro, tras el fallecimiento de la persona asegurada. Puede parecer bastante dif\u00edcil mas, es uno de los m\u00e9todos m\u00e1s simples. Es muy diferente a los otros m\u00e9todos, no tendr\u00e1 que hacer ning\u00fan tr\u00e1mite de los explicados anteriormente. En el instante que muera el asegurado\/a, ING anular\u00e1 de manera inmediata su seguro. Tras el sepelio del asegurado, ING va a dar de baja el seguro de la persona fallecida y, su familia, podr\u00e1 estar sosegada durante todo el proceso. <\/div><\/div><\/div> <div class=\"oficinas\"> <h3><span class=\"ez-toc-section\" id=\"Paginas_relacionadas\"><\/span>P\u00e1ginas relacionadas<span class=\"ez-toc-section-end\"><\/span><\/h3><div class=\"enlazado\"><ul> <li><a href=\"https:\/\/idecesos.com\/seguros\/companias\/ing\/coberturas\/\">Coberturas Seguro de Decesos ING<\/a><\/li> <li><a href=\"https:\/\/idecesos.com\/seguros\/companias\/ing\/opiniones\/\">Opiniones ING<\/a><\/li> <li><a href=\"https:\/\/idecesos.com\/seguros\/companias\/ing\/precio\/\">Precio seguro ING<\/a><\/li> <li><a href=\"https:\/\/idecesos.com\/seguros\/companias\/ing\/prima-mixta\/\">ING Prima Mixta<\/a><\/li> <li><a href=\"https:\/\/idecesos.com\/seguros\/companias\/ing\/prima-natural\/\">ING Prima Natural<\/a><\/li> <li><a href=\"https:\/\/idecesos.com\/seguros\/companias\/ing\/prima-nivelada\/\">ING Prima Nivelada<\/a><\/li> <li><a href=\"https:\/\/idecesos.com\/seguros\/companias\/ing\/prima-unica\/\">ING Prima \u00danica<\/a><\/li> <li><a href=\"https:\/\/idecesos.com\/seguros\/companias\/ing\/repatriacion\/\">ING Repatriaci\u00f3n<\/a><\/li> <li><a href=\"https:\/\/idecesos.com\/seguros\/companias\/ing\/telefono\/\">Tel\u00e9fono Gratuito ING<\/a><\/li><\/ul><\/div> <\/div><\/p>","protected":false},"excerpt":{"rendered":"<p>iDecesos se ha encargado de estudiar, exhaustivamente, c\u00f3mo dar de baja su seguro de decesos. Llevarlo a cabo es muy simple y, , le mostraremos cada paso que tiene que seguir a fin de que no tenga que preocuparse. Gracias a esto, en solo dos minutos va a tener la informaci\u00f3n suficiente para poder hacerlo&hellip; <\/p>\n","protected":false},"author":1,"featured_media":0,"parent":381,"menu_order":0,"comment_status":"closed","ping_status":"closed","template":"single.php","meta":{"footnotes":""},"class_list":["post-18109","page","type-page","status-publish","hentry"],"yoast_head":"<!-- This site is optimized with the Yoast SEO plugin v27.3 - https:\/\/yoast.com\/product\/yoast-seo-wordpress\/ -->\n<title>\u00bfC\u00f3mo dar de Baja o Cancelar Seguro de Decesos ING?<\/title>\n<meta name=\"description\" content=\"Obt\u00e9n aqu\u00ed\u3010c\u00f3mo dar de baja o cancelar seguro de decesos ING\u3011Modelo carta, fax, correo electr\u00f3nico (email), tel\u00e9fono gratis.\" \/>\n<meta name=\"robots\" content=\"index, follow, max-snippet:-1, max-image-preview:large, max-video-preview:-1\" \/>\n<link rel=\"canonical\" href=\"https:\/\/idecesos.com\/seguros\/companias\/ing\/dar-de-baja\/\" \/>\n<meta property=\"og:locale\" content=\"es_ES\" \/>\n<meta property=\"og:type\" content=\"article\" \/>\n<meta property=\"og:title\" content=\"\u00bfC\u00f3mo dar de Baja o Cancelar Seguro de Decesos ING?\" \/>\n<meta property=\"og:description\" content=\"Obt\u00e9n aqu\u00ed\u3010c\u00f3mo dar de baja o cancelar seguro de decesos ING\u3011Modelo carta, fax, correo electr\u00f3nico (email), tel\u00e9fono gratis.\" \/>\n<meta property=\"og:url\" content=\"https:\/\/idecesos.com\/seguros\/companias\/ing\/dar-de-baja\/\" \/>\n<meta property=\"article:modified_time\" content=\"2022-01-26T17:46:45+00:00\" \/>\n<meta name=\"twitter:card\" content=\"summary_large_image\" \/>\n<meta name=\"twitter:label1\" content=\"Tiempo de lectura\" \/>\n\t<meta name=\"twitter:data1\" content=\"5 minutos\" \/>\n<script type=\"application\/ld+json\" class=\"yoast-schema-graph\">{\"@context\":\"https:\\\/\\\/schema.org\",\"@graph\":[{\"@type\":\"WebPage\",\"@id\":\"https:\\\/\\\/idecesos.com\\\/seguros\\\/companias\\\/ing\\\/dar-de-baja\\\/\",\"url\":\"https:\\\/\\\/idecesos.com\\\/seguros\\\/companias\\\/ing\\\/dar-de-baja\\\/\",\"name\":\"\u00bfC\u00f3mo dar de Baja o Cancelar Seguro de Decesos ING?\",\"isPartOf\":{\"@id\":\"https:\\\/\\\/idecesos.com\\\/seguros\\\/#website\"},\"datePublished\":\"2021-12-29T11:47:59+00:00\",\"dateModified\":\"2022-01-26T17:46:45+00:00\",\"description\":\"Obt\u00e9n aqu\u00ed\u3010c\u00f3mo dar de baja o cancelar seguro de decesos ING\u3011Modelo carta, fax, correo electr\u00f3nico (email), tel\u00e9fono gratis.\",\"breadcrumb\":{\"@id\":\"https:\\\/\\\/idecesos.com\\\/seguros\\\/companias\\\/ing\\\/dar-de-baja\\\/#breadcrumb\"},\"inLanguage\":\"es\",\"potentialAction\":[{\"@type\":\"ReadAction\",\"target\":[\"https:\\\/\\\/idecesos.com\\\/seguros\\\/companias\\\/ing\\\/dar-de-baja\\\/\"]}]},{\"@type\":\"BreadcrumbList\",\"@id\":\"https:\\\/\\\/idecesos.com\\\/seguros\\\/companias\\\/ing\\\/dar-de-baja\\\/#breadcrumb\",\"itemListElement\":[{\"@type\":\"ListItem\",\"position\":1,\"name\":\"Portada\",\"item\":\"https:\\\/\\\/idecesos.com\\\/seguros\\\/\"},{\"@type\":\"ListItem\",\"position\":2,\"name\":\"Compa\u00f1\u00edas de Seguros de Decesos en Espa\u00f1a\",\"item\":\"https:\\\/\\\/idecesos.com\\\/seguros\\\/companias\\\/\"},{\"@type\":\"ListItem\",\"position\":3,\"name\":\"Seguro de decesos ING\",\"item\":\"https:\\\/\\\/idecesos.com\\\/seguros\\\/companias\\\/ing\\\/\"},{\"@type\":\"ListItem\",\"position\":4,\"name\":\"\u00bfC\u00f3mo dar de baja seguro ING?\"}]},{\"@type\":\"WebSite\",\"@id\":\"https:\\\/\\\/idecesos.com\\\/seguros\\\/#website\",\"url\":\"https:\\\/\\\/idecesos.com\\\/seguros\\\/\",\"name\":\"\",\"description\":\"\",\"potentialAction\":[{\"@type\":\"SearchAction\",\"target\":{\"@type\":\"EntryPoint\",\"urlTemplate\":\"https:\\\/\\\/idecesos.com\\\/seguros\\\/?s={search_term_string}\"},\"query-input\":{\"@type\":\"PropertyValueSpecification\",\"valueRequired\":true,\"valueName\":\"search_term_string\"}}],\"inLanguage\":\"es\"}]}<\/script>\n<!-- \/ Yoast SEO plugin. -->","yoast_head_json":{"title":"\u00bfC\u00f3mo dar de Baja o Cancelar Seguro de Decesos ING?","description":"Obt\u00e9n aqu\u00ed\u3010c\u00f3mo dar de baja o cancelar seguro de decesos ING\u3011Modelo carta, fax, correo electr\u00f3nico (email), tel\u00e9fono gratis.","robots":{"index":"index","follow":"follow","max-snippet":"max-snippet:-1","max-image-preview":"max-image-preview:large","max-video-preview":"max-video-preview:-1"},"canonical":"https:\/\/idecesos.com\/seguros\/companias\/ing\/dar-de-baja\/","og_locale":"es_ES","og_type":"article","og_title":"\u00bfC\u00f3mo dar de Baja o Cancelar Seguro de Decesos ING?","og_description":"Obt\u00e9n aqu\u00ed\u3010c\u00f3mo dar de baja o cancelar seguro de decesos ING\u3011Modelo carta, fax, correo electr\u00f3nico (email), tel\u00e9fono gratis.","og_url":"https:\/\/idecesos.com\/seguros\/companias\/ing\/dar-de-baja\/","article_modified_time":"2022-01-26T17:46:45+00:00","twitter_card":"summary_large_image","twitter_misc":{"Tiempo de lectura":"5 minutos"},"schema":{"@context":"https:\/\/schema.org","@graph":[{"@type":"WebPage","@id":"https:\/\/idecesos.com\/seguros\/companias\/ing\/dar-de-baja\/","url":"https:\/\/idecesos.com\/seguros\/companias\/ing\/dar-de-baja\/","name":"\u00bfC\u00f3mo dar de Baja o Cancelar Seguro de Decesos ING?","isPartOf":{"@id":"https:\/\/idecesos.com\/seguros\/#website"},"datePublished":"2021-12-29T11:47:59+00:00","dateModified":"2022-01-26T17:46:45+00:00","description":"Obt\u00e9n aqu\u00ed\u3010c\u00f3mo dar de baja o cancelar seguro de decesos ING\u3011Modelo carta, fax, correo electr\u00f3nico (email), tel\u00e9fono gratis.","breadcrumb":{"@id":"https:\/\/idecesos.com\/seguros\/companias\/ing\/dar-de-baja\/#breadcrumb"},"inLanguage":"es","potentialAction":[{"@type":"ReadAction","target":["https:\/\/idecesos.com\/seguros\/companias\/ing\/dar-de-baja\/"]}]},{"@type":"BreadcrumbList","@id":"https:\/\/idecesos.com\/seguros\/companias\/ing\/dar-de-baja\/#breadcrumb","itemListElement":[{"@type":"ListItem","position":1,"name":"Portada","item":"https:\/\/idecesos.com\/seguros\/"},{"@type":"ListItem","position":2,"name":"Compa\u00f1\u00edas de Seguros de Decesos en Espa\u00f1a","item":"https:\/\/idecesos.com\/seguros\/companias\/"},{"@type":"ListItem","position":3,"name":"Seguro de decesos ING","item":"https:\/\/idecesos.com\/seguros\/companias\/ing\/"},{"@type":"ListItem","position":4,"name":"\u00bfC\u00f3mo dar de baja seguro ING?"}]},{"@type":"WebSite","@id":"https:\/\/idecesos.com\/seguros\/#website","url":"https:\/\/idecesos.com\/seguros\/","name":"","description":"","potentialAction":[{"@type":"SearchAction","target":{"@type":"EntryPoint","urlTemplate":"https:\/\/idecesos.com\/seguros\/?s={search_term_string}"},"query-input":{"@type":"PropertyValueSpecification","valueRequired":true,"valueName":"search_term_string"}}],"inLanguage":"es"}]}},"_links":{"self":[{"href":"https:\/\/idecesos.com\/seguros\/wp-json\/wp\/v2\/pages\/18109","targetHints":{"allow":["GET"]}}],"collection":[{"href":"https:\/\/idecesos.com\/seguros\/wp-json\/wp\/v2\/pages"}],"about":[{"href":"https:\/\/idecesos.com\/seguros\/wp-json\/wp\/v2\/types\/page"}],"author":[{"embeddable":true,"href":"https:\/\/idecesos.com\/seguros\/wp-json\/wp\/v2\/users\/1"}],"replies":[{"embeddable":true,"href":"https:\/\/idecesos.com\/seguros\/wp-json\/wp\/v2\/comments?post=18109"}],"version-history":[{"count":3,"href":"https:\/\/idecesos.com\/seguros\/wp-json\/wp\/v2\/pages\/18109\/revisions"}],"predecessor-version":[{"id":19067,"href":"https:\/\/idecesos.com\/seguros\/wp-json\/wp\/v2\/pages\/18109\/revisions\/19067"}],"up":[{"embeddable":true,"href":"https:\/\/idecesos.com\/seguros\/wp-json\/wp\/v2\/pages\/381"}],"wp:attachment":[{"href":"https:\/\/idecesos.com\/seguros\/wp-json\/wp\/v2\/media?parent=18109"}],"curies":[{"name":"wp","href":"https:\/\/api.w.org\/{rel}","templated":true}]}}