{"id":18113,"date":"2021-12-29T11:52:54","date_gmt":"2021-12-29T11:48:01","guid":{"rendered":"https:\/\/idecesos.com\/seguros\/companias\/banco-sabadell\/dar-de-baja\/"},"modified":"2022-01-26T17:41:32","modified_gmt":"2022-01-26T17:41:32","slug":"dar-de-baja","status":"publish","type":"page","link":"https:\/\/idecesos.com\/seguros\/companias\/banco-sabadell\/dar-de-baja\/","title":{"rendered":"\u00bfC\u00f3mo dar de baja seguro Banco Sabadell?"},"content":{"rendered":"<div id=\"ez-toc-container\" class=\"ez-toc-v2_0_82_2 ez-toc-wrap-center counter-hierarchy ez-toc-counter ez-toc-custom ez-toc-container-direction\">\n<div class=\"ez-toc-title-container\">\n<p class=\"ez-toc-title\" style=\"cursor:inherit\">Tabla de Contenido<\/p>\n<span class=\"ez-toc-title-toggle\"><a href=\"#\" class=\"ez-toc-pull-right ez-toc-btn ez-toc-btn-xs ez-toc-btn-default ez-toc-toggle\" aria-label=\"Alternar tabla de contenidos\"><span class=\"ez-toc-js-icon-con\"><span class=\"\"><span class=\"eztoc-hide\" style=\"display:none;\">Toggle<\/span><span class=\"ez-toc-icon-toggle-span\"><svg style=\"fill: #db6415;color:#db6415\" xmlns=\"http:\/\/www.w3.org\/2000\/svg\" class=\"list-377408\" width=\"20px\" height=\"20px\" viewBox=\"0 0 24 24\" fill=\"none\"><path d=\"M6 6H4v2h2V6zm14 0H8v2h12V6zM4 11h2v2H4v-2zm16 0H8v2h12v-2zM4 16h2v2H4v-2zm16 0H8v2h12v-2z\" fill=\"currentColor\"><\/path><\/svg><svg style=\"fill: #db6415;color:#db6415\" class=\"arrow-unsorted-368013\" xmlns=\"http:\/\/www.w3.org\/2000\/svg\" width=\"10px\" height=\"10px\" viewBox=\"0 0 24 24\" version=\"1.2\" baseProfile=\"tiny\"><path d=\"M18.2 9.3l-6.2-6.3-6.2 6.3c-.2.2-.3.4-.3.7s.1.5.3.7c.2.2.4.3.7.3h11c.3 0 .5-.1.7-.3.2-.2.3-.5.3-.7s-.1-.5-.3-.7zM5.8 14.7l6.2 6.3 6.2-6.3c.2-.2.3-.5.3-.7s-.1-.5-.3-.7c-.2-.2-.4-.3-.7-.3h-11c-.3 0-.5.1-.7.3-.2.2-.3.5-.3.7s.1.5.3.7z\"\/><\/svg><\/span><\/span><\/span><\/a><\/span><\/div>\n<nav><ul class='ez-toc-list ez-toc-list-level-1 ' ><li class='ez-toc-page-1 ez-toc-heading-level-2'><a class=\"ez-toc-link ez-toc-heading-1\" href=\"https:\/\/idecesos.com\/seguros\/companias\/banco-sabadell\/dar-de-baja\/#Diferentes_opciones_para_cancelar_un_contrato_con_Banco_Sabadell\" >Diferentes opciones para cancelar un contrato con Banco Sabadell<\/a><ul class='ez-toc-list-level-3' ><li class='ez-toc-heading-level-3'><a class=\"ez-toc-link ez-toc-heading-2\" href=\"https:\/\/idecesos.com\/seguros\/companias\/banco-sabadell\/dar-de-baja\/#A_traves_de_la_web_de_Banco_Sabadell\" >A trav\u00e9s de la web de Banco Sabadell<\/a><\/li><li class='ez-toc-page-1 ez-toc-heading-level-3'><a class=\"ez-toc-link ez-toc-heading-3\" href=\"https:\/\/idecesos.com\/seguros\/companias\/banco-sabadell\/dar-de-baja\/#Utilizando_el_correo_electronico_de_Banco_Sabadell\" >Utilizando el correo electr\u00f3nico de Banco Sabadell<\/a><\/li><li class='ez-toc-page-1 ez-toc-heading-level-3'><a class=\"ez-toc-link ez-toc-heading-4\" href=\"https:\/\/idecesos.com\/seguros\/companias\/banco-sabadell\/dar-de-baja\/#Dar_de_baja_Banco_Sabadell_por_fax\" >Dar de baja Banco Sabadell por fax<\/a><\/li><li class='ez-toc-page-1 ez-toc-heading-level-3'><a class=\"ez-toc-link ez-toc-heading-5\" href=\"https:\/\/idecesos.com\/seguros\/companias\/banco-sabadell\/dar-de-baja\/#En_la_oficina_de_Banco_Sabadell\" >En la oficina de Banco Sabadell<\/a><\/li><li class='ez-toc-page-1 ez-toc-heading-level-3'><a class=\"ez-toc-link ez-toc-heading-6\" href=\"https:\/\/idecesos.com\/seguros\/companias\/banco-sabadell\/dar-de-baja\/#Telefono_para_dar_de_baja_Banco_Sabadell\" >T\u00e9lefono para dar de baja Banco Sabadell<\/a><\/li><\/ul><\/li><li class='ez-toc-page-1 ez-toc-heading-level-2'><a class=\"ez-toc-link ez-toc-heading-7\" href=\"https:\/\/idecesos.com\/seguros\/companias\/banco-sabadell\/dar-de-baja\/#Dar_de_baja_seguro_Banco_Sabadell_de_un_fallecido\" >Dar de baja seguro Banco Sabadell de un fallecido<\/a><ul class='ez-toc-list-level-3' ><li class='ez-toc-heading-level-3'><a class=\"ez-toc-link ez-toc-heading-8\" href=\"https:\/\/idecesos.com\/seguros\/companias\/banco-sabadell\/dar-de-baja\/#Paginas_relacionadas\" >P\u00e1ginas relacionadas<\/a><\/li><\/ul><\/li><\/ul><\/nav><\/div>\n<p> Para dar de baja a su seguro de decesos, solo debe seguir unos f\u00e1ciles pasos y, de esta manera, no tendr\u00e1 que preocuparse por nada. iDecesos te va a mostrar todos sus conocimientos para dar de baja su seguro de decesos. Tendr\u00e1 su inconveniente solucionado en unos minutos y, es recomendable que busque otro seguro de decesos que se ajuste a sus necesidades, para la tranquilidad y estabilidad en su vida y la de su familia. Es de vital importancia, para dar de baja correctamente su seguro y que no ocurra ning\u00fan inconveniente al llevar a cabo la acci\u00f3n, que avise a la compa\u00f1\u00eda 30 d\u00edas antes de su renovaci\u00f3n. <div class=\"colorf \"  ><div class=\"container clearfix\"><div class=\"col-md-7\"><\/p>\r\n<h2><span class=\"ez-toc-section\" id=\"Diferentes_opciones_para_cancelar_un_contrato_con_Banco_Sabadell\"><\/span>Diferentes opciones para cancelar un contrato con Banco Sabadell<span class=\"ez-toc-section-end\"><\/span><\/h2>\r\n<!-- \/wp:post-content -->\r\n\r\n<!-- wp:paragraph -->\r\n<p>Hay diferentes opciones basadas en las vivencias de los clientes que decidieron dar de baja su seguro de decesos. Para darse de baja de un seguro de fallecimiento existen muchas opciones comunes en todas y cada una de las compa\u00f1\u00edas de seguros. Aunque en algunas empresas aseguradoras te pueden aceptar la cancelaci\u00f3n del seguro de forma telef\u00f3nica, para eludir que desperdicies el tiempo, lo m\u00e1s normal es que asistas a una oficina y entregues el formulario de forma impresa. Si deseas cancelar tu seguro de forma telef\u00f3nica, contacta con nosotros a trav\u00e9s de nuestro tel\u00e9fono o correo electr\u00f3nico. <\/div><\/div><\/div><\/p>\r\n<h3><span class=\"ez-toc-section\" id=\"A_traves_de_la_web_de_Banco_Sabadell\"><\/span>A trav\u00e9s de la web de Banco Sabadell<span class=\"ez-toc-section-end\"><\/span><\/h3>\r\n<p>Una de las maneras de darse de baja en el seguro de decesos de Banco Sabadell es meti\u00e9ndose en su p\u00e1gina web www.bancsabadell.com\/ y poner en su buscador lo que necesitas. En ese momento, hallar\u00e1 un abanico de opciones. Elija la m\u00e1s correcta a sus necesidades y prosiga siguiendo los pasos que se le se\u00f1alen. Es muy sencillo. Si en cualquier momento tiene dudas o no halla esta opci\u00f3n, va a tener la posibilidad de contactar con Banco Sabadell mediante su n\u00famero de tel\u00e9fono 963 08 50 00. Finalmente su solicitud y, en caso de que s\u00ed le aparezca esa opci\u00f3n, deber\u00e1 rellenar un formulario o bien descargar el documento que se le pida. <div class=\"colorf \"  ><div class=\"container clearfix\"><div class=\"col-md-7\"><\/p>\r\n<h3><span class=\"ez-toc-section\" id=\"Utilizando_el_correo_electronico_de_Banco_Sabadell\"><\/span>Utilizando el correo electr\u00f3nico de Banco Sabadell<span class=\"ez-toc-section-end\"><\/span><\/h3>\r\n<p>Si no quieres proseguir contando con un seguro de decesos en la compa\u00f1\u00eda en la que est\u00e1s, notif\u00edcalo a su e mail. En apenas unos minutos va a poder enviarles a su email la pr\u00f3xima informaci\u00f3n: una copia del DNI del tomador y la notificaci\u00f3n con un escrito solicitando la baja, que anteriormente le hemos dicho c\u00f3mo lograrla, firmada por el asegurado con sus datos personales. No olvides guardar una copia sellada y el justificante. Tambi\u00e9n te recomendamos que guardes una imitaci\u00f3n de la notificaci\u00f3n del correo con la data expuesta del env\u00edo. Debes enviar en los 30 d\u00edas ya antes del fin del contrato el n\u00famero de tu p\u00f3liza a tu empresa de seguros por correo. <\/div><\/div><\/div><\/p>\r\n<h3><span class=\"ez-toc-section\" id=\"Dar_de_baja_Banco_Sabadell_por_fax\"><\/span>Dar de baja Banco Sabadell por fax<span class=\"ez-toc-section-end\"><\/span><\/h3>\r\n<p>Fax es otro m\u00e9todo para dar de baja su seguro de decesos. Es muy similar al explicado previamente, la diferencia es el procedimiento de env\u00edo. A trav\u00e9s de un fax deber\u00e1 enviar a Banco Sabadell una copia de su documento nacional de identidad y la notificaci\u00f3n firma de baja que puede encontrarla en la web de Banco Sabadell o bien te la podemos facilitar si nos llamas al 951 127 403. Debe preservar la copia sellada y el justificante de su recibo, como en los otros m\u00e9todos. Y, como es natural, no olvide asimismo guardar una copia de la notificaci\u00f3n, en la que aparezca la data de env\u00edo correspondiente. <div class=\"colorf \"  ><div class=\"container clearfix\"><div class=\"col-md-7\"><\/p>\r\n<h3><span class=\"ez-toc-section\" id=\"En_la_oficina_de_Banco_Sabadell\"><\/span>En la oficina de Banco Sabadell<span class=\"ez-toc-section-end\"><\/span><\/h3>\r\n<p>Si eres una persona que no controla las tecnolog\u00edas, te dejamos otros m\u00e9todos igualmente eficaces. Puedes asistir a la oficina de tu compa\u00f1\u00eda de seguros para dar de baja tu seguro. Pregunte a su buscador por la oficina m\u00e1s cercana a su casa o al sitio donde se halle de Banco Sabadell. Vaya en el horario indicado en la p\u00e1gina web y si es necesario coja cita a fin de que sus agente puedan atenderle. Con solo proseguirse los pasos detallados, podr\u00e1s completar tu solicitud de baja del seguro. <\/div><\/div><\/div><\/p>\r\n<h3><span class=\"ez-toc-section\" id=\"Telefono_para_dar_de_baja_Banco_Sabadell\"><\/span>T\u00e9lefono para dar de baja Banco Sabadell<span class=\"ez-toc-section-end\"><\/span><\/h3>\r\n<p>Para darse de baja de un seguro de decesos, muchos clientes del servicio acuden al tel\u00e9fono de la compa\u00f1\u00eda para efectuar los tr\u00e1mites. Te aconsejamos que utilices el tel\u00e9fono que te se\u00f1alamos ahora a fin de que la llamada sea gratuita y contactes con un agente que te asesore. La petici\u00f3n de baja quedar\u00e1 grabada demostrando que es el tomador de la p\u00f3liza el que solicita el fin del contrato del seguro de decesos. En iDecesos ponemos a su predisposici\u00f3n nuestro servicio de administraci\u00f3n de baja sin coste a\u00f1adido para todos nuestros clientes del servicio de seguro de decesos, solamente le requerimos una autorizaci\u00f3n legal. <div class=\"colorf \"  ><div class=\"container clearfix\"><div class=\"col-md-7\"><\/p>\r\n<h2><span class=\"ez-toc-section\" id=\"Dar_de_baja_seguro_Banco_Sabadell_de_un_fallecido\"><\/span>Dar de baja seguro Banco Sabadell de un fallecido<span class=\"ez-toc-section-end\"><\/span><\/h2>\r\n<p>Una vez ocurre el siniestro por fallecimiento el servicio de asistencia del seguro de decesos de Banco Sabadell, lo notifica y expone en la intranet de la compa\u00f1\u00eda aseguradora a fin de que conste la baja y la descripci\u00f3n del servicio mortuorio. Cuando el asegurado fallece, todos los recibos se cancelan y se cobrar\u00e1 solo por aquellas personas que sigan aseguradas. Los c\u00e1lculos se hacen bas\u00e1ndonos en las estimaciones autom\u00e1ticas y actuariales de la tabla de primas que tengan contratados con Banco Sabadell. <\/div><\/div><\/div> <div class=\"oficinas\"> <h3><span class=\"ez-toc-section\" id=\"Paginas_relacionadas\"><\/span>P\u00e1ginas relacionadas<span class=\"ez-toc-section-end\"><\/span><\/h3><div class=\"enlazado\"><ul> <li><a href=\"https:\/\/idecesos.com\/seguros\/companias\/banco-sabadell\/opiniones\/\">Opiniones Banco Sabadell<\/a><\/li> <li><a href=\"https:\/\/idecesos.com\/seguros\/companias\/banco-sabadell\/precio\/\">Precio seguro Banco Sabadell<\/a><\/li> <li><a href=\"https:\/\/idecesos.com\/seguros\/companias\/banco-sabadell\/prima-mixta\/\">Banco Sabadell Prima Mixta<\/a><\/li> <li><a href=\"https:\/\/idecesos.com\/seguros\/companias\/banco-sabadell\/prima-natural\/\">Banco Sabadell Prima Natural<\/a><\/li> <li><a href=\"https:\/\/idecesos.com\/seguros\/companias\/banco-sabadell\/prima-nivelada\/\">Banco Sabadell Prima Nivelada<\/a><\/li> <li><a href=\"https:\/\/idecesos.com\/seguros\/companias\/banco-sabadell\/prima-unica\/\">Banco Sabadell Prima \u00danica<\/a><\/li> <li><a href=\"https:\/\/idecesos.com\/seguros\/companias\/banco-sabadell\/repatriacion\/\">Banco Sabadell Repatriaci\u00f3n<\/a><\/li> <li><a href=\"https:\/\/idecesos.com\/seguros\/companias\/banco-sabadell\/telefono\/\">Tel\u00e9fono Gratuito Banco Sabadell<\/a><\/li><\/ul><\/div> <\/div><\/p>","protected":false},"excerpt":{"rendered":"<p>Para dar de baja a su seguro de decesos, solo debe seguir unos f\u00e1ciles pasos y, de esta manera, no tendr\u00e1 que preocuparse por nada. iDecesos te va a mostrar todos sus conocimientos para dar de baja su seguro de decesos. Tendr\u00e1 su inconveniente solucionado en unos minutos y, es recomendable que busque otro seguro&hellip; <\/p>\n","protected":false},"author":1,"featured_media":0,"parent":502,"menu_order":0,"comment_status":"closed","ping_status":"closed","template":"single.php","meta":{"footnotes":""},"class_list":["post-18113","page","type-page","status-publish","hentry"],"yoast_head":"<!-- This site is optimized with the Yoast SEO plugin v27.3 - https:\/\/yoast.com\/product\/yoast-seo-wordpress\/ -->\n<title>\u00bfC\u00f3mo dar de Baja o Cancelar Seguro de Decesos Banco Sabadell?<\/title>\n<meta name=\"description\" content=\"Obt\u00e9n aqu\u00ed\u3010c\u00f3mo dar de baja o cancelar seguro de decesos Banco Sabadell\u3011Modelo carta, fax, correo electr\u00f3nico (email), tel\u00e9fono gratis.\" \/>\n<meta name=\"robots\" content=\"index, follow, max-snippet:-1, max-image-preview:large, max-video-preview:-1\" \/>\n<link rel=\"canonical\" href=\"https:\/\/idecesos.com\/seguros\/companias\/banco-sabadell\/dar-de-baja\/\" \/>\n<meta property=\"og:locale\" content=\"es_ES\" \/>\n<meta property=\"og:type\" content=\"article\" \/>\n<meta property=\"og:title\" content=\"\u00bfC\u00f3mo dar de Baja o Cancelar Seguro de Decesos Banco Sabadell?\" \/>\n<meta property=\"og:description\" content=\"Obt\u00e9n aqu\u00ed\u3010c\u00f3mo dar de baja o cancelar seguro de decesos Banco Sabadell\u3011Modelo carta, fax, correo electr\u00f3nico (email), tel\u00e9fono gratis.\" \/>\n<meta property=\"og:url\" content=\"https:\/\/idecesos.com\/seguros\/companias\/banco-sabadell\/dar-de-baja\/\" \/>\n<meta property=\"article:modified_time\" content=\"2022-01-26T17:41:32+00:00\" \/>\n<meta name=\"twitter:card\" content=\"summary_large_image\" \/>\n<meta name=\"twitter:label1\" content=\"Tiempo de lectura\" \/>\n\t<meta name=\"twitter:data1\" content=\"5 minutos\" \/>\n<script type=\"application\/ld+json\" class=\"yoast-schema-graph\">{\"@context\":\"https:\\\/\\\/schema.org\",\"@graph\":[{\"@type\":\"WebPage\",\"@id\":\"https:\\\/\\\/idecesos.com\\\/seguros\\\/companias\\\/banco-sabadell\\\/dar-de-baja\\\/\",\"url\":\"https:\\\/\\\/idecesos.com\\\/seguros\\\/companias\\\/banco-sabadell\\\/dar-de-baja\\\/\",\"name\":\"\u00bfC\u00f3mo dar de Baja o Cancelar Seguro de Decesos Banco Sabadell?\",\"isPartOf\":{\"@id\":\"https:\\\/\\\/idecesos.com\\\/seguros\\\/#website\"},\"datePublished\":\"2021-12-29T11:48:01+00:00\",\"dateModified\":\"2022-01-26T17:41:32+00:00\",\"description\":\"Obt\u00e9n aqu\u00ed\u3010c\u00f3mo dar de baja o cancelar seguro de decesos Banco Sabadell\u3011Modelo carta, fax, correo electr\u00f3nico (email), tel\u00e9fono gratis.\",\"breadcrumb\":{\"@id\":\"https:\\\/\\\/idecesos.com\\\/seguros\\\/companias\\\/banco-sabadell\\\/dar-de-baja\\\/#breadcrumb\"},\"inLanguage\":\"es\",\"potentialAction\":[{\"@type\":\"ReadAction\",\"target\":[\"https:\\\/\\\/idecesos.com\\\/seguros\\\/companias\\\/banco-sabadell\\\/dar-de-baja\\\/\"]}]},{\"@type\":\"BreadcrumbList\",\"@id\":\"https:\\\/\\\/idecesos.com\\\/seguros\\\/companias\\\/banco-sabadell\\\/dar-de-baja\\\/#breadcrumb\",\"itemListElement\":[{\"@type\":\"ListItem\",\"position\":1,\"name\":\"Portada\",\"item\":\"https:\\\/\\\/idecesos.com\\\/seguros\\\/\"},{\"@type\":\"ListItem\",\"position\":2,\"name\":\"Compa\u00f1\u00edas de Seguros de Decesos en Espa\u00f1a\",\"item\":\"https:\\\/\\\/idecesos.com\\\/seguros\\\/companias\\\/\"},{\"@type\":\"ListItem\",\"position\":3,\"name\":\"Seguro de decesos Banco Sabadell\",\"item\":\"https:\\\/\\\/idecesos.com\\\/seguros\\\/companias\\\/banco-sabadell\\\/\"},{\"@type\":\"ListItem\",\"position\":4,\"name\":\"\u00bfC\u00f3mo dar de baja seguro Banco Sabadell?\"}]},{\"@type\":\"WebSite\",\"@id\":\"https:\\\/\\\/idecesos.com\\\/seguros\\\/#website\",\"url\":\"https:\\\/\\\/idecesos.com\\\/seguros\\\/\",\"name\":\"\",\"description\":\"\",\"potentialAction\":[{\"@type\":\"SearchAction\",\"target\":{\"@type\":\"EntryPoint\",\"urlTemplate\":\"https:\\\/\\\/idecesos.com\\\/seguros\\\/?s={search_term_string}\"},\"query-input\":{\"@type\":\"PropertyValueSpecification\",\"valueRequired\":true,\"valueName\":\"search_term_string\"}}],\"inLanguage\":\"es\"}]}<\/script>\n<!-- \/ Yoast SEO plugin. -->","yoast_head_json":{"title":"\u00bfC\u00f3mo dar de Baja o Cancelar Seguro de Decesos Banco Sabadell?","description":"Obt\u00e9n aqu\u00ed\u3010c\u00f3mo dar de baja o cancelar seguro de decesos Banco Sabadell\u3011Modelo carta, fax, correo electr\u00f3nico (email), tel\u00e9fono gratis.","robots":{"index":"index","follow":"follow","max-snippet":"max-snippet:-1","max-image-preview":"max-image-preview:large","max-video-preview":"max-video-preview:-1"},"canonical":"https:\/\/idecesos.com\/seguros\/companias\/banco-sabadell\/dar-de-baja\/","og_locale":"es_ES","og_type":"article","og_title":"\u00bfC\u00f3mo dar de Baja o Cancelar Seguro de Decesos Banco Sabadell?","og_description":"Obt\u00e9n aqu\u00ed\u3010c\u00f3mo dar de baja o cancelar seguro de decesos Banco Sabadell\u3011Modelo carta, fax, correo electr\u00f3nico (email), tel\u00e9fono gratis.","og_url":"https:\/\/idecesos.com\/seguros\/companias\/banco-sabadell\/dar-de-baja\/","article_modified_time":"2022-01-26T17:41:32+00:00","twitter_card":"summary_large_image","twitter_misc":{"Tiempo de lectura":"5 minutos"},"schema":{"@context":"https:\/\/schema.org","@graph":[{"@type":"WebPage","@id":"https:\/\/idecesos.com\/seguros\/companias\/banco-sabadell\/dar-de-baja\/","url":"https:\/\/idecesos.com\/seguros\/companias\/banco-sabadell\/dar-de-baja\/","name":"\u00bfC\u00f3mo dar de Baja o Cancelar Seguro de Decesos Banco Sabadell?","isPartOf":{"@id":"https:\/\/idecesos.com\/seguros\/#website"},"datePublished":"2021-12-29T11:48:01+00:00","dateModified":"2022-01-26T17:41:32+00:00","description":"Obt\u00e9n aqu\u00ed\u3010c\u00f3mo dar de baja o cancelar seguro de decesos Banco Sabadell\u3011Modelo carta, fax, correo electr\u00f3nico (email), tel\u00e9fono gratis.","breadcrumb":{"@id":"https:\/\/idecesos.com\/seguros\/companias\/banco-sabadell\/dar-de-baja\/#breadcrumb"},"inLanguage":"es","potentialAction":[{"@type":"ReadAction","target":["https:\/\/idecesos.com\/seguros\/companias\/banco-sabadell\/dar-de-baja\/"]}]},{"@type":"BreadcrumbList","@id":"https:\/\/idecesos.com\/seguros\/companias\/banco-sabadell\/dar-de-baja\/#breadcrumb","itemListElement":[{"@type":"ListItem","position":1,"name":"Portada","item":"https:\/\/idecesos.com\/seguros\/"},{"@type":"ListItem","position":2,"name":"Compa\u00f1\u00edas de Seguros de Decesos en Espa\u00f1a","item":"https:\/\/idecesos.com\/seguros\/companias\/"},{"@type":"ListItem","position":3,"name":"Seguro de decesos Banco Sabadell","item":"https:\/\/idecesos.com\/seguros\/companias\/banco-sabadell\/"},{"@type":"ListItem","position":4,"name":"\u00bfC\u00f3mo dar de baja seguro Banco Sabadell?"}]},{"@type":"WebSite","@id":"https:\/\/idecesos.com\/seguros\/#website","url":"https:\/\/idecesos.com\/seguros\/","name":"","description":"","potentialAction":[{"@type":"SearchAction","target":{"@type":"EntryPoint","urlTemplate":"https:\/\/idecesos.com\/seguros\/?s={search_term_string}"},"query-input":{"@type":"PropertyValueSpecification","valueRequired":true,"valueName":"search_term_string"}}],"inLanguage":"es"}]}},"_links":{"self":[{"href":"https:\/\/idecesos.com\/seguros\/wp-json\/wp\/v2\/pages\/18113","targetHints":{"allow":["GET"]}}],"collection":[{"href":"https:\/\/idecesos.com\/seguros\/wp-json\/wp\/v2\/pages"}],"about":[{"href":"https:\/\/idecesos.com\/seguros\/wp-json\/wp\/v2\/types\/page"}],"author":[{"embeddable":true,"href":"https:\/\/idecesos.com\/seguros\/wp-json\/wp\/v2\/users\/1"}],"replies":[{"embeddable":true,"href":"https:\/\/idecesos.com\/seguros\/wp-json\/wp\/v2\/comments?post=18113"}],"version-history":[{"count":2,"href":"https:\/\/idecesos.com\/seguros\/wp-json\/wp\/v2\/pages\/18113\/revisions"}],"predecessor-version":[{"id":19062,"href":"https:\/\/idecesos.com\/seguros\/wp-json\/wp\/v2\/pages\/18113\/revisions\/19062"}],"up":[{"embeddable":true,"href":"https:\/\/idecesos.com\/seguros\/wp-json\/wp\/v2\/pages\/502"}],"wp:attachment":[{"href":"https:\/\/idecesos.com\/seguros\/wp-json\/wp\/v2\/media?parent=18113"}],"curies":[{"name":"wp","href":"https:\/\/api.w.org\/{rel}","templated":true}]}}