{"id":18114,"date":"2021-12-29T11:52:55","date_gmt":"2021-12-29T11:48:01","guid":{"rendered":"https:\/\/idecesos.com\/seguros\/companias\/bankia\/dar-de-baja\/"},"modified":"2022-01-26T17:51:12","modified_gmt":"2022-01-26T17:51:12","slug":"dar-de-baja","status":"publish","type":"page","link":"https:\/\/idecesos.com\/seguros\/companias\/bankia\/dar-de-baja\/","title":{"rendered":"\u00bfC\u00f3mo dar de baja seguro Bankia?"},"content":{"rendered":"<div id=\"ez-toc-container\" class=\"ez-toc-v2_0_82_2 ez-toc-wrap-center counter-hierarchy ez-toc-counter ez-toc-custom ez-toc-container-direction\">\n<div class=\"ez-toc-title-container\">\n<p class=\"ez-toc-title\" style=\"cursor:inherit\">Tabla de Contenido<\/p>\n<span class=\"ez-toc-title-toggle\"><a href=\"#\" class=\"ez-toc-pull-right ez-toc-btn ez-toc-btn-xs ez-toc-btn-default ez-toc-toggle\" aria-label=\"Alternar tabla de contenidos\"><span class=\"ez-toc-js-icon-con\"><span class=\"\"><span class=\"eztoc-hide\" style=\"display:none;\">Toggle<\/span><span class=\"ez-toc-icon-toggle-span\"><svg style=\"fill: #db6415;color:#db6415\" xmlns=\"http:\/\/www.w3.org\/2000\/svg\" class=\"list-377408\" width=\"20px\" height=\"20px\" viewBox=\"0 0 24 24\" fill=\"none\"><path d=\"M6 6H4v2h2V6zm14 0H8v2h12V6zM4 11h2v2H4v-2zm16 0H8v2h12v-2zM4 16h2v2H4v-2zm16 0H8v2h12v-2z\" fill=\"currentColor\"><\/path><\/svg><svg style=\"fill: #db6415;color:#db6415\" class=\"arrow-unsorted-368013\" xmlns=\"http:\/\/www.w3.org\/2000\/svg\" width=\"10px\" height=\"10px\" viewBox=\"0 0 24 24\" version=\"1.2\" baseProfile=\"tiny\"><path d=\"M18.2 9.3l-6.2-6.3-6.2 6.3c-.2.2-.3.4-.3.7s.1.5.3.7c.2.2.4.3.7.3h11c.3 0 .5-.1.7-.3.2-.2.3-.5.3-.7s-.1-.5-.3-.7zM5.8 14.7l6.2 6.3 6.2-6.3c.2-.2.3-.5.3-.7s-.1-.5-.3-.7c-.2-.2-.4-.3-.7-.3h-11c-.3 0-.5.1-.7.3-.2.2-.3.5-.3.7s.1.5.3.7z\"\/><\/svg><\/span><\/span><\/span><\/a><\/span><\/div>\n<nav><ul class='ez-toc-list ez-toc-list-level-1 ' ><li class='ez-toc-page-1 ez-toc-heading-level-2'><a class=\"ez-toc-link ez-toc-heading-1\" href=\"https:\/\/idecesos.com\/seguros\/companias\/bankia\/dar-de-baja\/#Diferentes_opciones_para_cancelar_un_contrato_con_Bankia\" >Diferentes opciones para cancelar un contrato con Bankia<\/a><ul class='ez-toc-list-level-3' ><li class='ez-toc-heading-level-3'><a class=\"ez-toc-link ez-toc-heading-2\" href=\"https:\/\/idecesos.com\/seguros\/companias\/bankia\/dar-de-baja\/#A_traves_de_la_web_de_Bankia\" >A trav\u00e9s de la web de Bankia<\/a><\/li><li class='ez-toc-page-1 ez-toc-heading-level-3'><a class=\"ez-toc-link ez-toc-heading-3\" href=\"https:\/\/idecesos.com\/seguros\/companias\/bankia\/dar-de-baja\/#Utilizando_el_correo_electronico_de_Bankia\" >Utilizando el correo electr\u00f3nico de Bankia<\/a><\/li><li class='ez-toc-page-1 ez-toc-heading-level-3'><a class=\"ez-toc-link ez-toc-heading-4\" href=\"https:\/\/idecesos.com\/seguros\/companias\/bankia\/dar-de-baja\/#Dar_de_baja_Bankia_por_fax\" >Dar de baja Bankia por fax<\/a><\/li><li class='ez-toc-page-1 ez-toc-heading-level-3'><a class=\"ez-toc-link ez-toc-heading-5\" href=\"https:\/\/idecesos.com\/seguros\/companias\/bankia\/dar-de-baja\/#En_la_oficina_de_Bankia\" >En la oficina de Bankia<\/a><\/li><li class='ez-toc-page-1 ez-toc-heading-level-3'><a class=\"ez-toc-link ez-toc-heading-6\" href=\"https:\/\/idecesos.com\/seguros\/companias\/bankia\/dar-de-baja\/#Telefono_para_dar_de_baja_Bankia\" >T\u00e9lefono para dar de baja Bankia<\/a><\/li><\/ul><\/li><li class='ez-toc-page-1 ez-toc-heading-level-2'><a class=\"ez-toc-link ez-toc-heading-7\" href=\"https:\/\/idecesos.com\/seguros\/companias\/bankia\/dar-de-baja\/#Dar_de_baja_seguro_Bankia_de_un_fallecido\" >Dar de baja seguro Bankia de un fallecido<\/a><ul class='ez-toc-list-level-3' ><li class='ez-toc-heading-level-3'><a class=\"ez-toc-link ez-toc-heading-8\" href=\"https:\/\/idecesos.com\/seguros\/companias\/bankia\/dar-de-baja\/#Paginas_relacionadas\" >P\u00e1ginas relacionadas<\/a><\/li><\/ul><\/li><\/ul><\/nav><\/div>\n<p> Para dar de baja su seguro de decesos en Bankia deber\u00e1 proseguir los pr\u00f3ximos pasos. El paso inicial que debes de seguir es repasar tu contrato y conocer los datos de tu compa\u00f1\u00eda de seguros. Cuando sepas la informaci\u00f3n de tu compa\u00f1\u00eda, podr\u00e1s conocer su direcci\u00f3n de forma m\u00e1s precisa gracias a internet. Para proceder a dar de baja su seguro de decesos, tendr\u00e1s que llamar al tel\u00e9fono de atenci\u00f3n al usuario que te se\u00f1alen en la red. Tras contactar con atenci\u00f3n al cliente, puedes pedir la baja a trav\u00e9s de tel\u00e9fono o bien correo. Debes comunicarle a tu empresa aseguradora tu deseo por escrito de darte de baja de tu seguro de decesos a fin de que no se hagan cargo de los servicios. <div class=\"colorf \"  ><div class=\"container clearfix\"><div class=\"col-md-7\"><\/p>\r\n<h2><span class=\"ez-toc-section\" id=\"Diferentes_opciones_para_cancelar_un_contrato_con_Bankia\"><\/span>Diferentes opciones para cancelar un contrato con Bankia<span class=\"ez-toc-section-end\"><\/span><\/h2>\r\n<!-- \/wp:post-content -->\r\n\r\n<!-- wp:paragraph -->\r\n<p>Basadas en la experiencia de los clientes del servicio, puedes conocer las distintas opciones de esas personas que dieron de baja su seguro. Para darse de baja de un seguro de fallecimiento existen muchas opciones comunes en todas las empresas aseguradoras. Algunas personas tienen m\u00e1s suerte y puede que sea posible cancelar su seguro de decesos telef\u00f3nicamente, sin embargo, a fin de que la operadora de la compa\u00f1\u00eda de seguro de decesos le pueda dar de baja de sus servicios, le pedir\u00e1 que le mande el formulario de cancelaci\u00f3n en formato impreso, en caso contrario, va a perder su tiempo telef\u00f3nicamente con un operador que le afirmar\u00e1 que debe enviar el formulario de cancelaci\u00f3n impresa. Puedes ponerte en contacto con nosotros si quieres cancelar tu seguro de decesos de forma telef\u00f3nica. <\/div><\/div><\/div><\/p>\r\n<h3><span class=\"ez-toc-section\" id=\"A_traves_de_la_web_de_Bankia\"><\/span>A trav\u00e9s de la web de Bankia<span class=\"ez-toc-section-end\"><\/span><\/h3>\r\n<p>Un procedimiento alternativo para dar de baja su seguro en Bankia es mediante su web www.caixabank.es\/particular\/contacto\/contactanos_es. Solo vas a deber preguntar al buscador de su web lo que desees saber o bien, entrar en su secci\u00f3n de bajas. Siguiendo los pasos indicados, va a poder efectuar su baja rellenando un formulario en la p\u00e1gina web o, descargando el documento que le indique Bankia. Si no encuentra el resultado aguardado no se preocupe, p\u00f3ngase en contacto por tel\u00e9fono con Bankia o bien m\u00e1ndales un correo al siguiente apartado comentando el inconveniente que le ha ocurrido email Bankia. Caso de que todo vaya bien, en tan solo un par de minutos va a recibir una notificaci\u00f3n v\u00eda correo notificando de su baja del seguro de decesos de Bankia. <div class=\"colorf \"  ><div class=\"container clearfix\"><div class=\"col-md-7\"><\/p>\r\n<h3><span class=\"ez-toc-section\" id=\"Utilizando_el_correo_electronico_de_Bankia\"><\/span>Utilizando el correo electr\u00f3nico de Bankia<span class=\"ez-toc-section-end\"><\/span><\/h3>\r\n<p>Otra de las formas para dar de baja a su seguro de decesos, es a trav\u00e9s del mail email Bankia de Bankia. Le conllevar\u00e1 unas escasos minutos. Va a deber enviar, al correo de la compa\u00f1\u00eda, una copia de su DNI y la notificaci\u00f3n, mentada anteriormente, firmada y completada con sus datos personales pertinentes. Deber\u00e1 tener en su poder una copia sellada y un justificante del recibo, para llevar a cabo su ejecuci\u00f3n apropiadamente. Tambi\u00e9n, es importante que guarde, a buen recaudo, una imitaci\u00f3n de la notificaci\u00f3n, por si acaso brota alg\u00fan problema en el futuro. <\/div><\/div><\/div><\/p>\r\n<h3><span class=\"ez-toc-section\" id=\"Dar_de_baja_Bankia_por_fax\"><\/span>Dar de baja Bankia por fax<span class=\"ez-toc-section-end\"><\/span><\/h3>\r\n<p>Vas a poder contactar con tu aseguradora mediante el fax se\u00f1alando tus datos personales y el n\u00famero de la p\u00f3liza y de esta forma pedir la baja del seguro de decesos. Con un mes de antelaci\u00f3n que se cancele su contrato a vencimiento a fin de que no se le pase el recibo de Bankia referente a su p\u00f3liza de decesos y deber\u00e1s anexar en el mismo folio las 2 caras del documento de identidad a fin de que sea eficaz y legal. Cuando tengas todos y cada uno de los datos listos, localiza el n\u00famero del fax de tu compa\u00f1\u00eda de seguros para poder enviarlos. Guarda todos los documentos incluido la confirmaci\u00f3n de env\u00edo para evitar inconvenientes futuros con tu aseguradora. <div class=\"colorf \"  ><div class=\"container clearfix\"><div class=\"col-md-7\"><\/p>\r\n<h3><span class=\"ez-toc-section\" id=\"En_la_oficina_de_Bankia\"><\/span>En la oficina de Bankia<span class=\"ez-toc-section-end\"><\/span><\/h3>\r\n<p>Si eres una persona que no controla las tecnolog\u00edas, te dejamos otros m\u00e9todos igualmente eficientes. Asiste a la oficina de tu compa\u00f1\u00eda de seguros para proceder a dar de baja el seguro de decesos. En la red podr\u00e1s localizar cu\u00e1l es la oficina m\u00e1s pr\u00f3xima a ti para que puedas dar de baja tu seguro de decesos. Pide cita ya antes de asistir a la oficina y acude en el horario detallado. Para conseguir la baja de tu seguro de decesos, solo tendr\u00e1s que seguir los pasos que se te indican. <\/div><\/div><\/div><\/p>\r\n<h3><span class=\"ez-toc-section\" id=\"Telefono_para_dar_de_baja_Bankia\"><\/span>T\u00e9lefono para dar de baja Bankia<span class=\"ez-toc-section-end\"><\/span><\/h3>\r\n<p>Recurrir al tel\u00e9fono de Bankia para darse de baja en sus seguro de decesos es muy usual. Te recomendamos que utilices el tel\u00e9fono que te indicamos a continuaci\u00f3n para que la llamada sea gratis y contactes con un agente que te asesore. Cuando te atiendan probablemente le grabar\u00e1n la petici\u00f3n de baja con unos factores de seguridad para certificar que es usted el tomador de la p\u00f3liza y que no debe ning\u00fan recibo a Bankia y que no ha excedido el periodo legal. Para facilitarte la labor, podr\u00e1s acceder a iDecesos y solicitar la baja de tu seguro de decesos con solo pedir una autorizaci\u00f3n legal. <div class=\"colorf \"  ><div class=\"container clearfix\"><div class=\"col-md-7\"><\/p>\r\n<h2><span class=\"ez-toc-section\" id=\"Dar_de_baja_seguro_Bankia_de_un_fallecido\"><\/span>Dar de baja seguro Bankia de un fallecido<span class=\"ez-toc-section-end\"><\/span><\/h2>\r\n<p>Si el asegurado fallece, de manera autom\u00e1tica la aseguradora se hace cargo de dar de baja al usuario. El cierre del expediente para que de manera autom\u00e1tica no se le pase m\u00e1s recibos por ese asegurado que ya no vive y se gire a banco el recibo proporcional por el resto de asegurados. Los c\u00e1lculos se hacen en base a las estimaciones autom\u00e1ticas y actuariales de la tabla de primas que tengan contratados con Bankia. <\/div><\/div><\/div> <div class=\"oficinas\"> <h3><span class=\"ez-toc-section\" id=\"Paginas_relacionadas\"><\/span>P\u00e1ginas relacionadas<span class=\"ez-toc-section-end\"><\/span><\/h3><div class=\"enlazado\"><ul> <li><a href=\"https:\/\/idecesos.com\/seguros\/companias\/bankia\/opiniones\/\">Opiniones Bankia<\/a><\/li> <li><a href=\"https:\/\/idecesos.com\/seguros\/companias\/bankia\/precio\/\">Precio seguro Bankia<\/a><\/li> <li><a href=\"https:\/\/idecesos.com\/seguros\/companias\/bankia\/prima-mixta\/\">Bankia Prima Mixta<\/a><\/li> <li><a href=\"https:\/\/idecesos.com\/seguros\/companias\/bankia\/prima-natural\/\">Bankia Prima Natural<\/a><\/li> <li><a href=\"https:\/\/idecesos.com\/seguros\/companias\/bankia\/prima-nivelada\/\">Bankia Prima Nivelada<\/a><\/li> <li><a href=\"https:\/\/idecesos.com\/seguros\/companias\/bankia\/prima-unica\/\">Bankia Prima \u00danica<\/a><\/li> <li><a href=\"https:\/\/idecesos.com\/seguros\/companias\/bankia\/repatriacion\/\">Bankia Repatriaci\u00f3n<\/a><\/li> <li><a href=\"https:\/\/idecesos.com\/seguros\/companias\/bankia\/telefono\/\">Tel\u00e9fono Gratuito Bankia<\/a><\/li><\/ul><\/div> <\/div><\/p>","protected":false},"excerpt":{"rendered":"<p>Para dar de baja su seguro de decesos en Bankia deber\u00e1 proseguir los pr\u00f3ximos pasos. El paso inicial que debes de seguir es repasar tu contrato y conocer los datos de tu compa\u00f1\u00eda de seguros. Cuando sepas la informaci\u00f3n de tu compa\u00f1\u00eda, podr\u00e1s conocer su direcci\u00f3n de forma m\u00e1s precisa gracias a internet. Para proceder&hellip; <\/p>\n","protected":false},"author":1,"featured_media":0,"parent":509,"menu_order":0,"comment_status":"closed","ping_status":"closed","template":"single.php","meta":{"footnotes":""},"class_list":["post-18114","page","type-page","status-publish","hentry"],"yoast_head":"<!-- This site is optimized with the Yoast SEO plugin v27.3 - https:\/\/yoast.com\/product\/yoast-seo-wordpress\/ -->\n<title>\u00bfC\u00f3mo dar de Baja o Cancelar Seguro de Decesos Bankia?<\/title>\n<meta name=\"description\" content=\"Obt\u00e9n aqu\u00ed\u3010c\u00f3mo dar de baja o cancelar seguro de decesos Bankia\u3011Modelo carta, fax, correo electr\u00f3nico (email), tel\u00e9fono gratis.\" \/>\n<meta name=\"robots\" content=\"index, follow, max-snippet:-1, max-image-preview:large, max-video-preview:-1\" \/>\n<link rel=\"canonical\" href=\"https:\/\/idecesos.com\/seguros\/companias\/bankia\/dar-de-baja\/\" \/>\n<meta property=\"og:locale\" content=\"es_ES\" \/>\n<meta property=\"og:type\" content=\"article\" \/>\n<meta property=\"og:title\" content=\"\u00bfC\u00f3mo dar de Baja o Cancelar Seguro de Decesos Bankia?\" \/>\n<meta property=\"og:description\" content=\"Obt\u00e9n aqu\u00ed\u3010c\u00f3mo dar de baja o cancelar seguro de decesos Bankia\u3011Modelo carta, fax, correo electr\u00f3nico (email), tel\u00e9fono gratis.\" \/>\n<meta property=\"og:url\" content=\"https:\/\/idecesos.com\/seguros\/companias\/bankia\/dar-de-baja\/\" \/>\n<meta property=\"article:modified_time\" content=\"2022-01-26T17:51:12+00:00\" \/>\n<meta name=\"twitter:card\" content=\"summary_large_image\" \/>\n<meta name=\"twitter:label1\" content=\"Tiempo de lectura\" \/>\n\t<meta name=\"twitter:data1\" content=\"15 minutos\" \/>\n<script type=\"application\/ld+json\" class=\"yoast-schema-graph\">{\"@context\":\"https:\\\/\\\/schema.org\",\"@graph\":[{\"@type\":\"WebPage\",\"@id\":\"https:\\\/\\\/idecesos.com\\\/seguros\\\/companias\\\/bankia\\\/dar-de-baja\\\/\",\"url\":\"https:\\\/\\\/idecesos.com\\\/seguros\\\/companias\\\/bankia\\\/dar-de-baja\\\/\",\"name\":\"\u00bfC\u00f3mo dar de Baja o Cancelar Seguro de Decesos Bankia?\",\"isPartOf\":{\"@id\":\"https:\\\/\\\/idecesos.com\\\/seguros\\\/#website\"},\"datePublished\":\"2021-12-29T11:48:01+00:00\",\"dateModified\":\"2022-01-26T17:51:12+00:00\",\"description\":\"Obt\u00e9n aqu\u00ed\u3010c\u00f3mo dar de baja o cancelar seguro de decesos Bankia\u3011Modelo carta, fax, correo electr\u00f3nico (email), tel\u00e9fono gratis.\",\"breadcrumb\":{\"@id\":\"https:\\\/\\\/idecesos.com\\\/seguros\\\/companias\\\/bankia\\\/dar-de-baja\\\/#breadcrumb\"},\"inLanguage\":\"es\",\"potentialAction\":[{\"@type\":\"ReadAction\",\"target\":[\"https:\\\/\\\/idecesos.com\\\/seguros\\\/companias\\\/bankia\\\/dar-de-baja\\\/\"]}]},{\"@type\":\"BreadcrumbList\",\"@id\":\"https:\\\/\\\/idecesos.com\\\/seguros\\\/companias\\\/bankia\\\/dar-de-baja\\\/#breadcrumb\",\"itemListElement\":[{\"@type\":\"ListItem\",\"position\":1,\"name\":\"Portada\",\"item\":\"https:\\\/\\\/idecesos.com\\\/seguros\\\/\"},{\"@type\":\"ListItem\",\"position\":2,\"name\":\"Compa\u00f1\u00edas de Seguros de Decesos en Espa\u00f1a\",\"item\":\"https:\\\/\\\/idecesos.com\\\/seguros\\\/companias\\\/\"},{\"@type\":\"ListItem\",\"position\":3,\"name\":\"Seguro de decesos Bankia\",\"item\":\"https:\\\/\\\/idecesos.com\\\/seguros\\\/companias\\\/bankia\\\/\"},{\"@type\":\"ListItem\",\"position\":4,\"name\":\"\u00bfC\u00f3mo dar de baja seguro Bankia?\"}]},{\"@type\":\"WebSite\",\"@id\":\"https:\\\/\\\/idecesos.com\\\/seguros\\\/#website\",\"url\":\"https:\\\/\\\/idecesos.com\\\/seguros\\\/\",\"name\":\"\",\"description\":\"\",\"potentialAction\":[{\"@type\":\"SearchAction\",\"target\":{\"@type\":\"EntryPoint\",\"urlTemplate\":\"https:\\\/\\\/idecesos.com\\\/seguros\\\/?s={search_term_string}\"},\"query-input\":{\"@type\":\"PropertyValueSpecification\",\"valueRequired\":true,\"valueName\":\"search_term_string\"}}],\"inLanguage\":\"es\"}]}<\/script>\n<!-- \/ Yoast SEO plugin. -->","yoast_head_json":{"title":"\u00bfC\u00f3mo dar de Baja o Cancelar Seguro de Decesos Bankia?","description":"Obt\u00e9n aqu\u00ed\u3010c\u00f3mo dar de baja o cancelar seguro de decesos Bankia\u3011Modelo carta, fax, correo electr\u00f3nico (email), tel\u00e9fono gratis.","robots":{"index":"index","follow":"follow","max-snippet":"max-snippet:-1","max-image-preview":"max-image-preview:large","max-video-preview":"max-video-preview:-1"},"canonical":"https:\/\/idecesos.com\/seguros\/companias\/bankia\/dar-de-baja\/","og_locale":"es_ES","og_type":"article","og_title":"\u00bfC\u00f3mo dar de Baja o Cancelar Seguro de Decesos Bankia?","og_description":"Obt\u00e9n aqu\u00ed\u3010c\u00f3mo dar de baja o cancelar seguro de decesos Bankia\u3011Modelo carta, fax, correo electr\u00f3nico (email), tel\u00e9fono gratis.","og_url":"https:\/\/idecesos.com\/seguros\/companias\/bankia\/dar-de-baja\/","article_modified_time":"2022-01-26T17:51:12+00:00","twitter_card":"summary_large_image","twitter_misc":{"Tiempo de lectura":"15 minutos"},"schema":{"@context":"https:\/\/schema.org","@graph":[{"@type":"WebPage","@id":"https:\/\/idecesos.com\/seguros\/companias\/bankia\/dar-de-baja\/","url":"https:\/\/idecesos.com\/seguros\/companias\/bankia\/dar-de-baja\/","name":"\u00bfC\u00f3mo dar de Baja o Cancelar Seguro de Decesos Bankia?","isPartOf":{"@id":"https:\/\/idecesos.com\/seguros\/#website"},"datePublished":"2021-12-29T11:48:01+00:00","dateModified":"2022-01-26T17:51:12+00:00","description":"Obt\u00e9n aqu\u00ed\u3010c\u00f3mo dar de baja o cancelar seguro de decesos Bankia\u3011Modelo carta, fax, correo electr\u00f3nico (email), tel\u00e9fono gratis.","breadcrumb":{"@id":"https:\/\/idecesos.com\/seguros\/companias\/bankia\/dar-de-baja\/#breadcrumb"},"inLanguage":"es","potentialAction":[{"@type":"ReadAction","target":["https:\/\/idecesos.com\/seguros\/companias\/bankia\/dar-de-baja\/"]}]},{"@type":"BreadcrumbList","@id":"https:\/\/idecesos.com\/seguros\/companias\/bankia\/dar-de-baja\/#breadcrumb","itemListElement":[{"@type":"ListItem","position":1,"name":"Portada","item":"https:\/\/idecesos.com\/seguros\/"},{"@type":"ListItem","position":2,"name":"Compa\u00f1\u00edas de Seguros de Decesos en Espa\u00f1a","item":"https:\/\/idecesos.com\/seguros\/companias\/"},{"@type":"ListItem","position":3,"name":"Seguro de decesos Bankia","item":"https:\/\/idecesos.com\/seguros\/companias\/bankia\/"},{"@type":"ListItem","position":4,"name":"\u00bfC\u00f3mo dar de baja seguro Bankia?"}]},{"@type":"WebSite","@id":"https:\/\/idecesos.com\/seguros\/#website","url":"https:\/\/idecesos.com\/seguros\/","name":"","description":"","potentialAction":[{"@type":"SearchAction","target":{"@type":"EntryPoint","urlTemplate":"https:\/\/idecesos.com\/seguros\/?s={search_term_string}"},"query-input":{"@type":"PropertyValueSpecification","valueRequired":true,"valueName":"search_term_string"}}],"inLanguage":"es"}]}},"_links":{"self":[{"href":"https:\/\/idecesos.com\/seguros\/wp-json\/wp\/v2\/pages\/18114","targetHints":{"allow":["GET"]}}],"collection":[{"href":"https:\/\/idecesos.com\/seguros\/wp-json\/wp\/v2\/pages"}],"about":[{"href":"https:\/\/idecesos.com\/seguros\/wp-json\/wp\/v2\/types\/page"}],"author":[{"embeddable":true,"href":"https:\/\/idecesos.com\/seguros\/wp-json\/wp\/v2\/users\/1"}],"replies":[{"embeddable":true,"href":"https:\/\/idecesos.com\/seguros\/wp-json\/wp\/v2\/comments?post=18114"}],"version-history":[{"count":2,"href":"https:\/\/idecesos.com\/seguros\/wp-json\/wp\/v2\/pages\/18114\/revisions"}],"predecessor-version":[{"id":19070,"href":"https:\/\/idecesos.com\/seguros\/wp-json\/wp\/v2\/pages\/18114\/revisions\/19070"}],"up":[{"embeddable":true,"href":"https:\/\/idecesos.com\/seguros\/wp-json\/wp\/v2\/pages\/509"}],"wp:attachment":[{"href":"https:\/\/idecesos.com\/seguros\/wp-json\/wp\/v2\/media?parent=18114"}],"curies":[{"name":"wp","href":"https:\/\/api.w.org\/{rel}","templated":true}]}}