{"id":18194,"date":"2021-12-29T11:52:59","date_gmt":"2021-12-29T11:52:59","guid":{"rendered":"https:\/\/idecesos.com\/seguros\/companias\/abanca\/dar-de-baja\/"},"modified":"2022-01-28T17:52:00","modified_gmt":"2022-01-28T17:52:00","slug":"dar-de-baja","status":"publish","type":"page","link":"https:\/\/idecesos.com\/seguros\/companias\/abanca\/dar-de-baja\/","title":{"rendered":"\u00bfC\u00f3mo dar de baja seguro Abanca?"},"content":{"rendered":"<div id=\"ez-toc-container\" class=\"ez-toc-v2_0_82_2 ez-toc-wrap-center counter-hierarchy ez-toc-counter ez-toc-custom ez-toc-container-direction\">\n<div class=\"ez-toc-title-container\">\n<p class=\"ez-toc-title\" style=\"cursor:inherit\">Tabla de Contenido<\/p>\n<span class=\"ez-toc-title-toggle\"><a href=\"#\" class=\"ez-toc-pull-right ez-toc-btn ez-toc-btn-xs ez-toc-btn-default ez-toc-toggle\" aria-label=\"Alternar tabla de contenidos\"><span class=\"ez-toc-js-icon-con\"><span class=\"\"><span class=\"eztoc-hide\" style=\"display:none;\">Toggle<\/span><span class=\"ez-toc-icon-toggle-span\"><svg style=\"fill: #db6415;color:#db6415\" xmlns=\"http:\/\/www.w3.org\/2000\/svg\" class=\"list-377408\" width=\"20px\" height=\"20px\" viewBox=\"0 0 24 24\" fill=\"none\"><path d=\"M6 6H4v2h2V6zm14 0H8v2h12V6zM4 11h2v2H4v-2zm16 0H8v2h12v-2zM4 16h2v2H4v-2zm16 0H8v2h12v-2z\" fill=\"currentColor\"><\/path><\/svg><svg style=\"fill: #db6415;color:#db6415\" class=\"arrow-unsorted-368013\" xmlns=\"http:\/\/www.w3.org\/2000\/svg\" width=\"10px\" height=\"10px\" viewBox=\"0 0 24 24\" version=\"1.2\" baseProfile=\"tiny\"><path d=\"M18.2 9.3l-6.2-6.3-6.2 6.3c-.2.2-.3.4-.3.7s.1.5.3.7c.2.2.4.3.7.3h11c.3 0 .5-.1.7-.3.2-.2.3-.5.3-.7s-.1-.5-.3-.7zM5.8 14.7l6.2 6.3 6.2-6.3c.2-.2.3-.5.3-.7s-.1-.5-.3-.7c-.2-.2-.4-.3-.7-.3h-11c-.3 0-.5.1-.7.3-.2.2-.3.5-.3.7s.1.5.3.7z\"\/><\/svg><\/span><\/span><\/span><\/a><\/span><\/div>\n<nav><ul class='ez-toc-list ez-toc-list-level-1 ' ><li class='ez-toc-page-1 ez-toc-heading-level-2'><a class=\"ez-toc-link ez-toc-heading-1\" href=\"https:\/\/idecesos.com\/seguros\/companias\/abanca\/dar-de-baja\/#Diferentes_opciones_para_cancelar_un_contrato_con_Abanca\" >Diferentes opciones para cancelar un contrato con Abanca<\/a><ul class='ez-toc-list-level-3' ><li class='ez-toc-heading-level-3'><a class=\"ez-toc-link ez-toc-heading-2\" href=\"https:\/\/idecesos.com\/seguros\/companias\/abanca\/dar-de-baja\/#A_traves_de_la_web_de_Abanca\" >A trav\u00e9s de la web de Abanca<\/a><\/li><li class='ez-toc-page-1 ez-toc-heading-level-3'><a class=\"ez-toc-link ez-toc-heading-3\" href=\"https:\/\/idecesos.com\/seguros\/companias\/abanca\/dar-de-baja\/#Utilizando_el_correo_electronico_de_Abanca\" >Utilizando el correo electr\u00f3nico de Abanca<\/a><\/li><li class='ez-toc-page-1 ez-toc-heading-level-3'><a class=\"ez-toc-link ez-toc-heading-4\" href=\"https:\/\/idecesos.com\/seguros\/companias\/abanca\/dar-de-baja\/#Dar_de_baja_Abanca_por_fax\" >Dar de baja Abanca por fax<\/a><\/li><li class='ez-toc-page-1 ez-toc-heading-level-3'><a class=\"ez-toc-link ez-toc-heading-5\" href=\"https:\/\/idecesos.com\/seguros\/companias\/abanca\/dar-de-baja\/#En_la_oficina_de_Abanca\" >En la oficina de Abanca<\/a><\/li><li class='ez-toc-page-1 ez-toc-heading-level-3'><a class=\"ez-toc-link ez-toc-heading-6\" href=\"https:\/\/idecesos.com\/seguros\/companias\/abanca\/dar-de-baja\/#Telefono_para_dar_de_baja_Abanca\" >T\u00e9lefono para dar de baja Abanca<\/a><\/li><\/ul><\/li><li class='ez-toc-page-1 ez-toc-heading-level-2'><a class=\"ez-toc-link ez-toc-heading-7\" href=\"https:\/\/idecesos.com\/seguros\/companias\/abanca\/dar-de-baja\/#Dar_de_baja_seguro_Abanca_de_un_fallecido\" >Dar de baja seguro Abanca de un fallecido<\/a><ul class='ez-toc-list-level-3' ><li class='ez-toc-heading-level-3'><a class=\"ez-toc-link ez-toc-heading-8\" href=\"https:\/\/idecesos.com\/seguros\/companias\/abanca\/dar-de-baja\/#Paginas_relacionadas\" >P\u00e1ginas relacionadas<\/a><\/li><\/ul><\/li><\/ul><\/nav><\/div>\n<p> Para dar de baja a su seguro de decesos, solo debe seguir unos sencillos pasos y, as\u00ed, no deber\u00e1 preocuparse por nada. iDecesos te va a mostrar todos sus conocimientos para dar de baja su seguro de decesos. En tan solo dos minutos ya va a tener todo solucionado y va a poder buscar una nueva alternativa si de esta forma lo desea ya que te recomendamos que no se quede sin un seguro de decesos en tanto que la tranquilidad que este te brinda le ser\u00e1 muy rentable a sus familiares en el instante que ocurra alg\u00fan imprevisible. Le recordamos que es muy importante que para dar de baja su seguro de decesos debe informar a Abanca al menos treinta d\u00edas antes de la fecha de renovaci\u00f3n de su seguro a fin de que de esta forma no tenga ning\u00fan inconveniente m\u00e1s adelante al intentar efectuarlo. <div class=\"colorf \"  ><div class=\"container clearfix\"><div class=\"col-md-7\"><\/p>\r\n<h2><span class=\"ez-toc-section\" id=\"Diferentes_opciones_para_cancelar_un_contrato_con_Abanca\"><\/span>Diferentes opciones para cancelar un contrato con Abanca<span class=\"ez-toc-section-end\"><\/span><\/h2>\r\n<!-- \/wp:post-content -->\r\n\r\n<!-- wp:paragraph -->\r\n<p>Algo que tienen en com\u00fan todas y cada una de las compa\u00f1\u00edas es que, piden un documento en el que exponga la baja de su seguro de decesos. Puede conseguir el documento de Abanca contactando a trav\u00e9s del n\u00famero de tel\u00e9fono o mail que tenemos a su predisposici\u00f3n. Sea como sea, la forma que decida en la que darse de baja, si escoge la opci\u00f3n de mandar una carta certificada, en la que conste la cancelaci\u00f3n del contrato Abanca, esta va a deber aceptarlo y darlo por v\u00e1lido. Se le aconseja que, no pierda el resguardo del documento y guarde con \u00e9l una copia. Ahora, se le ense\u00f1ar\u00e1 diferentes m\u00e9todos para dar de baja su seguro de decesos Abanca. <\/div><\/div><\/div><\/p>\r\n<h3><span class=\"ez-toc-section\" id=\"A_traves_de_la_web_de_Abanca\"><\/span>A trav\u00e9s de la web de Abanca<span class=\"ez-toc-section-end\"><\/span><\/h3>\r\n<p>Mediante la p\u00e1gina web www.abanca.com\/es\/seguros\/ de Abanca, tambi\u00e9n podr\u00e1 dar de baja su seguro. Tan solo deber\u00e1s poner en su buscador lo que deseas o bien entrar en la secci\u00f3n de la web de bajas. Seguidamente, va a tener la posibilidad de rellenar un formulario o descargar el documento para su baja. Puede llamar al n\u00famero 981 91 05 22\u00a0o enviar un correo a esta direcci\u00f3n email Abanca, si ocurre alguna incidencia en el proceso. Si todo marcha correctamente, en escasos minutos tendr\u00e1 en su correo un mensaje de Abanca con la baja de su seguro. <div class=\"colorf \"  ><div class=\"container clearfix\"><div class=\"col-md-7\"><\/p>\r\n<h3><span class=\"ez-toc-section\" id=\"Utilizando_el_correo_electronico_de_Abanca\"><\/span>Utilizando el correo electr\u00f3nico de Abanca<span class=\"ez-toc-section-end\"><\/span><\/h3>\r\n<p>Otro modo de darse de baja del seguro de decesos de Abanca es v\u00eda mail. En pocos minutos vas a poder tener tu respuesta sobre tu solicitud de darte de baja de tu seguro. Tendr\u00e1s que enviarle a la compa\u00f1\u00eda la copia de tu DNI y el documento firmado con tus datos personales para proceder a la baja del contrato del seguro de decesos. Si necesitas resolver alguna pregunta, contacta con nosotros en el 951 127 403 o bien en el info@idecesos. com. Le recordamos que va a deber guardar una copia sellada y tener un justificante de recibo a fin de que su ejecuci\u00f3n pueda hacerse. Guarde asimismo una copia de la notificaci\u00f3n con su data de env\u00edo, para quedarse a\u00fan m\u00e1s sosegados y no puedan ponerle ninguna pega en un futuro, todo por seguridad. <\/div><\/div><\/div><\/p>\r\n<h3><span class=\"ez-toc-section\" id=\"Dar_de_baja_Abanca_por_fax\"><\/span>Dar de baja Abanca por fax<span class=\"ez-toc-section-end\"><\/span><\/h3>\r\n<p>Puedes emplear tambi\u00e9n el fax para dar de baja tu seguro de fallecimiento. El procedimiento es semejante al env\u00edo del correo electr\u00f3nico solo que deber\u00e1s usar el fax. Mande a Abanca a trav\u00e9s de esta herramienta una imitaci\u00f3n de su DNI y la notificaci\u00f3n firmada de baja que puede hallar en la web de Abanca. Si no sabes d\u00f3nde puedes encontrarla, contacta con nosotros en el 951 127 403. Guarda la copia sellada y el justificante del recibo para que no tengas ning\u00fan problema en el futuro. Si quieres evitar inconvenientes, te invitamos a guardar asimismo la copia de la notificaci\u00f3n donde se especifique la data de env\u00edo. <div class=\"colorf \"  ><div class=\"container clearfix\"><div class=\"col-md-7\"><\/p>\r\n<h3><span class=\"ez-toc-section\" id=\"En_la_oficina_de_Abanca\"><\/span>En la oficina de Abanca<span class=\"ez-toc-section-end\"><\/span><\/h3>\r\n<p>Si lo desea, va a poder dar de baja su seguro acudiendo, de forma presencial, a la oficina de Abanca. Hallar\u00e1 la oficina, m\u00e1s pr\u00f3xima a su casa, haciendo una b\u00fasqueda en Internet. Los especialistas trabajadores de Abanca le van a ayudar en todo cuanto necesite respecto a los documentos que debe rellenar y firmar. Va a ser tan simple como proseguir los pasos que le se\u00f1alen. Adem\u00e1s, le recordamos que debe llevar su documento de identidad para que todo esto se pueda realizar, puesto que es necesario en este proceso. Para acabar, le har\u00e1n entrega de una copia de cada documento y, el experto efectuar\u00e1 los tr\u00e1mites pertinentes. <\/div><\/div><\/div><\/p>\r\n<h3><span class=\"ez-toc-section\" id=\"Telefono_para_dar_de_baja_Abanca\"><\/span>T\u00e9lefono para dar de baja Abanca<span class=\"ez-toc-section-end\"><\/span><\/h3>\r\n<p>Para darse de baja de su seguro de decesos a trav\u00e9s de por tel\u00e9fono deber\u00e1 continuar los pasos que el agente de Abanca le vaya diciendo. De este modo, podr\u00e1 ponerse en contacto tras realizar una busca en Internet del n\u00famero de tel\u00e9fono adecuado o, llamando al 981 91 05 22. Para su tranquilidad, siguiendo los pasos indicados, cada aspecto estar\u00e1 solucionado y, los expertos se encargar\u00e1n de los tr\u00e1mites que falten para cerrar su contrato de baja. <div class=\"colorf \"  ><div class=\"container clearfix\"><div class=\"col-md-7\"><\/p>\r\n<h2><span class=\"ez-toc-section\" id=\"Dar_de_baja_seguro_Abanca_de_un_fallecido\"><\/span>Dar de baja seguro Abanca de un fallecido<span class=\"ez-toc-section-end\"><\/span><\/h2>\r\n<p>Para finalizar, le se\u00f1alamos c\u00f3mo dar de baja el seguro en el caso de fallecimiento del cliente. Parece algo complejo en tanto que el contratante del seguro ya no se halla con nosotros mas es la forma m\u00e1s sencilla de cancelar un seguro de decesos. No tendr\u00e1 que preocuparse por los tr\u00e1mites citados anteriormente. Abanca es la responsable de anular su seguro de decesos de manera autom\u00e1tica tras la muerte de su asegurado. Tras el sepelio del asegurado, Abanca va a dar de baja el seguro de la persona fallecida y, su familia, podr\u00e1 estar sosegada durante todo el proceso. <\/div><\/div><\/div> <div class=\"oficinas\"> <h3><span class=\"ez-toc-section\" id=\"Paginas_relacionadas\"><\/span>P\u00e1ginas relacionadas<span class=\"ez-toc-section-end\"><\/span><\/h3><div class=\"enlazado\"><ul> <li><a href=\"https:\/\/idecesos.com\/seguros\/companias\/abanca\/opiniones\/\">Opiniones Abanca<\/a><\/li> <li><a href=\"https:\/\/idecesos.com\/seguros\/companias\/abanca\/precio\/\">Precio seguro Abanca<\/a><\/li> <li><a href=\"https:\/\/idecesos.com\/seguros\/companias\/abanca\/prima-mixta\/\">Abanca Prima Mixta<\/a><\/li> <li><a href=\"https:\/\/idecesos.com\/seguros\/companias\/abanca\/prima-natural\/\">Abanca Prima Natural<\/a><\/li> <li><a href=\"https:\/\/idecesos.com\/seguros\/companias\/abanca\/prima-nivelada\/\">Abanca Prima Nivelada<\/a><\/li> <li><a href=\"https:\/\/idecesos.com\/seguros\/companias\/abanca\/prima-unica\/\">Abanca Prima \u00danica<\/a><\/li> <li><a href=\"https:\/\/idecesos.com\/seguros\/companias\/abanca\/repatriacion\/\">Abanca Repatriaci\u00f3n<\/a><\/li> <li><a href=\"https:\/\/idecesos.com\/seguros\/companias\/abanca\/telefono\/\">Tel\u00e9fono Gratuito Abanca<\/a><\/li><\/ul><\/div> <\/div><\/p>","protected":false},"excerpt":{"rendered":"<p>Para dar de baja a su seguro de decesos, solo debe seguir unos sencillos pasos y, as\u00ed, no deber\u00e1 preocuparse por nada. iDecesos te va a mostrar todos sus conocimientos para dar de baja su seguro de decesos. En tan solo dos minutos ya va a tener todo solucionado y va a poder buscar una&hellip; <\/p>\n","protected":false},"author":1,"featured_media":0,"parent":208,"menu_order":0,"comment_status":"closed","ping_status":"closed","template":"single.php","meta":{"footnotes":""},"class_list":["post-18194","page","type-page","status-publish","hentry"],"yoast_head":"<!-- This site is optimized with the Yoast SEO plugin v27.3 - https:\/\/yoast.com\/product\/yoast-seo-wordpress\/ -->\n<title>\u00bfC\u00f3mo dar de Baja o Cancelar Seguro de Decesos Abanca?<\/title>\n<meta name=\"description\" content=\"Obt\u00e9n aqu\u00ed\u3010c\u00f3mo dar de baja o cancelar seguro de decesos Abanca\u3011Modelo carta, fax, correo electr\u00f3nico (email), tel\u00e9fono gratis.\" \/>\n<meta name=\"robots\" content=\"index, follow, max-snippet:-1, max-image-preview:large, max-video-preview:-1\" \/>\n<link rel=\"canonical\" href=\"https:\/\/idecesos.com\/seguros\/companias\/abanca\/dar-de-baja\/\" \/>\n<meta property=\"og:locale\" content=\"es_ES\" \/>\n<meta property=\"og:type\" content=\"article\" \/>\n<meta property=\"og:title\" content=\"\u00bfC\u00f3mo dar de Baja o Cancelar Seguro de Decesos Abanca?\" \/>\n<meta property=\"og:description\" content=\"Obt\u00e9n aqu\u00ed\u3010c\u00f3mo dar de baja o cancelar seguro de decesos Abanca\u3011Modelo carta, fax, correo electr\u00f3nico (email), tel\u00e9fono gratis.\" \/>\n<meta property=\"og:url\" content=\"https:\/\/idecesos.com\/seguros\/companias\/abanca\/dar-de-baja\/\" \/>\n<meta property=\"article:modified_time\" content=\"2022-01-28T17:52:00+00:00\" \/>\n<meta name=\"twitter:card\" content=\"summary_large_image\" \/>\n<meta name=\"twitter:label1\" content=\"Tiempo de lectura\" \/>\n\t<meta name=\"twitter:data1\" content=\"5 minutos\" \/>\n<script type=\"application\/ld+json\" class=\"yoast-schema-graph\">{\"@context\":\"https:\\\/\\\/schema.org\",\"@graph\":[{\"@type\":\"WebPage\",\"@id\":\"https:\\\/\\\/idecesos.com\\\/seguros\\\/companias\\\/abanca\\\/dar-de-baja\\\/\",\"url\":\"https:\\\/\\\/idecesos.com\\\/seguros\\\/companias\\\/abanca\\\/dar-de-baja\\\/\",\"name\":\"\u00bfC\u00f3mo dar de Baja o Cancelar Seguro de Decesos Abanca?\",\"isPartOf\":{\"@id\":\"https:\\\/\\\/idecesos.com\\\/seguros\\\/#website\"},\"datePublished\":\"2021-12-29T11:52:59+00:00\",\"dateModified\":\"2022-01-28T17:52:00+00:00\",\"description\":\"Obt\u00e9n aqu\u00ed\u3010c\u00f3mo dar de baja o cancelar seguro de decesos Abanca\u3011Modelo carta, fax, correo electr\u00f3nico (email), tel\u00e9fono gratis.\",\"breadcrumb\":{\"@id\":\"https:\\\/\\\/idecesos.com\\\/seguros\\\/companias\\\/abanca\\\/dar-de-baja\\\/#breadcrumb\"},\"inLanguage\":\"es\",\"potentialAction\":[{\"@type\":\"ReadAction\",\"target\":[\"https:\\\/\\\/idecesos.com\\\/seguros\\\/companias\\\/abanca\\\/dar-de-baja\\\/\"]}]},{\"@type\":\"BreadcrumbList\",\"@id\":\"https:\\\/\\\/idecesos.com\\\/seguros\\\/companias\\\/abanca\\\/dar-de-baja\\\/#breadcrumb\",\"itemListElement\":[{\"@type\":\"ListItem\",\"position\":1,\"name\":\"Portada\",\"item\":\"https:\\\/\\\/idecesos.com\\\/seguros\\\/\"},{\"@type\":\"ListItem\",\"position\":2,\"name\":\"Compa\u00f1\u00edas de Seguros de Decesos en Espa\u00f1a\",\"item\":\"https:\\\/\\\/idecesos.com\\\/seguros\\\/companias\\\/\"},{\"@type\":\"ListItem\",\"position\":3,\"name\":\"Seguro de decesos Abanca\",\"item\":\"https:\\\/\\\/idecesos.com\\\/seguros\\\/companias\\\/abanca\\\/\"},{\"@type\":\"ListItem\",\"position\":4,\"name\":\"\u00bfC\u00f3mo dar de baja seguro Abanca?\"}]},{\"@type\":\"WebSite\",\"@id\":\"https:\\\/\\\/idecesos.com\\\/seguros\\\/#website\",\"url\":\"https:\\\/\\\/idecesos.com\\\/seguros\\\/\",\"name\":\"\",\"description\":\"\",\"potentialAction\":[{\"@type\":\"SearchAction\",\"target\":{\"@type\":\"EntryPoint\",\"urlTemplate\":\"https:\\\/\\\/idecesos.com\\\/seguros\\\/?s={search_term_string}\"},\"query-input\":{\"@type\":\"PropertyValueSpecification\",\"valueRequired\":true,\"valueName\":\"search_term_string\"}}],\"inLanguage\":\"es\"}]}<\/script>\n<!-- \/ Yoast SEO plugin. -->","yoast_head_json":{"title":"\u00bfC\u00f3mo dar de Baja o Cancelar Seguro de Decesos Abanca?","description":"Obt\u00e9n aqu\u00ed\u3010c\u00f3mo dar de baja o cancelar seguro de decesos Abanca\u3011Modelo carta, fax, correo electr\u00f3nico (email), tel\u00e9fono gratis.","robots":{"index":"index","follow":"follow","max-snippet":"max-snippet:-1","max-image-preview":"max-image-preview:large","max-video-preview":"max-video-preview:-1"},"canonical":"https:\/\/idecesos.com\/seguros\/companias\/abanca\/dar-de-baja\/","og_locale":"es_ES","og_type":"article","og_title":"\u00bfC\u00f3mo dar de Baja o Cancelar Seguro de Decesos Abanca?","og_description":"Obt\u00e9n aqu\u00ed\u3010c\u00f3mo dar de baja o cancelar seguro de decesos Abanca\u3011Modelo carta, fax, correo electr\u00f3nico (email), tel\u00e9fono gratis.","og_url":"https:\/\/idecesos.com\/seguros\/companias\/abanca\/dar-de-baja\/","article_modified_time":"2022-01-28T17:52:00+00:00","twitter_card":"summary_large_image","twitter_misc":{"Tiempo de lectura":"5 minutos"},"schema":{"@context":"https:\/\/schema.org","@graph":[{"@type":"WebPage","@id":"https:\/\/idecesos.com\/seguros\/companias\/abanca\/dar-de-baja\/","url":"https:\/\/idecesos.com\/seguros\/companias\/abanca\/dar-de-baja\/","name":"\u00bfC\u00f3mo dar de Baja o Cancelar Seguro de Decesos Abanca?","isPartOf":{"@id":"https:\/\/idecesos.com\/seguros\/#website"},"datePublished":"2021-12-29T11:52:59+00:00","dateModified":"2022-01-28T17:52:00+00:00","description":"Obt\u00e9n aqu\u00ed\u3010c\u00f3mo dar de baja o cancelar seguro de decesos Abanca\u3011Modelo carta, fax, correo electr\u00f3nico (email), tel\u00e9fono gratis.","breadcrumb":{"@id":"https:\/\/idecesos.com\/seguros\/companias\/abanca\/dar-de-baja\/#breadcrumb"},"inLanguage":"es","potentialAction":[{"@type":"ReadAction","target":["https:\/\/idecesos.com\/seguros\/companias\/abanca\/dar-de-baja\/"]}]},{"@type":"BreadcrumbList","@id":"https:\/\/idecesos.com\/seguros\/companias\/abanca\/dar-de-baja\/#breadcrumb","itemListElement":[{"@type":"ListItem","position":1,"name":"Portada","item":"https:\/\/idecesos.com\/seguros\/"},{"@type":"ListItem","position":2,"name":"Compa\u00f1\u00edas de Seguros de Decesos en Espa\u00f1a","item":"https:\/\/idecesos.com\/seguros\/companias\/"},{"@type":"ListItem","position":3,"name":"Seguro de decesos Abanca","item":"https:\/\/idecesos.com\/seguros\/companias\/abanca\/"},{"@type":"ListItem","position":4,"name":"\u00bfC\u00f3mo dar de baja seguro Abanca?"}]},{"@type":"WebSite","@id":"https:\/\/idecesos.com\/seguros\/#website","url":"https:\/\/idecesos.com\/seguros\/","name":"","description":"","potentialAction":[{"@type":"SearchAction","target":{"@type":"EntryPoint","urlTemplate":"https:\/\/idecesos.com\/seguros\/?s={search_term_string}"},"query-input":{"@type":"PropertyValueSpecification","valueRequired":true,"valueName":"search_term_string"}}],"inLanguage":"es"}]}},"_links":{"self":[{"href":"https:\/\/idecesos.com\/seguros\/wp-json\/wp\/v2\/pages\/18194","targetHints":{"allow":["GET"]}}],"collection":[{"href":"https:\/\/idecesos.com\/seguros\/wp-json\/wp\/v2\/pages"}],"about":[{"href":"https:\/\/idecesos.com\/seguros\/wp-json\/wp\/v2\/types\/page"}],"author":[{"embeddable":true,"href":"https:\/\/idecesos.com\/seguros\/wp-json\/wp\/v2\/users\/1"}],"replies":[{"embeddable":true,"href":"https:\/\/idecesos.com\/seguros\/wp-json\/wp\/v2\/comments?post=18194"}],"version-history":[{"count":2,"href":"https:\/\/idecesos.com\/seguros\/wp-json\/wp\/v2\/pages\/18194\/revisions"}],"predecessor-version":[{"id":19110,"href":"https:\/\/idecesos.com\/seguros\/wp-json\/wp\/v2\/pages\/18194\/revisions\/19110"}],"up":[{"embeddable":true,"href":"https:\/\/idecesos.com\/seguros\/wp-json\/wp\/v2\/pages\/208"}],"wp:attachment":[{"href":"https:\/\/idecesos.com\/seguros\/wp-json\/wp\/v2\/media?parent=18194"}],"curies":[{"name":"wp","href":"https:\/\/api.w.org\/{rel}","templated":true}]}}