{"id":18196,"date":"2021-12-29T11:53:00","date_gmt":"2021-12-29T11:53:00","guid":{"rendered":"https:\/\/idecesos.com\/seguros\/companias\/banco-targobank\/dar-de-baja\/"},"modified":"2022-01-28T17:58:21","modified_gmt":"2022-01-28T17:58:21","slug":"dar-de-baja","status":"publish","type":"page","link":"https:\/\/idecesos.com\/seguros\/companias\/banco-targobank\/dar-de-baja\/","title":{"rendered":"\u00bfC\u00f3mo dar de baja seguro Targobank?"},"content":{"rendered":"<div id=\"ez-toc-container\" class=\"ez-toc-v2_0_82_2 ez-toc-wrap-center counter-hierarchy ez-toc-counter ez-toc-custom ez-toc-container-direction\">\n<div class=\"ez-toc-title-container\">\n<p class=\"ez-toc-title\" style=\"cursor:inherit\">Tabla de Contenido<\/p>\n<span class=\"ez-toc-title-toggle\"><a href=\"#\" class=\"ez-toc-pull-right ez-toc-btn ez-toc-btn-xs ez-toc-btn-default ez-toc-toggle\" aria-label=\"Alternar tabla de contenidos\"><span class=\"ez-toc-js-icon-con\"><span class=\"\"><span class=\"eztoc-hide\" style=\"display:none;\">Toggle<\/span><span class=\"ez-toc-icon-toggle-span\"><svg style=\"fill: #db6415;color:#db6415\" xmlns=\"http:\/\/www.w3.org\/2000\/svg\" class=\"list-377408\" width=\"20px\" height=\"20px\" viewBox=\"0 0 24 24\" fill=\"none\"><path d=\"M6 6H4v2h2V6zm14 0H8v2h12V6zM4 11h2v2H4v-2zm16 0H8v2h12v-2zM4 16h2v2H4v-2zm16 0H8v2h12v-2z\" fill=\"currentColor\"><\/path><\/svg><svg style=\"fill: #db6415;color:#db6415\" class=\"arrow-unsorted-368013\" xmlns=\"http:\/\/www.w3.org\/2000\/svg\" width=\"10px\" height=\"10px\" viewBox=\"0 0 24 24\" version=\"1.2\" baseProfile=\"tiny\"><path d=\"M18.2 9.3l-6.2-6.3-6.2 6.3c-.2.2-.3.4-.3.7s.1.5.3.7c.2.2.4.3.7.3h11c.3 0 .5-.1.7-.3.2-.2.3-.5.3-.7s-.1-.5-.3-.7zM5.8 14.7l6.2 6.3 6.2-6.3c.2-.2.3-.5.3-.7s-.1-.5-.3-.7c-.2-.2-.4-.3-.7-.3h-11c-.3 0-.5.1-.7.3-.2.2-.3.5-.3.7s.1.5.3.7z\"\/><\/svg><\/span><\/span><\/span><\/a><\/span><\/div>\n<nav><ul class='ez-toc-list ez-toc-list-level-1 ' ><li class='ez-toc-page-1 ez-toc-heading-level-2'><a class=\"ez-toc-link ez-toc-heading-1\" href=\"https:\/\/idecesos.com\/seguros\/companias\/banco-targobank\/dar-de-baja\/#Diferentes_opciones_para_cancelar_un_contrato_con_Targobank\" >Diferentes opciones para cancelar un contrato con Targobank<\/a><ul class='ez-toc-list-level-3' ><li class='ez-toc-heading-level-3'><a class=\"ez-toc-link ez-toc-heading-2\" href=\"https:\/\/idecesos.com\/seguros\/companias\/banco-targobank\/dar-de-baja\/#A_traves_de_la_web_de_Targobank\" >A trav\u00e9s de la web de Targobank<\/a><\/li><li class='ez-toc-page-1 ez-toc-heading-level-3'><a class=\"ez-toc-link ez-toc-heading-3\" href=\"https:\/\/idecesos.com\/seguros\/companias\/banco-targobank\/dar-de-baja\/#Utilizando_el_correo_electronico_de_Targobank\" >Utilizando el correo electr\u00f3nico de Targobank<\/a><\/li><li class='ez-toc-page-1 ez-toc-heading-level-3'><a class=\"ez-toc-link ez-toc-heading-4\" href=\"https:\/\/idecesos.com\/seguros\/companias\/banco-targobank\/dar-de-baja\/#Dar_de_baja_Targobank_por_fax\" >Dar de baja Targobank por fax<\/a><\/li><li class='ez-toc-page-1 ez-toc-heading-level-3'><a class=\"ez-toc-link ez-toc-heading-5\" href=\"https:\/\/idecesos.com\/seguros\/companias\/banco-targobank\/dar-de-baja\/#En_la_oficina_de_Targobank\" >En la oficina de Targobank<\/a><\/li><li class='ez-toc-page-1 ez-toc-heading-level-3'><a class=\"ez-toc-link ez-toc-heading-6\" href=\"https:\/\/idecesos.com\/seguros\/companias\/banco-targobank\/dar-de-baja\/#Telefono_para_dar_de_baja_Targobank\" >T\u00e9lefono para dar de baja Targobank<\/a><\/li><\/ul><\/li><li class='ez-toc-page-1 ez-toc-heading-level-2'><a class=\"ez-toc-link ez-toc-heading-7\" href=\"https:\/\/idecesos.com\/seguros\/companias\/banco-targobank\/dar-de-baja\/#Dar_de_baja_seguro_Targobank_de_un_fallecido\" >Dar de baja seguro Targobank de un fallecido<\/a><ul class='ez-toc-list-level-3' ><li class='ez-toc-heading-level-3'><a class=\"ez-toc-link ez-toc-heading-8\" href=\"https:\/\/idecesos.com\/seguros\/companias\/banco-targobank\/dar-de-baja\/#Paginas_relacionadas\" >P\u00e1ginas relacionadas<\/a><\/li><\/ul><\/li><\/ul><\/nav><\/div>\n<p> iDecesos ha trabajado para explicarle c\u00f3mo dar de baja un seguro de decesos. A continuaci\u00f3n, expondremos los pasos que debe continuar y, no tendr\u00e1 que preocuparse por nada, es muy sencillo. De este modo, en poqu\u00edsimo tiempo tendr\u00e1s toda la informaci\u00f3n precisa para hacerlo y solucionar su inconveniente. Es fundamental que sepa que, una vez dado de baja su seguro de decesos, es recomendable que busque otro que se adapte a sus necesidades, para tu futura calma y la de tus familiares. Le recordamos ya antes de iniciar que dar es esencial informar a Targobank al menos con treinta d\u00edas de antelaci\u00f3n de la data de renovaci\u00f3n de su seguro para que de esta forma no tenga ning\u00fan problema en el futuro y poder dar de baja su seguro de decesos f\u00e1cilmente. <div class=\"colorf \"  ><div class=\"container clearfix\"><div class=\"col-md-7\"><\/p>\r\n<h2><span class=\"ez-toc-section\" id=\"Diferentes_opciones_para_cancelar_un_contrato_con_Targobank\"><\/span>Diferentes opciones para cancelar un contrato con Targobank<span class=\"ez-toc-section-end\"><\/span><\/h2>\r\n<!-- \/wp:post-content -->\r\n\r\n<!-- wp:paragraph -->\r\n<p>Algo que tienen en com\u00fan todas las compa\u00f1\u00edas es que, piden un documento en el que exponga la baja de su seguro de decesos. El documento de Targobank va a poder conseguirlo poni\u00e9ndose en contacto con nosotros, a trav\u00e9s del mail o bien n\u00famero de tel\u00e9fono. Si bien existan distintas maneras de dar de baja su seguro, al mandar una carta certificada, con el modelo est\u00e1ndar, de cancelaci\u00f3n de su contrato con Targobank, va a deber darlo por inmejorable. Se le aconseja que, no pierda el resguardo del documento y guarde con \u00e9l una copia. Seguidamente, va a poder conocer m\u00e1s m\u00e9todos que le sirva de ayuda para dar de baja su seguro de decesos contratado con Targobank. <\/div><\/div><\/div><\/p>\r\n<h3><span class=\"ez-toc-section\" id=\"A_traves_de_la_web_de_Targobank\"><\/span>A trav\u00e9s de la web de Targobank<span class=\"ez-toc-section-end\"><\/span><\/h3>\r\n<p>Puedes anular tu seguro de fallecimiento de manera directa mediante la compa\u00f1\u00eda del seguro. Tan solo deber\u00e1 poner en su buscador la pr\u00f3xima p\u00e1gina web www.tomamosimpulso.com\/ y poner en su buscador lo que est\u00e1 buscando. Utiliza otra secci\u00f3n en su p\u00e1gina si no hallas el buscador. Para proceder a dar de baja el seguro, tendr\u00e1s que rellenar el formulario que se te indique. Para solucionar otras dudas o bien darte una mayor informaci\u00f3n, ll\u00e1manos al 951 127 403 o bien mediante un email en info@idecesos. com. En caso de que s\u00ed le aparezca lo que busca, tras rellenar y enviar todo lo que le piden, en solo unos minutos va a recibir un documento de Targobank notificando de su baja mediante e-mail y carta. <div class=\"colorf \"  ><div class=\"container clearfix\"><div class=\"col-md-7\"><\/p>\r\n<h3><span class=\"ez-toc-section\" id=\"Utilizando_el_correo_electronico_de_Targobank\"><\/span>Utilizando el correo electr\u00f3nico de Targobank<span class=\"ez-toc-section-end\"><\/span><\/h3>\r\n<p>Si quiere acabar su seguro de decesos Targobank y siente que no le ofrece las mejores condiciones, puede hacerlo a trav\u00e9s de su e mail. Para que la empresa de seguros pueda dar de baja tu seguro de decesos tendr\u00e1s que hacerles llegar una imitaci\u00f3n de tu documento nacional de identidad y el documento firmado con tus datos personales pidiendo la baja. No pierdas de vista la copia sellada y el justificante del recibo por si en un futuro te lo pidiese la compa\u00f1\u00eda aseguradora. Para eludir inconvenientes y sobre todo, para que est\u00e9s m\u00e1s apacible, te invitamos a guardar una imitaci\u00f3n de la notificaci\u00f3n del correo. Env\u00eda a tu compa\u00f1\u00eda por correo electr\u00f3nico el n\u00famero de tu p\u00f3liza ya antes de los 30 d\u00edas del vencimiento del contrato. <\/div><\/div><\/div><\/p>\r\n<h3><span class=\"ez-toc-section\" id=\"Dar_de_baja_Targobank_por_fax\"><\/span>Dar de baja Targobank por fax<span class=\"ez-toc-section-end\"><\/span><\/h3>\r\n<p>Especificando tus datos personales y tu n\u00famero de p\u00f3liza podr\u00e1s pedir la baja de tu seguro de decesos a trav\u00e9s de el fax. Con un mes de antelaci\u00f3n que se cancele su contrato a vencimiento a fin de que no se le pase el recibo de Targobank referente a su p\u00f3liza de decesos y vas a deber anexar en exactamente el mismo folio las dos caras del documento nacional de identidad para que sea efectiva y legal. Toda esta documentaci\u00f3n hay que enviarla marcando el n\u00famero de fax de Targobank. No pierdas ning\u00fan documento por si acaso en un futuro tu compa\u00f1\u00eda aseguradora te lo pidiese. <div class=\"colorf \"  ><div class=\"container clearfix\"><div class=\"col-md-7\"><\/p>\r\n<h3><span class=\"ez-toc-section\" id=\"En_la_oficina_de_Targobank\"><\/span>En la oficina de Targobank<span class=\"ez-toc-section-end\"><\/span><\/h3>\r\n<p>Si prefiere dar de baja su seguro, teniendo contacto directo con los profesionales, va a poder hacerlo acudiendo a las oficinas de Targobank. Hallar\u00e1 la oficina, m\u00e1s cercana a su casa, haciendo una busca en Internet. Los especialistas trabajadores de Targobank le van a ayudar en todo cuanto necesite respecto a los documentos que debe rellenar y firmar. Solo deber\u00e1 continuar, apropiadamente, los pasos que le ordenen. Debe recordar, llevar su documento nacional de identidad, en tanto que es necesario para llenar, agradablemente, el proceso. La finalidad del proceso va a ser rapid\u00edsima y f\u00e1cil, los expertos se ocupar\u00e1n de entregarle copia de cada documento y, concluir de tramitar las gestiones. <\/div><\/div><\/div><\/p>\r\n<h3><span class=\"ez-toc-section\" id=\"Telefono_para_dar_de_baja_Targobank\"><\/span>T\u00e9lefono para dar de baja Targobank<span class=\"ez-toc-section-end\"><\/span><\/h3>\r\n<p>Puedes pedir la baja de tu seguro de fallecimiento a trav\u00e9s del tel\u00e9fono de atenci\u00f3n al cliente de la compa\u00f1\u00eda. Lo m\u00e1s esencial es que asista al n\u00famero que le facilitamos para que sea gratuito y hables con la persona indicada, eludiendo un tour por todos los departamentos de Targobank seguro de decesos. Cuando te atiendan probablemente le grabar\u00e1n la petici\u00f3n de baja con unos factores de seguridad para garantizar que es usted el tomador de la p\u00f3liza y que no debe ning\u00fan recibo a Targobank y que no ha sobrepasado el periodo legal. Para facilitarte la labor, vas a poder acceder a iDecesos y pedir la baja de tu seguro de decesos con solo solicitar una autorizaci\u00f3n legal. <div class=\"colorf \"  ><div class=\"container clearfix\"><div class=\"col-md-7\"><\/p>\r\n<h2><span class=\"ez-toc-section\" id=\"Dar_de_baja_seguro_Targobank_de_un_fallecido\"><\/span>Dar de baja seguro Targobank de un fallecido<span class=\"ez-toc-section-end\"><\/span><\/h2>\r\n<p>Si no conoces c\u00f3mo puedes dar de baja tu seguro tras el fallecimiento del asegurado, te lo explicaremos. Es considerablemente m\u00e1s simple de lo que piensas, por lo que no tendr\u00e1s que preocuparte por nada. Es la propia compa\u00f1\u00eda de seguros la que proceder\u00e1 a dar la baja del seguro de decesos de la persona asegurada tras su fallecimiento. <\/div><\/div><\/div> <div class=\"oficinas\"> <h3><span class=\"ez-toc-section\" id=\"Paginas_relacionadas\"><\/span>P\u00e1ginas relacionadas<span class=\"ez-toc-section-end\"><\/span><\/h3><div class=\"enlazado\"><ul> <li><a href=\"https:\/\/idecesos.com\/seguros\/companias\/banco-targobank\/opiniones\/\">Opiniones Targobank<\/a><\/li> <li><a href=\"https:\/\/idecesos.com\/seguros\/companias\/banco-targobank\/precio\/\">Precio seguro Targobank<\/a><\/li> <li><a href=\"https:\/\/idecesos.com\/seguros\/companias\/banco-targobank\/prima-mixta\/\">Targobank Prima Mixta<\/a><\/li> <li><a href=\"https:\/\/idecesos.com\/seguros\/companias\/banco-targobank\/prima-natural\/\">Targobank Prima Natural<\/a><\/li> <li><a href=\"https:\/\/idecesos.com\/seguros\/companias\/banco-targobank\/prima-nivelada\/\">Targobank Prima Nivelada<\/a><\/li> <li><a href=\"https:\/\/idecesos.com\/seguros\/companias\/banco-targobank\/prima-unica\/\">Targobank Prima \u00danica<\/a><\/li> <li><a href=\"https:\/\/idecesos.com\/seguros\/companias\/banco-targobank\/repatriacion\/\">Targobank Repatriaci\u00f3n<\/a><\/li> <li><a href=\"https:\/\/idecesos.com\/seguros\/companias\/banco-targobank\/telefono\/\">Tel\u00e9fono Gratuito Targobank<\/a><\/li><\/ul><\/div> <\/div><\/p>","protected":false},"excerpt":{"rendered":"<p>iDecesos ha trabajado para explicarle c\u00f3mo dar de baja un seguro de decesos. A continuaci\u00f3n, expondremos los pasos que debe continuar y, no tendr\u00e1 que preocuparse por nada, es muy sencillo. De este modo, en poqu\u00edsimo tiempo tendr\u00e1s toda la informaci\u00f3n precisa para hacerlo y solucionar su inconveniente. Es fundamental que sepa que, una vez&hellip; <\/p>\n","protected":false},"author":1,"featured_media":0,"parent":279,"menu_order":0,"comment_status":"closed","ping_status":"closed","template":"single.php","meta":{"footnotes":""},"class_list":["post-18196","page","type-page","status-publish","hentry"],"yoast_head":"<!-- This site is optimized with the Yoast SEO plugin v27.3 - https:\/\/yoast.com\/product\/yoast-seo-wordpress\/ -->\n<title>\u00bfC\u00f3mo dar de Baja o Cancelar Seguro de Decesos Targobank?<\/title>\n<meta name=\"description\" content=\"Obt\u00e9n aqu\u00ed\u3010c\u00f3mo dar de baja o cancelar seguro de decesos Targobank\u3011Modelo carta, fax, correo electr\u00f3nico (email), tel\u00e9fono gratis.\" \/>\n<meta name=\"robots\" content=\"index, follow, max-snippet:-1, max-image-preview:large, max-video-preview:-1\" \/>\n<link rel=\"canonical\" href=\"https:\/\/idecesos.com\/seguros\/companias\/banco-targobank\/dar-de-baja\/\" \/>\n<meta property=\"og:locale\" content=\"es_ES\" \/>\n<meta property=\"og:type\" content=\"article\" \/>\n<meta property=\"og:title\" content=\"\u00bfC\u00f3mo dar de Baja o Cancelar Seguro de Decesos Targobank?\" \/>\n<meta property=\"og:description\" content=\"Obt\u00e9n aqu\u00ed\u3010c\u00f3mo dar de baja o cancelar seguro de decesos Targobank\u3011Modelo carta, fax, correo electr\u00f3nico (email), tel\u00e9fono gratis.\" \/>\n<meta property=\"og:url\" content=\"https:\/\/idecesos.com\/seguros\/companias\/banco-targobank\/dar-de-baja\/\" \/>\n<meta property=\"article:modified_time\" content=\"2022-01-28T17:58:21+00:00\" \/>\n<meta name=\"twitter:card\" content=\"summary_large_image\" \/>\n<meta name=\"twitter:label1\" content=\"Tiempo de lectura\" \/>\n\t<meta name=\"twitter:data1\" content=\"5 minutos\" \/>\n<script type=\"application\/ld+json\" class=\"yoast-schema-graph\">{\"@context\":\"https:\\\/\\\/schema.org\",\"@graph\":[{\"@type\":\"WebPage\",\"@id\":\"https:\\\/\\\/idecesos.com\\\/seguros\\\/companias\\\/banco-targobank\\\/dar-de-baja\\\/\",\"url\":\"https:\\\/\\\/idecesos.com\\\/seguros\\\/companias\\\/banco-targobank\\\/dar-de-baja\\\/\",\"name\":\"\u00bfC\u00f3mo dar de Baja o Cancelar Seguro de Decesos Targobank?\",\"isPartOf\":{\"@id\":\"https:\\\/\\\/idecesos.com\\\/seguros\\\/#website\"},\"datePublished\":\"2021-12-29T11:53:00+00:00\",\"dateModified\":\"2022-01-28T17:58:21+00:00\",\"description\":\"Obt\u00e9n aqu\u00ed\u3010c\u00f3mo dar de baja o cancelar seguro de decesos Targobank\u3011Modelo carta, fax, correo electr\u00f3nico (email), tel\u00e9fono gratis.\",\"breadcrumb\":{\"@id\":\"https:\\\/\\\/idecesos.com\\\/seguros\\\/companias\\\/banco-targobank\\\/dar-de-baja\\\/#breadcrumb\"},\"inLanguage\":\"es\",\"potentialAction\":[{\"@type\":\"ReadAction\",\"target\":[\"https:\\\/\\\/idecesos.com\\\/seguros\\\/companias\\\/banco-targobank\\\/dar-de-baja\\\/\"]}]},{\"@type\":\"BreadcrumbList\",\"@id\":\"https:\\\/\\\/idecesos.com\\\/seguros\\\/companias\\\/banco-targobank\\\/dar-de-baja\\\/#breadcrumb\",\"itemListElement\":[{\"@type\":\"ListItem\",\"position\":1,\"name\":\"Portada\",\"item\":\"https:\\\/\\\/idecesos.com\\\/seguros\\\/\"},{\"@type\":\"ListItem\",\"position\":2,\"name\":\"Compa\u00f1\u00edas de Seguros de Decesos en Espa\u00f1a\",\"item\":\"https:\\\/\\\/idecesos.com\\\/seguros\\\/companias\\\/\"},{\"@type\":\"ListItem\",\"position\":3,\"name\":\"Seguro de decesos Targobank\",\"item\":\"https:\\\/\\\/idecesos.com\\\/seguros\\\/companias\\\/banco-targobank\\\/\"},{\"@type\":\"ListItem\",\"position\":4,\"name\":\"\u00bfC\u00f3mo dar de baja seguro Targobank?\"}]},{\"@type\":\"WebSite\",\"@id\":\"https:\\\/\\\/idecesos.com\\\/seguros\\\/#website\",\"url\":\"https:\\\/\\\/idecesos.com\\\/seguros\\\/\",\"name\":\"\",\"description\":\"\",\"potentialAction\":[{\"@type\":\"SearchAction\",\"target\":{\"@type\":\"EntryPoint\",\"urlTemplate\":\"https:\\\/\\\/idecesos.com\\\/seguros\\\/?s={search_term_string}\"},\"query-input\":{\"@type\":\"PropertyValueSpecification\",\"valueRequired\":true,\"valueName\":\"search_term_string\"}}],\"inLanguage\":\"es\"}]}<\/script>\n<!-- \/ Yoast SEO plugin. -->","yoast_head_json":{"title":"\u00bfC\u00f3mo dar de Baja o Cancelar Seguro de Decesos Targobank?","description":"Obt\u00e9n aqu\u00ed\u3010c\u00f3mo dar de baja o cancelar seguro de decesos Targobank\u3011Modelo carta, fax, correo electr\u00f3nico (email), tel\u00e9fono gratis.","robots":{"index":"index","follow":"follow","max-snippet":"max-snippet:-1","max-image-preview":"max-image-preview:large","max-video-preview":"max-video-preview:-1"},"canonical":"https:\/\/idecesos.com\/seguros\/companias\/banco-targobank\/dar-de-baja\/","og_locale":"es_ES","og_type":"article","og_title":"\u00bfC\u00f3mo dar de Baja o Cancelar Seguro de Decesos Targobank?","og_description":"Obt\u00e9n aqu\u00ed\u3010c\u00f3mo dar de baja o cancelar seguro de decesos Targobank\u3011Modelo carta, fax, correo electr\u00f3nico (email), tel\u00e9fono gratis.","og_url":"https:\/\/idecesos.com\/seguros\/companias\/banco-targobank\/dar-de-baja\/","article_modified_time":"2022-01-28T17:58:21+00:00","twitter_card":"summary_large_image","twitter_misc":{"Tiempo de lectura":"5 minutos"},"schema":{"@context":"https:\/\/schema.org","@graph":[{"@type":"WebPage","@id":"https:\/\/idecesos.com\/seguros\/companias\/banco-targobank\/dar-de-baja\/","url":"https:\/\/idecesos.com\/seguros\/companias\/banco-targobank\/dar-de-baja\/","name":"\u00bfC\u00f3mo dar de Baja o Cancelar Seguro de Decesos Targobank?","isPartOf":{"@id":"https:\/\/idecesos.com\/seguros\/#website"},"datePublished":"2021-12-29T11:53:00+00:00","dateModified":"2022-01-28T17:58:21+00:00","description":"Obt\u00e9n aqu\u00ed\u3010c\u00f3mo dar de baja o cancelar seguro de decesos Targobank\u3011Modelo carta, fax, correo electr\u00f3nico (email), tel\u00e9fono gratis.","breadcrumb":{"@id":"https:\/\/idecesos.com\/seguros\/companias\/banco-targobank\/dar-de-baja\/#breadcrumb"},"inLanguage":"es","potentialAction":[{"@type":"ReadAction","target":["https:\/\/idecesos.com\/seguros\/companias\/banco-targobank\/dar-de-baja\/"]}]},{"@type":"BreadcrumbList","@id":"https:\/\/idecesos.com\/seguros\/companias\/banco-targobank\/dar-de-baja\/#breadcrumb","itemListElement":[{"@type":"ListItem","position":1,"name":"Portada","item":"https:\/\/idecesos.com\/seguros\/"},{"@type":"ListItem","position":2,"name":"Compa\u00f1\u00edas de Seguros de Decesos en Espa\u00f1a","item":"https:\/\/idecesos.com\/seguros\/companias\/"},{"@type":"ListItem","position":3,"name":"Seguro de decesos Targobank","item":"https:\/\/idecesos.com\/seguros\/companias\/banco-targobank\/"},{"@type":"ListItem","position":4,"name":"\u00bfC\u00f3mo dar de baja seguro Targobank?"}]},{"@type":"WebSite","@id":"https:\/\/idecesos.com\/seguros\/#website","url":"https:\/\/idecesos.com\/seguros\/","name":"","description":"","potentialAction":[{"@type":"SearchAction","target":{"@type":"EntryPoint","urlTemplate":"https:\/\/idecesos.com\/seguros\/?s={search_term_string}"},"query-input":{"@type":"PropertyValueSpecification","valueRequired":true,"valueName":"search_term_string"}}],"inLanguage":"es"}]}},"_links":{"self":[{"href":"https:\/\/idecesos.com\/seguros\/wp-json\/wp\/v2\/pages\/18196","targetHints":{"allow":["GET"]}}],"collection":[{"href":"https:\/\/idecesos.com\/seguros\/wp-json\/wp\/v2\/pages"}],"about":[{"href":"https:\/\/idecesos.com\/seguros\/wp-json\/wp\/v2\/types\/page"}],"author":[{"embeddable":true,"href":"https:\/\/idecesos.com\/seguros\/wp-json\/wp\/v2\/users\/1"}],"replies":[{"embeddable":true,"href":"https:\/\/idecesos.com\/seguros\/wp-json\/wp\/v2\/comments?post=18196"}],"version-history":[{"count":1,"href":"https:\/\/idecesos.com\/seguros\/wp-json\/wp\/v2\/pages\/18196\/revisions"}],"predecessor-version":[{"id":19113,"href":"https:\/\/idecesos.com\/seguros\/wp-json\/wp\/v2\/pages\/18196\/revisions\/19113"}],"up":[{"embeddable":true,"href":"https:\/\/idecesos.com\/seguros\/wp-json\/wp\/v2\/pages\/279"}],"wp:attachment":[{"href":"https:\/\/idecesos.com\/seguros\/wp-json\/wp\/v2\/media?parent=18196"}],"curies":[{"name":"wp","href":"https:\/\/api.w.org\/{rel}","templated":true}]}}