{"id":18197,"date":"2021-12-29T11:53:01","date_gmt":"2021-12-29T11:53:01","guid":{"rendered":"https:\/\/idecesos.com\/seguros\/companias\/banco-alcala\/dar-de-baja\/"},"modified":"2022-01-27T16:26:35","modified_gmt":"2022-01-27T16:26:35","slug":"dar-de-baja","status":"publish","type":"page","link":"https:\/\/idecesos.com\/seguros\/companias\/banco-alcala\/dar-de-baja\/","title":{"rendered":"\u00bfC\u00f3mo dar de baja seguro Banco Alcala?"},"content":{"rendered":"<div id=\"ez-toc-container\" class=\"ez-toc-v2_0_82_2 ez-toc-wrap-center counter-hierarchy ez-toc-counter ez-toc-custom ez-toc-container-direction\">\n<div class=\"ez-toc-title-container\">\n<p class=\"ez-toc-title\" style=\"cursor:inherit\">Tabla de Contenido<\/p>\n<span class=\"ez-toc-title-toggle\"><a href=\"#\" class=\"ez-toc-pull-right ez-toc-btn ez-toc-btn-xs ez-toc-btn-default ez-toc-toggle\" aria-label=\"Alternar tabla de contenidos\"><span class=\"ez-toc-js-icon-con\"><span class=\"\"><span class=\"eztoc-hide\" style=\"display:none;\">Toggle<\/span><span class=\"ez-toc-icon-toggle-span\"><svg style=\"fill: #db6415;color:#db6415\" xmlns=\"http:\/\/www.w3.org\/2000\/svg\" class=\"list-377408\" width=\"20px\" height=\"20px\" viewBox=\"0 0 24 24\" fill=\"none\"><path d=\"M6 6H4v2h2V6zm14 0H8v2h12V6zM4 11h2v2H4v-2zm16 0H8v2h12v-2zM4 16h2v2H4v-2zm16 0H8v2h12v-2z\" fill=\"currentColor\"><\/path><\/svg><svg style=\"fill: #db6415;color:#db6415\" class=\"arrow-unsorted-368013\" xmlns=\"http:\/\/www.w3.org\/2000\/svg\" width=\"10px\" height=\"10px\" viewBox=\"0 0 24 24\" version=\"1.2\" baseProfile=\"tiny\"><path d=\"M18.2 9.3l-6.2-6.3-6.2 6.3c-.2.2-.3.4-.3.7s.1.5.3.7c.2.2.4.3.7.3h11c.3 0 .5-.1.7-.3.2-.2.3-.5.3-.7s-.1-.5-.3-.7zM5.8 14.7l6.2 6.3 6.2-6.3c.2-.2.3-.5.3-.7s-.1-.5-.3-.7c-.2-.2-.4-.3-.7-.3h-11c-.3 0-.5.1-.7.3-.2.2-.3.5-.3.7s.1.5.3.7z\"\/><\/svg><\/span><\/span><\/span><\/a><\/span><\/div>\n<nav><ul class='ez-toc-list ez-toc-list-level-1 ' ><li class='ez-toc-page-1 ez-toc-heading-level-2'><a class=\"ez-toc-link ez-toc-heading-1\" href=\"https:\/\/idecesos.com\/seguros\/companias\/banco-alcala\/dar-de-baja\/#Diferentes_opciones_para_cancelar_un_contrato_con_Banco_Alcala\" >Diferentes opciones para cancelar un contrato con Banco Alcala<\/a><ul class='ez-toc-list-level-3' ><li class='ez-toc-heading-level-3'><a class=\"ez-toc-link ez-toc-heading-2\" href=\"https:\/\/idecesos.com\/seguros\/companias\/banco-alcala\/dar-de-baja\/#A_traves_de_la_web_de_Banco_Alcala\" >A trav\u00e9s de la web de Banco Alcala<\/a><\/li><li class='ez-toc-page-1 ez-toc-heading-level-3'><a class=\"ez-toc-link ez-toc-heading-3\" href=\"https:\/\/idecesos.com\/seguros\/companias\/banco-alcala\/dar-de-baja\/#Utilizando_el_correo_electronico_de_Banco_Alcala\" >Utilizando el correo electr\u00f3nico de Banco Alcala<\/a><\/li><li class='ez-toc-page-1 ez-toc-heading-level-3'><a class=\"ez-toc-link ez-toc-heading-4\" href=\"https:\/\/idecesos.com\/seguros\/companias\/banco-alcala\/dar-de-baja\/#Dar_de_baja_Banco_Alcala_por_fax\" >Dar de baja Banco Alcala por fax<\/a><\/li><li class='ez-toc-page-1 ez-toc-heading-level-3'><a class=\"ez-toc-link ez-toc-heading-5\" href=\"https:\/\/idecesos.com\/seguros\/companias\/banco-alcala\/dar-de-baja\/#En_la_oficina_de_Banco_Alcala\" >En la oficina de Banco Alcala<\/a><\/li><li class='ez-toc-page-1 ez-toc-heading-level-3'><a class=\"ez-toc-link ez-toc-heading-6\" href=\"https:\/\/idecesos.com\/seguros\/companias\/banco-alcala\/dar-de-baja\/#Telefono_para_dar_de_baja_Banco_Alcala\" >T\u00e9lefono para dar de baja Banco Alcala<\/a><\/li><\/ul><\/li><li class='ez-toc-page-1 ez-toc-heading-level-2'><a class=\"ez-toc-link ez-toc-heading-7\" href=\"https:\/\/idecesos.com\/seguros\/companias\/banco-alcala\/dar-de-baja\/#Dar_de_baja_seguro_Banco_Alcala_de_un_fallecido\" >Dar de baja seguro Banco Alcala de un fallecido<\/a><ul class='ez-toc-list-level-3' ><li class='ez-toc-heading-level-3'><a class=\"ez-toc-link ez-toc-heading-8\" href=\"https:\/\/idecesos.com\/seguros\/companias\/banco-alcala\/dar-de-baja\/#Paginas_relacionadas\" >P\u00e1ginas relacionadas<\/a><\/li><\/ul><\/li><\/ul><\/nav><\/div>\n<p> Es muy f\u00e1cil dar de baja tu seguro con tan solo continuar los pasos que te mostramos a continuaci\u00f3n. Hay que empezar por revisar su factura o contrato de seguro de decesos, ah\u00ed hallar\u00e1 los datos de Banco Alcala a la que pertenece su seguro de decesos. Cuando sepas la informaci\u00f3n de tu compa\u00f1\u00eda, vas a poder conocer su direcci\u00f3n de forma m\u00e1s precisa merced a internet. Tras obtener la direcci\u00f3n de la compa\u00f1\u00eda, debe llamar al tel\u00e9fono de atenci\u00f3n al cliente para poder dar de baja su seguro de decesos. Tras contactar con atenci\u00f3n al usuario, puedes solicitar la baja mediante tel\u00e9fono o correo. Comunica a tu aseguradora tu deseo de darte de baja de su seguro de decesos. <div class=\"colorf \"  ><div class=\"container clearfix\"><div class=\"col-md-7\"><\/p>\r\n<h2><span class=\"ez-toc-section\" id=\"Diferentes_opciones_para_cancelar_un_contrato_con_Banco_Alcala\"><\/span>Diferentes opciones para cancelar un contrato con Banco Alcala<span class=\"ez-toc-section-end\"><\/span><\/h2>\r\n<!-- \/wp:post-content -->\r\n\r\n<!-- wp:paragraph -->\r\n<p>Hay diferentes opciones basadas en las experiencias de los clientes que decidieron dar de baja su seguro de decesos. Para darse de baja de un seguro de fallecimiento hay muchas opciones comunes en todas y cada una de las compa\u00f1\u00edas de seguros. Si no quieres perder el tiempo haciendo llamadas a tu empresa aseguradora para poder anular el seguro, te invitamos a que acudas directamente a una oficina y entregues el formulario de cancelaci\u00f3n en papel. Puedes ponerte en contacto con nosotros si deseas cancelar tu seguro de decesos de forma telef\u00f3nica. <\/div><\/div><\/div><\/p>\r\n<h3><span class=\"ez-toc-section\" id=\"A_traves_de_la_web_de_Banco_Alcala\"><\/span>A trav\u00e9s de la web de Banco Alcala<span class=\"ez-toc-section-end\"><\/span><\/h3>\r\n<p>Un m\u00e9todo alternativo para dar de baja su seguro en Banco Alcala es a trav\u00e9s de su p\u00e1gina web creand.es\/. Solo vas a deber preguntar al buscador de su p\u00e1gina web lo que desees saber o bien, entrar en su secci\u00f3n de bajas. Despu\u00e9s prosiga los pasos que le indican y podr\u00e1 darse de baja de sus servicios, o rellenando el formulario que le se\u00f1alan o baj\u00e1ndose el documento que Banco Alcala le da. Puede llamar al n\u00famero de tel\u00e9fono 91 175 07 00\u00a0o bien mandar un correo a esta direcci\u00f3n email Banco Alcala, si ocurre alguna incidencia en el proceso. Por el contrario, si sale todo bien, recibir\u00e1 instant\u00e1neamente un correo por la parte de la compa\u00f1\u00eda, con la confirmaci\u00f3n de baja de su seguro. <div class=\"colorf \"  ><div class=\"container clearfix\"><div class=\"col-md-7\"><\/p>\r\n<h3><span class=\"ez-toc-section\" id=\"Utilizando_el_correo_electronico_de_Banco_Alcala\"><\/span>Utilizando el correo electr\u00f3nico de Banco Alcala<span class=\"ez-toc-section-end\"><\/span><\/h3>\r\n<p>Puedes ponerte en contacto con tu compa\u00f1\u00eda de seguros por correo si quieres concluir un contrato de tu seguro de decesos con ellos. Para poder pedir la baja del seguro de decesos a tu compa\u00f1\u00eda, tendr\u00e1s que mandarle por correo electr\u00f3nico una imitaci\u00f3n de tu DNI y el documento firmado donde se solicite la baja. Deber\u00e1 guardar una copia sellada y tener un justificante de recibo a fin de que su ejecuci\u00f3n pueda llevarse a cabo. Otros documentos que no puedes perder es la copia de la notificaci\u00f3n del correo con la fecha escrita de cuando se envi\u00f3. Manda a tu compa\u00f1\u00eda por email el n\u00famero de tu p\u00f3liza ya antes de los 30 d\u00edas del vencimiento del contrato. <\/div><\/div><\/div><\/p>\r\n<h3><span class=\"ez-toc-section\" id=\"Dar_de_baja_Banco_Alcala_por_fax\"><\/span>Dar de baja Banco Alcala por fax<span class=\"ez-toc-section-end\"><\/span><\/h3>\r\n<p>La baja con Banco Alcala v\u00eda fax es muy similar a la de mail, sencillamente debes remitir los datos personales del tomador de la p\u00f3liza o bien contratante e se\u00f1alando con el n\u00famero de p\u00f3liza. Deber\u00e1s efectuar todos y cada uno de los tr\u00e1mites antes de que termine el contrato de tu seguro de decesos y tambi\u00e9n incluir la parte delantera y trasera de tu documento de identidad. Tendr\u00e1s que enviar todos y cada uno de los datos al fax de la compa\u00f1\u00eda. No pierdas ning\u00fan documento por si en un futuro tu compa\u00f1\u00eda aseguradora te lo solicitase. <div class=\"colorf \"  ><div class=\"container clearfix\"><div class=\"col-md-7\"><\/p>\r\n<h3><span class=\"ez-toc-section\" id=\"En_la_oficina_de_Banco_Alcala\"><\/span>En la oficina de Banco Alcala<span class=\"ez-toc-section-end\"><\/span><\/h3>\r\n<p>Si tienes alguna duda, te invitamos a que asistas a la oficina de tu compa\u00f1\u00eda para que puedas realizar la baja de tu seguro y sus agentes te aconsejen personalmente. Si tienes claro de que deseas anular tu seguro de decesos, tendr\u00e1s que dejarlo por escrito adjuntando una imitaci\u00f3n de tu documento nacional de identidad. En la oficina te aplicar\u00e1n un sello con la data del d\u00eda. En el momento en que te ponen el sello, se entiende que todos y cada uno de los recibos entregados se han realizado de forma correcta. En comparaci\u00f3n con tiempo la fecha certifica que ha solicitado su ca\u00edda como cliente en el periodo establecido por la Ley General de Seguros (m\u00ednimo un mes de antelaci\u00f3n). <\/div><\/div><\/div><\/p>\r\n<h3><span class=\"ez-toc-section\" id=\"Telefono_para_dar_de_baja_Banco_Alcala\"><\/span>T\u00e9lefono para dar de baja Banco Alcala<span class=\"ez-toc-section-end\"><\/span><\/h3>\r\n<p>Dar de baja su seguro de decesos por tel\u00e9fono, ser\u00e1 tan f\u00e1cil como seguir apropiadamente los pasos que le indiquen los trabajadores especialistas de Banco Alcala. Para esto, va a deber buscar en la red de redes el n\u00famero de contacto correcto o bien llamar de manera directa a este n\u00famero de tel\u00e9fono 91 175 07 00. Si prosigue los pasos indicados, adecuadamente, en escaso tiempo tendr\u00e1 solucionado cada aspecto de su seguro de baja y, los profesionales, van a cerrar los tr\u00e1mites, de manera \u00f3ptima, para su calma. <div class=\"colorf \"  ><div class=\"container clearfix\"><div class=\"col-md-7\"><\/p>\r\n<h2><span class=\"ez-toc-section\" id=\"Dar_de_baja_seguro_Banco_Alcala_de_un_fallecido\"><\/span>Dar de baja seguro Banco Alcala de un fallecido<span class=\"ez-toc-section-end\"><\/span><\/h2>\r\n<p>Por \u00faltimo, le daremos las claves para que sepa de qu\u00e9 forma puede dar de baja el seguro, si la persona asegurada ha fallecido. Debido a la ausencia de la persona que ha contratado el seguro, puede parecer bastante dif\u00edcil su baja mas, con nosotros, va a ser considerablemente m\u00e1s simple de lo que parece. No tiene que preocuparse por nada ni hacer ninguno de los tr\u00e1mites que le hemos explicado anteriormente. En el instante que muera el asegurado\/a, Banco Alcala anular\u00e1 inmediatamente su seguro. Para la calma de sus familiares, cuando ocurra el fallecimiento del ser querido, la compa\u00f1\u00eda se har\u00e1 cargo de todos los tr\u00e1mites necesarios. <\/div><\/div><\/div> <div class=\"oficinas\"> <h3><span class=\"ez-toc-section\" id=\"Paginas_relacionadas\"><\/span>P\u00e1ginas relacionadas<span class=\"ez-toc-section-end\"><\/span><\/h3><div class=\"enlazado\"><ul> <li><a href=\"https:\/\/idecesos.com\/seguros\/companias\/banco-alcala\/opiniones\/\">Opiniones Banco Alcal\u00e1<\/a><\/li> <li><a href=\"https:\/\/idecesos.com\/seguros\/companias\/banco-alcala\/precio\/\">Precio seguro Banco Alcala<\/a><\/li> <li><a href=\"https:\/\/idecesos.com\/seguros\/companias\/banco-alcala\/prima-mixta\/\">Banco Alcala Prima Mixta<\/a><\/li> <li><a href=\"https:\/\/idecesos.com\/seguros\/companias\/banco-alcala\/prima-natural\/\">Banco Alcala Prima Natural<\/a><\/li> <li><a href=\"https:\/\/idecesos.com\/seguros\/companias\/banco-alcala\/prima-nivelada\/\">Banco Alcala Prima Nivelada<\/a><\/li> <li><a href=\"https:\/\/idecesos.com\/seguros\/companias\/banco-alcala\/prima-unica\/\">Banco Alcala Prima \u00danica<\/a><\/li> <li><a href=\"https:\/\/idecesos.com\/seguros\/companias\/banco-alcala\/repatriacion\/\">Banco Alcala Repatriaci\u00f3n<\/a><\/li> <li><a href=\"https:\/\/idecesos.com\/seguros\/companias\/banco-alcala\/telefono\/\">Tel\u00e9fono Gratuito Banco Alcala<\/a><\/li><\/ul><\/div> <\/div><\/p>","protected":false},"excerpt":{"rendered":"<p>Es muy f\u00e1cil dar de baja tu seguro con tan solo continuar los pasos que te mostramos a continuaci\u00f3n. Hay que empezar por revisar su factura o contrato de seguro de decesos, ah\u00ed hallar\u00e1 los datos de Banco Alcala a la que pertenece su seguro de decesos. Cuando sepas la informaci\u00f3n de tu compa\u00f1\u00eda, vas&hellip; <\/p>\n","protected":false},"author":1,"featured_media":0,"parent":281,"menu_order":0,"comment_status":"closed","ping_status":"closed","template":"single.php","meta":{"footnotes":""},"class_list":["post-18197","page","type-page","status-publish","hentry"],"yoast_head":"<!-- This site is optimized with the Yoast SEO plugin v27.3 - https:\/\/yoast.com\/product\/yoast-seo-wordpress\/ -->\n<title>\u00bfC\u00f3mo dar de Baja o Cancelar Seguro de Decesos Banco Alcala?<\/title>\n<meta name=\"description\" content=\"Obt\u00e9n aqu\u00ed\u3010c\u00f3mo dar de baja o cancelar seguro de decesos Banco Alcala\u3011Modelo carta, fax, correo electr\u00f3nico (email), tel\u00e9fono gratis.\" \/>\n<meta name=\"robots\" content=\"index, follow, max-snippet:-1, max-image-preview:large, max-video-preview:-1\" \/>\n<link rel=\"canonical\" href=\"https:\/\/idecesos.com\/seguros\/companias\/banco-alcala\/dar-de-baja\/\" \/>\n<meta property=\"og:locale\" content=\"es_ES\" \/>\n<meta property=\"og:type\" content=\"article\" \/>\n<meta property=\"og:title\" content=\"\u00bfC\u00f3mo dar de Baja o Cancelar Seguro de Decesos Banco Alcala?\" \/>\n<meta property=\"og:description\" content=\"Obt\u00e9n aqu\u00ed\u3010c\u00f3mo dar de baja o cancelar seguro de decesos Banco Alcala\u3011Modelo carta, fax, correo electr\u00f3nico (email), tel\u00e9fono gratis.\" \/>\n<meta property=\"og:url\" content=\"https:\/\/idecesos.com\/seguros\/companias\/banco-alcala\/dar-de-baja\/\" \/>\n<meta property=\"article:modified_time\" content=\"2022-01-27T16:26:35+00:00\" \/>\n<meta name=\"twitter:card\" content=\"summary_large_image\" \/>\n<meta name=\"twitter:label1\" content=\"Tiempo de lectura\" \/>\n\t<meta name=\"twitter:data1\" content=\"5 minutos\" \/>\n<script type=\"application\/ld+json\" class=\"yoast-schema-graph\">{\"@context\":\"https:\\\/\\\/schema.org\",\"@graph\":[{\"@type\":\"WebPage\",\"@id\":\"https:\\\/\\\/idecesos.com\\\/seguros\\\/companias\\\/banco-alcala\\\/dar-de-baja\\\/\",\"url\":\"https:\\\/\\\/idecesos.com\\\/seguros\\\/companias\\\/banco-alcala\\\/dar-de-baja\\\/\",\"name\":\"\u00bfC\u00f3mo dar de Baja o Cancelar Seguro de Decesos Banco Alcala?\",\"isPartOf\":{\"@id\":\"https:\\\/\\\/idecesos.com\\\/seguros\\\/#website\"},\"datePublished\":\"2021-12-29T11:53:01+00:00\",\"dateModified\":\"2022-01-27T16:26:35+00:00\",\"description\":\"Obt\u00e9n aqu\u00ed\u3010c\u00f3mo dar de baja o cancelar seguro de decesos Banco Alcala\u3011Modelo carta, fax, correo electr\u00f3nico (email), tel\u00e9fono gratis.\",\"breadcrumb\":{\"@id\":\"https:\\\/\\\/idecesos.com\\\/seguros\\\/companias\\\/banco-alcala\\\/dar-de-baja\\\/#breadcrumb\"},\"inLanguage\":\"es\",\"potentialAction\":[{\"@type\":\"ReadAction\",\"target\":[\"https:\\\/\\\/idecesos.com\\\/seguros\\\/companias\\\/banco-alcala\\\/dar-de-baja\\\/\"]}]},{\"@type\":\"BreadcrumbList\",\"@id\":\"https:\\\/\\\/idecesos.com\\\/seguros\\\/companias\\\/banco-alcala\\\/dar-de-baja\\\/#breadcrumb\",\"itemListElement\":[{\"@type\":\"ListItem\",\"position\":1,\"name\":\"Portada\",\"item\":\"https:\\\/\\\/idecesos.com\\\/seguros\\\/\"},{\"@type\":\"ListItem\",\"position\":2,\"name\":\"Compa\u00f1\u00edas de Seguros de Decesos en Espa\u00f1a\",\"item\":\"https:\\\/\\\/idecesos.com\\\/seguros\\\/companias\\\/\"},{\"@type\":\"ListItem\",\"position\":3,\"name\":\"Seguro de decesos Banco Alcal\u00e1\",\"item\":\"https:\\\/\\\/idecesos.com\\\/seguros\\\/companias\\\/banco-alcala\\\/\"},{\"@type\":\"ListItem\",\"position\":4,\"name\":\"\u00bfC\u00f3mo dar de baja seguro Banco Alcala?\"}]},{\"@type\":\"WebSite\",\"@id\":\"https:\\\/\\\/idecesos.com\\\/seguros\\\/#website\",\"url\":\"https:\\\/\\\/idecesos.com\\\/seguros\\\/\",\"name\":\"\",\"description\":\"\",\"potentialAction\":[{\"@type\":\"SearchAction\",\"target\":{\"@type\":\"EntryPoint\",\"urlTemplate\":\"https:\\\/\\\/idecesos.com\\\/seguros\\\/?s={search_term_string}\"},\"query-input\":{\"@type\":\"PropertyValueSpecification\",\"valueRequired\":true,\"valueName\":\"search_term_string\"}}],\"inLanguage\":\"es\"}]}<\/script>\n<!-- \/ Yoast SEO plugin. -->","yoast_head_json":{"title":"\u00bfC\u00f3mo dar de Baja o Cancelar Seguro de Decesos Banco Alcala?","description":"Obt\u00e9n aqu\u00ed\u3010c\u00f3mo dar de baja o cancelar seguro de decesos Banco Alcala\u3011Modelo carta, fax, correo electr\u00f3nico (email), tel\u00e9fono gratis.","robots":{"index":"index","follow":"follow","max-snippet":"max-snippet:-1","max-image-preview":"max-image-preview:large","max-video-preview":"max-video-preview:-1"},"canonical":"https:\/\/idecesos.com\/seguros\/companias\/banco-alcala\/dar-de-baja\/","og_locale":"es_ES","og_type":"article","og_title":"\u00bfC\u00f3mo dar de Baja o Cancelar Seguro de Decesos Banco Alcala?","og_description":"Obt\u00e9n aqu\u00ed\u3010c\u00f3mo dar de baja o cancelar seguro de decesos Banco Alcala\u3011Modelo carta, fax, correo electr\u00f3nico (email), tel\u00e9fono gratis.","og_url":"https:\/\/idecesos.com\/seguros\/companias\/banco-alcala\/dar-de-baja\/","article_modified_time":"2022-01-27T16:26:35+00:00","twitter_card":"summary_large_image","twitter_misc":{"Tiempo de lectura":"5 minutos"},"schema":{"@context":"https:\/\/schema.org","@graph":[{"@type":"WebPage","@id":"https:\/\/idecesos.com\/seguros\/companias\/banco-alcala\/dar-de-baja\/","url":"https:\/\/idecesos.com\/seguros\/companias\/banco-alcala\/dar-de-baja\/","name":"\u00bfC\u00f3mo dar de Baja o Cancelar Seguro de Decesos Banco Alcala?","isPartOf":{"@id":"https:\/\/idecesos.com\/seguros\/#website"},"datePublished":"2021-12-29T11:53:01+00:00","dateModified":"2022-01-27T16:26:35+00:00","description":"Obt\u00e9n aqu\u00ed\u3010c\u00f3mo dar de baja o cancelar seguro de decesos Banco Alcala\u3011Modelo carta, fax, correo electr\u00f3nico (email), tel\u00e9fono gratis.","breadcrumb":{"@id":"https:\/\/idecesos.com\/seguros\/companias\/banco-alcala\/dar-de-baja\/#breadcrumb"},"inLanguage":"es","potentialAction":[{"@type":"ReadAction","target":["https:\/\/idecesos.com\/seguros\/companias\/banco-alcala\/dar-de-baja\/"]}]},{"@type":"BreadcrumbList","@id":"https:\/\/idecesos.com\/seguros\/companias\/banco-alcala\/dar-de-baja\/#breadcrumb","itemListElement":[{"@type":"ListItem","position":1,"name":"Portada","item":"https:\/\/idecesos.com\/seguros\/"},{"@type":"ListItem","position":2,"name":"Compa\u00f1\u00edas de Seguros de Decesos en Espa\u00f1a","item":"https:\/\/idecesos.com\/seguros\/companias\/"},{"@type":"ListItem","position":3,"name":"Seguro de decesos Banco Alcal\u00e1","item":"https:\/\/idecesos.com\/seguros\/companias\/banco-alcala\/"},{"@type":"ListItem","position":4,"name":"\u00bfC\u00f3mo dar de baja seguro Banco Alcala?"}]},{"@type":"WebSite","@id":"https:\/\/idecesos.com\/seguros\/#website","url":"https:\/\/idecesos.com\/seguros\/","name":"","description":"","potentialAction":[{"@type":"SearchAction","target":{"@type":"EntryPoint","urlTemplate":"https:\/\/idecesos.com\/seguros\/?s={search_term_string}"},"query-input":{"@type":"PropertyValueSpecification","valueRequired":true,"valueName":"search_term_string"}}],"inLanguage":"es"}]}},"_links":{"self":[{"href":"https:\/\/idecesos.com\/seguros\/wp-json\/wp\/v2\/pages\/18197","targetHints":{"allow":["GET"]}}],"collection":[{"href":"https:\/\/idecesos.com\/seguros\/wp-json\/wp\/v2\/pages"}],"about":[{"href":"https:\/\/idecesos.com\/seguros\/wp-json\/wp\/v2\/types\/page"}],"author":[{"embeddable":true,"href":"https:\/\/idecesos.com\/seguros\/wp-json\/wp\/v2\/users\/1"}],"replies":[{"embeddable":true,"href":"https:\/\/idecesos.com\/seguros\/wp-json\/wp\/v2\/comments?post=18197"}],"version-history":[{"count":1,"href":"https:\/\/idecesos.com\/seguros\/wp-json\/wp\/v2\/pages\/18197\/revisions"}],"predecessor-version":[{"id":19091,"href":"https:\/\/idecesos.com\/seguros\/wp-json\/wp\/v2\/pages\/18197\/revisions\/19091"}],"up":[{"embeddable":true,"href":"https:\/\/idecesos.com\/seguros\/wp-json\/wp\/v2\/pages\/281"}],"wp:attachment":[{"href":"https:\/\/idecesos.com\/seguros\/wp-json\/wp\/v2\/media?parent=18197"}],"curies":[{"name":"wp","href":"https:\/\/api.w.org\/{rel}","templated":true}]}}