{"id":18200,"date":"2021-12-29T11:53:03","date_gmt":"2021-12-29T11:53:03","guid":{"rendered":"https:\/\/idecesos.com\/seguros\/companias\/banco-mutua-madrilena\/dar-de-baja\/"},"modified":"2022-01-26T18:00:42","modified_gmt":"2022-01-26T18:00:42","slug":"dar-de-baja","status":"publish","type":"page","link":"https:\/\/idecesos.com\/seguros\/companias\/banco-mutua-madrilena\/dar-de-baja\/","title":{"rendered":"\u00bfC\u00f3mo dar de baja seguro Mutua Madrile\u00f1a?"},"content":{"rendered":"<div id=\"ez-toc-container\" class=\"ez-toc-v2_0_82_2 ez-toc-wrap-center counter-hierarchy ez-toc-counter ez-toc-custom ez-toc-container-direction\">\n<div class=\"ez-toc-title-container\">\n<p class=\"ez-toc-title\" style=\"cursor:inherit\">Tabla de Contenido<\/p>\n<span class=\"ez-toc-title-toggle\"><a href=\"#\" class=\"ez-toc-pull-right ez-toc-btn ez-toc-btn-xs ez-toc-btn-default ez-toc-toggle\" aria-label=\"Alternar tabla de contenidos\"><span class=\"ez-toc-js-icon-con\"><span class=\"\"><span class=\"eztoc-hide\" style=\"display:none;\">Toggle<\/span><span class=\"ez-toc-icon-toggle-span\"><svg style=\"fill: #db6415;color:#db6415\" xmlns=\"http:\/\/www.w3.org\/2000\/svg\" class=\"list-377408\" width=\"20px\" height=\"20px\" viewBox=\"0 0 24 24\" fill=\"none\"><path d=\"M6 6H4v2h2V6zm14 0H8v2h12V6zM4 11h2v2H4v-2zm16 0H8v2h12v-2zM4 16h2v2H4v-2zm16 0H8v2h12v-2z\" fill=\"currentColor\"><\/path><\/svg><svg style=\"fill: #db6415;color:#db6415\" class=\"arrow-unsorted-368013\" xmlns=\"http:\/\/www.w3.org\/2000\/svg\" width=\"10px\" height=\"10px\" viewBox=\"0 0 24 24\" version=\"1.2\" baseProfile=\"tiny\"><path d=\"M18.2 9.3l-6.2-6.3-6.2 6.3c-.2.2-.3.4-.3.7s.1.5.3.7c.2.2.4.3.7.3h11c.3 0 .5-.1.7-.3.2-.2.3-.5.3-.7s-.1-.5-.3-.7zM5.8 14.7l6.2 6.3 6.2-6.3c.2-.2.3-.5.3-.7s-.1-.5-.3-.7c-.2-.2-.4-.3-.7-.3h-11c-.3 0-.5.1-.7.3-.2.2-.3.5-.3.7s.1.5.3.7z\"\/><\/svg><\/span><\/span><\/span><\/a><\/span><\/div>\n<nav><ul class='ez-toc-list ez-toc-list-level-1 ' ><li class='ez-toc-page-1 ez-toc-heading-level-2'><a class=\"ez-toc-link ez-toc-heading-1\" href=\"https:\/\/idecesos.com\/seguros\/companias\/banco-mutua-madrilena\/dar-de-baja\/#Diferentes_opciones_para_cancelar_un_contrato_con_Mutua_Madrilena\" >Diferentes opciones para cancelar un contrato con Mutua Madrile\u00f1a<\/a><ul class='ez-toc-list-level-3' ><li class='ez-toc-heading-level-3'><a class=\"ez-toc-link ez-toc-heading-2\" href=\"https:\/\/idecesos.com\/seguros\/companias\/banco-mutua-madrilena\/dar-de-baja\/#A_traves_de_la_web_de_Mutua_Madrilena\" >A trav\u00e9s de la web de Mutua Madrile\u00f1a<\/a><\/li><li class='ez-toc-page-1 ez-toc-heading-level-3'><a class=\"ez-toc-link ez-toc-heading-3\" href=\"https:\/\/idecesos.com\/seguros\/companias\/banco-mutua-madrilena\/dar-de-baja\/#Utilizando_el_correo_electronico_de_Mutua_Madrilena\" >Utilizando el correo electr\u00f3nico de Mutua Madrile\u00f1a<\/a><\/li><li class='ez-toc-page-1 ez-toc-heading-level-3'><a class=\"ez-toc-link ez-toc-heading-4\" href=\"https:\/\/idecesos.com\/seguros\/companias\/banco-mutua-madrilena\/dar-de-baja\/#Dar_de_baja_Mutua_Madrilena_por_fax\" >Dar de baja Mutua Madrile\u00f1a por fax<\/a><\/li><li class='ez-toc-page-1 ez-toc-heading-level-3'><a class=\"ez-toc-link ez-toc-heading-5\" href=\"https:\/\/idecesos.com\/seguros\/companias\/banco-mutua-madrilena\/dar-de-baja\/#En_la_oficina_de_Mutua_Madrilena\" >En la oficina de Mutua Madrile\u00f1a<\/a><\/li><li class='ez-toc-page-1 ez-toc-heading-level-3'><a class=\"ez-toc-link ez-toc-heading-6\" href=\"https:\/\/idecesos.com\/seguros\/companias\/banco-mutua-madrilena\/dar-de-baja\/#Telefono_para_dar_de_baja_Mutua_Madrilena\" >T\u00e9lefono para dar de baja Mutua Madrile\u00f1a<\/a><\/li><\/ul><\/li><li class='ez-toc-page-1 ez-toc-heading-level-2'><a class=\"ez-toc-link ez-toc-heading-7\" href=\"https:\/\/idecesos.com\/seguros\/companias\/banco-mutua-madrilena\/dar-de-baja\/#Dar_de_baja_seguro_Mutua_Madrilena_de_un_fallecido\" >Dar de baja seguro Mutua Madrile\u00f1a de un fallecido<\/a><ul class='ez-toc-list-level-3' ><li class='ez-toc-heading-level-3'><a class=\"ez-toc-link ez-toc-heading-8\" href=\"https:\/\/idecesos.com\/seguros\/companias\/banco-mutua-madrilena\/dar-de-baja\/#Paginas_relacionadas\" >P\u00e1ginas relacionadas<\/a><\/li><\/ul><\/li><\/ul><\/nav><\/div>\n<p> iDecesos ha trabajado para explicarle de qu\u00e9 forma dar de baja un seguro de decesos. A continuaci\u00f3n, expondremos los pasos que debe continuar y, no tendr\u00e1 que preocuparse por nada, es sencill\u00edsimo. De esta manera, en poqu\u00edsimo tiempo tendr\u00e1s toda la informaci\u00f3n precisa para hacerlo y solventar su problema. Asimismo va a poder buscar una nueva opci\u00f3n alternativa a su seguro ya que le recomendamos que no se quede sin uno ya que el seguro de decesos le ofrece a usted y a sus familiares una gran calma por todo cuanto pueda ocurrir en un futuro. Para eludir inconvenientes, va a deber informar a la compa\u00f1\u00eda de la baja de su seguro, treinta d\u00edas ya antes de su renovaci\u00f3n. <div class=\"colorf \"  ><div class=\"container clearfix\"><div class=\"col-md-7\"><\/p>\r\n<h2><span class=\"ez-toc-section\" id=\"Diferentes_opciones_para_cancelar_un_contrato_con_Mutua_Madrilena\"><\/span>Diferentes opciones para cancelar un contrato con Mutua Madrile\u00f1a<span class=\"ez-toc-section-end\"><\/span><\/h2>\r\n<!-- \/wp:post-content -->\r\n\r\n<!-- wp:paragraph -->\r\n<p>Hay diferentes opciones basadas en las vivencias de los clientes que decidieron dar de baja su seguro de decesos. Hay muchas formas de darse de baja de un seguro de decesos. Todas y cada una ellas son iguales en todas las compa\u00f1\u00edas. Algunas personas tienen m\u00e1s suerte y es posible que resulte posible cancelar su seguro de decesos telef\u00f3nicamente, sin embargo, para que la operadora de la compa\u00f1\u00eda de seguro de decesos le pueda dar de baja de sus servicios, le pedir\u00e1 que le env\u00ede el formulario de cancelaci\u00f3n en formato impreso, de lo contrario, usted va a perder su tiempo telef\u00f3nicamente con un operador que le dir\u00e1 que debe mandar el formulario de cancelaci\u00f3n impresa. Si necesitas ayuda sobre de qu\u00e9 forma puedes cancelar tu seguro de decesos, puedes llamarnos por tel\u00e9fono o bien mandarnos un e-mail a nuestro correo electr\u00f3nico. <\/div><\/div><\/div><\/p>\r\n<h3><span class=\"ez-toc-section\" id=\"A_traves_de_la_web_de_Mutua_Madrilena\"><\/span>A trav\u00e9s de la web de Mutua Madrile\u00f1a<span class=\"ez-toc-section-end\"><\/span><\/h3>\r\n<p>Una de las maneras de darse de baja en el seguro de decesos de Mutua Madrile\u00f1a es meti\u00e9ndose en su p\u00e1gina web www.mutua.es\/contacto y poner en su buscador lo que precisas. Entonces, tendr\u00e1 la posibilidad de elegir entre distintas opciones. Escoja la m\u00e1s indicada y siga los pasos que le indican. Es verdaderamente f\u00e1cil. Si tiene alguna duda o no le aparece esta opci\u00f3n puede ponerse en contacto con Mutua Madrile\u00f1a v\u00eda telef\u00f3nica a fin de que le solucionen el inconveniente de manera directa a trav\u00e9s de este n\u00famero de tel\u00e9fono 91 555 55 55. Caso de que s\u00ed le aparezca, rellene el formulario o descargue el documento que se le solicita para poder completar su petici\u00f3n. <div class=\"colorf \"  ><div class=\"container clearfix\"><div class=\"col-md-7\"><\/p>\r\n<h3><span class=\"ez-toc-section\" id=\"Utilizando_el_correo_electronico_de_Mutua_Madrilena\"><\/span>Utilizando el correo electr\u00f3nico de Mutua Madrile\u00f1a<span class=\"ez-toc-section-end\"><\/span><\/h3>\r\n<p>Puedes dar de baja tambi\u00e9n tu seguro de fallecimiento mediante e mail. El proceso es sencill\u00edsimo ya que solo tendr\u00e1s que mandar un correo y recibir\u00e1s en pocos minutos una respuesta. Deber\u00e1s enviar los pr\u00f3ximos documentos para que puedas pedir la devoluci\u00f3n: copia del documento de identidad del asegurado y la notificaci\u00f3n firmada con los datos personales de la persona asegurada. A fin de que la baja del seguro de decesos se realice de manera correcta, debes tener la copia sellada y el justificante. Con una imitaci\u00f3n de la notificaci\u00f3n te aseguras de no tener ning\u00fan g\u00e9nero de problema en el futuro. <\/div><\/div><\/div><\/p>\r\n<h3><span class=\"ez-toc-section\" id=\"Dar_de_baja_Mutua_Madrilena_por_fax\"><\/span>Dar de baja Mutua Madrile\u00f1a por fax<span class=\"ez-toc-section-end\"><\/span><\/h3>\r\n<p>Otro de los m\u00e9todos para dar de baja tu seguro de decesos es a trav\u00e9s del fax. Para expedir tu solicitud mediante el fax, el proceso a proseguir es muy sencillo como el del e-mail. Deber\u00e1s enviarle a tu compa\u00f1\u00eda tanto tu copia del documento nacional de identidad como la notificaci\u00f3n firmada. Ll\u00e1manos en el 951 127 403 y te informaremos sobre donde puedes encontrar la notificaci\u00f3n. Guarda la copia sellada y el justificante del recibo para que no tengas ning\u00fan problema en el futuro. La copia de la notificaci\u00f3n con la fecha de env\u00edo tambi\u00e9n es importante que la guardes. <div class=\"colorf \"  ><div class=\"container clearfix\"><div class=\"col-md-7\"><\/p>\r\n<h3><span class=\"ez-toc-section\" id=\"En_la_oficina_de_Mutua_Madrilena\"><\/span>En la oficina de Mutua Madrile\u00f1a<span class=\"ez-toc-section-end\"><\/span><\/h3>\r\n<p>Si quieres que los agentes de tu compa\u00f1\u00eda te aconsejen, tendr\u00e1s que acudir a la oficina de tu compa\u00f1\u00eda para efectuar los tr\u00e1mites de la baja del seguro de decesos. Si tienes claro de que quieres cancelar tu seguro de decesos, deber\u00e1s dejarlo por escrito anexando una imitaci\u00f3n de tu DNI. En la oficina te van a aplicar un sello con la data del d\u00eda. Con este sellado Mutua Madrile\u00f1a corrobora que est\u00e1 al corriente de todos los recibos para solicitar la baja de forma correcta, esto respecto a la forma. Para poder realizar esta baja tiene que haberse realizado un mes ya antes del vencimiento del contrato. <\/div><\/div><\/div><\/p>\r\n<h3><span class=\"ez-toc-section\" id=\"Telefono_para_dar_de_baja_Mutua_Madrilena\"><\/span>T\u00e9lefono para dar de baja Mutua Madrile\u00f1a<span class=\"ez-toc-section-end\"><\/span><\/h3>\r\n<p>Asimismo puedes solicitar la baja mediante por tel\u00e9fono. En internet hallar\u00e1s el tel\u00e9fono de atenci\u00f3n de tu compa\u00f1\u00eda a fin de que puedas pedir la baja o bien si lo prefieres ll\u00e1manos al 91 555 55 55. Solo tendr\u00e1s que apuntar el motivo de la llamada y pedir charlar con un agente que pueda asesorarte. Solo tendr\u00e1s que seguir las indicaciones del agente de la compa\u00f1\u00eda para proceder a la baja del seguro. Si deseas mudar de aseguradora, solo debes usar nuestro comparador de iDecesos. Te vamos a dar las mejores ofertas y tendr\u00e1s tu seguro totalmente amoldado a ti. <div class=\"colorf \"  ><div class=\"container clearfix\"><div class=\"col-md-7\"><\/p>\r\n<h2><span class=\"ez-toc-section\" id=\"Dar_de_baja_seguro_Mutua_Madrilena_de_un_fallecido\"><\/span>Dar de baja seguro Mutua Madrile\u00f1a de un fallecido<span class=\"ez-toc-section-end\"><\/span><\/h2>\r\n<p>La baja del seguro de decesos se realiza de manera autom\u00e1tica en el instante en el que la persona ha fallecido. El cierre del expediente para que de manera autom\u00e1tica no se le pase m\u00e1s recibos por ese asegurado que ya no vive y se gire a banco el recibo proporcional por el resto de asegurados. Los costes se realizar\u00e1n teniendo en cuenta la tabla de las primas que los asegurados tienen contratados con la compa\u00f1\u00eda de seguros en cuesti\u00f3n. <\/div><\/div><\/div> <div class=\"oficinas\"> <h3><span class=\"ez-toc-section\" id=\"Paginas_relacionadas\"><\/span>P\u00e1ginas relacionadas<span class=\"ez-toc-section-end\"><\/span><\/h3><div class=\"enlazado\"><ul> <li><a href=\"https:\/\/idecesos.com\/seguros\/companias\/banco-mutua-madrilena\/opiniones\/\">Opiniones Mutua Madrile\u00f1a<\/a><\/li> <li><a href=\"https:\/\/idecesos.com\/seguros\/companias\/banco-mutua-madrilena\/precio\/\">Precio seguro Mutua Madrile\u00f1a<\/a><\/li> <li><a href=\"https:\/\/idecesos.com\/seguros\/companias\/banco-mutua-madrilena\/prima-mixta\/\">Mutua Madrile\u00f1a Prima Mixta<\/a><\/li> <li><a href=\"https:\/\/idecesos.com\/seguros\/companias\/banco-mutua-madrilena\/prima-natural\/\">Mutua Madrile\u00f1a Prima Natural<\/a><\/li> <li><a href=\"https:\/\/idecesos.com\/seguros\/companias\/banco-mutua-madrilena\/prima-nivelada\/\">Mutua Madrile\u00f1a Prima Nivelada<\/a><\/li> <li><a href=\"https:\/\/idecesos.com\/seguros\/companias\/banco-mutua-madrilena\/prima-unica\/\">Mutua Madrile\u00f1a Prima \u00danica<\/a><\/li> <li><a href=\"https:\/\/idecesos.com\/seguros\/companias\/banco-mutua-madrilena\/repatriacion\/\">Mutua Madrile\u00f1a Repatriaci\u00f3n<\/a><\/li> <li><a href=\"https:\/\/idecesos.com\/seguros\/companias\/banco-mutua-madrilena\/telefono\/\">Tel\u00e9fono Gratuito Mutua Madrile\u00f1a<\/a><\/li><\/ul><\/div> <\/div><\/p>","protected":false},"excerpt":{"rendered":"<p>iDecesos ha trabajado para explicarle de qu\u00e9 forma dar de baja un seguro de decesos. A continuaci\u00f3n, expondremos los pasos que debe continuar y, no tendr\u00e1 que preocuparse por nada, es sencill\u00edsimo. De esta manera, en poqu\u00edsimo tiempo tendr\u00e1s toda la informaci\u00f3n precisa para hacerlo y solventar su problema. Asimismo va a poder buscar una&hellip; <\/p>\n","protected":false},"author":1,"featured_media":0,"parent":294,"menu_order":0,"comment_status":"closed","ping_status":"closed","template":"single.php","meta":{"footnotes":""},"class_list":["post-18200","page","type-page","status-publish","hentry"],"yoast_head":"<!-- This site is optimized with the Yoast SEO plugin v27.3 - https:\/\/yoast.com\/product\/yoast-seo-wordpress\/ -->\n<title>\u00bfC\u00f3mo dar de Baja o Cancelar Seguro de Decesos Mutua Madrile\u00f1a?<\/title>\n<meta name=\"description\" content=\"Obt\u00e9n aqu\u00ed\u3010c\u00f3mo dar de baja o cancelar seguro de decesos Mutua Madrile\u00f1a\u3011Modelo carta, fax, correo electr\u00f3nico (email), tel\u00e9fono gratis.\" \/>\n<meta name=\"robots\" content=\"index, follow, max-snippet:-1, max-image-preview:large, max-video-preview:-1\" \/>\n<link rel=\"canonical\" href=\"https:\/\/idecesos.com\/seguros\/companias\/banco-mutua-madrilena\/dar-de-baja\/\" \/>\n<meta property=\"og:locale\" content=\"es_ES\" \/>\n<meta property=\"og:type\" content=\"article\" \/>\n<meta property=\"og:title\" content=\"\u00bfC\u00f3mo dar de Baja o Cancelar Seguro de Decesos Mutua Madrile\u00f1a?\" \/>\n<meta property=\"og:description\" content=\"Obt\u00e9n aqu\u00ed\u3010c\u00f3mo dar de baja o cancelar seguro de decesos Mutua Madrile\u00f1a\u3011Modelo carta, fax, correo electr\u00f3nico (email), tel\u00e9fono gratis.\" \/>\n<meta property=\"og:url\" content=\"https:\/\/idecesos.com\/seguros\/companias\/banco-mutua-madrilena\/dar-de-baja\/\" \/>\n<meta property=\"article:modified_time\" content=\"2022-01-26T18:00:42+00:00\" \/>\n<meta name=\"twitter:card\" content=\"summary_large_image\" \/>\n<meta name=\"twitter:label1\" content=\"Tiempo de lectura\" \/>\n\t<meta name=\"twitter:data1\" content=\"5 minutos\" \/>\n<script type=\"application\/ld+json\" class=\"yoast-schema-graph\">{\"@context\":\"https:\\\/\\\/schema.org\",\"@graph\":[{\"@type\":\"WebPage\",\"@id\":\"https:\\\/\\\/idecesos.com\\\/seguros\\\/companias\\\/banco-mutua-madrilena\\\/dar-de-baja\\\/\",\"url\":\"https:\\\/\\\/idecesos.com\\\/seguros\\\/companias\\\/banco-mutua-madrilena\\\/dar-de-baja\\\/\",\"name\":\"\u00bfC\u00f3mo dar de Baja o Cancelar Seguro de Decesos Mutua Madrile\u00f1a?\",\"isPartOf\":{\"@id\":\"https:\\\/\\\/idecesos.com\\\/seguros\\\/#website\"},\"datePublished\":\"2021-12-29T11:53:03+00:00\",\"dateModified\":\"2022-01-26T18:00:42+00:00\",\"description\":\"Obt\u00e9n aqu\u00ed\u3010c\u00f3mo dar de baja o cancelar seguro de decesos Mutua Madrile\u00f1a\u3011Modelo carta, fax, correo electr\u00f3nico (email), tel\u00e9fono gratis.\",\"breadcrumb\":{\"@id\":\"https:\\\/\\\/idecesos.com\\\/seguros\\\/companias\\\/banco-mutua-madrilena\\\/dar-de-baja\\\/#breadcrumb\"},\"inLanguage\":\"es\",\"potentialAction\":[{\"@type\":\"ReadAction\",\"target\":[\"https:\\\/\\\/idecesos.com\\\/seguros\\\/companias\\\/banco-mutua-madrilena\\\/dar-de-baja\\\/\"]}]},{\"@type\":\"BreadcrumbList\",\"@id\":\"https:\\\/\\\/idecesos.com\\\/seguros\\\/companias\\\/banco-mutua-madrilena\\\/dar-de-baja\\\/#breadcrumb\",\"itemListElement\":[{\"@type\":\"ListItem\",\"position\":1,\"name\":\"Portada\",\"item\":\"https:\\\/\\\/idecesos.com\\\/seguros\\\/\"},{\"@type\":\"ListItem\",\"position\":2,\"name\":\"Compa\u00f1\u00edas de Seguros de Decesos en Espa\u00f1a\",\"item\":\"https:\\\/\\\/idecesos.com\\\/seguros\\\/companias\\\/\"},{\"@type\":\"ListItem\",\"position\":3,\"name\":\"Seguro de decesos Mutua Madrile\u00f1a\",\"item\":\"https:\\\/\\\/idecesos.com\\\/seguros\\\/companias\\\/banco-mutua-madrilena\\\/\"},{\"@type\":\"ListItem\",\"position\":4,\"name\":\"\u00bfC\u00f3mo dar de baja seguro Mutua Madrile\u00f1a?\"}]},{\"@type\":\"WebSite\",\"@id\":\"https:\\\/\\\/idecesos.com\\\/seguros\\\/#website\",\"url\":\"https:\\\/\\\/idecesos.com\\\/seguros\\\/\",\"name\":\"\",\"description\":\"\",\"potentialAction\":[{\"@type\":\"SearchAction\",\"target\":{\"@type\":\"EntryPoint\",\"urlTemplate\":\"https:\\\/\\\/idecesos.com\\\/seguros\\\/?s={search_term_string}\"},\"query-input\":{\"@type\":\"PropertyValueSpecification\",\"valueRequired\":true,\"valueName\":\"search_term_string\"}}],\"inLanguage\":\"es\"}]}<\/script>\n<!-- \/ Yoast SEO plugin. -->","yoast_head_json":{"title":"\u00bfC\u00f3mo dar de Baja o Cancelar Seguro de Decesos Mutua Madrile\u00f1a?","description":"Obt\u00e9n aqu\u00ed\u3010c\u00f3mo dar de baja o cancelar seguro de decesos Mutua Madrile\u00f1a\u3011Modelo carta, fax, correo electr\u00f3nico (email), tel\u00e9fono gratis.","robots":{"index":"index","follow":"follow","max-snippet":"max-snippet:-1","max-image-preview":"max-image-preview:large","max-video-preview":"max-video-preview:-1"},"canonical":"https:\/\/idecesos.com\/seguros\/companias\/banco-mutua-madrilena\/dar-de-baja\/","og_locale":"es_ES","og_type":"article","og_title":"\u00bfC\u00f3mo dar de Baja o Cancelar Seguro de Decesos Mutua Madrile\u00f1a?","og_description":"Obt\u00e9n aqu\u00ed\u3010c\u00f3mo dar de baja o cancelar seguro de decesos Mutua Madrile\u00f1a\u3011Modelo carta, fax, correo electr\u00f3nico (email), tel\u00e9fono gratis.","og_url":"https:\/\/idecesos.com\/seguros\/companias\/banco-mutua-madrilena\/dar-de-baja\/","article_modified_time":"2022-01-26T18:00:42+00:00","twitter_card":"summary_large_image","twitter_misc":{"Tiempo de lectura":"5 minutos"},"schema":{"@context":"https:\/\/schema.org","@graph":[{"@type":"WebPage","@id":"https:\/\/idecesos.com\/seguros\/companias\/banco-mutua-madrilena\/dar-de-baja\/","url":"https:\/\/idecesos.com\/seguros\/companias\/banco-mutua-madrilena\/dar-de-baja\/","name":"\u00bfC\u00f3mo dar de Baja o Cancelar Seguro de Decesos Mutua Madrile\u00f1a?","isPartOf":{"@id":"https:\/\/idecesos.com\/seguros\/#website"},"datePublished":"2021-12-29T11:53:03+00:00","dateModified":"2022-01-26T18:00:42+00:00","description":"Obt\u00e9n aqu\u00ed\u3010c\u00f3mo dar de baja o cancelar seguro de decesos Mutua Madrile\u00f1a\u3011Modelo carta, fax, correo electr\u00f3nico (email), tel\u00e9fono gratis.","breadcrumb":{"@id":"https:\/\/idecesos.com\/seguros\/companias\/banco-mutua-madrilena\/dar-de-baja\/#breadcrumb"},"inLanguage":"es","potentialAction":[{"@type":"ReadAction","target":["https:\/\/idecesos.com\/seguros\/companias\/banco-mutua-madrilena\/dar-de-baja\/"]}]},{"@type":"BreadcrumbList","@id":"https:\/\/idecesos.com\/seguros\/companias\/banco-mutua-madrilena\/dar-de-baja\/#breadcrumb","itemListElement":[{"@type":"ListItem","position":1,"name":"Portada","item":"https:\/\/idecesos.com\/seguros\/"},{"@type":"ListItem","position":2,"name":"Compa\u00f1\u00edas de Seguros de Decesos en Espa\u00f1a","item":"https:\/\/idecesos.com\/seguros\/companias\/"},{"@type":"ListItem","position":3,"name":"Seguro de decesos Mutua Madrile\u00f1a","item":"https:\/\/idecesos.com\/seguros\/companias\/banco-mutua-madrilena\/"},{"@type":"ListItem","position":4,"name":"\u00bfC\u00f3mo dar de baja seguro Mutua Madrile\u00f1a?"}]},{"@type":"WebSite","@id":"https:\/\/idecesos.com\/seguros\/#website","url":"https:\/\/idecesos.com\/seguros\/","name":"","description":"","potentialAction":[{"@type":"SearchAction","target":{"@type":"EntryPoint","urlTemplate":"https:\/\/idecesos.com\/seguros\/?s={search_term_string}"},"query-input":{"@type":"PropertyValueSpecification","valueRequired":true,"valueName":"search_term_string"}}],"inLanguage":"es"}]}},"_links":{"self":[{"href":"https:\/\/idecesos.com\/seguros\/wp-json\/wp\/v2\/pages\/18200","targetHints":{"allow":["GET"]}}],"collection":[{"href":"https:\/\/idecesos.com\/seguros\/wp-json\/wp\/v2\/pages"}],"about":[{"href":"https:\/\/idecesos.com\/seguros\/wp-json\/wp\/v2\/types\/page"}],"author":[{"embeddable":true,"href":"https:\/\/idecesos.com\/seguros\/wp-json\/wp\/v2\/users\/1"}],"replies":[{"embeddable":true,"href":"https:\/\/idecesos.com\/seguros\/wp-json\/wp\/v2\/comments?post=18200"}],"version-history":[{"count":1,"href":"https:\/\/idecesos.com\/seguros\/wp-json\/wp\/v2\/pages\/18200\/revisions"}],"predecessor-version":[{"id":19076,"href":"https:\/\/idecesos.com\/seguros\/wp-json\/wp\/v2\/pages\/18200\/revisions\/19076"}],"up":[{"embeddable":true,"href":"https:\/\/idecesos.com\/seguros\/wp-json\/wp\/v2\/pages\/294"}],"wp:attachment":[{"href":"https:\/\/idecesos.com\/seguros\/wp-json\/wp\/v2\/media?parent=18200"}],"curies":[{"name":"wp","href":"https:\/\/api.w.org\/{rel}","templated":true}]}}