{"id":18209,"date":"2021-12-29T11:53:07","date_gmt":"2021-12-29T11:53:07","guid":{"rendered":"https:\/\/idecesos.com\/seguros\/companias\/banca-march\/dar-de-baja\/"},"modified":"2022-01-28T18:14:52","modified_gmt":"2022-01-28T18:14:52","slug":"dar-de-baja","status":"publish","type":"page","link":"https:\/\/idecesos.com\/seguros\/companias\/banca-march\/dar-de-baja\/","title":{"rendered":"\u00bfC\u00f3mo dar de baja seguro Banca March?"},"content":{"rendered":"<div id=\"ez-toc-container\" class=\"ez-toc-v2_0_82_2 ez-toc-wrap-center counter-hierarchy ez-toc-counter ez-toc-custom ez-toc-container-direction\">\n<div class=\"ez-toc-title-container\">\n<p class=\"ez-toc-title\" style=\"cursor:inherit\">Tabla de Contenido<\/p>\n<span class=\"ez-toc-title-toggle\"><a href=\"#\" class=\"ez-toc-pull-right ez-toc-btn ez-toc-btn-xs ez-toc-btn-default ez-toc-toggle\" aria-label=\"Alternar tabla de contenidos\"><span class=\"ez-toc-js-icon-con\"><span class=\"\"><span class=\"eztoc-hide\" style=\"display:none;\">Toggle<\/span><span class=\"ez-toc-icon-toggle-span\"><svg style=\"fill: #db6415;color:#db6415\" xmlns=\"http:\/\/www.w3.org\/2000\/svg\" class=\"list-377408\" width=\"20px\" height=\"20px\" viewBox=\"0 0 24 24\" fill=\"none\"><path d=\"M6 6H4v2h2V6zm14 0H8v2h12V6zM4 11h2v2H4v-2zm16 0H8v2h12v-2zM4 16h2v2H4v-2zm16 0H8v2h12v-2z\" fill=\"currentColor\"><\/path><\/svg><svg style=\"fill: #db6415;color:#db6415\" class=\"arrow-unsorted-368013\" xmlns=\"http:\/\/www.w3.org\/2000\/svg\" width=\"10px\" height=\"10px\" viewBox=\"0 0 24 24\" version=\"1.2\" baseProfile=\"tiny\"><path d=\"M18.2 9.3l-6.2-6.3-6.2 6.3c-.2.2-.3.4-.3.7s.1.5.3.7c.2.2.4.3.7.3h11c.3 0 .5-.1.7-.3.2-.2.3-.5.3-.7s-.1-.5-.3-.7zM5.8 14.7l6.2 6.3 6.2-6.3c.2-.2.3-.5.3-.7s-.1-.5-.3-.7c-.2-.2-.4-.3-.7-.3h-11c-.3 0-.5.1-.7.3-.2.2-.3.5-.3.7s.1.5.3.7z\"\/><\/svg><\/span><\/span><\/span><\/a><\/span><\/div>\n<nav><ul class='ez-toc-list ez-toc-list-level-1 ' ><li class='ez-toc-page-1 ez-toc-heading-level-2'><a class=\"ez-toc-link ez-toc-heading-1\" href=\"https:\/\/idecesos.com\/seguros\/companias\/banca-march\/dar-de-baja\/#Diferentes_opciones_para_cancelar_un_contrato_con_Banca_March\" >Diferentes opciones para cancelar un contrato con Banca March<\/a><ul class='ez-toc-list-level-3' ><li class='ez-toc-heading-level-3'><a class=\"ez-toc-link ez-toc-heading-2\" href=\"https:\/\/idecesos.com\/seguros\/companias\/banca-march\/dar-de-baja\/#A_traves_de_la_web_de_Banca_March\" >A trav\u00e9s de la web de Banca March<\/a><\/li><li class='ez-toc-page-1 ez-toc-heading-level-3'><a class=\"ez-toc-link ez-toc-heading-3\" href=\"https:\/\/idecesos.com\/seguros\/companias\/banca-march\/dar-de-baja\/#Utilizando_el_correo_electronico_de_Banca_March\" >Utilizando el correo electr\u00f3nico de Banca March<\/a><\/li><li class='ez-toc-page-1 ez-toc-heading-level-3'><a class=\"ez-toc-link ez-toc-heading-4\" href=\"https:\/\/idecesos.com\/seguros\/companias\/banca-march\/dar-de-baja\/#Dar_de_baja_Banca_March_por_fax\" >Dar de baja Banca March por fax<\/a><\/li><li class='ez-toc-page-1 ez-toc-heading-level-3'><a class=\"ez-toc-link ez-toc-heading-5\" href=\"https:\/\/idecesos.com\/seguros\/companias\/banca-march\/dar-de-baja\/#En_la_oficina_de_Banca_March\" >En la oficina de Banca March<\/a><\/li><li class='ez-toc-page-1 ez-toc-heading-level-3'><a class=\"ez-toc-link ez-toc-heading-6\" href=\"https:\/\/idecesos.com\/seguros\/companias\/banca-march\/dar-de-baja\/#Telefono_para_dar_de_baja_Banca_March\" >T\u00e9lefono para dar de baja Banca March<\/a><\/li><\/ul><\/li><li class='ez-toc-page-1 ez-toc-heading-level-2'><a class=\"ez-toc-link ez-toc-heading-7\" href=\"https:\/\/idecesos.com\/seguros\/companias\/banca-march\/dar-de-baja\/#Dar_de_baja_seguro_Banca_March_de_un_fallecido\" >Dar de baja seguro Banca March de un fallecido<\/a><ul class='ez-toc-list-level-3' ><li class='ez-toc-heading-level-3'><a class=\"ez-toc-link ez-toc-heading-8\" href=\"https:\/\/idecesos.com\/seguros\/companias\/banca-march\/dar-de-baja\/#Paginas_relacionadas\" >P\u00e1ginas relacionadas<\/a><\/li><\/ul><\/li><\/ul><\/nav><\/div>\n<p> Es muy sencillo dar de baja su seguro de decesos y, le diremos de qu\u00e9 manera hacerlo. iDecesos te va a mostrar todos sus conocimientos para dar de baja su seguro de decesos. Es conveniente que, una vez est\u00e9 todo apropiadamente solucionado, busque otro seguro de decesos, en tanto que es fundamental para que sus seres queridos est\u00e9n sosegados, si cualquier d\u00eda ocurre un imprevisto. Es muy importante que sepa que, para poder dar de baja su seguro de decesos, debe avisar a la compa\u00f1\u00eda 30 d\u00edas antes de su renovaci\u00f3n y, de esta forma, no tendr\u00e1 ning\u00fan inconveniente. <div class=\"colorf \"  ><div class=\"container clearfix\"><div class=\"col-md-7\"><\/p>\r\n<h2><span class=\"ez-toc-section\" id=\"Diferentes_opciones_para_cancelar_un_contrato_con_Banca_March\"><\/span>Diferentes opciones para cancelar un contrato con Banca March<span class=\"ez-toc-section-end\"><\/span><\/h2>\r\n<!-- \/wp:post-content -->\r\n\r\n<!-- wp:paragraph -->\r\n<p>Estas opciones est\u00e1n basadas en la experiencia de los clientes que se dieron de baja y que tambi\u00e9n le podr\u00edan servir a . Existen muchas formas de darse de baja de un seguro de decesos. Todas y cada una ellas son iguales en todas las compa\u00f1\u00edas. Si bien en algunas empresas aseguradoras te pueden admitir la cancelaci\u00f3n del seguro de forma telef\u00f3nica, para evitar que malgastes el tiempo, lo m\u00e1s normal es que acudas a una oficina y entregues el formulario de forma impresa. Si necesitas ayuda sobre de qu\u00e9 forma puedes anular tu seguro de decesos, puedes llamarnos por tel\u00e9fono o mandarnos un correo electr\u00f3nico a nuestro e mail. <\/div><\/div><\/div><\/p>\r\n<h3><span class=\"ez-toc-section\" id=\"A_traves_de_la_web_de_Banca_March\"><\/span>A trav\u00e9s de la web de Banca March<span class=\"ez-toc-section-end\"><\/span><\/h3>\r\n<p>Una de las opciones que tiene disponible para dar de baja su seguro de decesos, es accediendo a la web www.bancamarch.es\/es\/ de Banca March y escribiendo en su buscador las dudas que tenga. En ese instante, obtendr\u00e1 diferentes contestaciones. Deber\u00e1 seleccionar la m\u00e1s conveniente a usted y continuar sus pasos. Es sencill\u00edsimo. Si alg\u00fan instante le brotan dudas o tiene inconvenientes, va a poder contactar con Banca March a trav\u00e9s de su n\u00famero de tel\u00e9fono 971 779 111. Si se da el caso de que le aparezca, solo tendr\u00e1 que rellenar el formulario o descargar el documento para completar la solicitud. <div class=\"colorf \"  ><div class=\"container clearfix\"><div class=\"col-md-7\"><\/p>\r\n<h3><span class=\"ez-toc-section\" id=\"Utilizando_el_correo_electronico_de_Banca_March\"><\/span>Utilizando el correo electr\u00f3nico de Banca March<span class=\"ez-toc-section-end\"><\/span><\/h3>\r\n<p>Si desea terminar su seguro de decesos Banca March y siente que no le ofrece las mejores condiciones, puede hacerlo mediante su e-mail. Tendr\u00e1s que mandarles una copia del documento nacional de identidad del asegurado y una notificaci\u00f3n donde se solicite el fin del contrato del seguro de decesos firmada con los datos personales. Va a deber guardar una copia sellada y tener un justificante de recibo para que su ejecuci\u00f3n pueda realizarse. Para eludir problemas y sobre todo, a fin de que est\u00e9s m\u00e1s sosegado, te invitamos a guardar una imitaci\u00f3n de la notificaci\u00f3n del correo. Env\u00eda a tu compa\u00f1\u00eda por correo electr\u00f3nico el n\u00famero de tu p\u00f3liza antes de los 30 d\u00edas del vencimiento del contrato. <\/div><\/div><\/div><\/p>\r\n<h3><span class=\"ez-toc-section\" id=\"Dar_de_baja_Banca_March_por_fax\"><\/span>Dar de baja Banca March por fax<span class=\"ez-toc-section-end\"><\/span><\/h3>\r\n<p>Puedes usar tambi\u00e9n el fax para dar de baja tu seguro de fallecimiento. El procedimiento es similar al env\u00edo del correo solo que tendr\u00e1s que emplear el fax. Env\u00edale a la compa\u00f1\u00eda una imitaci\u00f3n de tu documento de identidad y el documento firmado con la solicitud de la baja del seguro de decesos. Para conocer d\u00f3nde puedes hallar la notificaci\u00f3n, puedes llamarnos al n\u00famero de tel\u00e9fono 951 127 403. Le recordamos que, al igual que en todas y cada una de las opciones, debe guardar una copia sellada y tener un justificante de su recibo. Adem\u00e1s, con lo que pueda acontecer en el futuro, guarde una imitaci\u00f3n de la notificaci\u00f3n con la fecha de env\u00edo para su tranquilidad. <div class=\"colorf \"  ><div class=\"container clearfix\"><div class=\"col-md-7\"><\/p>\r\n<h3><span class=\"ez-toc-section\" id=\"En_la_oficina_de_Banca_March\"><\/span>En la oficina de Banca March<span class=\"ez-toc-section-end\"><\/span><\/h3>\r\n<p>Si tienes alguna duda, te invitamos a que acudas a la oficina de tu compa\u00f1\u00eda a fin de que puedas realizar la baja de tu seguro y sus agentes te asesoren personalmente. Deber\u00e1s presentar un documento dejando constancia de tu deseo de anular tu seguro de decesos en la oficina. No olvides llevar una imitaci\u00f3n de tu DNI. Con este sellado Banca March corrobora que est\u00e1 al corriente de todos y cada uno de los recibos para pedir la baja correctamente, esto respecto a la forma. En la fecha debe exponerse que el contrato fue anulado un mes ya antes del fin del contrato. <\/div><\/div><\/div><\/p>\r\n<h3><span class=\"ez-toc-section\" id=\"Telefono_para_dar_de_baja_Banca_March\"><\/span>T\u00e9lefono para dar de baja Banca March<span class=\"ez-toc-section-end\"><\/span><\/h3>\r\n<p>Para darse de baja de un seguro de decesos, muchos clientes del servicio asisten al tel\u00e9fono de la compa\u00f1\u00eda para efectuar los tr\u00e1mites. Si te pones en contacto con el n\u00famero que te se\u00f1alamos, te pondremos en contacto con una persona que te va a ayudar y te aconsejar\u00e1 en todo el proceso. La petici\u00f3n de baja quedar\u00e1 grabada demostrando que es el tomador de la p\u00f3liza el que solicita el fin del contrato del seguro de decesos. En esta web, podr\u00e1s proceder a solicitar la baja de tu seguro de decesos sin ning\u00fan tipo de costo. <div class=\"colorf \"  ><div class=\"container clearfix\"><div class=\"col-md-7\"><\/p>\r\n<h2><span class=\"ez-toc-section\" id=\"Dar_de_baja_seguro_Banca_March_de_un_fallecido\"><\/span>Dar de baja seguro Banca March de un fallecido<span class=\"ez-toc-section-end\"><\/span><\/h2>\r\n<p>Si el asegurado fallece, autom\u00e1ticamente la aseguradora se encarga de dar de baja al usuario. Todos los recibos quedar\u00e1n cancelados en el momento en el que esa persona fallezca. Los costes se efectuar\u00e1n teniendo en cuenta la tabla de las primas que los asegurados tienen contratados con la compa\u00f1\u00eda de seguros en cuesti\u00f3n. <\/div><\/div><\/div> <div class=\"oficinas\"> <h3><span class=\"ez-toc-section\" id=\"Paginas_relacionadas\"><\/span>P\u00e1ginas relacionadas<span class=\"ez-toc-section-end\"><\/span><\/h3><div class=\"enlazado\"><ul> <li><a href=\"https:\/\/idecesos.com\/seguros\/companias\/banca-march\/opiniones\/\">Opiniones Banca March<\/a><\/li> <li><a href=\"https:\/\/idecesos.com\/seguros\/companias\/banca-march\/precio\/\">Precio seguro Banca March<\/a><\/li> <li><a href=\"https:\/\/idecesos.com\/seguros\/companias\/banca-march\/prima-mixta\/\">Banca March Prima Mixta<\/a><\/li> <li><a href=\"https:\/\/idecesos.com\/seguros\/companias\/banca-march\/prima-natural\/\">Banca March Prima Natural<\/a><\/li> <li><a href=\"https:\/\/idecesos.com\/seguros\/companias\/banca-march\/prima-nivelada\/\">Banca March Prima Nivelada<\/a><\/li> <li><a href=\"https:\/\/idecesos.com\/seguros\/companias\/banca-march\/prima-unica\/\">Banca March Prima \u00danica<\/a><\/li> <li><a href=\"https:\/\/idecesos.com\/seguros\/companias\/banca-march\/repatriacion\/\">Banca March Repatriaci\u00f3n<\/a><\/li> <li><a href=\"https:\/\/idecesos.com\/seguros\/companias\/banca-march\/telefono\/\">Tel\u00e9fono Gratuito Banca March<\/a><\/li><\/ul><\/div> <\/div><\/p>","protected":false},"excerpt":{"rendered":"<p>Es muy sencillo dar de baja su seguro de decesos y, le diremos de qu\u00e9 manera hacerlo. iDecesos te va a mostrar todos sus conocimientos para dar de baja su seguro de decesos. Es conveniente que, una vez est\u00e9 todo apropiadamente solucionado, busque otro seguro de decesos, en tanto que es fundamental para que sus&hellip; <\/p>\n","protected":false},"author":1,"featured_media":0,"parent":271,"menu_order":0,"comment_status":"closed","ping_status":"closed","template":"single.php","meta":{"footnotes":""},"class_list":["post-18209","page","type-page","status-publish","hentry"],"yoast_head":"<!-- This site is optimized with the Yoast SEO plugin v27.3 - https:\/\/yoast.com\/product\/yoast-seo-wordpress\/ -->\n<title>\u00bfC\u00f3mo dar de Baja o Cancelar Seguro de Decesos Banca March?<\/title>\n<meta name=\"description\" content=\"Obt\u00e9n aqu\u00ed\u3010c\u00f3mo dar de baja o cancelar seguro de decesos Banca March\u3011Modelo carta, fax, correo electr\u00f3nico (email), tel\u00e9fono gratis.\" \/>\n<meta name=\"robots\" content=\"index, follow, max-snippet:-1, max-image-preview:large, max-video-preview:-1\" \/>\n<link rel=\"canonical\" href=\"https:\/\/idecesos.com\/seguros\/companias\/banca-march\/dar-de-baja\/\" \/>\n<meta property=\"og:locale\" content=\"es_ES\" \/>\n<meta property=\"og:type\" content=\"article\" \/>\n<meta property=\"og:title\" content=\"\u00bfC\u00f3mo dar de Baja o Cancelar Seguro de Decesos Banca March?\" \/>\n<meta property=\"og:description\" content=\"Obt\u00e9n aqu\u00ed\u3010c\u00f3mo dar de baja o cancelar seguro de decesos Banca March\u3011Modelo carta, fax, correo electr\u00f3nico (email), tel\u00e9fono gratis.\" \/>\n<meta property=\"og:url\" content=\"https:\/\/idecesos.com\/seguros\/companias\/banca-march\/dar-de-baja\/\" \/>\n<meta property=\"article:modified_time\" content=\"2022-01-28T18:14:52+00:00\" \/>\n<meta name=\"twitter:card\" content=\"summary_large_image\" \/>\n<meta name=\"twitter:label1\" content=\"Tiempo de lectura\" \/>\n\t<meta name=\"twitter:data1\" content=\"15 minutos\" \/>\n<script type=\"application\/ld+json\" class=\"yoast-schema-graph\">{\"@context\":\"https:\\\/\\\/schema.org\",\"@graph\":[{\"@type\":\"WebPage\",\"@id\":\"https:\\\/\\\/idecesos.com\\\/seguros\\\/companias\\\/banca-march\\\/dar-de-baja\\\/\",\"url\":\"https:\\\/\\\/idecesos.com\\\/seguros\\\/companias\\\/banca-march\\\/dar-de-baja\\\/\",\"name\":\"\u00bfC\u00f3mo dar de Baja o Cancelar Seguro de Decesos Banca March?\",\"isPartOf\":{\"@id\":\"https:\\\/\\\/idecesos.com\\\/seguros\\\/#website\"},\"datePublished\":\"2021-12-29T11:53:07+00:00\",\"dateModified\":\"2022-01-28T18:14:52+00:00\",\"description\":\"Obt\u00e9n aqu\u00ed\u3010c\u00f3mo dar de baja o cancelar seguro de decesos Banca March\u3011Modelo carta, fax, correo electr\u00f3nico (email), tel\u00e9fono gratis.\",\"breadcrumb\":{\"@id\":\"https:\\\/\\\/idecesos.com\\\/seguros\\\/companias\\\/banca-march\\\/dar-de-baja\\\/#breadcrumb\"},\"inLanguage\":\"es\",\"potentialAction\":[{\"@type\":\"ReadAction\",\"target\":[\"https:\\\/\\\/idecesos.com\\\/seguros\\\/companias\\\/banca-march\\\/dar-de-baja\\\/\"]}]},{\"@type\":\"BreadcrumbList\",\"@id\":\"https:\\\/\\\/idecesos.com\\\/seguros\\\/companias\\\/banca-march\\\/dar-de-baja\\\/#breadcrumb\",\"itemListElement\":[{\"@type\":\"ListItem\",\"position\":1,\"name\":\"Portada\",\"item\":\"https:\\\/\\\/idecesos.com\\\/seguros\\\/\"},{\"@type\":\"ListItem\",\"position\":2,\"name\":\"Compa\u00f1\u00edas de Seguros de Decesos en Espa\u00f1a\",\"item\":\"https:\\\/\\\/idecesos.com\\\/seguros\\\/companias\\\/\"},{\"@type\":\"ListItem\",\"position\":3,\"name\":\"Seguro de decesos Banca March\",\"item\":\"https:\\\/\\\/idecesos.com\\\/seguros\\\/companias\\\/banca-march\\\/\"},{\"@type\":\"ListItem\",\"position\":4,\"name\":\"\u00bfC\u00f3mo dar de baja seguro Banca March?\"}]},{\"@type\":\"WebSite\",\"@id\":\"https:\\\/\\\/idecesos.com\\\/seguros\\\/#website\",\"url\":\"https:\\\/\\\/idecesos.com\\\/seguros\\\/\",\"name\":\"\",\"description\":\"\",\"potentialAction\":[{\"@type\":\"SearchAction\",\"target\":{\"@type\":\"EntryPoint\",\"urlTemplate\":\"https:\\\/\\\/idecesos.com\\\/seguros\\\/?s={search_term_string}\"},\"query-input\":{\"@type\":\"PropertyValueSpecification\",\"valueRequired\":true,\"valueName\":\"search_term_string\"}}],\"inLanguage\":\"es\"}]}<\/script>\n<!-- \/ Yoast SEO plugin. -->","yoast_head_json":{"title":"\u00bfC\u00f3mo dar de Baja o Cancelar Seguro de Decesos Banca March?","description":"Obt\u00e9n aqu\u00ed\u3010c\u00f3mo dar de baja o cancelar seguro de decesos Banca March\u3011Modelo carta, fax, correo electr\u00f3nico (email), tel\u00e9fono gratis.","robots":{"index":"index","follow":"follow","max-snippet":"max-snippet:-1","max-image-preview":"max-image-preview:large","max-video-preview":"max-video-preview:-1"},"canonical":"https:\/\/idecesos.com\/seguros\/companias\/banca-march\/dar-de-baja\/","og_locale":"es_ES","og_type":"article","og_title":"\u00bfC\u00f3mo dar de Baja o Cancelar Seguro de Decesos Banca March?","og_description":"Obt\u00e9n aqu\u00ed\u3010c\u00f3mo dar de baja o cancelar seguro de decesos Banca March\u3011Modelo carta, fax, correo electr\u00f3nico (email), tel\u00e9fono gratis.","og_url":"https:\/\/idecesos.com\/seguros\/companias\/banca-march\/dar-de-baja\/","article_modified_time":"2022-01-28T18:14:52+00:00","twitter_card":"summary_large_image","twitter_misc":{"Tiempo de lectura":"15 minutos"},"schema":{"@context":"https:\/\/schema.org","@graph":[{"@type":"WebPage","@id":"https:\/\/idecesos.com\/seguros\/companias\/banca-march\/dar-de-baja\/","url":"https:\/\/idecesos.com\/seguros\/companias\/banca-march\/dar-de-baja\/","name":"\u00bfC\u00f3mo dar de Baja o Cancelar Seguro de Decesos Banca March?","isPartOf":{"@id":"https:\/\/idecesos.com\/seguros\/#website"},"datePublished":"2021-12-29T11:53:07+00:00","dateModified":"2022-01-28T18:14:52+00:00","description":"Obt\u00e9n aqu\u00ed\u3010c\u00f3mo dar de baja o cancelar seguro de decesos Banca March\u3011Modelo carta, fax, correo electr\u00f3nico (email), tel\u00e9fono gratis.","breadcrumb":{"@id":"https:\/\/idecesos.com\/seguros\/companias\/banca-march\/dar-de-baja\/#breadcrumb"},"inLanguage":"es","potentialAction":[{"@type":"ReadAction","target":["https:\/\/idecesos.com\/seguros\/companias\/banca-march\/dar-de-baja\/"]}]},{"@type":"BreadcrumbList","@id":"https:\/\/idecesos.com\/seguros\/companias\/banca-march\/dar-de-baja\/#breadcrumb","itemListElement":[{"@type":"ListItem","position":1,"name":"Portada","item":"https:\/\/idecesos.com\/seguros\/"},{"@type":"ListItem","position":2,"name":"Compa\u00f1\u00edas de Seguros de Decesos en Espa\u00f1a","item":"https:\/\/idecesos.com\/seguros\/companias\/"},{"@type":"ListItem","position":3,"name":"Seguro de decesos Banca March","item":"https:\/\/idecesos.com\/seguros\/companias\/banca-march\/"},{"@type":"ListItem","position":4,"name":"\u00bfC\u00f3mo dar de baja seguro Banca March?"}]},{"@type":"WebSite","@id":"https:\/\/idecesos.com\/seguros\/#website","url":"https:\/\/idecesos.com\/seguros\/","name":"","description":"","potentialAction":[{"@type":"SearchAction","target":{"@type":"EntryPoint","urlTemplate":"https:\/\/idecesos.com\/seguros\/?s={search_term_string}"},"query-input":{"@type":"PropertyValueSpecification","valueRequired":true,"valueName":"search_term_string"}}],"inLanguage":"es"}]}},"_links":{"self":[{"href":"https:\/\/idecesos.com\/seguros\/wp-json\/wp\/v2\/pages\/18209","targetHints":{"allow":["GET"]}}],"collection":[{"href":"https:\/\/idecesos.com\/seguros\/wp-json\/wp\/v2\/pages"}],"about":[{"href":"https:\/\/idecesos.com\/seguros\/wp-json\/wp\/v2\/types\/page"}],"author":[{"embeddable":true,"href":"https:\/\/idecesos.com\/seguros\/wp-json\/wp\/v2\/users\/1"}],"replies":[{"embeddable":true,"href":"https:\/\/idecesos.com\/seguros\/wp-json\/wp\/v2\/comments?post=18209"}],"version-history":[{"count":1,"href":"https:\/\/idecesos.com\/seguros\/wp-json\/wp\/v2\/pages\/18209\/revisions"}],"predecessor-version":[{"id":19127,"href":"https:\/\/idecesos.com\/seguros\/wp-json\/wp\/v2\/pages\/18209\/revisions\/19127"}],"up":[{"embeddable":true,"href":"https:\/\/idecesos.com\/seguros\/wp-json\/wp\/v2\/pages\/271"}],"wp:attachment":[{"href":"https:\/\/idecesos.com\/seguros\/wp-json\/wp\/v2\/media?parent=18209"}],"curies":[{"name":"wp","href":"https:\/\/api.w.org\/{rel}","templated":true}]}}