{"id":18215,"date":"2021-12-29T11:53:11","date_gmt":"2021-12-29T11:53:11","guid":{"rendered":"https:\/\/idecesos.com\/seguros\/companias\/ergo\/dar-de-baja\/"},"modified":"2022-01-31T16:37:14","modified_gmt":"2022-01-31T16:37:14","slug":"dar-de-baja","status":"publish","type":"page","link":"https:\/\/idecesos.com\/seguros\/companias\/ergo\/dar-de-baja\/","title":{"rendered":"\u00bfC\u00f3mo dar de baja seguro Ergo?"},"content":{"rendered":"<div id=\"ez-toc-container\" class=\"ez-toc-v2_0_83 ez-toc-wrap-center counter-hierarchy ez-toc-counter ez-toc-custom ez-toc-container-direction\">\n<div class=\"ez-toc-title-container\">\n<p class=\"ez-toc-title\" style=\"cursor:inherit\">Tabla de Contenido<\/p>\n<span class=\"ez-toc-title-toggle\"><a href=\"#\" class=\"ez-toc-pull-right ez-toc-btn ez-toc-btn-xs ez-toc-btn-default ez-toc-toggle\" aria-label=\"Alternar tabla de contenidos\"><span class=\"ez-toc-js-icon-con\"><span class=\"\"><span class=\"eztoc-hide\" style=\"display:none;\">Toggle<\/span><span class=\"ez-toc-icon-toggle-span\"><svg style=\"fill: #db6415;color:#db6415\" xmlns=\"http:\/\/www.w3.org\/2000\/svg\" class=\"list-377408\" width=\"20px\" height=\"20px\" viewBox=\"0 0 24 24\" fill=\"none\"><path d=\"M6 6H4v2h2V6zm14 0H8v2h12V6zM4 11h2v2H4v-2zm16 0H8v2h12v-2zM4 16h2v2H4v-2zm16 0H8v2h12v-2z\" fill=\"currentColor\"><\/path><\/svg><svg style=\"fill: #db6415;color:#db6415\" class=\"arrow-unsorted-368013\" xmlns=\"http:\/\/www.w3.org\/2000\/svg\" width=\"10px\" height=\"10px\" viewBox=\"0 0 24 24\" version=\"1.2\" baseProfile=\"tiny\"><path d=\"M18.2 9.3l-6.2-6.3-6.2 6.3c-.2.2-.3.4-.3.7s.1.5.3.7c.2.2.4.3.7.3h11c.3 0 .5-.1.7-.3.2-.2.3-.5.3-.7s-.1-.5-.3-.7zM5.8 14.7l6.2 6.3 6.2-6.3c.2-.2.3-.5.3-.7s-.1-.5-.3-.7c-.2-.2-.4-.3-.7-.3h-11c-.3 0-.5.1-.7.3-.2.2-.3.5-.3.7s.1.5.3.7z\"\/><\/svg><\/span><\/span><\/span><\/a><\/span><\/div>\n<nav><ul class='ez-toc-list ez-toc-list-level-1 ' ><li class='ez-toc-page-1 ez-toc-heading-level-2'><a class=\"ez-toc-link ez-toc-heading-1\" href=\"https:\/\/idecesos.com\/seguros\/companias\/ergo\/dar-de-baja\/#Diferentes_opciones_para_cancelar_un_contrato_con_Ergo\" >Diferentes opciones para cancelar un contrato con Ergo<\/a><ul class='ez-toc-list-level-3' ><li class='ez-toc-heading-level-3'><a class=\"ez-toc-link ez-toc-heading-2\" href=\"https:\/\/idecesos.com\/seguros\/companias\/ergo\/dar-de-baja\/#A_traves_de_la_web_de_Ergo\" >A trav\u00e9s de la web de Ergo<\/a><\/li><li class='ez-toc-page-1 ez-toc-heading-level-3'><a class=\"ez-toc-link ez-toc-heading-3\" href=\"https:\/\/idecesos.com\/seguros\/companias\/ergo\/dar-de-baja\/#Utilizando_el_correo_electronico_de_Ergo\" >Utilizando el correo electr\u00f3nico de Ergo<\/a><\/li><li class='ez-toc-page-1 ez-toc-heading-level-3'><a class=\"ez-toc-link ez-toc-heading-4\" href=\"https:\/\/idecesos.com\/seguros\/companias\/ergo\/dar-de-baja\/#Dar_de_baja_Ergo_por_fax\" >Dar de baja Ergo por fax<\/a><\/li><li class='ez-toc-page-1 ez-toc-heading-level-3'><a class=\"ez-toc-link ez-toc-heading-5\" href=\"https:\/\/idecesos.com\/seguros\/companias\/ergo\/dar-de-baja\/#En_la_oficina_de_Ergo\" >En la oficina de Ergo<\/a><\/li><li class='ez-toc-page-1 ez-toc-heading-level-3'><a class=\"ez-toc-link ez-toc-heading-6\" href=\"https:\/\/idecesos.com\/seguros\/companias\/ergo\/dar-de-baja\/#Telefono_para_dar_de_baja_Ergo\" >T\u00e9lefono para dar de baja Ergo<\/a><\/li><\/ul><\/li><li class='ez-toc-page-1 ez-toc-heading-level-2'><a class=\"ez-toc-link ez-toc-heading-7\" href=\"https:\/\/idecesos.com\/seguros\/companias\/ergo\/dar-de-baja\/#Dar_de_baja_seguro_Ergo_de_un_fallecido\" >Dar de baja seguro Ergo de un fallecido<\/a><\/li><\/ul><\/nav><\/div>\n<p> Si desea dar de baja un seguro de decesos, es tan sencillo como proseguir los pasos que le daremos ahora. iDecesos te va a mostrar sus conocimientos para dar de baja su seguro de decesos. Tendr\u00e1 su inconveniente solucionado en unos minutos y, es aconsejable que busque otro seguro de decesos que se ajuste a sus necesidades, para la calma y estabilidad en su vida y la de su familia. Es fundamental que sepa que, para poder dar de baja su seguro de decesos, debe informar a la compa\u00f1\u00eda treinta d\u00edas antes de su renovaci\u00f3n y, de esta forma, no va a tener ning\u00fan problema. <div class=\"colorf \"  ><div class=\"container clearfix\"><div class=\"col-md-7\"><\/p>\r\n<h2><span class=\"ez-toc-section\" id=\"Diferentes_opciones_para_cancelar_un_contrato_con_Ergo\"><\/span>Diferentes opciones para cancelar un contrato con Ergo<span class=\"ez-toc-section-end\"><\/span><\/h2>\r\n<!-- \/wp:post-content -->\r\n\r\n<!-- wp:paragraph -->\r\n<p>Cada compa\u00f1\u00eda de seguro de decesos marcha de una forma diferente, mas la mayor parte le solicitan a sus clientes un documento en el que ponga sus deseos de dar de baja sus servicios de su seguro de decesos. Hay diferentes maneras de darse de baja, pero, de cualquier forma, si usted desea mandar una carta certificada con un modelo est\u00e1ndar de cancelaci\u00f3n de su contrato con Ergo esta va a deber d\u00e1rselo por v\u00e1lido. Le aconsejamos que conserve el resguardo del documento y, m\u00e1s tarde, haga una copia. A continuaci\u00f3n, le indicaremos otras formas de dar de baja a su seguro de decesos. <\/div><\/div><\/div><\/p>\r\n<h3><span class=\"ez-toc-section\" id=\"A_traves_de_la_web_de_Ergo\"><\/span>A trav\u00e9s de la web de Ergo<span class=\"ez-toc-section-end\"><\/span><\/h3>\r\n<p>Puedes dar de baja tu seguro de decesos a trav\u00e9s de el sitio web de la compa\u00f1\u00eda en la que tengas contratado tu seguro. Solo tendr\u00e1s que redactar lo que buscas en su p\u00e1gina a fin de que te aparezca toda la informaci\u00f3n. Para lograr la informaci\u00f3n y si no tiene buscador, procura encontrar la secci\u00f3n donde creas que puede estar tu contestaci\u00f3n. Para proceder a dar de baja el seguro, tendr\u00e1s que rellenar el formulario que se te indique. Para solucionar otras dudas o bien darte una mayor informaci\u00f3n, ll\u00e1manos al 951 127 403 o bien a trav\u00e9s de un email en info@idecesos. com. Si has logrado encontrar el formulario para dar de baja tu seguro de decesos, recibir\u00e1s en unos pocos minutos un documento donde se te notifique que lo has efectuado correctamente. <div class=\"colorf \"  ><div class=\"container clearfix\"><div class=\"col-md-7\"><\/p>\r\n<h3><span class=\"ez-toc-section\" id=\"Utilizando_el_correo_electronico_de_Ergo\"><\/span>Utilizando el correo electr\u00f3nico de Ergo<span class=\"ez-toc-section-end\"><\/span><\/h3>\r\n<p>Si no quieres continuar contando con un seguro de decesos en la compa\u00f1\u00eda en la que est\u00e1s, notif\u00edcalo a su correo electr\u00f3nico. Deber\u00e1s enviarles una copia del documento nacional de identidad del asegurado y una notificaci\u00f3n donde se solicite el fin del contrato del seguro de decesos firmada con los datos personales. Va a deber guardar una copia sellada y tener un justificante de recibo para que su ejecuci\u00f3n pueda hacerse. Otros documentos que no puedes perder es la copia de la notificaci\u00f3n del correo con la data escrita de cuando se envi\u00f3. Deber\u00e1s enviar a tu compa\u00f1\u00eda aseguradora tu n\u00famero de p\u00f3liza 30 d\u00edas antes del fin del contrato. <\/div><\/div><\/div><\/p>\r\n<h3><span class=\"ez-toc-section\" id=\"Dar_de_baja_Ergo_por_fax\"><\/span>Dar de baja Ergo por fax<span class=\"ez-toc-section-end\"><\/span><\/h3>\r\n<p>Si lo prefieres, puedes enviar un fax a tu empresa aseguradora para solicitar la baja. El empleo del fax no tiene mayores dificultades del mismo modo que el empleo del mail. Solo debes mandarle a tu compa\u00f1\u00eda de seguro tu copia del DNI y la notificaci\u00f3n firmada. Si no la encuesta, ll\u00e1menos a este n\u00famero de tel\u00e9fono y nosotros te la vamos a facilitar 951 127 403. Le recordamos que, como en todas y cada una de las opciones, debe guardar una copia sellada y tener un justificante de su recibo. Para tu mayor calma y bienestar, guarda tambi\u00e9n la copia de la notificaci\u00f3n con la data de env\u00edo. <div class=\"colorf \"  ><div class=\"container clearfix\"><div class=\"col-md-7\"><\/p>\r\n<h3><span class=\"ez-toc-section\" id=\"En_la_oficina_de_Ergo\"><\/span>En la oficina de Ergo<span class=\"ez-toc-section-end\"><\/span><\/h3>\r\n<p>Va a poder dar de baja su seguro de decesos, acudiendo presencialmente a las oficinas de Ergo, si de este modo lo prefiere. Pregunte o bien busque en su buscador la oficina de Ergo m\u00e1s pr\u00f3xima a su casa y dir\u00edjase en el horario estipulado para poder ser atendido. Para que pueda rellenar, de forma \u00f3ptima, los documentos y, m\u00e1s tarde firmarlos, un especialista le va a ayudar. Solo debe seguir los pasos que le indiquen. Tenga presente que debe llevar el DNI, a fin de que se puedan llevar las gestiones eficientemente. Al terminar, le van a dar una imitaci\u00f3n de todo lo rellenado y el agente va a pasar a tramitarlo para darle de baja por lo que no tendr\u00e1 que preocuparse por nada m\u00e1s. <\/div><\/div><\/div><\/p>\r\n<h3><span class=\"ez-toc-section\" id=\"Telefono_para_dar_de_baja_Ergo\"><\/span>T\u00e9lefono para dar de baja Ergo<span class=\"ez-toc-section-end\"><\/span><\/h3>\r\n<p>Tambi\u00e9n puede darse de baja mediante v\u00eda telef\u00f3nica. Busque el tel\u00e9fono de Ergo en internet o bien llame directamente desde ac\u00e1 91 387 46 16. Va a deber comunicarle al experto el motivo de su llamada y le indicar\u00e1 los pasos que ha de proseguir. Siguiendo los pasos indicados, lo tendr\u00e1 todo solucionado de manera r\u00e1pida y, el experto, se encargar\u00e1 de dar fin a su seguro de decesos. Con iDecesos podr\u00e1 hallar un nuevo seguro que se adapte a sus necesidades, equiparando todas las opciones posibles. <div class=\"colorf \"  ><div class=\"container clearfix\"><div class=\"col-md-7\"><\/p>\r\n<h2><span class=\"ez-toc-section\" id=\"Dar_de_baja_seguro_Ergo_de_un_fallecido\"><\/span>Dar de baja seguro Ergo de un fallecido<span class=\"ez-toc-section-end\"><\/span><\/h2>\r\n<p>Finalmente, le daremos las claves a fin de que sepa de qu\u00e9 forma puede dar de baja el seguro, si la persona asegurada ha fallecido. Semeja algo complejo en tanto que el contratante del seguro ya no se encuentra con nosotros mas es la forma m\u00e1s f\u00e1cil de anular un seguro de decesos. No tendr\u00e1 que preocuparse por los tr\u00e1mites citados previamente. Ergo es la responsable de cancelar su seguro de decesos de forma autom\u00e1tica tras la muerte de su asegurado. Tras el sepelio del asegurado, Ergo dar\u00e1 de baja el seguro de la persona fallecida y, su familia, podr\u00e1 estar apacible durante todo el proceso. <\/div><\/div><\/div> <div class=\"oficinas\"> <h3>P\u00e1ginas relacionadas<\/h3><div class=\"enlazado\"><ul> <li><a href=\"https:\/\/idecesos.com\/seguros\/companias\/ergo\/opiniones\/\">Opiniones Ergo<\/a><\/li> <li><a href=\"https:\/\/idecesos.com\/seguros\/companias\/ergo\/precio\/\">Precio seguro Ergo<\/a><\/li> <li><a href=\"https:\/\/idecesos.com\/seguros\/companias\/ergo\/prima-mixta\/\">Ergo Prima Mixta<\/a><\/li> <li><a href=\"https:\/\/idecesos.com\/seguros\/companias\/ergo\/prima-natural\/\">Ergo Prima Natural<\/a><\/li> <li><a href=\"https:\/\/idecesos.com\/seguros\/companias\/ergo\/prima-nivelada\/\">Ergo Prima Nivelada<\/a><\/li> <li><a href=\"https:\/\/idecesos.com\/seguros\/companias\/ergo\/prima-unica\/\">Ergo Prima \u00danica<\/a><\/li> <li><a href=\"https:\/\/idecesos.com\/seguros\/companias\/ergo\/repatriacion\/\">Ergo Repatriaci\u00f3n<\/a><\/li> <li><a href=\"https:\/\/idecesos.com\/seguros\/companias\/ergo\/telefono\/\">Tel\u00e9fono Gratuito Ergo<\/a><\/li><\/ul><\/div> <\/div><\/p>","protected":false},"excerpt":{"rendered":"<p>Si desea dar de baja un seguro de decesos, es tan sencillo como proseguir los pasos que le daremos ahora. iDecesos te va a mostrar sus conocimientos para dar de baja su seguro de decesos. Tendr\u00e1 su inconveniente solucionado en unos minutos y, es aconsejable que busque otro seguro de decesos que se ajuste a&hellip; <\/p>\n","protected":false},"author":1,"featured_media":0,"parent":349,"menu_order":0,"comment_status":"closed","ping_status":"closed","template":"single.php","meta":{"footnotes":""},"class_list":["post-18215","page","type-page","status-publish","hentry"],"yoast_head":"<!-- This site is optimized with the Yoast SEO plugin v27.5 - https:\/\/yoast.com\/product\/yoast-seo-wordpress\/ -->\n<title>\u00bfC\u00f3mo dar de Baja o Cancelar Seguro de Decesos Ergo?<\/title>\n<meta name=\"description\" content=\"Obt\u00e9n aqu\u00ed\u3010c\u00f3mo dar de baja o cancelar seguro de decesos Ergo\u3011Modelo carta, fax, correo electr\u00f3nico (email), tel\u00e9fono gratis.\" \/>\n<meta name=\"robots\" content=\"index, follow, max-snippet:-1, max-image-preview:large, max-video-preview:-1\" \/>\n<link rel=\"canonical\" href=\"https:\/\/idecesos.com\/seguros\/companias\/ergo\/dar-de-baja\/\" \/>\n<meta property=\"og:locale\" content=\"es_ES\" \/>\n<meta property=\"og:type\" content=\"article\" \/>\n<meta property=\"og:title\" content=\"\u00bfC\u00f3mo dar de Baja o Cancelar Seguro de Decesos Ergo?\" \/>\n<meta property=\"og:description\" content=\"Obt\u00e9n aqu\u00ed\u3010c\u00f3mo dar de baja o cancelar seguro de decesos Ergo\u3011Modelo carta, fax, correo electr\u00f3nico (email), tel\u00e9fono gratis.\" \/>\n<meta property=\"og:url\" content=\"https:\/\/idecesos.com\/seguros\/companias\/ergo\/dar-de-baja\/\" \/>\n<meta property=\"article:modified_time\" content=\"2022-01-31T16:37:14+00:00\" \/>\n<meta name=\"twitter:card\" content=\"summary_large_image\" \/>\n<meta name=\"twitter:label1\" content=\"Tiempo de lectura\" \/>\n\t<meta name=\"twitter:data1\" content=\"5 minutos\" \/>\n<script type=\"application\/ld+json\" class=\"yoast-schema-graph\">{\"@context\":\"https:\\\/\\\/schema.org\",\"@graph\":[{\"@type\":\"WebPage\",\"@id\":\"https:\\\/\\\/idecesos.com\\\/seguros\\\/companias\\\/ergo\\\/dar-de-baja\\\/\",\"url\":\"https:\\\/\\\/idecesos.com\\\/seguros\\\/companias\\\/ergo\\\/dar-de-baja\\\/\",\"name\":\"\u00bfC\u00f3mo dar de Baja o Cancelar Seguro de Decesos Ergo?\",\"isPartOf\":{\"@id\":\"https:\\\/\\\/idecesos.com\\\/seguros\\\/#website\"},\"datePublished\":\"2021-12-29T11:53:11+00:00\",\"dateModified\":\"2022-01-31T16:37:14+00:00\",\"description\":\"Obt\u00e9n aqu\u00ed\u3010c\u00f3mo dar de baja o cancelar seguro de decesos Ergo\u3011Modelo carta, fax, correo electr\u00f3nico (email), tel\u00e9fono gratis.\",\"breadcrumb\":{\"@id\":\"https:\\\/\\\/idecesos.com\\\/seguros\\\/companias\\\/ergo\\\/dar-de-baja\\\/#breadcrumb\"},\"inLanguage\":\"es\",\"potentialAction\":[{\"@type\":\"ReadAction\",\"target\":[\"https:\\\/\\\/idecesos.com\\\/seguros\\\/companias\\\/ergo\\\/dar-de-baja\\\/\"]}]},{\"@type\":\"BreadcrumbList\",\"@id\":\"https:\\\/\\\/idecesos.com\\\/seguros\\\/companias\\\/ergo\\\/dar-de-baja\\\/#breadcrumb\",\"itemListElement\":[{\"@type\":\"ListItem\",\"position\":1,\"name\":\"Portada\",\"item\":\"https:\\\/\\\/idecesos.com\\\/seguros\\\/\"},{\"@type\":\"ListItem\",\"position\":2,\"name\":\"Compa\u00f1\u00edas de Seguros de Decesos en Espa\u00f1a\",\"item\":\"https:\\\/\\\/idecesos.com\\\/seguros\\\/companias\\\/\"},{\"@type\":\"ListItem\",\"position\":3,\"name\":\"Seguro de decesos Ergo\",\"item\":\"https:\\\/\\\/idecesos.com\\\/seguros\\\/companias\\\/ergo\\\/\"},{\"@type\":\"ListItem\",\"position\":4,\"name\":\"\u00bfC\u00f3mo dar de baja seguro Ergo?\"}]},{\"@type\":\"WebSite\",\"@id\":\"https:\\\/\\\/idecesos.com\\\/seguros\\\/#website\",\"url\":\"https:\\\/\\\/idecesos.com\\\/seguros\\\/\",\"name\":\"\",\"description\":\"\",\"potentialAction\":[{\"@type\":\"SearchAction\",\"target\":{\"@type\":\"EntryPoint\",\"urlTemplate\":\"https:\\\/\\\/idecesos.com\\\/seguros\\\/?s={search_term_string}\"},\"query-input\":{\"@type\":\"PropertyValueSpecification\",\"valueRequired\":true,\"valueName\":\"search_term_string\"}}],\"inLanguage\":\"es\"}]}<\/script>\n<!-- \/ Yoast SEO plugin. -->","yoast_head_json":{"title":"\u00bfC\u00f3mo dar de Baja o Cancelar Seguro de Decesos Ergo?","description":"Obt\u00e9n aqu\u00ed\u3010c\u00f3mo dar de baja o cancelar seguro de decesos Ergo\u3011Modelo carta, fax, correo electr\u00f3nico (email), tel\u00e9fono gratis.","robots":{"index":"index","follow":"follow","max-snippet":"max-snippet:-1","max-image-preview":"max-image-preview:large","max-video-preview":"max-video-preview:-1"},"canonical":"https:\/\/idecesos.com\/seguros\/companias\/ergo\/dar-de-baja\/","og_locale":"es_ES","og_type":"article","og_title":"\u00bfC\u00f3mo dar de Baja o Cancelar Seguro de Decesos Ergo?","og_description":"Obt\u00e9n aqu\u00ed\u3010c\u00f3mo dar de baja o cancelar seguro de decesos Ergo\u3011Modelo carta, fax, correo electr\u00f3nico (email), tel\u00e9fono gratis.","og_url":"https:\/\/idecesos.com\/seguros\/companias\/ergo\/dar-de-baja\/","article_modified_time":"2022-01-31T16:37:14+00:00","twitter_card":"summary_large_image","twitter_misc":{"Tiempo de lectura":"5 minutos"},"schema":{"@context":"https:\/\/schema.org","@graph":[{"@type":"WebPage","@id":"https:\/\/idecesos.com\/seguros\/companias\/ergo\/dar-de-baja\/","url":"https:\/\/idecesos.com\/seguros\/companias\/ergo\/dar-de-baja\/","name":"\u00bfC\u00f3mo dar de Baja o Cancelar Seguro de Decesos Ergo?","isPartOf":{"@id":"https:\/\/idecesos.com\/seguros\/#website"},"datePublished":"2021-12-29T11:53:11+00:00","dateModified":"2022-01-31T16:37:14+00:00","description":"Obt\u00e9n aqu\u00ed\u3010c\u00f3mo dar de baja o cancelar seguro de decesos Ergo\u3011Modelo carta, fax, correo electr\u00f3nico (email), tel\u00e9fono gratis.","breadcrumb":{"@id":"https:\/\/idecesos.com\/seguros\/companias\/ergo\/dar-de-baja\/#breadcrumb"},"inLanguage":"es","potentialAction":[{"@type":"ReadAction","target":["https:\/\/idecesos.com\/seguros\/companias\/ergo\/dar-de-baja\/"]}]},{"@type":"BreadcrumbList","@id":"https:\/\/idecesos.com\/seguros\/companias\/ergo\/dar-de-baja\/#breadcrumb","itemListElement":[{"@type":"ListItem","position":1,"name":"Portada","item":"https:\/\/idecesos.com\/seguros\/"},{"@type":"ListItem","position":2,"name":"Compa\u00f1\u00edas de Seguros de Decesos en Espa\u00f1a","item":"https:\/\/idecesos.com\/seguros\/companias\/"},{"@type":"ListItem","position":3,"name":"Seguro de decesos Ergo","item":"https:\/\/idecesos.com\/seguros\/companias\/ergo\/"},{"@type":"ListItem","position":4,"name":"\u00bfC\u00f3mo dar de baja seguro Ergo?"}]},{"@type":"WebSite","@id":"https:\/\/idecesos.com\/seguros\/#website","url":"https:\/\/idecesos.com\/seguros\/","name":"","description":"","potentialAction":[{"@type":"SearchAction","target":{"@type":"EntryPoint","urlTemplate":"https:\/\/idecesos.com\/seguros\/?s={search_term_string}"},"query-input":{"@type":"PropertyValueSpecification","valueRequired":true,"valueName":"search_term_string"}}],"inLanguage":"es"}]}},"_links":{"self":[{"href":"https:\/\/idecesos.com\/seguros\/wp-json\/wp\/v2\/pages\/18215","targetHints":{"allow":["GET"]}}],"collection":[{"href":"https:\/\/idecesos.com\/seguros\/wp-json\/wp\/v2\/pages"}],"about":[{"href":"https:\/\/idecesos.com\/seguros\/wp-json\/wp\/v2\/types\/page"}],"author":[{"embeddable":true,"href":"https:\/\/idecesos.com\/seguros\/wp-json\/wp\/v2\/users\/1"}],"replies":[{"embeddable":true,"href":"https:\/\/idecesos.com\/seguros\/wp-json\/wp\/v2\/comments?post=18215"}],"version-history":[{"count":1,"href":"https:\/\/idecesos.com\/seguros\/wp-json\/wp\/v2\/pages\/18215\/revisions"}],"predecessor-version":[{"id":19134,"href":"https:\/\/idecesos.com\/seguros\/wp-json\/wp\/v2\/pages\/18215\/revisions\/19134"}],"up":[{"embeddable":true,"href":"https:\/\/idecesos.com\/seguros\/wp-json\/wp\/v2\/pages\/349"}],"wp:attachment":[{"href":"https:\/\/idecesos.com\/seguros\/wp-json\/wp\/v2\/media?parent=18215"}],"curies":[{"name":"wp","href":"https:\/\/api.w.org\/{rel}","templated":true}]}}