{"id":18218,"date":"2021-12-29T11:53:13","date_gmt":"2021-12-29T11:53:13","guid":{"rendered":"https:\/\/idecesos.com\/seguros\/companias\/liberty\/dar-de-baja\/"},"modified":"2022-01-31T16:59:01","modified_gmt":"2022-01-31T16:59:01","slug":"dar-de-baja","status":"publish","type":"page","link":"https:\/\/idecesos.com\/seguros\/companias\/liberty\/dar-de-baja\/","title":{"rendered":"\u00bfC\u00f3mo dar de baja seguro Liberty?"},"content":{"rendered":"<div id=\"ez-toc-container\" class=\"ez-toc-v2_0_83 ez-toc-wrap-center counter-hierarchy ez-toc-counter ez-toc-custom ez-toc-container-direction\">\n<div class=\"ez-toc-title-container\">\n<p class=\"ez-toc-title\" style=\"cursor:inherit\">Tabla de Contenido<\/p>\n<span class=\"ez-toc-title-toggle\"><a href=\"#\" class=\"ez-toc-pull-right ez-toc-btn ez-toc-btn-xs ez-toc-btn-default ez-toc-toggle\" aria-label=\"Alternar tabla de contenidos\"><span class=\"ez-toc-js-icon-con\"><span class=\"\"><span class=\"eztoc-hide\" style=\"display:none;\">Toggle<\/span><span class=\"ez-toc-icon-toggle-span\"><svg style=\"fill: #db6415;color:#db6415\" xmlns=\"http:\/\/www.w3.org\/2000\/svg\" class=\"list-377408\" width=\"20px\" height=\"20px\" viewBox=\"0 0 24 24\" fill=\"none\"><path d=\"M6 6H4v2h2V6zm14 0H8v2h12V6zM4 11h2v2H4v-2zm16 0H8v2h12v-2zM4 16h2v2H4v-2zm16 0H8v2h12v-2z\" fill=\"currentColor\"><\/path><\/svg><svg style=\"fill: #db6415;color:#db6415\" class=\"arrow-unsorted-368013\" xmlns=\"http:\/\/www.w3.org\/2000\/svg\" width=\"10px\" height=\"10px\" viewBox=\"0 0 24 24\" version=\"1.2\" baseProfile=\"tiny\"><path d=\"M18.2 9.3l-6.2-6.3-6.2 6.3c-.2.2-.3.4-.3.7s.1.5.3.7c.2.2.4.3.7.3h11c.3 0 .5-.1.7-.3.2-.2.3-.5.3-.7s-.1-.5-.3-.7zM5.8 14.7l6.2 6.3 6.2-6.3c.2-.2.3-.5.3-.7s-.1-.5-.3-.7c-.2-.2-.4-.3-.7-.3h-11c-.3 0-.5.1-.7.3-.2.2-.3.5-.3.7s.1.5.3.7z\"\/><\/svg><\/span><\/span><\/span><\/a><\/span><\/div>\n<nav><ul class='ez-toc-list ez-toc-list-level-1 ' ><li class='ez-toc-page-1 ez-toc-heading-level-2'><a class=\"ez-toc-link ez-toc-heading-1\" href=\"https:\/\/idecesos.com\/seguros\/companias\/liberty\/dar-de-baja\/#Diferentes_opciones_para_cancelar_un_contrato_con_Liberty\" >Diferentes opciones para cancelar un contrato con Liberty<\/a><ul class='ez-toc-list-level-3' ><li class='ez-toc-heading-level-3'><a class=\"ez-toc-link ez-toc-heading-2\" href=\"https:\/\/idecesos.com\/seguros\/companias\/liberty\/dar-de-baja\/#A_traves_de_la_web_de_Liberty\" >A trav\u00e9s de la web de Liberty<\/a><\/li><li class='ez-toc-page-1 ez-toc-heading-level-3'><a class=\"ez-toc-link ez-toc-heading-3\" href=\"https:\/\/idecesos.com\/seguros\/companias\/liberty\/dar-de-baja\/#Utilizando_el_correo_electronico_de_Liberty\" >Utilizando el correo electr\u00f3nico de Liberty<\/a><\/li><li class='ez-toc-page-1 ez-toc-heading-level-3'><a class=\"ez-toc-link ez-toc-heading-4\" href=\"https:\/\/idecesos.com\/seguros\/companias\/liberty\/dar-de-baja\/#Dar_de_baja_Liberty_por_fax\" >Dar de baja Liberty por fax<\/a><\/li><li class='ez-toc-page-1 ez-toc-heading-level-3'><a class=\"ez-toc-link ez-toc-heading-5\" href=\"https:\/\/idecesos.com\/seguros\/companias\/liberty\/dar-de-baja\/#En_la_oficina_de_Liberty\" >En la oficina de Liberty<\/a><\/li><li class='ez-toc-page-1 ez-toc-heading-level-3'><a class=\"ez-toc-link ez-toc-heading-6\" href=\"https:\/\/idecesos.com\/seguros\/companias\/liberty\/dar-de-baja\/#Telefono_para_dar_de_baja_Liberty\" >T\u00e9lefono para dar de baja Liberty<\/a><\/li><\/ul><\/li><li class='ez-toc-page-1 ez-toc-heading-level-2'><a class=\"ez-toc-link ez-toc-heading-7\" href=\"https:\/\/idecesos.com\/seguros\/companias\/liberty\/dar-de-baja\/#Dar_de_baja_seguro_Liberty_de_un_fallecido\" >Dar de baja seguro Liberty de un fallecido<\/a><\/li><\/ul><\/nav><\/div>\n<p> Solo tendr\u00e1s que proseguir las indicaciones que te mostramos a fin de que puedas dar de baja tu seguro. El primer paso que debes de seguir es repasar tu contrato y conocer los datos de tu compa\u00f1\u00eda de seguros. Cuando sepas la informaci\u00f3n de tu compa\u00f1\u00eda, vas a poder conocer su direcci\u00f3n de forma m\u00e1s precisa merced a internet. Para proceder a dar de baja su seguro de decesos, deber\u00e1s llamar al tel\u00e9fono de atenci\u00f3n al usuario que te indiquen en internet. Tras contactar con atenci\u00f3n al usuario, puedes pedir la baja mediante tel\u00e9fono o correo. Cuando efect\u00faes la baja de tu seguro, podr\u00e1s ponerte en contacto con tu aseguradora para dejar por escrito tu decisi\u00f3n. <div class=\"colorf \"  ><div class=\"container clearfix\"><div class=\"col-md-7\"><\/p>\r\n<h2><span class=\"ez-toc-section\" id=\"Diferentes_opciones_para_cancelar_un_contrato_con_Liberty\"><\/span>Diferentes opciones para cancelar un contrato con Liberty<span class=\"ez-toc-section-end\"><\/span><\/h2>\r\n<!-- \/wp:post-content -->\r\n\r\n<!-- wp:paragraph -->\r\n<p>La forma de actuar de cada compa\u00f1\u00eda es muy diferente pero, pr\u00e1cticamente todas, piden a sus asegurados un documento en el que quede constancia su deseo de dar de baja a su seguro. Existen numerosas formas de anular su contrato, una de ellas es mediante una carta certificada. iDecesos le aconseja que haga una copia del documento y tenga a buen recaudo el resguardo. Si de este modo lo prefiere, le mostraremos m\u00e1s formas para dar de baja su seguro. <\/div><\/div><\/div><\/p>\r\n<h3><span class=\"ez-toc-section\" id=\"A_traves_de_la_web_de_Liberty\"><\/span>A trav\u00e9s de la web de Liberty<span class=\"ez-toc-section-end\"><\/span><\/h3>\r\n<p>Puedes dar de baja tu seguro de decesos por medio de la web de la compa\u00f1\u00eda en la que tengas contratado tu seguro. Solo deber\u00e1s escribir lo que buscas en su web a fin de que te aparezca toda la informaci\u00f3n. Si la web no tiene buscador, encuentra aquella secci\u00f3n que m\u00e1s se le parezca. Para dar de baja de manera correcta tu seguro de decesos, deber\u00e1s proseguirse unos pasos que van desde rellenar el formulario o bien descargar documentos. Para solucionar otras dudas o bien darte una mayor informaci\u00f3n, ll\u00e1manos al 951 127 403 o a trav\u00e9s de un email en info@idecesos. com. Si por otra parte, todo cuanto busca est\u00e1 en la p\u00e1gina web, podr\u00e1s recibir en unos instantes un documento donde se te notifica de la baja de tu seguro de decesos. <div class=\"colorf \"  ><div class=\"container clearfix\"><div class=\"col-md-7\"><\/p>\r\n<h3><span class=\"ez-toc-section\" id=\"Utilizando_el_correo_electronico_de_Liberty\"><\/span>Utilizando el correo electr\u00f3nico de Liberty<span class=\"ez-toc-section-end\"><\/span><\/h3>\r\n<p>Otra de las formas para dar de baja a su seguro de decesos, es a trav\u00e9s del e-mail email Liberty de Liberty. Solo le ocupar\u00e1 unos minutos de su tiempo. Va a deber enviarles a su c\u00f3digo postal la siguiente informaci\u00f3n: una copia del documento nacional de identidad del contratante y la notificaci\u00f3n, que previamente le hemos dicho de qu\u00e9 forma conseguirla, firmada por el asegurado con sus datos personales. Deber\u00e1 guardar una copia sellada y tener un justificante de recibo para que su ejecuci\u00f3n pueda llevarse a cabo. Adem\u00e1s, por lo que pueda pasar, le recomendamos que guarde una imitaci\u00f3n de la notificaci\u00f3n con su data de env\u00edo con lo que pueda acontecer en el futuro. <\/div><\/div><\/div><\/p>\r\n<h3><span class=\"ez-toc-section\" id=\"Dar_de_baja_Liberty_por_fax\"><\/span>Dar de baja Liberty por fax<span class=\"ez-toc-section-end\"><\/span><\/h3>\r\n<p>Otro de los m\u00e9todos para dar de baja tu seguro de decesos es a trav\u00e9s del fax. Su procedimiento es muy similar al que terminamos de explicar del correo puesto que en lugar de mandarlo por correo tendr\u00e1 que hacerlo v\u00eda fax. Mande a Liberty por medio de esta herramienta una imitaci\u00f3n de su documento de identidad y la notificaci\u00f3n firmada de baja que puede encontrar en la p\u00e1gina web de Liberty. Para conocer d\u00f3nde puedes encontrar la notificaci\u00f3n, puedes llamarnos al n\u00famero 951 127 403. Del mismo modo que en las opciones anteriormente detalladas, no olvides guardar la copia sellada y el justificante. Para tu mayor tranquilidad y bienestar, guarda tambi\u00e9n la copia de la notificaci\u00f3n con la fecha de env\u00edo. <div class=\"colorf \"  ><div class=\"container clearfix\"><div class=\"col-md-7\"><\/p>\r\n<h3><span class=\"ez-toc-section\" id=\"En_la_oficina_de_Liberty\"><\/span>En la oficina de Liberty<span class=\"ez-toc-section-end\"><\/span><\/h3>\r\n<p>Si no le gustan los precedentes m\u00e9todos, va a poder dar de baja a su seguro de decesos, presencialmente, acudiendo a la oficina correspondiente de Liberty. Pregunte o bien busque en su buscador la oficina de Liberty m\u00e1s pr\u00f3xima a su casa y dir\u00edjase en el horario estipulado para ser atendido. Sus agentes especializados le atender\u00e1n y van a dar todos y cada uno de los documentos precisos a fin de que los rellene y firme adecuadamente. El proceso va a ser tan f\u00e1cil como seguir las indicaciones de los asesores. Le recordamos que lleve su DNI a fin de que todo este tr\u00e1mite se pueda hacer, ya que es preciso. Al concluir, le van a dar una imitaci\u00f3n de todos los documentos y, los expertos, se encargar\u00e1n de finalizar el proceso de baja de su seguro de decesos. <\/div><\/div><\/div><\/p>\r\n<h3><span class=\"ez-toc-section\" id=\"Telefono_para_dar_de_baja_Liberty\"><\/span>T\u00e9lefono para dar de baja Liberty<span class=\"ez-toc-section-end\"><\/span><\/h3>\r\n<p>Finalmente su contrato con Liberty, de forma telef\u00f3nica, solo deber\u00e1 proseguir los f\u00e1ciles pasos que el especialista le vaya se\u00f1alando. As\u00ed, podr\u00e1 ponerse en contacto tras efectuar una busca en Internet del n\u00famero de tel\u00e9fono correcto o bien, llamando al 93 489 05 67. Si sigue los pasos indicados, adecuadamente, en poco tiempo va a tener solucionado cada aspecto de su seguro de baja y, los profesionales, van a cerrar los tr\u00e1mites, de forma \u00f3ptima, para su calma. <div class=\"colorf \"  ><div class=\"container clearfix\"><div class=\"col-md-7\"><\/p>\r\n<h2><span class=\"ez-toc-section\" id=\"Dar_de_baja_seguro_Liberty_de_un_fallecido\"><\/span>Dar de baja seguro Liberty de un fallecido<span class=\"ez-toc-section-end\"><\/span><\/h2>\r\n<p>Cuando el asegurado fallece, se avisa a la aseguradora a fin de que empiecen a realizarse los tr\u00e1mites para realizar la baja. El cierre del expediente para que autom\u00e1ticamente no se le pase m\u00e1s recibos por ese asegurado que ya no vive y se gire a banco el recibo proporcional por el resto de asegurados. Las primas que tienen contratadas se recalcular\u00e1n de manera que queden estimaciones autom\u00e1ticas. <\/div><\/div><\/div> <div class=\"oficinas\"> <h3>P\u00e1ginas relacionadas<\/h3><div class=\"enlazado\"><ul> <li><a href=\"https:\/\/idecesos.com\/seguros\/companias\/liberty\/dental\/\">Liberty Dental<\/a><\/li> <li><a href=\"https:\/\/idecesos.com\/seguros\/companias\/liberty\/opiniones\/\">Opiniones Liberty<\/a><\/li> <li><a href=\"https:\/\/idecesos.com\/seguros\/companias\/liberty\/precio\/\">Precio seguro Liberty<\/a><\/li> <li><a href=\"https:\/\/idecesos.com\/seguros\/companias\/liberty\/prima-mixta\/\">Liberty Prima Mixta<\/a><\/li> <li><a href=\"https:\/\/idecesos.com\/seguros\/companias\/liberty\/prima-natural\/\">Liberty Prima Natural<\/a><\/li> <li><a href=\"https:\/\/idecesos.com\/seguros\/companias\/liberty\/prima-nivelada\/\">Liberty Prima Nivelada<\/a><\/li> <li><a href=\"https:\/\/idecesos.com\/seguros\/companias\/liberty\/prima-unica\/\">Liberty Prima \u00danica<\/a><\/li> <li><a href=\"https:\/\/idecesos.com\/seguros\/companias\/liberty\/repatriacion\/\">Liberty Repatriaci\u00f3n<\/a><\/li> <li><a href=\"https:\/\/idecesos.com\/seguros\/companias\/liberty\/telefono\/\">Tel\u00e9fono Gratuito Liberty<\/a><\/li><\/ul><\/div> <\/div><\/p>","protected":false},"excerpt":{"rendered":"<p>Solo tendr\u00e1s que proseguir las indicaciones que te mostramos a fin de que puedas dar de baja tu seguro. El primer paso que debes de seguir es repasar tu contrato y conocer los datos de tu compa\u00f1\u00eda de seguros. Cuando sepas la informaci\u00f3n de tu compa\u00f1\u00eda, vas a poder conocer su direcci\u00f3n de forma m\u00e1s&hellip; <\/p>\n","protected":false},"author":1,"featured_media":0,"parent":403,"menu_order":0,"comment_status":"closed","ping_status":"closed","template":"single.php","meta":{"footnotes":""},"class_list":["post-18218","page","type-page","status-publish","hentry"],"yoast_head":"<!-- This site is optimized with the Yoast SEO plugin v27.5 - https:\/\/yoast.com\/product\/yoast-seo-wordpress\/ -->\n<title>\u00bfC\u00f3mo dar de Baja o Cancelar Seguro de Decesos Liberty?<\/title>\n<meta name=\"description\" content=\"Obt\u00e9n aqu\u00ed\u3010c\u00f3mo dar de baja o cancelar seguro de decesos Liberty\u3011Modelo carta, fax, correo electr\u00f3nico (email), tel\u00e9fono gratis.\" \/>\n<meta name=\"robots\" content=\"index, follow, max-snippet:-1, max-image-preview:large, max-video-preview:-1\" \/>\n<link rel=\"canonical\" href=\"https:\/\/idecesos.com\/seguros\/companias\/liberty\/dar-de-baja\/\" \/>\n<meta property=\"og:locale\" content=\"es_ES\" \/>\n<meta property=\"og:type\" content=\"article\" \/>\n<meta property=\"og:title\" content=\"\u00bfC\u00f3mo dar de Baja o Cancelar Seguro de Decesos Liberty?\" \/>\n<meta property=\"og:description\" content=\"Obt\u00e9n aqu\u00ed\u3010c\u00f3mo dar de baja o cancelar seguro de decesos Liberty\u3011Modelo carta, fax, correo electr\u00f3nico (email), tel\u00e9fono gratis.\" \/>\n<meta property=\"og:url\" content=\"https:\/\/idecesos.com\/seguros\/companias\/liberty\/dar-de-baja\/\" \/>\n<meta property=\"article:modified_time\" content=\"2022-01-31T16:59:01+00:00\" \/>\n<meta name=\"twitter:card\" content=\"summary_large_image\" \/>\n<meta name=\"twitter:label1\" content=\"Tiempo de lectura\" \/>\n\t<meta name=\"twitter:data1\" content=\"5 minutos\" \/>\n<script type=\"application\/ld+json\" class=\"yoast-schema-graph\">{\"@context\":\"https:\\\/\\\/schema.org\",\"@graph\":[{\"@type\":\"WebPage\",\"@id\":\"https:\\\/\\\/idecesos.com\\\/seguros\\\/companias\\\/liberty\\\/dar-de-baja\\\/\",\"url\":\"https:\\\/\\\/idecesos.com\\\/seguros\\\/companias\\\/liberty\\\/dar-de-baja\\\/\",\"name\":\"\u00bfC\u00f3mo dar de Baja o Cancelar Seguro de Decesos Liberty?\",\"isPartOf\":{\"@id\":\"https:\\\/\\\/idecesos.com\\\/seguros\\\/#website\"},\"datePublished\":\"2021-12-29T11:53:13+00:00\",\"dateModified\":\"2022-01-31T16:59:01+00:00\",\"description\":\"Obt\u00e9n aqu\u00ed\u3010c\u00f3mo dar de baja o cancelar seguro de decesos Liberty\u3011Modelo carta, fax, correo electr\u00f3nico (email), tel\u00e9fono gratis.\",\"breadcrumb\":{\"@id\":\"https:\\\/\\\/idecesos.com\\\/seguros\\\/companias\\\/liberty\\\/dar-de-baja\\\/#breadcrumb\"},\"inLanguage\":\"es\",\"potentialAction\":[{\"@type\":\"ReadAction\",\"target\":[\"https:\\\/\\\/idecesos.com\\\/seguros\\\/companias\\\/liberty\\\/dar-de-baja\\\/\"]}]},{\"@type\":\"BreadcrumbList\",\"@id\":\"https:\\\/\\\/idecesos.com\\\/seguros\\\/companias\\\/liberty\\\/dar-de-baja\\\/#breadcrumb\",\"itemListElement\":[{\"@type\":\"ListItem\",\"position\":1,\"name\":\"Portada\",\"item\":\"https:\\\/\\\/idecesos.com\\\/seguros\\\/\"},{\"@type\":\"ListItem\",\"position\":2,\"name\":\"Compa\u00f1\u00edas de Seguros de Decesos en Espa\u00f1a\",\"item\":\"https:\\\/\\\/idecesos.com\\\/seguros\\\/companias\\\/\"},{\"@type\":\"ListItem\",\"position\":3,\"name\":\"Seguro de decesos Liberty\",\"item\":\"https:\\\/\\\/idecesos.com\\\/seguros\\\/companias\\\/liberty\\\/\"},{\"@type\":\"ListItem\",\"position\":4,\"name\":\"\u00bfC\u00f3mo dar de baja seguro Liberty?\"}]},{\"@type\":\"WebSite\",\"@id\":\"https:\\\/\\\/idecesos.com\\\/seguros\\\/#website\",\"url\":\"https:\\\/\\\/idecesos.com\\\/seguros\\\/\",\"name\":\"\",\"description\":\"\",\"potentialAction\":[{\"@type\":\"SearchAction\",\"target\":{\"@type\":\"EntryPoint\",\"urlTemplate\":\"https:\\\/\\\/idecesos.com\\\/seguros\\\/?s={search_term_string}\"},\"query-input\":{\"@type\":\"PropertyValueSpecification\",\"valueRequired\":true,\"valueName\":\"search_term_string\"}}],\"inLanguage\":\"es\"}]}<\/script>\n<!-- \/ Yoast SEO plugin. -->","yoast_head_json":{"title":"\u00bfC\u00f3mo dar de Baja o Cancelar Seguro de Decesos Liberty?","description":"Obt\u00e9n aqu\u00ed\u3010c\u00f3mo dar de baja o cancelar seguro de decesos Liberty\u3011Modelo carta, fax, correo electr\u00f3nico (email), tel\u00e9fono gratis.","robots":{"index":"index","follow":"follow","max-snippet":"max-snippet:-1","max-image-preview":"max-image-preview:large","max-video-preview":"max-video-preview:-1"},"canonical":"https:\/\/idecesos.com\/seguros\/companias\/liberty\/dar-de-baja\/","og_locale":"es_ES","og_type":"article","og_title":"\u00bfC\u00f3mo dar de Baja o Cancelar Seguro de Decesos Liberty?","og_description":"Obt\u00e9n aqu\u00ed\u3010c\u00f3mo dar de baja o cancelar seguro de decesos Liberty\u3011Modelo carta, fax, correo electr\u00f3nico (email), tel\u00e9fono gratis.","og_url":"https:\/\/idecesos.com\/seguros\/companias\/liberty\/dar-de-baja\/","article_modified_time":"2022-01-31T16:59:01+00:00","twitter_card":"summary_large_image","twitter_misc":{"Tiempo de lectura":"5 minutos"},"schema":{"@context":"https:\/\/schema.org","@graph":[{"@type":"WebPage","@id":"https:\/\/idecesos.com\/seguros\/companias\/liberty\/dar-de-baja\/","url":"https:\/\/idecesos.com\/seguros\/companias\/liberty\/dar-de-baja\/","name":"\u00bfC\u00f3mo dar de Baja o Cancelar Seguro de Decesos Liberty?","isPartOf":{"@id":"https:\/\/idecesos.com\/seguros\/#website"},"datePublished":"2021-12-29T11:53:13+00:00","dateModified":"2022-01-31T16:59:01+00:00","description":"Obt\u00e9n aqu\u00ed\u3010c\u00f3mo dar de baja o cancelar seguro de decesos Liberty\u3011Modelo carta, fax, correo electr\u00f3nico (email), tel\u00e9fono gratis.","breadcrumb":{"@id":"https:\/\/idecesos.com\/seguros\/companias\/liberty\/dar-de-baja\/#breadcrumb"},"inLanguage":"es","potentialAction":[{"@type":"ReadAction","target":["https:\/\/idecesos.com\/seguros\/companias\/liberty\/dar-de-baja\/"]}]},{"@type":"BreadcrumbList","@id":"https:\/\/idecesos.com\/seguros\/companias\/liberty\/dar-de-baja\/#breadcrumb","itemListElement":[{"@type":"ListItem","position":1,"name":"Portada","item":"https:\/\/idecesos.com\/seguros\/"},{"@type":"ListItem","position":2,"name":"Compa\u00f1\u00edas de Seguros de Decesos en Espa\u00f1a","item":"https:\/\/idecesos.com\/seguros\/companias\/"},{"@type":"ListItem","position":3,"name":"Seguro de decesos Liberty","item":"https:\/\/idecesos.com\/seguros\/companias\/liberty\/"},{"@type":"ListItem","position":4,"name":"\u00bfC\u00f3mo dar de baja seguro Liberty?"}]},{"@type":"WebSite","@id":"https:\/\/idecesos.com\/seguros\/#website","url":"https:\/\/idecesos.com\/seguros\/","name":"","description":"","potentialAction":[{"@type":"SearchAction","target":{"@type":"EntryPoint","urlTemplate":"https:\/\/idecesos.com\/seguros\/?s={search_term_string}"},"query-input":{"@type":"PropertyValueSpecification","valueRequired":true,"valueName":"search_term_string"}}],"inLanguage":"es"}]}},"_links":{"self":[{"href":"https:\/\/idecesos.com\/seguros\/wp-json\/wp\/v2\/pages\/18218","targetHints":{"allow":["GET"]}}],"collection":[{"href":"https:\/\/idecesos.com\/seguros\/wp-json\/wp\/v2\/pages"}],"about":[{"href":"https:\/\/idecesos.com\/seguros\/wp-json\/wp\/v2\/types\/page"}],"author":[{"embeddable":true,"href":"https:\/\/idecesos.com\/seguros\/wp-json\/wp\/v2\/users\/1"}],"replies":[{"embeddable":true,"href":"https:\/\/idecesos.com\/seguros\/wp-json\/wp\/v2\/comments?post=18218"}],"version-history":[{"count":1,"href":"https:\/\/idecesos.com\/seguros\/wp-json\/wp\/v2\/pages\/18218\/revisions"}],"predecessor-version":[{"id":19154,"href":"https:\/\/idecesos.com\/seguros\/wp-json\/wp\/v2\/pages\/18218\/revisions\/19154"}],"up":[{"embeddable":true,"href":"https:\/\/idecesos.com\/seguros\/wp-json\/wp\/v2\/pages\/403"}],"wp:attachment":[{"href":"https:\/\/idecesos.com\/seguros\/wp-json\/wp\/v2\/media?parent=18218"}],"curies":[{"name":"wp","href":"https:\/\/api.w.org\/{rel}","templated":true}]}}