{"id":18220,"date":"2021-12-29T11:53:14","date_gmt":"2021-12-29T11:53:14","guid":{"rendered":"https:\/\/idecesos.com\/seguros\/companias\/patria-hispana\/dar-de-baja\/"},"modified":"2022-01-31T16:47:11","modified_gmt":"2022-01-31T16:47:11","slug":"dar-de-baja","status":"publish","type":"page","link":"https:\/\/idecesos.com\/seguros\/companias\/patria-hispana\/dar-de-baja\/","title":{"rendered":"\u00bfC\u00f3mo dar de baja seguro Patria Hispana?"},"content":{"rendered":"<div id=\"ez-toc-container\" class=\"ez-toc-v2_0_82_2 ez-toc-wrap-center counter-hierarchy ez-toc-counter ez-toc-custom ez-toc-container-direction\">\n<div class=\"ez-toc-title-container\">\n<p class=\"ez-toc-title\" style=\"cursor:inherit\">Tabla de Contenido<\/p>\n<span class=\"ez-toc-title-toggle\"><a href=\"#\" class=\"ez-toc-pull-right ez-toc-btn ez-toc-btn-xs ez-toc-btn-default ez-toc-toggle\" aria-label=\"Alternar tabla de contenidos\"><span class=\"ez-toc-js-icon-con\"><span class=\"\"><span class=\"eztoc-hide\" style=\"display:none;\">Toggle<\/span><span class=\"ez-toc-icon-toggle-span\"><svg style=\"fill: #db6415;color:#db6415\" xmlns=\"http:\/\/www.w3.org\/2000\/svg\" class=\"list-377408\" width=\"20px\" height=\"20px\" viewBox=\"0 0 24 24\" fill=\"none\"><path d=\"M6 6H4v2h2V6zm14 0H8v2h12V6zM4 11h2v2H4v-2zm16 0H8v2h12v-2zM4 16h2v2H4v-2zm16 0H8v2h12v-2z\" fill=\"currentColor\"><\/path><\/svg><svg style=\"fill: #db6415;color:#db6415\" class=\"arrow-unsorted-368013\" xmlns=\"http:\/\/www.w3.org\/2000\/svg\" width=\"10px\" height=\"10px\" viewBox=\"0 0 24 24\" version=\"1.2\" baseProfile=\"tiny\"><path d=\"M18.2 9.3l-6.2-6.3-6.2 6.3c-.2.2-.3.4-.3.7s.1.5.3.7c.2.2.4.3.7.3h11c.3 0 .5-.1.7-.3.2-.2.3-.5.3-.7s-.1-.5-.3-.7zM5.8 14.7l6.2 6.3 6.2-6.3c.2-.2.3-.5.3-.7s-.1-.5-.3-.7c-.2-.2-.4-.3-.7-.3h-11c-.3 0-.5.1-.7.3-.2.2-.3.5-.3.7s.1.5.3.7z\"\/><\/svg><\/span><\/span><\/span><\/a><\/span><\/div>\n<nav><ul class='ez-toc-list ez-toc-list-level-1 ' ><li class='ez-toc-page-1 ez-toc-heading-level-2'><a class=\"ez-toc-link ez-toc-heading-1\" href=\"https:\/\/idecesos.com\/seguros\/companias\/patria-hispana\/dar-de-baja\/#Diferentes_opciones_para_cancelar_un_contrato_con_Patria_Hispana\" >Diferentes opciones para cancelar un contrato con Patria Hispana<\/a><ul class='ez-toc-list-level-3' ><li class='ez-toc-heading-level-3'><a class=\"ez-toc-link ez-toc-heading-2\" href=\"https:\/\/idecesos.com\/seguros\/companias\/patria-hispana\/dar-de-baja\/#A_traves_de_la_web_de_Patria_Hispana\" >A trav\u00e9s de la web de Patria Hispana<\/a><\/li><li class='ez-toc-page-1 ez-toc-heading-level-3'><a class=\"ez-toc-link ez-toc-heading-3\" href=\"https:\/\/idecesos.com\/seguros\/companias\/patria-hispana\/dar-de-baja\/#Utilizando_el_correo_electronico_de_Patria_Hispana\" >Utilizando el correo electr\u00f3nico de Patria Hispana<\/a><\/li><li class='ez-toc-page-1 ez-toc-heading-level-3'><a class=\"ez-toc-link ez-toc-heading-4\" href=\"https:\/\/idecesos.com\/seguros\/companias\/patria-hispana\/dar-de-baja\/#Dar_de_baja_Patria_Hispana_por_fax\" >Dar de baja Patria Hispana por fax<\/a><\/li><li class='ez-toc-page-1 ez-toc-heading-level-3'><a class=\"ez-toc-link ez-toc-heading-5\" href=\"https:\/\/idecesos.com\/seguros\/companias\/patria-hispana\/dar-de-baja\/#En_la_oficina_de_Patria_Hispana\" >En la oficina de Patria Hispana<\/a><\/li><li class='ez-toc-page-1 ez-toc-heading-level-3'><a class=\"ez-toc-link ez-toc-heading-6\" href=\"https:\/\/idecesos.com\/seguros\/companias\/patria-hispana\/dar-de-baja\/#Telefono_para_dar_de_baja_Patria_Hispana\" >T\u00e9lefono para dar de baja Patria Hispana<\/a><\/li><\/ul><\/li><li class='ez-toc-page-1 ez-toc-heading-level-2'><a class=\"ez-toc-link ez-toc-heading-7\" href=\"https:\/\/idecesos.com\/seguros\/companias\/patria-hispana\/dar-de-baja\/#Dar_de_baja_seguro_Patria_Hispana_de_un_fallecido\" >Dar de baja seguro Patria Hispana de un fallecido<\/a><ul class='ez-toc-list-level-3' ><li class='ez-toc-heading-level-3'><a class=\"ez-toc-link ez-toc-heading-8\" href=\"https:\/\/idecesos.com\/seguros\/companias\/patria-hispana\/dar-de-baja\/#Paginas_relacionadas\" >P\u00e1ginas relacionadas<\/a><\/li><\/ul><\/li><\/ul><\/nav><\/div>\n<p> En este apartado, vamos a mostrarte los pasos para anular tu seguro de fallecimiento. En iDecesos, deseamos facilitarte la tarea y vamos a darte las explicaciones precisas para que puedas dar de baja tu seguro sin ning\u00fan tipo de preocupaci\u00f3n. Ahora conocer\u00e1s las distintas formas que tienes para dar de baja tu seguro y los pasos que debes proseguir. Gracias a esto, en tan solo unos minutos tendr\u00e1 toda la informaci\u00f3n suficiente para que pueda elegir que opci\u00f3n tomar y dar de baja mismo su seguro de decesos. Te recomendamos seguir con tu seguro de decesos puesto que es clave a fin de que puedas vivir m\u00e1s tranquilo y sin preocupaciones. <div class=\"colorf \"  ><div class=\"container clearfix\"><div class=\"col-md-7\"><\/p>\r\n<h2><span class=\"ez-toc-section\" id=\"Diferentes_opciones_para_cancelar_un_contrato_con_Patria_Hispana\"><\/span>Diferentes opciones para cancelar un contrato con Patria Hispana<span class=\"ez-toc-section-end\"><\/span><\/h2>\r\n<!-- \/wp:post-content -->\r\n\r\n<!-- wp:paragraph -->\r\n<p>Estas opciones est\u00e1n basadas en la experiencia de los clientes del servicio que se dieron de baja y que asimismo le podr\u00edan servir a . La forma de dar de baja un seguro de decesos es igual en todas las empresas de seguros. Si no deseas perder el tiempo haciendo llamadas a tu compa\u00f1\u00eda de seguros para poder cancelar el seguro, te recomendamos que acudas de forma directa a una oficina y entregues el formulario de cancelaci\u00f3n en papel. Si precisas ayuda sobre de qu\u00e9 forma puedes anular tu seguro de decesos, puedes llamarnos por tel\u00e9fono o mandarnos un e-mail a nuestro e mail. <\/div><\/div><\/div><\/p>\r\n<h3><span class=\"ez-toc-section\" id=\"A_traves_de_la_web_de_Patria_Hispana\"><\/span>A trav\u00e9s de la web de Patria Hispana<span class=\"ez-toc-section-end\"><\/span><\/h3>\r\n<p>Otros de los m\u00e9todos es desde el sitio web de Patria Hispana: www.patriahispana.com\/. Solo deber\u00e1s poner en su buscador lo que quieres o entrar en la secci\u00f3n de la p\u00e1gina web de bajas. Siguiendo los pasos indicados, va a poder realizar su baja rellenando un formulario en la p\u00e1gina web o bien, descargando el documento que le indique Patria Hispana. Si durante el proceso, sucede alg\u00fan inconveniente o bien inconveniente, llame al 914 313 029\u00a0o mande un mensaje al siguiente e mail email Patria Hispana de la compa\u00f1\u00eda. Si todo marcha apropiadamente, en escasos minutos va a tener en su correo un mensaje de Patria Hispana con la baja de su seguro. <div class=\"colorf \"  ><div class=\"container clearfix\"><div class=\"col-md-7\"><\/p>\r\n<h3><span class=\"ez-toc-section\" id=\"Utilizando_el_correo_electronico_de_Patria_Hispana\"><\/span>Utilizando el correo electr\u00f3nico de Patria Hispana<span class=\"ez-toc-section-end\"><\/span><\/h3>\r\n<p>Si desea acabar su seguro de decesos Patria Hispana y siente que no le ofrece las mejores condiciones, puede hacerlo a trav\u00e9s de su correo electr\u00f3nico. Deber\u00e1s enviarles una copia del documento de identidad del asegurado y una notificaci\u00f3n donde se pida el fin del contrato del seguro de decesos firmada con los datos personales. No olvides guardar una copia sellada y el justificante. Asimismo te invitamos a que guardes una copia de la notificaci\u00f3n del correo con la data expuesta del env\u00edo. Debes enviar en los 30 d\u00edas antes del fin del contrato el n\u00famero de tu p\u00f3liza a tu empresa de seguros por correo electr\u00f3nico. <\/div><\/div><\/div><\/p>\r\n<h3><span class=\"ez-toc-section\" id=\"Dar_de_baja_Patria_Hispana_por_fax\"><\/span>Dar de baja Patria Hispana por fax<span class=\"ez-toc-section-end\"><\/span><\/h3>\r\n<p>Vas a poder ponerte en contacto con tu aseguradora mediante el fax se\u00f1alando tus datos personales y el n\u00famero de la p\u00f3liza y de este modo pedir la baja del seguro de decesos. Debes de fotocopiar tu documento nacional de identidad y mandarlo tanto por delante como por detr\u00e1s 1 mes antes del fin del contrato de tu seguro de decesos a fin de que se pueda tramitar de manera correcta. Cuando tengas todos los datos listos, localiza el n\u00famero de tel\u00e9fono del fax de tu aseguradora para poder enviarlos. Asimismo aconsejamos que guarde la confirmaci\u00f3n de env\u00edo por si le reclaman la prima a su renovaci\u00f3n. <div class=\"colorf \"  ><div class=\"container clearfix\"><div class=\"col-md-7\"><\/p>\r\n<h3><span class=\"ez-toc-section\" id=\"En_la_oficina_de_Patria_Hispana\"><\/span>En la oficina de Patria Hispana<span class=\"ez-toc-section-end\"><\/span><\/h3>\r\n<p>El procedimiento m\u00e1s f\u00e1cil y r\u00e1pido para dar de baja tu seguro de decesos es personandote en la oficina de tu empresa aseguradora. Vas a deber presentar un documento dejando perseverancia de tu deseo de anular tu seguro de decesos en la oficina. No olvides llevar una imitaci\u00f3n de tu DNI. En el momento en que te ponen el sello, se entiende que todos los recibos entregados se han efectuado de forma correcta. Para poder realizar esta baja tiene que haberse realizado un mes ya antes del vencimiento del contrato. <\/div><\/div><\/div><\/p>\r\n<h3><span class=\"ez-toc-section\" id=\"Telefono_para_dar_de_baja_Patria_Hispana\"><\/span>T\u00e9lefono para dar de baja Patria Hispana<span class=\"ez-toc-section-end\"><\/span><\/h3>\r\n<p>Asimismo puede darse de baja mediante por tel\u00e9fono. Puede ponerse en contacto con Patria Hispana llamando, directamente, al siguiente n\u00famero 914 313 029. Comun\u00edquele a quien le atienda lo que desee y le dar\u00e1n los pasos pertinentes que debe seguir. Siga, los pasos que le se\u00f1alen y en solo dos minutos todo va a estar solucionado y el agente se pondra en ese mismo momento con su petici\u00f3n para darle de baja con lo que se puede quedar sosegado tras colgar la llamada. Si despu\u00e9s de esto quiere contratar un nuevo seguro, no dude en ver todas y cada una de las opciones y cotejar todas las ofertas con iDecesos. <div class=\"colorf \"  ><div class=\"container clearfix\"><div class=\"col-md-7\"><\/p>\r\n<h2><span class=\"ez-toc-section\" id=\"Dar_de_baja_seguro_Patria_Hispana_de_un_fallecido\"><\/span>Dar de baja seguro Patria Hispana de un fallecido<span class=\"ez-toc-section-end\"><\/span><\/h2>\r\n<p>Finalmente, le explicaremos de qu\u00e9 manera dar de baja el seguro de decesos tras el fallecimiento del asegurado. Es la forma m\u00e1s sencilla de anular un seguro de este tipo. No deber\u00e1 preocuparse por nada, los expertos se ocupar\u00e1n de todos y cada uno de los tr\u00e1mites. Tras su fallecimiento, su seguro de decesos quedar\u00e1 cancelado, gracias a Patria Hispana. Tras la prestaci\u00f3n del servicio del sepelio, Patria Hispana se va a hacer cargo de dar de baja el seguro de decesos del fallecido y, no deber\u00e1 preocuparse por nada. <\/div><\/div><\/div> <div class=\"oficinas\"> <h3><span class=\"ez-toc-section\" id=\"Paginas_relacionadas\"><\/span>P\u00e1ginas relacionadas<span class=\"ez-toc-section-end\"><\/span><\/h3><div class=\"enlazado\"><ul> <li><a href=\"https:\/\/idecesos.com\/seguros\/companias\/patria-hispana\/opiniones\/\">Opiniones Patria Hispana<\/a><\/li> <li><a href=\"https:\/\/idecesos.com\/seguros\/companias\/patria-hispana\/precio\/\">Precio seguro Patria Hispana<\/a><\/li> <li><a href=\"https:\/\/idecesos.com\/seguros\/companias\/patria-hispana\/prima-mixta\/\">Patria Hispana Prima Mixta<\/a><\/li> <li><a href=\"https:\/\/idecesos.com\/seguros\/companias\/patria-hispana\/prima-natural\/\">Patria Hispana Prima Natural<\/a><\/li> <li><a href=\"https:\/\/idecesos.com\/seguros\/companias\/patria-hispana\/prima-nivelada\/\">Patria Hispana Prima Nivelada<\/a><\/li> <li><a href=\"https:\/\/idecesos.com\/seguros\/companias\/patria-hispana\/prima-unica\/\">Patria Hispana Prima \u00danica<\/a><\/li> <li><a href=\"https:\/\/idecesos.com\/seguros\/companias\/patria-hispana\/repatriacion\/\">Patria Hispana Repatriaci\u00f3n<\/a><\/li> <li><a href=\"https:\/\/idecesos.com\/seguros\/companias\/patria-hispana\/telefono\/\">Tel\u00e9fono Gratuito Patria Hispana<\/a><\/li><\/ul><\/div> <\/div><\/p>","protected":false},"excerpt":{"rendered":"<p>En este apartado, vamos a mostrarte los pasos para anular tu seguro de fallecimiento. En iDecesos, deseamos facilitarte la tarea y vamos a darte las explicaciones precisas para que puedas dar de baja tu seguro sin ning\u00fan tipo de preocupaci\u00f3n. Ahora conocer\u00e1s las distintas formas que tienes para dar de baja tu seguro y los&hellip; <\/p>\n","protected":false},"author":1,"featured_media":0,"parent":439,"menu_order":0,"comment_status":"closed","ping_status":"closed","template":"single.php","meta":{"footnotes":""},"class_list":["post-18220","page","type-page","status-publish","hentry"],"yoast_head":"<!-- This site is optimized with the Yoast SEO plugin v27.3 - https:\/\/yoast.com\/product\/yoast-seo-wordpress\/ -->\n<title>\u00bfC\u00f3mo dar de Baja o Cancelar Seguro de Decesos Patria Hispana?<\/title>\n<meta name=\"description\" content=\"Obt\u00e9n aqu\u00ed\u3010c\u00f3mo dar de baja o cancelar seguro de decesos Patria Hispana\u3011Modelo carta, fax, correo electr\u00f3nico (email), tel\u00e9fono gratis.\" \/>\n<meta name=\"robots\" content=\"index, follow, max-snippet:-1, max-image-preview:large, max-video-preview:-1\" \/>\n<link rel=\"canonical\" href=\"https:\/\/idecesos.com\/seguros\/companias\/patria-hispana\/dar-de-baja\/\" \/>\n<meta property=\"og:locale\" content=\"es_ES\" \/>\n<meta property=\"og:type\" content=\"article\" \/>\n<meta property=\"og:title\" content=\"\u00bfC\u00f3mo dar de Baja o Cancelar Seguro de Decesos Patria Hispana?\" \/>\n<meta property=\"og:description\" content=\"Obt\u00e9n aqu\u00ed\u3010c\u00f3mo dar de baja o cancelar seguro de decesos Patria Hispana\u3011Modelo carta, fax, correo electr\u00f3nico (email), tel\u00e9fono gratis.\" \/>\n<meta property=\"og:url\" content=\"https:\/\/idecesos.com\/seguros\/companias\/patria-hispana\/dar-de-baja\/\" \/>\n<meta property=\"article:modified_time\" content=\"2022-01-31T16:47:11+00:00\" \/>\n<meta name=\"twitter:card\" content=\"summary_large_image\" \/>\n<meta name=\"twitter:label1\" content=\"Tiempo de lectura\" \/>\n\t<meta name=\"twitter:data1\" content=\"5 minutos\" \/>\n<script type=\"application\/ld+json\" class=\"yoast-schema-graph\">{\"@context\":\"https:\\\/\\\/schema.org\",\"@graph\":[{\"@type\":\"WebPage\",\"@id\":\"https:\\\/\\\/idecesos.com\\\/seguros\\\/companias\\\/patria-hispana\\\/dar-de-baja\\\/\",\"url\":\"https:\\\/\\\/idecesos.com\\\/seguros\\\/companias\\\/patria-hispana\\\/dar-de-baja\\\/\",\"name\":\"\u00bfC\u00f3mo dar de Baja o Cancelar Seguro de Decesos Patria Hispana?\",\"isPartOf\":{\"@id\":\"https:\\\/\\\/idecesos.com\\\/seguros\\\/#website\"},\"datePublished\":\"2021-12-29T11:53:14+00:00\",\"dateModified\":\"2022-01-31T16:47:11+00:00\",\"description\":\"Obt\u00e9n aqu\u00ed\u3010c\u00f3mo dar de baja o cancelar seguro de decesos Patria Hispana\u3011Modelo carta, fax, correo electr\u00f3nico (email), tel\u00e9fono gratis.\",\"breadcrumb\":{\"@id\":\"https:\\\/\\\/idecesos.com\\\/seguros\\\/companias\\\/patria-hispana\\\/dar-de-baja\\\/#breadcrumb\"},\"inLanguage\":\"es\",\"potentialAction\":[{\"@type\":\"ReadAction\",\"target\":[\"https:\\\/\\\/idecesos.com\\\/seguros\\\/companias\\\/patria-hispana\\\/dar-de-baja\\\/\"]}]},{\"@type\":\"BreadcrumbList\",\"@id\":\"https:\\\/\\\/idecesos.com\\\/seguros\\\/companias\\\/patria-hispana\\\/dar-de-baja\\\/#breadcrumb\",\"itemListElement\":[{\"@type\":\"ListItem\",\"position\":1,\"name\":\"Portada\",\"item\":\"https:\\\/\\\/idecesos.com\\\/seguros\\\/\"},{\"@type\":\"ListItem\",\"position\":2,\"name\":\"Compa\u00f1\u00edas de Seguros de Decesos en Espa\u00f1a\",\"item\":\"https:\\\/\\\/idecesos.com\\\/seguros\\\/companias\\\/\"},{\"@type\":\"ListItem\",\"position\":3,\"name\":\"Seguro de Decesos Patria Hispana\",\"item\":\"https:\\\/\\\/idecesos.com\\\/seguros\\\/companias\\\/patria-hispana\\\/\"},{\"@type\":\"ListItem\",\"position\":4,\"name\":\"\u00bfC\u00f3mo dar de baja seguro Patria Hispana?\"}]},{\"@type\":\"WebSite\",\"@id\":\"https:\\\/\\\/idecesos.com\\\/seguros\\\/#website\",\"url\":\"https:\\\/\\\/idecesos.com\\\/seguros\\\/\",\"name\":\"\",\"description\":\"\",\"potentialAction\":[{\"@type\":\"SearchAction\",\"target\":{\"@type\":\"EntryPoint\",\"urlTemplate\":\"https:\\\/\\\/idecesos.com\\\/seguros\\\/?s={search_term_string}\"},\"query-input\":{\"@type\":\"PropertyValueSpecification\",\"valueRequired\":true,\"valueName\":\"search_term_string\"}}],\"inLanguage\":\"es\"}]}<\/script>\n<!-- \/ Yoast SEO plugin. -->","yoast_head_json":{"title":"\u00bfC\u00f3mo dar de Baja o Cancelar Seguro de Decesos Patria Hispana?","description":"Obt\u00e9n aqu\u00ed\u3010c\u00f3mo dar de baja o cancelar seguro de decesos Patria Hispana\u3011Modelo carta, fax, correo electr\u00f3nico (email), tel\u00e9fono gratis.","robots":{"index":"index","follow":"follow","max-snippet":"max-snippet:-1","max-image-preview":"max-image-preview:large","max-video-preview":"max-video-preview:-1"},"canonical":"https:\/\/idecesos.com\/seguros\/companias\/patria-hispana\/dar-de-baja\/","og_locale":"es_ES","og_type":"article","og_title":"\u00bfC\u00f3mo dar de Baja o Cancelar Seguro de Decesos Patria Hispana?","og_description":"Obt\u00e9n aqu\u00ed\u3010c\u00f3mo dar de baja o cancelar seguro de decesos Patria Hispana\u3011Modelo carta, fax, correo electr\u00f3nico (email), tel\u00e9fono gratis.","og_url":"https:\/\/idecesos.com\/seguros\/companias\/patria-hispana\/dar-de-baja\/","article_modified_time":"2022-01-31T16:47:11+00:00","twitter_card":"summary_large_image","twitter_misc":{"Tiempo de lectura":"5 minutos"},"schema":{"@context":"https:\/\/schema.org","@graph":[{"@type":"WebPage","@id":"https:\/\/idecesos.com\/seguros\/companias\/patria-hispana\/dar-de-baja\/","url":"https:\/\/idecesos.com\/seguros\/companias\/patria-hispana\/dar-de-baja\/","name":"\u00bfC\u00f3mo dar de Baja o Cancelar Seguro de Decesos Patria Hispana?","isPartOf":{"@id":"https:\/\/idecesos.com\/seguros\/#website"},"datePublished":"2021-12-29T11:53:14+00:00","dateModified":"2022-01-31T16:47:11+00:00","description":"Obt\u00e9n aqu\u00ed\u3010c\u00f3mo dar de baja o cancelar seguro de decesos Patria Hispana\u3011Modelo carta, fax, correo electr\u00f3nico (email), tel\u00e9fono gratis.","breadcrumb":{"@id":"https:\/\/idecesos.com\/seguros\/companias\/patria-hispana\/dar-de-baja\/#breadcrumb"},"inLanguage":"es","potentialAction":[{"@type":"ReadAction","target":["https:\/\/idecesos.com\/seguros\/companias\/patria-hispana\/dar-de-baja\/"]}]},{"@type":"BreadcrumbList","@id":"https:\/\/idecesos.com\/seguros\/companias\/patria-hispana\/dar-de-baja\/#breadcrumb","itemListElement":[{"@type":"ListItem","position":1,"name":"Portada","item":"https:\/\/idecesos.com\/seguros\/"},{"@type":"ListItem","position":2,"name":"Compa\u00f1\u00edas de Seguros de Decesos en Espa\u00f1a","item":"https:\/\/idecesos.com\/seguros\/companias\/"},{"@type":"ListItem","position":3,"name":"Seguro de Decesos Patria Hispana","item":"https:\/\/idecesos.com\/seguros\/companias\/patria-hispana\/"},{"@type":"ListItem","position":4,"name":"\u00bfC\u00f3mo dar de baja seguro Patria Hispana?"}]},{"@type":"WebSite","@id":"https:\/\/idecesos.com\/seguros\/#website","url":"https:\/\/idecesos.com\/seguros\/","name":"","description":"","potentialAction":[{"@type":"SearchAction","target":{"@type":"EntryPoint","urlTemplate":"https:\/\/idecesos.com\/seguros\/?s={search_term_string}"},"query-input":{"@type":"PropertyValueSpecification","valueRequired":true,"valueName":"search_term_string"}}],"inLanguage":"es"}]}},"_links":{"self":[{"href":"https:\/\/idecesos.com\/seguros\/wp-json\/wp\/v2\/pages\/18220","targetHints":{"allow":["GET"]}}],"collection":[{"href":"https:\/\/idecesos.com\/seguros\/wp-json\/wp\/v2\/pages"}],"about":[{"href":"https:\/\/idecesos.com\/seguros\/wp-json\/wp\/v2\/types\/page"}],"author":[{"embeddable":true,"href":"https:\/\/idecesos.com\/seguros\/wp-json\/wp\/v2\/users\/1"}],"replies":[{"embeddable":true,"href":"https:\/\/idecesos.com\/seguros\/wp-json\/wp\/v2\/comments?post=18220"}],"version-history":[{"count":2,"href":"https:\/\/idecesos.com\/seguros\/wp-json\/wp\/v2\/pages\/18220\/revisions"}],"predecessor-version":[{"id":19142,"href":"https:\/\/idecesos.com\/seguros\/wp-json\/wp\/v2\/pages\/18220\/revisions\/19142"}],"up":[{"embeddable":true,"href":"https:\/\/idecesos.com\/seguros\/wp-json\/wp\/v2\/pages\/439"}],"wp:attachment":[{"href":"https:\/\/idecesos.com\/seguros\/wp-json\/wp\/v2\/media?parent=18220"}],"curies":[{"name":"wp","href":"https:\/\/api.w.org\/{rel}","templated":true}]}}