{"id":18222,"date":"2021-12-29T11:53:15","date_gmt":"2021-12-29T11:53:15","guid":{"rendered":"https:\/\/idecesos.com\/seguros\/companias\/pueyo\/dar-de-baja\/"},"modified":"2022-01-28T18:14:03","modified_gmt":"2022-01-28T18:14:03","slug":"dar-de-baja","status":"publish","type":"page","link":"https:\/\/idecesos.com\/seguros\/companias\/pueyo\/dar-de-baja\/","title":{"rendered":"\u00bfC\u00f3mo dar de baja seguro Banca Pueyo?"},"content":{"rendered":"<div id=\"ez-toc-container\" class=\"ez-toc-v2_0_82_2 ez-toc-wrap-center counter-hierarchy ez-toc-counter ez-toc-custom ez-toc-container-direction\">\n<div class=\"ez-toc-title-container\">\n<p class=\"ez-toc-title\" style=\"cursor:inherit\">Tabla de Contenido<\/p>\n<span class=\"ez-toc-title-toggle\"><a href=\"#\" class=\"ez-toc-pull-right ez-toc-btn ez-toc-btn-xs ez-toc-btn-default ez-toc-toggle\" aria-label=\"Alternar tabla de contenidos\"><span class=\"ez-toc-js-icon-con\"><span class=\"\"><span class=\"eztoc-hide\" style=\"display:none;\">Toggle<\/span><span class=\"ez-toc-icon-toggle-span\"><svg style=\"fill: #db6415;color:#db6415\" xmlns=\"http:\/\/www.w3.org\/2000\/svg\" class=\"list-377408\" width=\"20px\" height=\"20px\" viewBox=\"0 0 24 24\" fill=\"none\"><path d=\"M6 6H4v2h2V6zm14 0H8v2h12V6zM4 11h2v2H4v-2zm16 0H8v2h12v-2zM4 16h2v2H4v-2zm16 0H8v2h12v-2z\" fill=\"currentColor\"><\/path><\/svg><svg style=\"fill: #db6415;color:#db6415\" class=\"arrow-unsorted-368013\" xmlns=\"http:\/\/www.w3.org\/2000\/svg\" width=\"10px\" height=\"10px\" viewBox=\"0 0 24 24\" version=\"1.2\" baseProfile=\"tiny\"><path d=\"M18.2 9.3l-6.2-6.3-6.2 6.3c-.2.2-.3.4-.3.7s.1.5.3.7c.2.2.4.3.7.3h11c.3 0 .5-.1.7-.3.2-.2.3-.5.3-.7s-.1-.5-.3-.7zM5.8 14.7l6.2 6.3 6.2-6.3c.2-.2.3-.5.3-.7s-.1-.5-.3-.7c-.2-.2-.4-.3-.7-.3h-11c-.3 0-.5.1-.7.3-.2.2-.3.5-.3.7s.1.5.3.7z\"\/><\/svg><\/span><\/span><\/span><\/a><\/span><\/div>\n<nav><ul class='ez-toc-list ez-toc-list-level-1 ' ><li class='ez-toc-page-1 ez-toc-heading-level-2'><a class=\"ez-toc-link ez-toc-heading-1\" href=\"https:\/\/idecesos.com\/seguros\/companias\/pueyo\/dar-de-baja\/#Diferentes_opciones_para_cancelar_un_contrato_con_Banca_Pueyo\" >Diferentes opciones para cancelar un contrato con Banca Pueyo<\/a><ul class='ez-toc-list-level-3' ><li class='ez-toc-heading-level-3'><a class=\"ez-toc-link ez-toc-heading-2\" href=\"https:\/\/idecesos.com\/seguros\/companias\/pueyo\/dar-de-baja\/#A_traves_de_la_web_de_Banca_Pueyo\" >A trav\u00e9s de la web de Banca Pueyo<\/a><\/li><li class='ez-toc-page-1 ez-toc-heading-level-3'><a class=\"ez-toc-link ez-toc-heading-3\" href=\"https:\/\/idecesos.com\/seguros\/companias\/pueyo\/dar-de-baja\/#Utilizando_el_correo_electronico_de_Banca_Pueyo\" >Utilizando el correo electr\u00f3nico de Banca Pueyo<\/a><\/li><li class='ez-toc-page-1 ez-toc-heading-level-3'><a class=\"ez-toc-link ez-toc-heading-4\" href=\"https:\/\/idecesos.com\/seguros\/companias\/pueyo\/dar-de-baja\/#Dar_de_baja_Banca_Pueyo_por_fax\" >Dar de baja Banca Pueyo por fax<\/a><\/li><li class='ez-toc-page-1 ez-toc-heading-level-3'><a class=\"ez-toc-link ez-toc-heading-5\" href=\"https:\/\/idecesos.com\/seguros\/companias\/pueyo\/dar-de-baja\/#En_la_oficina_de_Banca_Pueyo\" >En la oficina de Banca Pueyo<\/a><\/li><li class='ez-toc-page-1 ez-toc-heading-level-3'><a class=\"ez-toc-link ez-toc-heading-6\" href=\"https:\/\/idecesos.com\/seguros\/companias\/pueyo\/dar-de-baja\/#Telefono_para_dar_de_baja_Banca_Pueyo\" >T\u00e9lefono para dar de baja Banca Pueyo<\/a><\/li><\/ul><\/li><li class='ez-toc-page-1 ez-toc-heading-level-2'><a class=\"ez-toc-link ez-toc-heading-7\" href=\"https:\/\/idecesos.com\/seguros\/companias\/pueyo\/dar-de-baja\/#Dar_de_baja_seguro_Banca_Pueyo_de_un_fallecido\" >Dar de baja seguro Banca Pueyo de un fallecido<\/a><ul class='ez-toc-list-level-3' ><li class='ez-toc-heading-level-3'><a class=\"ez-toc-link ez-toc-heading-8\" href=\"https:\/\/idecesos.com\/seguros\/companias\/pueyo\/dar-de-baja\/#Paginas_relacionadas\" >P\u00e1ginas relacionadas<\/a><\/li><\/ul><\/li><\/ul><\/nav><\/div>\n<p> Prosigue los pasos que te indicamos para que puedas dar de baja tu seguro de decesos. A fin de que puedas conocer los datos de tu empresa de seguros, tendr\u00e1s que repasar tu contrato o bien factura. Cuando conozcas la informaci\u00f3n precisa de tu aseguradora, vas a poder buscar en la red de redes la direcci\u00f3n de la compa\u00f1\u00eda. Para proceder a dar de baja su seguro de decesos, deber\u00e1s llamar al tel\u00e9fono de atenci\u00f3n al usuario que te indiquen en internet. Puedes dar de baja tu seguro de decesos mediante correo electr\u00f3nico o bien por tel\u00e9fono. Cuando realices la baja de tu seguro, vas a poder ponerte en contacto con tu empresa aseguradora para dejar por escrito tu decisi\u00f3n. <div class=\"colorf \"  ><div class=\"container clearfix\"><div class=\"col-md-7\"><\/p>\r\n<h2><span class=\"ez-toc-section\" id=\"Diferentes_opciones_para_cancelar_un_contrato_con_Banca_Pueyo\"><\/span>Diferentes opciones para cancelar un contrato con Banca Pueyo<span class=\"ez-toc-section-end\"><\/span><\/h2>\r\n<!-- \/wp:post-content -->\r\n\r\n<!-- wp:paragraph -->\r\n<p>No todas y cada una de las empresas aseguradoras de decesos marchan de exactamente la misma manera, mas casi todas le solicitan a sus clientes un documento en el que solicita dar de baja sus servicios. Si quiere conseguir el documento de Banca Pueyo no dude en contactar con nosotros a trav\u00e9s del correo o bien mediante nuestro n\u00famero de tel\u00e9fono. Sea como sea, la forma que decida en la que darse de baja, si escoge la opci\u00f3n de enviar una carta certificada, en la que conste la cancelaci\u00f3n del contrato Banca Pueyo, esta va a deber aceptarlo y darlo por v\u00e1lido. Le recomendamos que guarde el resguardo del documento y que haga una copia. Enseguida, le vamos a ense\u00f1ar diferentes opciones para poder darse de baja de su seguro de decesos Banca Pueyo. <\/div><\/div><\/div><\/p>\r\n<h3><span class=\"ez-toc-section\" id=\"A_traves_de_la_web_de_Banca_Pueyo\"><\/span>A trav\u00e9s de la web de Banca Pueyo<span class=\"ez-toc-section-end\"><\/span><\/h3>\r\n<p>No olvides revisar los datos puesto que si algunos est\u00e1n mal, la empresa aseguradora no proceder\u00e1 a efectuar la baja de tu seguro de decesos. \u00bfDe qu\u00e9 forma puedo anular mi seguro de decesos por la red por medio de el sitio web de la compa\u00f1\u00eda aseguradora?Tras utilizar el buscador en la p\u00e1gina web de la empresa aseguradora, tendr\u00e1s que continuar los pasos que te indican para dar de baja tu seguro de decesos. Si tiene alguna duda o no le aparece esta alternativa puede ponerse en contacto con Banca Pueyo v\u00eda telef\u00f3nica para que le solventen el problema directamente mediante el n\u00famero de tel\u00e9fono que le facilitamos. De todas maneras, debe rellenar el formulario y descargar los documentos que se te piden a fin de que la solicitud sea v\u00e1lida. Es muy importante que revise con detenimiento si tiene todos los datos que solicita Banca Pueyo puesto que en caso contrario no recibir\u00e1 confirmaci\u00f3n de la baja. <div class=\"colorf \"  ><div class=\"container clearfix\"><div class=\"col-md-7\"><\/p>\r\n<h3><span class=\"ez-toc-section\" id=\"Utilizando_el_correo_electronico_de_Banca_Pueyo\"><\/span>Utilizando el correo electr\u00f3nico de Banca Pueyo<span class=\"ez-toc-section-end\"><\/span><\/h3>\r\n<p>Si lo quieres, tambi\u00e9n puede darse de baja con el env\u00edo de un correo. Tendr\u00e1 la soluci\u00f3n utilizando el apartado de correo email Banca Pueyo de la compa\u00f1\u00eda. Va a deber enviarle los documentos siguientes: una copia del DNI y, la notificaci\u00f3n firmada, que la hallar\u00e1 en la p\u00e1gina web de Banca Pueyo y, si no es de este modo, llame a nuestro n\u00famero de tel\u00e9fono 951 127 403 o bien m\u00e1ndenos un correo info@idecesos. com. Para poder llevar una correcta ejecuci\u00f3n del proceso, tendr\u00e1s que guardar una copia sellada y, el justificante del recibo. Es necesario, para prevenir futuros problemas, que guarde, seguramente, una copia de la notificaci\u00f3n con la fecha correcta de env\u00edo. <\/div><\/div><\/div><\/p>\r\n<h3><span class=\"ez-toc-section\" id=\"Dar_de_baja_Banca_Pueyo_por_fax\"><\/span>Dar de baja Banca Pueyo por fax<span class=\"ez-toc-section-end\"><\/span><\/h3>\r\n<p>El fax es otro elemento por el que podr\u00e1 darse de baja del seguro de decesos de Banca Pueyo. El empleo del fax no tiene mayores dificultades del mismo modo que el uso del e mail. Env\u00edale a la compa\u00f1\u00eda una imitaci\u00f3n de tu documento nacional de identidad y el documento firmado con la solicitud de la baja del seguro de decesos. Para conocer d\u00f3nde puedes encontrar la notificaci\u00f3n, puedes llamarnos al n\u00famero 951 127 403. Le recordamos que, como en todas las opciones, debe guardar una copia sellada y tener un justificante de su recibo. Para tu mayor tranquilidad y bienestar, guarda asimismo la copia de la notificaci\u00f3n con la data de env\u00edo. <div class=\"colorf \"  ><div class=\"container clearfix\"><div class=\"col-md-7\"><\/p>\r\n<h3><span class=\"ez-toc-section\" id=\"En_la_oficina_de_Banca_Pueyo\"><\/span>En la oficina de Banca Pueyo<span class=\"ez-toc-section-end\"><\/span><\/h3>\r\n<p>El m\u00e9todo m\u00e1s f\u00e1cil y r\u00e1pido para dar de baja tu seguro de decesos es personandote en la oficina de tu compa\u00f1\u00eda aseguradora. Deber\u00e1s presentar un documento dejando constancia de tu deseo de cancelar tu seguro de decesos en la oficina. No olvides llevar una copia de tu DNI. Con este sellado Banca Pueyo corrobora que est\u00e1 al corriente de todos los recibos para pedir la baja de forma correcta, esto respecto a la manera. En la data debe exponerse que el contrato fue anulado un mes ya antes del fin del contrato. <\/div><\/div><\/div><\/p>\r\n<h3><span class=\"ez-toc-section\" id=\"Telefono_para_dar_de_baja_Banca_Pueyo\"><\/span>T\u00e9lefono para dar de baja Banca Pueyo<span class=\"ez-toc-section-end\"><\/span><\/h3>\r\n<p>Ponerse en contacto con la compa\u00f1\u00eda mediante su tel\u00e9fono es uno de los m\u00e9todos m\u00e1s eficaces. Lo m\u00e1s esencial es que asista al n\u00famero que le facilitamos para que sea gratis y charles con la persona indicada, evitando un tour por todos los departamentos de Banca Pueyo seguro de decesos. Cuando te atiendan probablemente le grabar\u00e1n la petici\u00f3n de baja con unos factores de seguridad para garantizar que es usted el tomador de la p\u00f3liza y que no debe ning\u00fan recibo a Banca Pueyo y que no ha excedido el periodo legal. En iDecesos ponemos a su disposici\u00f3n nuestro servicio de administraci\u00f3n de baja sin coste a\u00f1adido para todos nuestros clientes del servicio de seguro de decesos, solamente le requerimos una autorizaci\u00f3n legal. <div class=\"colorf \"  ><div class=\"container clearfix\"><div class=\"col-md-7\"><\/p>\r\n<h2><span class=\"ez-toc-section\" id=\"Dar_de_baja_seguro_Banca_Pueyo_de_un_fallecido\"><\/span>Dar de baja seguro Banca Pueyo de un fallecido<span class=\"ez-toc-section-end\"><\/span><\/h2>\r\n<p>Para acabar, tendr\u00e1 una explicaci\u00f3n detallada de de qu\u00e9 manera dar de baja el seguro, tras el fallecimiento de la persona asegurada. Puede parecer dif\u00edcil pero, es uno de los m\u00e9todos m\u00e1s simples. Es muy diferente a los otros m\u00e9todos, no deber\u00e1 hacer ning\u00fan tr\u00e1mite de los explicados previamente. Banca Pueyo anular\u00e1 autom\u00e1ticamente el seguro de decesos tras el fallecimiento de la persona asegurada. Banca Pueyo, tras el sepelio de la persona asegurada, se encargar\u00e1 de todos y cada uno de los tr\u00e1mites legales para darle de baja y, los familiares no tendr\u00e1n que preocuparse, podr\u00e1n estar sosegados. <\/div><\/div><\/div> <div class=\"oficinas\"> <h3><span class=\"ez-toc-section\" id=\"Paginas_relacionadas\"><\/span>P\u00e1ginas relacionadas<span class=\"ez-toc-section-end\"><\/span><\/h3><div class=\"enlazado\"><ul> <li><a href=\"https:\/\/idecesos.com\/seguros\/companias\/pueyo\/opiniones\/\">Opiniones Banca Pueyo<\/a><\/li> <li><a href=\"https:\/\/idecesos.com\/seguros\/companias\/pueyo\/precio\/\">Precio seguro Banca Pueyo<\/a><\/li> <li><a href=\"https:\/\/idecesos.com\/seguros\/companias\/pueyo\/prima-mixta\/\">Banca Pueyo Prima Mixta<\/a><\/li> <li><a href=\"https:\/\/idecesos.com\/seguros\/companias\/pueyo\/prima-natural\/\">Banca Pueyo Prima Natural<\/a><\/li> <li><a href=\"https:\/\/idecesos.com\/seguros\/companias\/pueyo\/prima-nivelada\/\">Banca Pueyo Prima Nivelada<\/a><\/li> <li><a href=\"https:\/\/idecesos.com\/seguros\/companias\/pueyo\/prima-unica\/\">Banca Pueyo Prima \u00danica<\/a><\/li> <li><a href=\"https:\/\/idecesos.com\/seguros\/companias\/pueyo\/repatriacion\/\">Banca Pueyo Repatriaci\u00f3n<\/a><\/li> <li><a href=\"https:\/\/idecesos.com\/seguros\/companias\/pueyo\/telefono\/\">Tel\u00e9fono Gratuito Banca Pueyo<\/a><\/li><\/ul><\/div> <\/div><\/p>","protected":false},"excerpt":{"rendered":"<p>Prosigue los pasos que te indicamos para que puedas dar de baja tu seguro de decesos. A fin de que puedas conocer los datos de tu empresa de seguros, tendr\u00e1s que repasar tu contrato o bien factura. Cuando conozcas la informaci\u00f3n precisa de tu aseguradora, vas a poder buscar en la red de redes la&hellip; <\/p>\n","protected":false},"author":1,"featured_media":0,"parent":453,"menu_order":0,"comment_status":"closed","ping_status":"closed","template":"single.php","meta":{"footnotes":""},"class_list":["post-18222","page","type-page","status-publish","hentry"],"yoast_head":"<!-- This site is optimized with the Yoast SEO plugin v27.3 - https:\/\/yoast.com\/product\/yoast-seo-wordpress\/ -->\n<title>\u00bfC\u00f3mo dar de Baja o Cancelar Seguro de Decesos Banca Pueyo?<\/title>\n<meta name=\"description\" content=\"Obt\u00e9n aqu\u00ed\u3010c\u00f3mo dar de baja o cancelar seguro de decesos Banca Pueyo\u3011Modelo carta, fax, correo electr\u00f3nico (email), tel\u00e9fono gratis.\" \/>\n<meta name=\"robots\" content=\"index, follow, max-snippet:-1, max-image-preview:large, max-video-preview:-1\" \/>\n<link rel=\"canonical\" href=\"https:\/\/idecesos.com\/seguros\/companias\/pueyo\/dar-de-baja\/\" \/>\n<meta property=\"og:locale\" content=\"es_ES\" \/>\n<meta property=\"og:type\" content=\"article\" \/>\n<meta property=\"og:title\" content=\"\u00bfC\u00f3mo dar de Baja o Cancelar Seguro de Decesos Banca Pueyo?\" \/>\n<meta property=\"og:description\" content=\"Obt\u00e9n aqu\u00ed\u3010c\u00f3mo dar de baja o cancelar seguro de decesos Banca Pueyo\u3011Modelo carta, fax, correo electr\u00f3nico (email), tel\u00e9fono gratis.\" \/>\n<meta property=\"og:url\" content=\"https:\/\/idecesos.com\/seguros\/companias\/pueyo\/dar-de-baja\/\" \/>\n<meta property=\"article:modified_time\" content=\"2022-01-28T18:14:03+00:00\" \/>\n<meta name=\"twitter:card\" content=\"summary_large_image\" \/>\n<meta name=\"twitter:label1\" content=\"Tiempo de lectura\" \/>\n\t<meta name=\"twitter:data1\" content=\"15 minutos\" \/>\n<script type=\"application\/ld+json\" class=\"yoast-schema-graph\">{\"@context\":\"https:\\\/\\\/schema.org\",\"@graph\":[{\"@type\":\"WebPage\",\"@id\":\"https:\\\/\\\/idecesos.com\\\/seguros\\\/companias\\\/pueyo\\\/dar-de-baja\\\/\",\"url\":\"https:\\\/\\\/idecesos.com\\\/seguros\\\/companias\\\/pueyo\\\/dar-de-baja\\\/\",\"name\":\"\u00bfC\u00f3mo dar de Baja o Cancelar Seguro de Decesos Banca Pueyo?\",\"isPartOf\":{\"@id\":\"https:\\\/\\\/idecesos.com\\\/seguros\\\/#website\"},\"datePublished\":\"2021-12-29T11:53:15+00:00\",\"dateModified\":\"2022-01-28T18:14:03+00:00\",\"description\":\"Obt\u00e9n aqu\u00ed\u3010c\u00f3mo dar de baja o cancelar seguro de decesos Banca Pueyo\u3011Modelo carta, fax, correo electr\u00f3nico (email), tel\u00e9fono gratis.\",\"breadcrumb\":{\"@id\":\"https:\\\/\\\/idecesos.com\\\/seguros\\\/companias\\\/pueyo\\\/dar-de-baja\\\/#breadcrumb\"},\"inLanguage\":\"es\",\"potentialAction\":[{\"@type\":\"ReadAction\",\"target\":[\"https:\\\/\\\/idecesos.com\\\/seguros\\\/companias\\\/pueyo\\\/dar-de-baja\\\/\"]}]},{\"@type\":\"BreadcrumbList\",\"@id\":\"https:\\\/\\\/idecesos.com\\\/seguros\\\/companias\\\/pueyo\\\/dar-de-baja\\\/#breadcrumb\",\"itemListElement\":[{\"@type\":\"ListItem\",\"position\":1,\"name\":\"Portada\",\"item\":\"https:\\\/\\\/idecesos.com\\\/seguros\\\/\"},{\"@type\":\"ListItem\",\"position\":2,\"name\":\"Compa\u00f1\u00edas de Seguros de Decesos en Espa\u00f1a\",\"item\":\"https:\\\/\\\/idecesos.com\\\/seguros\\\/companias\\\/\"},{\"@type\":\"ListItem\",\"position\":3,\"name\":\"Seguro de decesos Banca Pueyo\",\"item\":\"https:\\\/\\\/idecesos.com\\\/seguros\\\/companias\\\/pueyo\\\/\"},{\"@type\":\"ListItem\",\"position\":4,\"name\":\"\u00bfC\u00f3mo dar de baja seguro Banca Pueyo?\"}]},{\"@type\":\"WebSite\",\"@id\":\"https:\\\/\\\/idecesos.com\\\/seguros\\\/#website\",\"url\":\"https:\\\/\\\/idecesos.com\\\/seguros\\\/\",\"name\":\"\",\"description\":\"\",\"potentialAction\":[{\"@type\":\"SearchAction\",\"target\":{\"@type\":\"EntryPoint\",\"urlTemplate\":\"https:\\\/\\\/idecesos.com\\\/seguros\\\/?s={search_term_string}\"},\"query-input\":{\"@type\":\"PropertyValueSpecification\",\"valueRequired\":true,\"valueName\":\"search_term_string\"}}],\"inLanguage\":\"es\"}]}<\/script>\n<!-- \/ Yoast SEO plugin. -->","yoast_head_json":{"title":"\u00bfC\u00f3mo dar de Baja o Cancelar Seguro de Decesos Banca Pueyo?","description":"Obt\u00e9n aqu\u00ed\u3010c\u00f3mo dar de baja o cancelar seguro de decesos Banca Pueyo\u3011Modelo carta, fax, correo electr\u00f3nico (email), tel\u00e9fono gratis.","robots":{"index":"index","follow":"follow","max-snippet":"max-snippet:-1","max-image-preview":"max-image-preview:large","max-video-preview":"max-video-preview:-1"},"canonical":"https:\/\/idecesos.com\/seguros\/companias\/pueyo\/dar-de-baja\/","og_locale":"es_ES","og_type":"article","og_title":"\u00bfC\u00f3mo dar de Baja o Cancelar Seguro de Decesos Banca Pueyo?","og_description":"Obt\u00e9n aqu\u00ed\u3010c\u00f3mo dar de baja o cancelar seguro de decesos Banca Pueyo\u3011Modelo carta, fax, correo electr\u00f3nico (email), tel\u00e9fono gratis.","og_url":"https:\/\/idecesos.com\/seguros\/companias\/pueyo\/dar-de-baja\/","article_modified_time":"2022-01-28T18:14:03+00:00","twitter_card":"summary_large_image","twitter_misc":{"Tiempo de lectura":"15 minutos"},"schema":{"@context":"https:\/\/schema.org","@graph":[{"@type":"WebPage","@id":"https:\/\/idecesos.com\/seguros\/companias\/pueyo\/dar-de-baja\/","url":"https:\/\/idecesos.com\/seguros\/companias\/pueyo\/dar-de-baja\/","name":"\u00bfC\u00f3mo dar de Baja o Cancelar Seguro de Decesos Banca Pueyo?","isPartOf":{"@id":"https:\/\/idecesos.com\/seguros\/#website"},"datePublished":"2021-12-29T11:53:15+00:00","dateModified":"2022-01-28T18:14:03+00:00","description":"Obt\u00e9n aqu\u00ed\u3010c\u00f3mo dar de baja o cancelar seguro de decesos Banca Pueyo\u3011Modelo carta, fax, correo electr\u00f3nico (email), tel\u00e9fono gratis.","breadcrumb":{"@id":"https:\/\/idecesos.com\/seguros\/companias\/pueyo\/dar-de-baja\/#breadcrumb"},"inLanguage":"es","potentialAction":[{"@type":"ReadAction","target":["https:\/\/idecesos.com\/seguros\/companias\/pueyo\/dar-de-baja\/"]}]},{"@type":"BreadcrumbList","@id":"https:\/\/idecesos.com\/seguros\/companias\/pueyo\/dar-de-baja\/#breadcrumb","itemListElement":[{"@type":"ListItem","position":1,"name":"Portada","item":"https:\/\/idecesos.com\/seguros\/"},{"@type":"ListItem","position":2,"name":"Compa\u00f1\u00edas de Seguros de Decesos en Espa\u00f1a","item":"https:\/\/idecesos.com\/seguros\/companias\/"},{"@type":"ListItem","position":3,"name":"Seguro de decesos Banca Pueyo","item":"https:\/\/idecesos.com\/seguros\/companias\/pueyo\/"},{"@type":"ListItem","position":4,"name":"\u00bfC\u00f3mo dar de baja seguro Banca Pueyo?"}]},{"@type":"WebSite","@id":"https:\/\/idecesos.com\/seguros\/#website","url":"https:\/\/idecesos.com\/seguros\/","name":"","description":"","potentialAction":[{"@type":"SearchAction","target":{"@type":"EntryPoint","urlTemplate":"https:\/\/idecesos.com\/seguros\/?s={search_term_string}"},"query-input":{"@type":"PropertyValueSpecification","valueRequired":true,"valueName":"search_term_string"}}],"inLanguage":"es"}]}},"_links":{"self":[{"href":"https:\/\/idecesos.com\/seguros\/wp-json\/wp\/v2\/pages\/18222","targetHints":{"allow":["GET"]}}],"collection":[{"href":"https:\/\/idecesos.com\/seguros\/wp-json\/wp\/v2\/pages"}],"about":[{"href":"https:\/\/idecesos.com\/seguros\/wp-json\/wp\/v2\/types\/page"}],"author":[{"embeddable":true,"href":"https:\/\/idecesos.com\/seguros\/wp-json\/wp\/v2\/users\/1"}],"replies":[{"embeddable":true,"href":"https:\/\/idecesos.com\/seguros\/wp-json\/wp\/v2\/comments?post=18222"}],"version-history":[{"count":1,"href":"https:\/\/idecesos.com\/seguros\/wp-json\/wp\/v2\/pages\/18222\/revisions"}],"predecessor-version":[{"id":19126,"href":"https:\/\/idecesos.com\/seguros\/wp-json\/wp\/v2\/pages\/18222\/revisions\/19126"}],"up":[{"embeddable":true,"href":"https:\/\/idecesos.com\/seguros\/wp-json\/wp\/v2\/pages\/453"}],"wp:attachment":[{"href":"https:\/\/idecesos.com\/seguros\/wp-json\/wp\/v2\/media?parent=18222"}],"curies":[{"name":"wp","href":"https:\/\/api.w.org\/{rel}","templated":true}]}}