{"id":18228,"date":"2021-12-29T11:53:18","date_gmt":"2021-12-29T11:53:18","guid":{"rendered":"https:\/\/idecesos.com\/seguros\/companias\/cajamar\/dar-de-baja\/"},"modified":"2022-01-31T16:56:55","modified_gmt":"2022-01-31T16:56:55","slug":"dar-de-baja","status":"publish","type":"page","link":"https:\/\/idecesos.com\/seguros\/companias\/cajamar\/dar-de-baja\/","title":{"rendered":"\u00bfC\u00f3mo dar de baja seguro Cajamar?"},"content":{"rendered":"<div id=\"ez-toc-container\" class=\"ez-toc-v2_0_82_2 ez-toc-wrap-center counter-hierarchy ez-toc-counter ez-toc-custom ez-toc-container-direction\">\n<div class=\"ez-toc-title-container\">\n<p class=\"ez-toc-title\" style=\"cursor:inherit\">Tabla de Contenido<\/p>\n<span class=\"ez-toc-title-toggle\"><a href=\"#\" class=\"ez-toc-pull-right ez-toc-btn ez-toc-btn-xs ez-toc-btn-default ez-toc-toggle\" aria-label=\"Alternar tabla de contenidos\"><span class=\"ez-toc-js-icon-con\"><span class=\"\"><span class=\"eztoc-hide\" style=\"display:none;\">Toggle<\/span><span class=\"ez-toc-icon-toggle-span\"><svg style=\"fill: #db6415;color:#db6415\" xmlns=\"http:\/\/www.w3.org\/2000\/svg\" class=\"list-377408\" width=\"20px\" height=\"20px\" viewBox=\"0 0 24 24\" fill=\"none\"><path d=\"M6 6H4v2h2V6zm14 0H8v2h12V6zM4 11h2v2H4v-2zm16 0H8v2h12v-2zM4 16h2v2H4v-2zm16 0H8v2h12v-2z\" fill=\"currentColor\"><\/path><\/svg><svg style=\"fill: #db6415;color:#db6415\" class=\"arrow-unsorted-368013\" xmlns=\"http:\/\/www.w3.org\/2000\/svg\" width=\"10px\" height=\"10px\" viewBox=\"0 0 24 24\" version=\"1.2\" baseProfile=\"tiny\"><path d=\"M18.2 9.3l-6.2-6.3-6.2 6.3c-.2.2-.3.4-.3.7s.1.5.3.7c.2.2.4.3.7.3h11c.3 0 .5-.1.7-.3.2-.2.3-.5.3-.7s-.1-.5-.3-.7zM5.8 14.7l6.2 6.3 6.2-6.3c.2-.2.3-.5.3-.7s-.1-.5-.3-.7c-.2-.2-.4-.3-.7-.3h-11c-.3 0-.5.1-.7.3-.2.2-.3.5-.3.7s.1.5.3.7z\"\/><\/svg><\/span><\/span><\/span><\/a><\/span><\/div>\n<nav><ul class='ez-toc-list ez-toc-list-level-1 ' ><li class='ez-toc-page-1 ez-toc-heading-level-2'><a class=\"ez-toc-link ez-toc-heading-1\" href=\"https:\/\/idecesos.com\/seguros\/companias\/cajamar\/dar-de-baja\/#Diferentes_opciones_para_cancelar_un_contrato_con_Cajamar\" >Diferentes opciones para cancelar un contrato con Cajamar<\/a><ul class='ez-toc-list-level-3' ><li class='ez-toc-heading-level-3'><a class=\"ez-toc-link ez-toc-heading-2\" href=\"https:\/\/idecesos.com\/seguros\/companias\/cajamar\/dar-de-baja\/#A_traves_de_la_web_de_Cajamar\" >A trav\u00e9s de la web de Cajamar<\/a><\/li><li class='ez-toc-page-1 ez-toc-heading-level-3'><a class=\"ez-toc-link ez-toc-heading-3\" href=\"https:\/\/idecesos.com\/seguros\/companias\/cajamar\/dar-de-baja\/#Utilizando_el_correo_electronico_de_Cajamar\" >Utilizando el correo electr\u00f3nico de Cajamar<\/a><\/li><li class='ez-toc-page-1 ez-toc-heading-level-3'><a class=\"ez-toc-link ez-toc-heading-4\" href=\"https:\/\/idecesos.com\/seguros\/companias\/cajamar\/dar-de-baja\/#Dar_de_baja_Cajamar_por_fax\" >Dar de baja Cajamar por fax<\/a><\/li><li class='ez-toc-page-1 ez-toc-heading-level-3'><a class=\"ez-toc-link ez-toc-heading-5\" href=\"https:\/\/idecesos.com\/seguros\/companias\/cajamar\/dar-de-baja\/#En_la_oficina_de_Cajamar\" >En la oficina de Cajamar<\/a><\/li><li class='ez-toc-page-1 ez-toc-heading-level-3'><a class=\"ez-toc-link ez-toc-heading-6\" href=\"https:\/\/idecesos.com\/seguros\/companias\/cajamar\/dar-de-baja\/#Telefono_para_dar_de_baja_Cajamar\" >T\u00e9lefono para dar de baja Cajamar<\/a><\/li><\/ul><\/li><li class='ez-toc-page-1 ez-toc-heading-level-2'><a class=\"ez-toc-link ez-toc-heading-7\" href=\"https:\/\/idecesos.com\/seguros\/companias\/cajamar\/dar-de-baja\/#Dar_de_baja_seguro_Cajamar_de_un_fallecido\" >Dar de baja seguro Cajamar de un fallecido<\/a><ul class='ez-toc-list-level-3' ><li class='ez-toc-heading-level-3'><a class=\"ez-toc-link ez-toc-heading-8\" href=\"https:\/\/idecesos.com\/seguros\/companias\/cajamar\/dar-de-baja\/#Paginas_relacionadas\" >P\u00e1ginas relacionadas<\/a><\/li><\/ul><\/li><\/ul><\/nav><\/div>\n<p> iDecesos se encargar\u00e1 de explicarle, con todo detalle, c\u00f3mo puede dar de baja a su seguro. Llevarlo a cabo es muy f\u00e1cil y, , le vamos a mostrar cada paso que debe proseguir a fin de que no deba preocuparse. Merced a esto, en tan solo dos minutos tendr\u00e1 la informaci\u00f3n suficiente para poder hacerlo usted mismo y solventar el problema que le haya causado. Es fundamental que sepa que, una vez dado de baja su seguro de decesos, es recomendable que busque otro que se adapte a sus necesidades, para tu futura tranquilidad y la de tus familiares. Para dar de baja su seguro apropiadamente, deber\u00e1 avisar a la compa\u00f1\u00eda treinta d\u00edas antes de su fecha de renovaci\u00f3n. <div class=\"colorf \"  ><div class=\"container clearfix\"><div class=\"col-md-7\"><\/p>\r\n<h2><span class=\"ez-toc-section\" id=\"Diferentes_opciones_para_cancelar_un_contrato_con_Cajamar\"><\/span>Diferentes opciones para cancelar un contrato con Cajamar<span class=\"ez-toc-section-end\"><\/span><\/h2>\r\n<!-- \/wp:post-content -->\r\n\r\n<!-- wp:paragraph -->\r\n<p>Aunque las compa\u00f1\u00edas sean muy, muy diferentes, pr\u00e1cticamente todas tienen algo en com\u00fan, requieren que el cliente entregue un documento, en el conste su deseo de dar de baja los servicios ofrecidos por esta. Existen numerosas formas de anular su contrato, una de ellas es a trav\u00e9s de una carta certificada. Le sugerimos que realice una copia del documento y guarde su resguardo. Si usted decide no elegir este m\u00e9todo, a continuaci\u00f3n, le mostramos otras formas por las que podr\u00e1 darse de baja del seguro de decesos de Cajamar. <\/div><\/div><\/div><\/p>\r\n<h3><span class=\"ez-toc-section\" id=\"A_traves_de_la_web_de_Cajamar\"><\/span>A trav\u00e9s de la web de Cajamar<span class=\"ez-toc-section-end\"><\/span><\/h3>\r\n<p>Una de las formas de darse de baja en el seguro de decesos de Cajamar es meti\u00e9ndose en su p\u00e1gina web www.cajamar.es\/ y poner en su buscador lo que necesitas. En ese momento, le aparecer\u00e1n m\u00faltiples opciones. Seleccione la indicada y prosiga los pasos que le indican. Es muy sencillo. El n\u00famero 900 15 10 10\u00a0que tiene disponible Cajamar, va a poder utilizarlo, en exactamente el mismo momento, que le brote una duda o bien no le aparezca esta opci\u00f3n. Si se da el caso de que le aparezca, solo tendr\u00e1 que rellenar el formulario o descargar el documento para llenar la solicitud. <div class=\"colorf \"  ><div class=\"container clearfix\"><div class=\"col-md-7\"><\/p>\r\n<h3><span class=\"ez-toc-section\" id=\"Utilizando_el_correo_electronico_de_Cajamar\"><\/span>Utilizando el correo electr\u00f3nico de Cajamar<span class=\"ez-toc-section-end\"><\/span><\/h3>\r\n<p>Tiene la posibilidad de dar de baja a su seguro, mediante correo. Va a tener la soluci\u00f3n utilizando el apartado de correo email Cajamar de la compa\u00f1\u00eda. Deber\u00e1 enviar lo siguiente: copia de su documento nacional de identidad y, la notificaci\u00f3n adecuadamente firmada con sus datos personales, que va a poder localizarla en la web de la compa\u00f1\u00eda o, poni\u00e9ndose en contacto con nosotros al 951 127 403 o bien info@idecesos. com. Es necesario que tenga un justificante del recibo y, una copia sellada, para una adecuada ejecuci\u00f3n. Por lo que pueda pasar en un futuro, le aconsejamos que guarde una imitaci\u00f3n de la notificaci\u00f3n con su data de env\u00edo, para quedarse a\u00fan m\u00e1s tranquilos y no puedan ponerle ninguna queja. <\/div><\/div><\/div><\/p>\r\n<h3><span class=\"ez-toc-section\" id=\"Dar_de_baja_Cajamar_por_fax\"><\/span>Dar de baja Cajamar por fax<span class=\"ez-toc-section-end\"><\/span><\/h3>\r\n<p>Si lo prefieres, puedes enviar un fax a tu aseguradora para pedir la baja. Para expedir tu solicitud mediante el fax, el proceso a proseguir es muy sencillo del mismo modo que el del correo electr\u00f3nico. Tendr\u00e1s que mandarle a tu compa\u00f1\u00eda tanto tu copia del DNI como la notificaci\u00f3n firmada. Para conocer d\u00f3nde puedes localizar la notificaci\u00f3n, puedes llamarnos al n\u00famero 951 127 403. Le recordamos que, de la misma manera que en todas las opciones, debe guardar una copia sellada y tener un justificante de su recibo. Adem\u00e1s de esto, con lo que pueda suceder en el futuro, guarde una copia de la notificaci\u00f3n con la data de env\u00edo para su tranquilidad. <div class=\"colorf \"  ><div class=\"container clearfix\"><div class=\"col-md-7\"><\/p>\r\n<h3><span class=\"ez-toc-section\" id=\"En_la_oficina_de_Cajamar\"><\/span>En la oficina de Cajamar<span class=\"ez-toc-section-end\"><\/span><\/h3>\r\n<p>Si usted quiere ir presencialmente a una oficina de Cajamar asimismo podr\u00e1 darse de baja all\u00ed de forma directa. Para acudir a la oficina m\u00e1s pr\u00f3xima, solo deber\u00e1 teclear en Internet el nombre de Cajamar. Los trabajadores de Cajamar dedicar\u00e1n, el tiempo que haga falta, en ayudarle a rellenar y firmar los documentos, correctamente. Es tan sencillo como continuar los pasos que le vayan marcando. Adem\u00e1s, le recordamos que debe llevar su documento de identidad a fin de que todo esto se pueda realizar, ya que es preciso en este proceso. Todo este proceso es muy f\u00e1cil y sencillo, le entregar\u00e1n las copias de los documentos y el equipo profesional se ocupar\u00e1 de terminar todos los tr\u00e1mites. <\/div><\/div><\/div><\/p>\r\n<h3><span class=\"ez-toc-section\" id=\"Telefono_para_dar_de_baja_Cajamar\"><\/span>T\u00e9lefono para dar de baja Cajamar<span class=\"ez-toc-section-end\"><\/span><\/h3>\r\n<p>Asimismo puedes solicitar la baja a trav\u00e9s de por tel\u00e9fono. En la red de redes encontrar\u00e1s el tel\u00e9fono de atenci\u00f3n de tu compa\u00f1\u00eda para que puedas pedir la baja o si lo prefieres ll\u00e1manos al 900 15 10 10. Solo tendr\u00e1s que indicar el motivo de la llamada y solicitar hablar con un agente que pueda asesorarte. Tras las indicaciones del agente, este se ocupar\u00e1 de solventar todas y cada una de las cuestiones a fin de que puedes dar de baja tu seguro de decesos. Como ya hemos comentado, le aconsejamos que no se quede sin un seguro de decesos por lo que no dude en ver todas las opciones y cotejar todas las ofertas con nuestros en nuestra p\u00e1gina de iDecesos. <div class=\"colorf \"  ><div class=\"container clearfix\"><div class=\"col-md-7\"><\/p>\r\n<h2><span class=\"ez-toc-section\" id=\"Dar_de_baja_seguro_Cajamar_de_un_fallecido\"><\/span>Dar de baja seguro Cajamar de un fallecido<span class=\"ez-toc-section-end\"><\/span><\/h2>\r\n<p>Cuando el asegurado muere, se avisa a la aseguradora para que comiencen a realizarse los tr\u00e1mites para realizar la baja. El cierre del expediente para que de forma autom\u00e1tica no se le pase m\u00e1s recibos por ese asegurado que ya no vive y se gire a banco el recibo proporcional por el resto de asegurados. Los c\u00e1lculos se hacen en base a las estimaciones autom\u00e1ticas y actuariales de la tabla de primas que tengan contratados con Cajamar. <\/div><\/div><\/div> <div class=\"oficinas\"> <h3><span class=\"ez-toc-section\" id=\"Paginas_relacionadas\"><\/span>P\u00e1ginas relacionadas<span class=\"ez-toc-section-end\"><\/span><\/h3><div class=\"enlazado\"><ul> <li><a href=\"https:\/\/idecesos.com\/seguros\/companias\/cajamar\/opiniones\/\">Opiniones Cajamar<\/a><\/li> <li><a href=\"https:\/\/idecesos.com\/seguros\/companias\/cajamar\/precio\/\">Precio seguro Cajamar<\/a><\/li> <li><a href=\"https:\/\/idecesos.com\/seguros\/companias\/cajamar\/prima-mixta\/\">Cajamar Prima Mixta<\/a><\/li> <li><a href=\"https:\/\/idecesos.com\/seguros\/companias\/cajamar\/prima-natural\/\">Cajamar Prima Natural<\/a><\/li> <li><a href=\"https:\/\/idecesos.com\/seguros\/companias\/cajamar\/prima-nivelada\/\">Cajamar Prima Nivelada<\/a><\/li> <li><a href=\"https:\/\/idecesos.com\/seguros\/companias\/cajamar\/prima-unica\/\">Cajamar Prima \u00danica<\/a><\/li> <li><a href=\"https:\/\/idecesos.com\/seguros\/companias\/cajamar\/repatriacion\/\">Cajamar Repatriaci\u00f3n<\/a><\/li> <li><a href=\"https:\/\/idecesos.com\/seguros\/companias\/cajamar\/telefono\/\">Tel\u00e9fono Gratuito Cajamar<\/a><\/li><\/ul><\/div> <\/div><\/p>","protected":false},"excerpt":{"rendered":"<p>iDecesos se encargar\u00e1 de explicarle, con todo detalle, c\u00f3mo puede dar de baja a su seguro. Llevarlo a cabo es muy f\u00e1cil y, , le vamos a mostrar cada paso que debe proseguir a fin de que no deba preocuparse. Merced a esto, en tan solo dos minutos tendr\u00e1 la informaci\u00f3n suficiente para poder hacerlo&hellip; <\/p>\n","protected":false},"author":1,"featured_media":0,"parent":605,"menu_order":0,"comment_status":"closed","ping_status":"closed","template":"single.php","meta":{"footnotes":""},"class_list":["post-18228","page","type-page","status-publish","hentry"],"yoast_head":"<!-- This site is optimized with the Yoast SEO plugin v27.3 - https:\/\/yoast.com\/product\/yoast-seo-wordpress\/ -->\n<title>\u00bfC\u00f3mo dar de Baja o Cancelar Seguro de Decesos Cajamar?<\/title>\n<meta name=\"description\" content=\"Obt\u00e9n aqu\u00ed\u3010c\u00f3mo dar de baja o cancelar seguro de decesos Cajamar\u3011Modelo carta, fax, correo electr\u00f3nico (email), tel\u00e9fono gratis.\" \/>\n<meta name=\"robots\" content=\"index, follow, max-snippet:-1, max-image-preview:large, max-video-preview:-1\" \/>\n<link rel=\"canonical\" href=\"https:\/\/idecesos.com\/seguros\/companias\/cajamar\/dar-de-baja\/\" \/>\n<meta property=\"og:locale\" content=\"es_ES\" \/>\n<meta property=\"og:type\" content=\"article\" \/>\n<meta property=\"og:title\" content=\"\u00bfC\u00f3mo dar de Baja o Cancelar Seguro de Decesos Cajamar?\" \/>\n<meta property=\"og:description\" content=\"Obt\u00e9n aqu\u00ed\u3010c\u00f3mo dar de baja o cancelar seguro de decesos Cajamar\u3011Modelo carta, fax, correo electr\u00f3nico (email), tel\u00e9fono gratis.\" \/>\n<meta property=\"og:url\" content=\"https:\/\/idecesos.com\/seguros\/companias\/cajamar\/dar-de-baja\/\" \/>\n<meta property=\"article:modified_time\" content=\"2022-01-31T16:56:55+00:00\" \/>\n<meta name=\"twitter:card\" content=\"summary_large_image\" \/>\n<meta name=\"twitter:label1\" content=\"Tiempo de lectura\" \/>\n\t<meta name=\"twitter:data1\" content=\"5 minutos\" \/>\n<script type=\"application\/ld+json\" class=\"yoast-schema-graph\">{\"@context\":\"https:\\\/\\\/schema.org\",\"@graph\":[{\"@type\":\"WebPage\",\"@id\":\"https:\\\/\\\/idecesos.com\\\/seguros\\\/companias\\\/cajamar\\\/dar-de-baja\\\/\",\"url\":\"https:\\\/\\\/idecesos.com\\\/seguros\\\/companias\\\/cajamar\\\/dar-de-baja\\\/\",\"name\":\"\u00bfC\u00f3mo dar de Baja o Cancelar Seguro de Decesos Cajamar?\",\"isPartOf\":{\"@id\":\"https:\\\/\\\/idecesos.com\\\/seguros\\\/#website\"},\"datePublished\":\"2021-12-29T11:53:18+00:00\",\"dateModified\":\"2022-01-31T16:56:55+00:00\",\"description\":\"Obt\u00e9n aqu\u00ed\u3010c\u00f3mo dar de baja o cancelar seguro de decesos Cajamar\u3011Modelo carta, fax, correo electr\u00f3nico (email), tel\u00e9fono gratis.\",\"breadcrumb\":{\"@id\":\"https:\\\/\\\/idecesos.com\\\/seguros\\\/companias\\\/cajamar\\\/dar-de-baja\\\/#breadcrumb\"},\"inLanguage\":\"es\",\"potentialAction\":[{\"@type\":\"ReadAction\",\"target\":[\"https:\\\/\\\/idecesos.com\\\/seguros\\\/companias\\\/cajamar\\\/dar-de-baja\\\/\"]}]},{\"@type\":\"BreadcrumbList\",\"@id\":\"https:\\\/\\\/idecesos.com\\\/seguros\\\/companias\\\/cajamar\\\/dar-de-baja\\\/#breadcrumb\",\"itemListElement\":[{\"@type\":\"ListItem\",\"position\":1,\"name\":\"Portada\",\"item\":\"https:\\\/\\\/idecesos.com\\\/seguros\\\/\"},{\"@type\":\"ListItem\",\"position\":2,\"name\":\"Compa\u00f1\u00edas de Seguros de Decesos en Espa\u00f1a\",\"item\":\"https:\\\/\\\/idecesos.com\\\/seguros\\\/companias\\\/\"},{\"@type\":\"ListItem\",\"position\":3,\"name\":\"Seguro de decesos Cajamar\",\"item\":\"https:\\\/\\\/idecesos.com\\\/seguros\\\/companias\\\/cajamar\\\/\"},{\"@type\":\"ListItem\",\"position\":4,\"name\":\"\u00bfC\u00f3mo dar de baja seguro Cajamar?\"}]},{\"@type\":\"WebSite\",\"@id\":\"https:\\\/\\\/idecesos.com\\\/seguros\\\/#website\",\"url\":\"https:\\\/\\\/idecesos.com\\\/seguros\\\/\",\"name\":\"\",\"description\":\"\",\"potentialAction\":[{\"@type\":\"SearchAction\",\"target\":{\"@type\":\"EntryPoint\",\"urlTemplate\":\"https:\\\/\\\/idecesos.com\\\/seguros\\\/?s={search_term_string}\"},\"query-input\":{\"@type\":\"PropertyValueSpecification\",\"valueRequired\":true,\"valueName\":\"search_term_string\"}}],\"inLanguage\":\"es\"}]}<\/script>\n<!-- \/ Yoast SEO plugin. -->","yoast_head_json":{"title":"\u00bfC\u00f3mo dar de Baja o Cancelar Seguro de Decesos Cajamar?","description":"Obt\u00e9n aqu\u00ed\u3010c\u00f3mo dar de baja o cancelar seguro de decesos Cajamar\u3011Modelo carta, fax, correo electr\u00f3nico (email), tel\u00e9fono gratis.","robots":{"index":"index","follow":"follow","max-snippet":"max-snippet:-1","max-image-preview":"max-image-preview:large","max-video-preview":"max-video-preview:-1"},"canonical":"https:\/\/idecesos.com\/seguros\/companias\/cajamar\/dar-de-baja\/","og_locale":"es_ES","og_type":"article","og_title":"\u00bfC\u00f3mo dar de Baja o Cancelar Seguro de Decesos Cajamar?","og_description":"Obt\u00e9n aqu\u00ed\u3010c\u00f3mo dar de baja o cancelar seguro de decesos Cajamar\u3011Modelo carta, fax, correo electr\u00f3nico (email), tel\u00e9fono gratis.","og_url":"https:\/\/idecesos.com\/seguros\/companias\/cajamar\/dar-de-baja\/","article_modified_time":"2022-01-31T16:56:55+00:00","twitter_card":"summary_large_image","twitter_misc":{"Tiempo de lectura":"5 minutos"},"schema":{"@context":"https:\/\/schema.org","@graph":[{"@type":"WebPage","@id":"https:\/\/idecesos.com\/seguros\/companias\/cajamar\/dar-de-baja\/","url":"https:\/\/idecesos.com\/seguros\/companias\/cajamar\/dar-de-baja\/","name":"\u00bfC\u00f3mo dar de Baja o Cancelar Seguro de Decesos Cajamar?","isPartOf":{"@id":"https:\/\/idecesos.com\/seguros\/#website"},"datePublished":"2021-12-29T11:53:18+00:00","dateModified":"2022-01-31T16:56:55+00:00","description":"Obt\u00e9n aqu\u00ed\u3010c\u00f3mo dar de baja o cancelar seguro de decesos Cajamar\u3011Modelo carta, fax, correo electr\u00f3nico (email), tel\u00e9fono gratis.","breadcrumb":{"@id":"https:\/\/idecesos.com\/seguros\/companias\/cajamar\/dar-de-baja\/#breadcrumb"},"inLanguage":"es","potentialAction":[{"@type":"ReadAction","target":["https:\/\/idecesos.com\/seguros\/companias\/cajamar\/dar-de-baja\/"]}]},{"@type":"BreadcrumbList","@id":"https:\/\/idecesos.com\/seguros\/companias\/cajamar\/dar-de-baja\/#breadcrumb","itemListElement":[{"@type":"ListItem","position":1,"name":"Portada","item":"https:\/\/idecesos.com\/seguros\/"},{"@type":"ListItem","position":2,"name":"Compa\u00f1\u00edas de Seguros de Decesos en Espa\u00f1a","item":"https:\/\/idecesos.com\/seguros\/companias\/"},{"@type":"ListItem","position":3,"name":"Seguro de decesos Cajamar","item":"https:\/\/idecesos.com\/seguros\/companias\/cajamar\/"},{"@type":"ListItem","position":4,"name":"\u00bfC\u00f3mo dar de baja seguro Cajamar?"}]},{"@type":"WebSite","@id":"https:\/\/idecesos.com\/seguros\/#website","url":"https:\/\/idecesos.com\/seguros\/","name":"","description":"","potentialAction":[{"@type":"SearchAction","target":{"@type":"EntryPoint","urlTemplate":"https:\/\/idecesos.com\/seguros\/?s={search_term_string}"},"query-input":{"@type":"PropertyValueSpecification","valueRequired":true,"valueName":"search_term_string"}}],"inLanguage":"es"}]}},"_links":{"self":[{"href":"https:\/\/idecesos.com\/seguros\/wp-json\/wp\/v2\/pages\/18228","targetHints":{"allow":["GET"]}}],"collection":[{"href":"https:\/\/idecesos.com\/seguros\/wp-json\/wp\/v2\/pages"}],"about":[{"href":"https:\/\/idecesos.com\/seguros\/wp-json\/wp\/v2\/types\/page"}],"author":[{"embeddable":true,"href":"https:\/\/idecesos.com\/seguros\/wp-json\/wp\/v2\/users\/1"}],"replies":[{"embeddable":true,"href":"https:\/\/idecesos.com\/seguros\/wp-json\/wp\/v2\/comments?post=18228"}],"version-history":[{"count":2,"href":"https:\/\/idecesos.com\/seguros\/wp-json\/wp\/v2\/pages\/18228\/revisions"}],"predecessor-version":[{"id":19152,"href":"https:\/\/idecesos.com\/seguros\/wp-json\/wp\/v2\/pages\/18228\/revisions\/19152"}],"up":[{"embeddable":true,"href":"https:\/\/idecesos.com\/seguros\/wp-json\/wp\/v2\/pages\/605"}],"wp:attachment":[{"href":"https:\/\/idecesos.com\/seguros\/wp-json\/wp\/v2\/media?parent=18228"}],"curies":[{"name":"wp","href":"https:\/\/api.w.org\/{rel}","templated":true}]}}