{"id":18231,"date":"2021-12-29T11:53:20","date_gmt":"2021-12-29T11:53:20","guid":{"rendered":"https:\/\/idecesos.com\/seguros\/companias\/nuez\/dar-de-baja\/"},"modified":"2022-01-31T17:52:09","modified_gmt":"2022-01-31T17:52:09","slug":"dar-de-baja","status":"publish","type":"page","link":"https:\/\/idecesos.com\/seguros\/companias\/nuez\/dar-de-baja\/","title":{"rendered":"\u00bfC\u00f3mo dar de baja seguro Nuez?"},"content":{"rendered":"<div id=\"ez-toc-container\" class=\"ez-toc-v2_0_83 ez-toc-wrap-center counter-hierarchy ez-toc-counter ez-toc-custom ez-toc-container-direction\">\n<div class=\"ez-toc-title-container\">\n<p class=\"ez-toc-title\" style=\"cursor:inherit\">Tabla de Contenido<\/p>\n<span class=\"ez-toc-title-toggle\"><a href=\"#\" class=\"ez-toc-pull-right ez-toc-btn ez-toc-btn-xs ez-toc-btn-default ez-toc-toggle\" aria-label=\"Alternar tabla de contenidos\"><span class=\"ez-toc-js-icon-con\"><span class=\"\"><span class=\"eztoc-hide\" style=\"display:none;\">Toggle<\/span><span class=\"ez-toc-icon-toggle-span\"><svg style=\"fill: #db6415;color:#db6415\" xmlns=\"http:\/\/www.w3.org\/2000\/svg\" class=\"list-377408\" width=\"20px\" height=\"20px\" viewBox=\"0 0 24 24\" fill=\"none\"><path d=\"M6 6H4v2h2V6zm14 0H8v2h12V6zM4 11h2v2H4v-2zm16 0H8v2h12v-2zM4 16h2v2H4v-2zm16 0H8v2h12v-2z\" fill=\"currentColor\"><\/path><\/svg><svg style=\"fill: #db6415;color:#db6415\" class=\"arrow-unsorted-368013\" xmlns=\"http:\/\/www.w3.org\/2000\/svg\" width=\"10px\" height=\"10px\" viewBox=\"0 0 24 24\" version=\"1.2\" baseProfile=\"tiny\"><path d=\"M18.2 9.3l-6.2-6.3-6.2 6.3c-.2.2-.3.4-.3.7s.1.5.3.7c.2.2.4.3.7.3h11c.3 0 .5-.1.7-.3.2-.2.3-.5.3-.7s-.1-.5-.3-.7zM5.8 14.7l6.2 6.3 6.2-6.3c.2-.2.3-.5.3-.7s-.1-.5-.3-.7c-.2-.2-.4-.3-.7-.3h-11c-.3 0-.5.1-.7.3-.2.2-.3.5-.3.7s.1.5.3.7z\"\/><\/svg><\/span><\/span><\/span><\/a><\/span><\/div>\n<nav><ul class='ez-toc-list ez-toc-list-level-1 ' ><li class='ez-toc-page-1 ez-toc-heading-level-2'><a class=\"ez-toc-link ez-toc-heading-1\" href=\"https:\/\/idecesos.com\/seguros\/companias\/nuez\/dar-de-baja\/#Diferentes_opciones_para_cancelar_un_contrato_con_Nuez\" >Diferentes opciones para cancelar un contrato con Nuez<\/a><ul class='ez-toc-list-level-3' ><li class='ez-toc-heading-level-3'><a class=\"ez-toc-link ez-toc-heading-2\" href=\"https:\/\/idecesos.com\/seguros\/companias\/nuez\/dar-de-baja\/#A_traves_de_la_web_de_Nuez\" >A trav\u00e9s de la web de Nuez<\/a><\/li><li class='ez-toc-page-1 ez-toc-heading-level-3'><a class=\"ez-toc-link ez-toc-heading-3\" href=\"https:\/\/idecesos.com\/seguros\/companias\/nuez\/dar-de-baja\/#Utilizando_el_correo_electronico_de_Nuez\" >Utilizando el correo electr\u00f3nico de Nuez<\/a><\/li><li class='ez-toc-page-1 ez-toc-heading-level-3'><a class=\"ez-toc-link ez-toc-heading-4\" href=\"https:\/\/idecesos.com\/seguros\/companias\/nuez\/dar-de-baja\/#Dar_de_baja_Nuez_por_fax\" >Dar de baja Nuez por fax<\/a><\/li><li class='ez-toc-page-1 ez-toc-heading-level-3'><a class=\"ez-toc-link ez-toc-heading-5\" href=\"https:\/\/idecesos.com\/seguros\/companias\/nuez\/dar-de-baja\/#En_la_oficina_de_Nuez\" >En la oficina de Nuez<\/a><\/li><li class='ez-toc-page-1 ez-toc-heading-level-3'><a class=\"ez-toc-link ez-toc-heading-6\" href=\"https:\/\/idecesos.com\/seguros\/companias\/nuez\/dar-de-baja\/#Telefono_para_dar_de_baja_Nuez\" >T\u00e9lefono para dar de baja Nuez<\/a><\/li><\/ul><\/li><li class='ez-toc-page-1 ez-toc-heading-level-2'><a class=\"ez-toc-link ez-toc-heading-7\" href=\"https:\/\/idecesos.com\/seguros\/companias\/nuez\/dar-de-baja\/#Dar_de_baja_seguro_Nuez_de_un_fallecido\" >Dar de baja seguro Nuez de un fallecido<\/a><\/li><\/ul><\/nav><\/div>\n<p> Para dar de baja a su seguro de decesos, solo debe continuar unos sencillos pasos y, de esta manera, no deber\u00e1 preocuparse por nada. iDecesos se encarga de explicarte c\u00f3mo dar de baja el seguro de decesos que tengas contratado. Va a tener su inconveniente solucionado en unos minutos y, es recomendable que busque otro seguro de decesos que se ajuste a sus necesidades, para la tranquilidad y estabilidad en su vida y la de su familia. Ha de saber que, debe de informar a la compa\u00f1\u00eda treinta d\u00edas ya antes de la renovaci\u00f3n de su seguro de decesos para poder darlo de baja. <div class=\"colorf \"  ><div class=\"container clearfix\"><div class=\"col-md-7\"><\/p>\r\n<h2><span class=\"ez-toc-section\" id=\"Diferentes_opciones_para_cancelar_un_contrato_con_Nuez\"><\/span>Diferentes opciones para cancelar un contrato con Nuez<span class=\"ez-toc-section-end\"><\/span><\/h2>\r\n<!-- \/wp:post-content -->\r\n\r\n<!-- wp:paragraph -->\r\n<p>Puede servirte conocer las distintas opciones de las personas que se dieron de baja en el seguro de fallecimiento. Existen muchas formas de darse de baja de un seguro de decesos. Todas y cada una son iguales en todas y cada una de las compa\u00f1\u00edas. Aunque en algunas empresas aseguradoras te pueden aceptar la cancelaci\u00f3n del seguro de forma telef\u00f3nica, para eludir que desperdicies el tiempo, lo m\u00e1s normal es que acudas a una oficina y entregues el formulario de forma impresa. Puedes ponerte en contacto con nosotros si deseas anular tu seguro de decesos de forma telef\u00f3nica. <\/div><\/div><\/div><\/p>\r\n<h3><span class=\"ez-toc-section\" id=\"A_traves_de_la_web_de_Nuez\"><\/span>A trav\u00e9s de la web de Nuez<span class=\"ez-toc-section-end\"><\/span><\/h3>\r\n<p>No olvides repasar los datos en tanto que si algunos est\u00e1n mal, la compa\u00f1\u00eda aseguradora no proceder\u00e1 a efectuar la baja de tu seguro de decesos. \u00bfDe qu\u00e9 forma dar de baja un seguro de decesos a trav\u00e9s de la web de la empresa aseguradora?Tras usar el buscador en la web de la empresa aseguradora, tendr\u00e1s que proseguir los pasos que te se\u00f1alan para dar de baja tu seguro de decesos. Puedes llamar al tel\u00e9fono de atenci\u00f3n al cliente de tu compa\u00f1\u00eda para solicitar m\u00e1s informaci\u00f3n sobre de qu\u00e9 forma puedes dar de baja tu seguro por internet. Adem\u00e1s cumplimente el formulario o descargue el documento que se le pide para poder llenar su solicitud. Si observas que no recibes la confirmaci\u00f3n de la baja del seguro, puede ser pues los datos expuestos est\u00e9n mal escritos. <div class=\"colorf \"  ><div class=\"container clearfix\"><div class=\"col-md-7\"><\/p>\r\n<h3><span class=\"ez-toc-section\" id=\"Utilizando_el_correo_electronico_de_Nuez\"><\/span>Utilizando el correo electr\u00f3nico de Nuez<span class=\"ez-toc-section-end\"><\/span><\/h3>\r\n<p>Si quiere acabar su seguro de decesos Nuez y siente que no le ofrece las mejores condiciones, puede hacerlo a trav\u00e9s de su correo electr\u00f3nico. En apenas unos minutos va a poder mandarles a su correo electr\u00f3nico la pr\u00f3xima informaci\u00f3n: una copia del DNI del tomador y la notificaci\u00f3n con un escrito solicitando la baja, que anteriormente le hemos dicho c\u00f3mo conseguirla, firmada por el asegurado con sus datos personales. Para evitar posibles inconvenientes con tu compa\u00f1\u00eda aseguradora, te invitamos a guardar una copia sellada y el justificante del recibo. Otros documentos que no puedes perder es la copia de la notificaci\u00f3n del correo con la data escrita de cuando se envi\u00f3. Manda a tu compa\u00f1\u00eda por email el n\u00famero de tu p\u00f3liza antes de los 30 d\u00edas del vencimiento del contrato. <\/div><\/div><\/div><\/p>\r\n<h3><span class=\"ez-toc-section\" id=\"Dar_de_baja_Nuez_por_fax\"><\/span>Dar de baja Nuez por fax<span class=\"ez-toc-section-end\"><\/span><\/h3>\r\n<p>Vas a poder ponerte en contacto con tu aseguradora mediante el fax se\u00f1alando tus datos personales y el n\u00famero de la p\u00f3liza y de esta forma solicitar la baja del seguro de decesos. A fin de que puedas realizar la baja de tu seguro de una manera correcta, no te olvides de adjuntar las dos caras de tu documento de identidad. Cuando tengas todos y cada uno de los datos listos, localiza el n\u00famero de tel\u00e9fono del fax de tu compa\u00f1\u00eda aseguradora para poder mandarlos. Tu compa\u00f1\u00eda puede reclamarte la prima con lo que tendr\u00e1s que guardar la confirmaci\u00f3n de la solicitud de la baja. <div class=\"colorf \"  ><div class=\"container clearfix\"><div class=\"col-md-7\"><\/p>\r\n<h3><span class=\"ez-toc-section\" id=\"En_la_oficina_de_Nuez\"><\/span>En la oficina de Nuez<span class=\"ez-toc-section-end\"><\/span><\/h3>\r\n<p>Si lo quiere, va a poder dar de baja su seguro acudiendo, de manera presencial, a la oficina de Nuez. Para asistir a la oficina m\u00e1s pr\u00f3xima, solo va a deber teclear en Internet el nombre de Nuez. Los expertos trabajadores de Nuez le ayudar\u00e1n en todo cuanto necesite con respecto a los documentos que debe rellenar y firmar. Solo tendr\u00e1 que seguir, apropiadamente, los pasos que le ordenen. Debe recordar, llevar su DNI, en tanto que es necesario para llenar, agradablemente, el proceso. Para finalizar, le van a hacer entrega de una copia de cada documento y, el especialista efectuar\u00e1 los tr\u00e1mites pertinentes. <\/div><\/div><\/div><\/p>\r\n<h3><span class=\"ez-toc-section\" id=\"Telefono_para_dar_de_baja_Nuez\"><\/span>T\u00e9lefono para dar de baja Nuez<span class=\"ez-toc-section-end\"><\/span><\/h3>\r\n<p>Tambi\u00e9n puede darse de baja mediante v\u00eda telef\u00f3nica. Tiene la posibilidad de buscar el tel\u00e9fono de la compa\u00f1\u00eda en Internet o, llamar al 919 155 123. Comun\u00edquele a la persona que le atienda lo que desee y le dar\u00e1n los pasos pertinentes que debe seguir. Siguiendo los pasos indicados, lo tendr\u00e1 todo solucionado r\u00e1pidamente y, el especialista, se encargar\u00e1 de dar fin a su seguro de decesos. Si despu\u00e9s de esto quiere contratar un nuevo seguro, no dude en ver todas las opciones y comparar todas las ofertas con iDecesos. <div class=\"colorf \"  ><div class=\"container clearfix\"><div class=\"col-md-7\"><\/p>\r\n<h2><span class=\"ez-toc-section\" id=\"Dar_de_baja_seguro_Nuez_de_un_fallecido\"><\/span>Dar de baja seguro Nuez de un fallecido<span class=\"ez-toc-section-end\"><\/span><\/h2>\r\n<p>Si el asegurado muere, de forma autom\u00e1tica la empresa aseguradora se encarga de dar de baja al cliente del servicio. El cierre del expediente para que de manera autom\u00e1tica no se le pase m\u00e1s recibos por ese asegurado que ya no vive y se gire a banco el recibo proporcional por el resto de asegurados. Los c\u00e1lculos se hacen en base a las estimaciones autom\u00e1ticas y actuariales de la tabla de primas que tengan contratados con Nuez. <\/div><\/div><\/div> <div class=\"oficinas\"> <h3>P\u00e1ginas relacionadas<\/h3><div class=\"enlazado\"><ul> <li><a href=\"https:\/\/idecesos.com\/seguros\/companias\/nuez\/opiniones\/\">Opiniones Nuez<\/a><\/li> <li><a href=\"https:\/\/idecesos.com\/seguros\/companias\/nuez\/precio\/\">Precio seguro Nuez<\/a><\/li> <li><a href=\"https:\/\/idecesos.com\/seguros\/companias\/nuez\/prima-mixta\/\">Nuez Prima Mixta<\/a><\/li> <li><a href=\"https:\/\/idecesos.com\/seguros\/companias\/nuez\/prima-natural\/\">Nuez Prima Natural<\/a><\/li> <li><a href=\"https:\/\/idecesos.com\/seguros\/companias\/nuez\/prima-nivelada\/\">Nuez Prima Nivelada<\/a><\/li> <li><a href=\"https:\/\/idecesos.com\/seguros\/companias\/nuez\/prima-unica\/\">Nuez Prima \u00danica<\/a><\/li> <li><a href=\"https:\/\/idecesos.com\/seguros\/companias\/nuez\/repatriacion\/\">Nuez Repatriaci\u00f3n<\/a><\/li> <li><a href=\"https:\/\/idecesos.com\/seguros\/companias\/nuez\/telefono\/\">Tel\u00e9fono Gratuito Nuez<\/a><\/li><\/ul><\/div> <\/div><\/p>","protected":false},"excerpt":{"rendered":"<p>Para dar de baja a su seguro de decesos, solo debe continuar unos sencillos pasos y, de esta manera, no deber\u00e1 preocuparse por nada. iDecesos se encarga de explicarte c\u00f3mo dar de baja el seguro de decesos que tengas contratado. Va a tener su inconveniente solucionado en unos minutos y, es recomendable que busque otro&hellip; <\/p>\n","protected":false},"author":1,"featured_media":0,"parent":775,"menu_order":0,"comment_status":"closed","ping_status":"closed","template":"single.php","meta":{"footnotes":""},"class_list":["post-18231","page","type-page","status-publish","hentry"],"yoast_head":"<!-- This site is optimized with the Yoast SEO plugin v27.5 - https:\/\/yoast.com\/product\/yoast-seo-wordpress\/ -->\n<title>\u00bfC\u00f3mo dar de Baja o Cancelar Seguro de Decesos Nuez?<\/title>\n<meta name=\"description\" content=\"Obt\u00e9n aqu\u00ed\u3010c\u00f3mo dar de baja o cancelar seguro de decesos Nuez\u3011Modelo carta, fax, correo electr\u00f3nico (email), tel\u00e9fono gratis.\" \/>\n<meta name=\"robots\" content=\"index, follow, max-snippet:-1, max-image-preview:large, max-video-preview:-1\" \/>\n<link rel=\"canonical\" href=\"https:\/\/idecesos.com\/seguros\/companias\/nuez\/dar-de-baja\/\" \/>\n<meta property=\"og:locale\" content=\"es_ES\" \/>\n<meta property=\"og:type\" content=\"article\" \/>\n<meta property=\"og:title\" content=\"\u00bfC\u00f3mo dar de Baja o Cancelar Seguro de Decesos Nuez?\" \/>\n<meta property=\"og:description\" content=\"Obt\u00e9n aqu\u00ed\u3010c\u00f3mo dar de baja o cancelar seguro de decesos Nuez\u3011Modelo carta, fax, correo electr\u00f3nico (email), tel\u00e9fono gratis.\" \/>\n<meta property=\"og:url\" content=\"https:\/\/idecesos.com\/seguros\/companias\/nuez\/dar-de-baja\/\" \/>\n<meta property=\"article:modified_time\" content=\"2022-01-31T17:52:09+00:00\" \/>\n<meta name=\"twitter:card\" content=\"summary_large_image\" \/>\n<meta name=\"twitter:label1\" content=\"Tiempo de lectura\" \/>\n\t<meta name=\"twitter:data1\" content=\"5 minutos\" \/>\n<script type=\"application\/ld+json\" class=\"yoast-schema-graph\">{\"@context\":\"https:\\\/\\\/schema.org\",\"@graph\":[{\"@type\":\"WebPage\",\"@id\":\"https:\\\/\\\/idecesos.com\\\/seguros\\\/companias\\\/nuez\\\/dar-de-baja\\\/\",\"url\":\"https:\\\/\\\/idecesos.com\\\/seguros\\\/companias\\\/nuez\\\/dar-de-baja\\\/\",\"name\":\"\u00bfC\u00f3mo dar de Baja o Cancelar Seguro de Decesos Nuez?\",\"isPartOf\":{\"@id\":\"https:\\\/\\\/idecesos.com\\\/seguros\\\/#website\"},\"datePublished\":\"2021-12-29T11:53:20+00:00\",\"dateModified\":\"2022-01-31T17:52:09+00:00\",\"description\":\"Obt\u00e9n aqu\u00ed\u3010c\u00f3mo dar de baja o cancelar seguro de decesos Nuez\u3011Modelo carta, fax, correo electr\u00f3nico (email), tel\u00e9fono gratis.\",\"breadcrumb\":{\"@id\":\"https:\\\/\\\/idecesos.com\\\/seguros\\\/companias\\\/nuez\\\/dar-de-baja\\\/#breadcrumb\"},\"inLanguage\":\"es\",\"potentialAction\":[{\"@type\":\"ReadAction\",\"target\":[\"https:\\\/\\\/idecesos.com\\\/seguros\\\/companias\\\/nuez\\\/dar-de-baja\\\/\"]}]},{\"@type\":\"BreadcrumbList\",\"@id\":\"https:\\\/\\\/idecesos.com\\\/seguros\\\/companias\\\/nuez\\\/dar-de-baja\\\/#breadcrumb\",\"itemListElement\":[{\"@type\":\"ListItem\",\"position\":1,\"name\":\"Portada\",\"item\":\"https:\\\/\\\/idecesos.com\\\/seguros\\\/\"},{\"@type\":\"ListItem\",\"position\":2,\"name\":\"Compa\u00f1\u00edas de Seguros de Decesos en Espa\u00f1a\",\"item\":\"https:\\\/\\\/idecesos.com\\\/seguros\\\/companias\\\/\"},{\"@type\":\"ListItem\",\"position\":3,\"name\":\"Seguro de decesos Nuez\",\"item\":\"https:\\\/\\\/idecesos.com\\\/seguros\\\/companias\\\/nuez\\\/\"},{\"@type\":\"ListItem\",\"position\":4,\"name\":\"\u00bfC\u00f3mo dar de baja seguro Nuez?\"}]},{\"@type\":\"WebSite\",\"@id\":\"https:\\\/\\\/idecesos.com\\\/seguros\\\/#website\",\"url\":\"https:\\\/\\\/idecesos.com\\\/seguros\\\/\",\"name\":\"\",\"description\":\"\",\"potentialAction\":[{\"@type\":\"SearchAction\",\"target\":{\"@type\":\"EntryPoint\",\"urlTemplate\":\"https:\\\/\\\/idecesos.com\\\/seguros\\\/?s={search_term_string}\"},\"query-input\":{\"@type\":\"PropertyValueSpecification\",\"valueRequired\":true,\"valueName\":\"search_term_string\"}}],\"inLanguage\":\"es\"}]}<\/script>\n<!-- \/ Yoast SEO plugin. -->","yoast_head_json":{"title":"\u00bfC\u00f3mo dar de Baja o Cancelar Seguro de Decesos Nuez?","description":"Obt\u00e9n aqu\u00ed\u3010c\u00f3mo dar de baja o cancelar seguro de decesos Nuez\u3011Modelo carta, fax, correo electr\u00f3nico (email), tel\u00e9fono gratis.","robots":{"index":"index","follow":"follow","max-snippet":"max-snippet:-1","max-image-preview":"max-image-preview:large","max-video-preview":"max-video-preview:-1"},"canonical":"https:\/\/idecesos.com\/seguros\/companias\/nuez\/dar-de-baja\/","og_locale":"es_ES","og_type":"article","og_title":"\u00bfC\u00f3mo dar de Baja o Cancelar Seguro de Decesos Nuez?","og_description":"Obt\u00e9n aqu\u00ed\u3010c\u00f3mo dar de baja o cancelar seguro de decesos Nuez\u3011Modelo carta, fax, correo electr\u00f3nico (email), tel\u00e9fono gratis.","og_url":"https:\/\/idecesos.com\/seguros\/companias\/nuez\/dar-de-baja\/","article_modified_time":"2022-01-31T17:52:09+00:00","twitter_card":"summary_large_image","twitter_misc":{"Tiempo de lectura":"5 minutos"},"schema":{"@context":"https:\/\/schema.org","@graph":[{"@type":"WebPage","@id":"https:\/\/idecesos.com\/seguros\/companias\/nuez\/dar-de-baja\/","url":"https:\/\/idecesos.com\/seguros\/companias\/nuez\/dar-de-baja\/","name":"\u00bfC\u00f3mo dar de Baja o Cancelar Seguro de Decesos Nuez?","isPartOf":{"@id":"https:\/\/idecesos.com\/seguros\/#website"},"datePublished":"2021-12-29T11:53:20+00:00","dateModified":"2022-01-31T17:52:09+00:00","description":"Obt\u00e9n aqu\u00ed\u3010c\u00f3mo dar de baja o cancelar seguro de decesos Nuez\u3011Modelo carta, fax, correo electr\u00f3nico (email), tel\u00e9fono gratis.","breadcrumb":{"@id":"https:\/\/idecesos.com\/seguros\/companias\/nuez\/dar-de-baja\/#breadcrumb"},"inLanguage":"es","potentialAction":[{"@type":"ReadAction","target":["https:\/\/idecesos.com\/seguros\/companias\/nuez\/dar-de-baja\/"]}]},{"@type":"BreadcrumbList","@id":"https:\/\/idecesos.com\/seguros\/companias\/nuez\/dar-de-baja\/#breadcrumb","itemListElement":[{"@type":"ListItem","position":1,"name":"Portada","item":"https:\/\/idecesos.com\/seguros\/"},{"@type":"ListItem","position":2,"name":"Compa\u00f1\u00edas de Seguros de Decesos en Espa\u00f1a","item":"https:\/\/idecesos.com\/seguros\/companias\/"},{"@type":"ListItem","position":3,"name":"Seguro de decesos Nuez","item":"https:\/\/idecesos.com\/seguros\/companias\/nuez\/"},{"@type":"ListItem","position":4,"name":"\u00bfC\u00f3mo dar de baja seguro Nuez?"}]},{"@type":"WebSite","@id":"https:\/\/idecesos.com\/seguros\/#website","url":"https:\/\/idecesos.com\/seguros\/","name":"","description":"","potentialAction":[{"@type":"SearchAction","target":{"@type":"EntryPoint","urlTemplate":"https:\/\/idecesos.com\/seguros\/?s={search_term_string}"},"query-input":{"@type":"PropertyValueSpecification","valueRequired":true,"valueName":"search_term_string"}}],"inLanguage":"es"}]}},"_links":{"self":[{"href":"https:\/\/idecesos.com\/seguros\/wp-json\/wp\/v2\/pages\/18231","targetHints":{"allow":["GET"]}}],"collection":[{"href":"https:\/\/idecesos.com\/seguros\/wp-json\/wp\/v2\/pages"}],"about":[{"href":"https:\/\/idecesos.com\/seguros\/wp-json\/wp\/v2\/types\/page"}],"author":[{"embeddable":true,"href":"https:\/\/idecesos.com\/seguros\/wp-json\/wp\/v2\/users\/1"}],"replies":[{"embeddable":true,"href":"https:\/\/idecesos.com\/seguros\/wp-json\/wp\/v2\/comments?post=18231"}],"version-history":[{"count":1,"href":"https:\/\/idecesos.com\/seguros\/wp-json\/wp\/v2\/pages\/18231\/revisions"}],"predecessor-version":[{"id":19179,"href":"https:\/\/idecesos.com\/seguros\/wp-json\/wp\/v2\/pages\/18231\/revisions\/19179"}],"up":[{"embeddable":true,"href":"https:\/\/idecesos.com\/seguros\/wp-json\/wp\/v2\/pages\/775"}],"wp:attachment":[{"href":"https:\/\/idecesos.com\/seguros\/wp-json\/wp\/v2\/media?parent=18231"}],"curies":[{"name":"wp","href":"https:\/\/api.w.org\/{rel}","templated":true}]}}