{"id":18240,"date":"2021-12-29T11:53:25","date_gmt":"2021-12-29T11:53:25","guid":{"rendered":"https:\/\/idecesos.com\/seguros\/companias\/alianza-espanola\/dar-de-baja\/"},"modified":"2022-01-31T17:54:28","modified_gmt":"2022-01-31T17:54:28","slug":"dar-de-baja","status":"publish","type":"page","link":"https:\/\/idecesos.com\/seguros\/companias\/alianza-espanola\/dar-de-baja\/","title":{"rendered":"\u00bfC\u00f3mo dar de baja seguro Alianza Espa\u00f1ola?"},"content":{"rendered":"<div id=\"ez-toc-container\" class=\"ez-toc-v2_0_82_2 ez-toc-wrap-center counter-hierarchy ez-toc-counter ez-toc-custom ez-toc-container-direction\">\n<div class=\"ez-toc-title-container\">\n<p class=\"ez-toc-title\" style=\"cursor:inherit\">Tabla de Contenido<\/p>\n<span class=\"ez-toc-title-toggle\"><a href=\"#\" class=\"ez-toc-pull-right ez-toc-btn ez-toc-btn-xs ez-toc-btn-default ez-toc-toggle\" aria-label=\"Alternar tabla de contenidos\"><span class=\"ez-toc-js-icon-con\"><span class=\"\"><span class=\"eztoc-hide\" style=\"display:none;\">Toggle<\/span><span class=\"ez-toc-icon-toggle-span\"><svg style=\"fill: #db6415;color:#db6415\" xmlns=\"http:\/\/www.w3.org\/2000\/svg\" class=\"list-377408\" width=\"20px\" height=\"20px\" viewBox=\"0 0 24 24\" fill=\"none\"><path d=\"M6 6H4v2h2V6zm14 0H8v2h12V6zM4 11h2v2H4v-2zm16 0H8v2h12v-2zM4 16h2v2H4v-2zm16 0H8v2h12v-2z\" fill=\"currentColor\"><\/path><\/svg><svg style=\"fill: #db6415;color:#db6415\" class=\"arrow-unsorted-368013\" xmlns=\"http:\/\/www.w3.org\/2000\/svg\" width=\"10px\" height=\"10px\" viewBox=\"0 0 24 24\" version=\"1.2\" baseProfile=\"tiny\"><path d=\"M18.2 9.3l-6.2-6.3-6.2 6.3c-.2.2-.3.4-.3.7s.1.5.3.7c.2.2.4.3.7.3h11c.3 0 .5-.1.7-.3.2-.2.3-.5.3-.7s-.1-.5-.3-.7zM5.8 14.7l6.2 6.3 6.2-6.3c.2-.2.3-.5.3-.7s-.1-.5-.3-.7c-.2-.2-.4-.3-.7-.3h-11c-.3 0-.5.1-.7.3-.2.2-.3.5-.3.7s.1.5.3.7z\"\/><\/svg><\/span><\/span><\/span><\/a><\/span><\/div>\n<nav><ul class='ez-toc-list ez-toc-list-level-1 ' ><li class='ez-toc-page-1 ez-toc-heading-level-2'><a class=\"ez-toc-link ez-toc-heading-1\" href=\"https:\/\/idecesos.com\/seguros\/companias\/alianza-espanola\/dar-de-baja\/#Diferentes_opciones_para_cancelar_un_contrato_con_Alianza_Espanola\" >Diferentes opciones para cancelar un contrato con Alianza Espa\u00f1ola<\/a><ul class='ez-toc-list-level-3' ><li class='ez-toc-heading-level-3'><a class=\"ez-toc-link ez-toc-heading-2\" href=\"https:\/\/idecesos.com\/seguros\/companias\/alianza-espanola\/dar-de-baja\/#A_traves_de_la_web_de_Alianza_Espanola\" >A trav\u00e9s de la web de Alianza Espa\u00f1ola<\/a><\/li><li class='ez-toc-page-1 ez-toc-heading-level-3'><a class=\"ez-toc-link ez-toc-heading-3\" href=\"https:\/\/idecesos.com\/seguros\/companias\/alianza-espanola\/dar-de-baja\/#Utilizando_el_correo_electronico_de_Alianza_Espanola\" >Utilizando el correo electr\u00f3nico de Alianza Espa\u00f1ola<\/a><\/li><li class='ez-toc-page-1 ez-toc-heading-level-3'><a class=\"ez-toc-link ez-toc-heading-4\" href=\"https:\/\/idecesos.com\/seguros\/companias\/alianza-espanola\/dar-de-baja\/#Dar_de_baja_Alianza_Espanola_por_fax\" >Dar de baja Alianza Espa\u00f1ola por fax<\/a><\/li><li class='ez-toc-page-1 ez-toc-heading-level-3'><a class=\"ez-toc-link ez-toc-heading-5\" href=\"https:\/\/idecesos.com\/seguros\/companias\/alianza-espanola\/dar-de-baja\/#En_la_oficina_de_Alianza_Espanola\" >En la oficina de Alianza Espa\u00f1ola<\/a><\/li><li class='ez-toc-page-1 ez-toc-heading-level-3'><a class=\"ez-toc-link ez-toc-heading-6\" href=\"https:\/\/idecesos.com\/seguros\/companias\/alianza-espanola\/dar-de-baja\/#Telefono_para_dar_de_baja_Alianza_Espanola\" >Tel\u00e9fono para dar de baja Alianza Espa\u00f1ola<\/a><\/li><\/ul><\/li><li class='ez-toc-page-1 ez-toc-heading-level-2'><a class=\"ez-toc-link ez-toc-heading-7\" href=\"https:\/\/idecesos.com\/seguros\/companias\/alianza-espanola\/dar-de-baja\/#Dar_de_baja_seguro_Alianza_Espanola_de_un_fallecido\" >Dar de baja seguro Alianza Espa\u00f1ola de un fallecido<\/a><ul class='ez-toc-list-level-3' ><li class='ez-toc-heading-level-3'><a class=\"ez-toc-link ez-toc-heading-8\" href=\"https:\/\/idecesos.com\/seguros\/companias\/alianza-espanola\/dar-de-baja\/#Paginas_relacionadas\" >P\u00e1ginas relacionadas<\/a><\/li><\/ul><\/li><\/ul><\/nav><\/div>\n<p> Seguidamente, vamos a comentarte c\u00f3mo puedes dar de baja tu seguro de decesos. En iDecesos, queremos facilitarte la labor y vamos a darte las explicaciones precisas a fin de que puedas dar de baja tu seguro sin ning\u00fan g\u00e9nero de preocupaci\u00f3n. A continuaci\u00f3n, vas a encontrar de forma detallada los pasos que tienes realizar y las maneras que tienes para darte de baja. Merced a esto, en solo unos minutos va a tener toda la informaci\u00f3n suficiente para que pueda seleccionar que opci\u00f3n tomar y dar de baja usted mismo su seguro de decesos. Nuestra recomendaci\u00f3n es que no des de baja tu seguro en tanto que en el futuro podr\u00e1 servirte para asegurarte y evitarle inconvenientes a tus familiares. <div class=\"colorf \"  ><div class=\"container clearfix\"><div class=\"col-md-7\"><\/p>\r\n<h2><span class=\"ez-toc-section\" id=\"Diferentes_opciones_para_cancelar_un_contrato_con_Alianza_Espanola\"><\/span>Diferentes opciones para cancelar un contrato con Alianza Espa\u00f1ola<span class=\"ez-toc-section-end\"><\/span><\/h2>\r\n<!-- \/wp:post-content -->\r\n\r\n<!-- wp:paragraph -->\r\n<p>Algo que tienen en com\u00fan todas y cada una de las compa\u00f1\u00edas es que, solicitan un documento en el que exponga la baja de su seguro de decesos. Contactando con nosotros, a trav\u00e9s del e-mail o n\u00famero libre, podr\u00e1 conseguir el documento de compa\u00f1\u00eda. La compa\u00f1\u00eda deber\u00e1 darle por v\u00e1lido el env\u00edo de la carta certificada, con el modelo est\u00e1ndar de cancelaci\u00f3n de su contrato, siendo una de las maneras de darse de baja. Se le recomienda que, no pierda el resguardo del documento y guarde con \u00e9l una copia. Ahora, se le va a ense\u00f1ar diferentes m\u00e9todos para dar de baja su seguro de decesos Alianza Espa\u00f1ola. <\/div><\/div><\/div><\/p>\r\n<h3><span class=\"ez-toc-section\" id=\"A_traves_de_la_web_de_Alianza_Espanola\"><\/span>A trav\u00e9s de la web de Alianza Espa\u00f1ola<span class=\"ez-toc-section-end\"><\/span><\/h3>\r\n<p>A trav\u00e9s de el sitio web de Alianza Espa\u00f1ola es uno de los m\u00e9todos que pueda usar para darse de baja de su seguro de decesos. Solo deber\u00e1s escribir lo que buscas en su p\u00e1gina web a fin de que te aparezca toda la informaci\u00f3n. Usa otra secci\u00f3n en su p\u00e1gina si no hallas el buscador. Seguramente debas rellenar un formulario para poder notificar correctamente tu deseo de dar de baja el seguro de decesos. Si a\u00fan de esta manera, prosigues sin encontrar de qu\u00e9 manera puedes dar de baja el seguro, solo tienes que ponerte en contacto con nosotros en el 951 127 403 o en el info@idecesos. com. Si has logrado encontrar el formulario para dar de baja tu seguro de decesos, recibir\u00e1s en unos pocos minutos un documento donde se te notifique que lo has efectuado de manera correcta. <div class=\"colorf \"  ><div class=\"container clearfix\"><div class=\"col-md-7\"><\/p>\r\n<h3><span class=\"ez-toc-section\" id=\"Utilizando_el_correo_electronico_de_Alianza_Espanola\"><\/span>Utilizando el correo electr\u00f3nico de Alianza Espa\u00f1ola<span class=\"ez-toc-section-end\"><\/span><\/h3>\r\n<p>Si no deseas continuar contando con un seguro de decesos en la compa\u00f1\u00eda en la que est\u00e1s, notif\u00edcalo a su mail. Deber\u00e1s mandarles una copia del documento nacional de identidad del asegurado y una notificaci\u00f3n donde se solicite el fin del contrato del seguro de decesos firmada con los datos personales. No olvides guardar una copia sellada y el justificante. Tambi\u00e9n te recomendamos que guardes una copia de la notificaci\u00f3n del correo con la fecha expuesta del env\u00edo. Deber\u00e1s enviar a tu aseguradora tu n\u00famero de p\u00f3liza 30 d\u00edas antes del fin del contrato. <\/div><\/div><\/div><\/p>\r\n<h3><span class=\"ez-toc-section\" id=\"Dar_de_baja_Alianza_Espanola_por_fax\"><\/span>Dar de baja Alianza Espa\u00f1ola por fax<span class=\"ez-toc-section-end\"><\/span><\/h3>\r\n<p>Otro procedimiento, es el empleo del fax. Solo cambia con respecto al anterior, la manera en la que mande los documentos. Con el fax, debe expedir a la compa\u00f1\u00eda la copia de su DNI y la notificaci\u00f3n sobre su baja, correctamente firmada, que podr\u00e1 encontrarla en la web de la compa\u00f1\u00eda o, llam\u00e1ndonos al 951 127 403. Como en m\u00e9todos precedentes, tendr\u00e1 que guardar el justificante de su recibo y, una copia apropiadamente sellada. No debe olvidar, guardar junto a los precedentes documentos, una copia de la notificaci\u00f3n y, su fecha de env\u00edo. <div class=\"colorf \"  ><div class=\"container clearfix\"><div class=\"col-md-7\"><\/p>\r\n<h3><span class=\"ez-toc-section\" id=\"En_la_oficina_de_Alianza_Espanola\"><\/span>En la oficina de Alianza Espa\u00f1ola<span class=\"ez-toc-section-end\"><\/span><\/h3>\r\n<p>Si lo quiere, va a poder dar de baja su seguro acudiendo, de forma presencial, a la oficina de Alianza Espa\u00f1ola. Para dirigirse a la oficina m\u00e1s pr\u00f3xima, haga su busca en Internet y la encontrar\u00e1. Alianza Espa\u00f1ola dispone de unos expertos, enormemente cualificados, que van a estar a su predisposici\u00f3n para asistirle con los documentos que debe rellenar y firmar. Ser\u00e1 tan f\u00e1cil como proseguir los pasos que le se\u00f1alen. Es muy preciso que no olvide su documento de identidad, para que, cada una parte del proceso, se pueda llevar a cabo correctamente. Para finalizar, le har\u00e1n entrega de una copia de cada documento y, el experto realizar\u00e1 los tr\u00e1mites pertinentes. <\/div><\/div><\/div><\/p>\r\n<h3><span class=\"ez-toc-section\" id=\"Telefono_para_dar_de_baja_Alianza_Espanola\"><\/span>Tel\u00e9fono para dar de baja Alianza Espa\u00f1ola<span class=\"ez-toc-section-end\"><\/span><\/h3>\r\n<p>Puedes pedir la baja de tu seguro de decesos por medio de su tel\u00e9fono de contacto. Busque el tel\u00e9fono de Alianza Espa\u00f1ola en internet o bien llame de manera directa al tel\u00e9fono que le facilitamos a continuaci\u00f3n 91 435 11 57. Para resolver tus dudas, un agente se va a poner en contacto contigo y de esta manera poder ayudarte de una forma absolutamente personalizada. Tras las indicaciones del agente, este se ocupar\u00e1 de solventar todas y cada una de las cuestiones para que puedes dar de baja tu seguro de decesos. Si deseas mudar de aseguradora, solo debes utilizar nuestro comparador de iDecesos. Te vamos a dar las mejores ofertas y vas a tener tu seguro absolutamente adaptado a ti. <div class=\"colorf \"  ><div class=\"container clearfix\"><div class=\"col-md-7\"><\/p>\r\n<h2><span class=\"ez-toc-section\" id=\"Dar_de_baja_seguro_Alianza_Espanola_de_un_fallecido\"><\/span>Dar de baja seguro Alianza Espa\u00f1ola de un fallecido<span class=\"ez-toc-section-end\"><\/span><\/h2>\r\n<p>Si no conoces c\u00f3mo puedes dar de baja tu seguro tras el fallecimiento del asegurado, te lo vamos a explicar. Es un proceso f\u00e1cil que no te llevar\u00e1 mucho tiempo. Es la propia empresa aseguradora la que proceder\u00e1 a dar la baja del seguro de decesos de la persona asegurada tras su fallecimiento. <\/div><\/div><\/div> <div class=\"oficinas\"> <h3><span class=\"ez-toc-section\" id=\"Paginas_relacionadas\"><\/span>P\u00e1ginas relacionadas<span class=\"ez-toc-section-end\"><\/span><\/h3><div class=\"enlazado\"><ul> <li><a href=\"https:\/\/idecesos.com\/seguros\/companias\/alianza-espanola\/opiniones\/\">Opiniones Alianza Espa\u00f1ola<\/a><\/li> <li><a href=\"https:\/\/idecesos.com\/seguros\/companias\/alianza-espanola\/precio\/\">Precio seguro Alianza Espa\u00f1ola<\/a><\/li> <li><a href=\"https:\/\/idecesos.com\/seguros\/companias\/alianza-espanola\/prima-mixta\/\">Alianza Espa\u00f1ola Prima Mixta<\/a><\/li> <li><a href=\"https:\/\/idecesos.com\/seguros\/companias\/alianza-espanola\/prima-natural\/\">Alianza Espa\u00f1ola Prima Natural<\/a><\/li> <li><a href=\"https:\/\/idecesos.com\/seguros\/companias\/alianza-espanola\/prima-nivelada\/\">Alianza Espa\u00f1ola Prima Nivelada<\/a><\/li> <li><a href=\"https:\/\/idecesos.com\/seguros\/companias\/alianza-espanola\/prima-unica\/\">Alianza Espa\u00f1ola Prima \u00danica<\/a><\/li> <li><a href=\"https:\/\/idecesos.com\/seguros\/companias\/alianza-espanola\/repatriacion\/\">Alianza Espa\u00f1ola Repatriaci\u00f3n<\/a><\/li> <li><a href=\"https:\/\/idecesos.com\/seguros\/companias\/alianza-espanola\/telefono\/\">Tel\u00e9fono Gratuito Alianza Espa\u00f1ola<\/a><\/li><\/ul><\/div> <\/div><\/p>","protected":false},"excerpt":{"rendered":"<p>Seguidamente, vamos a comentarte c\u00f3mo puedes dar de baja tu seguro de decesos. En iDecesos, queremos facilitarte la labor y vamos a darte las explicaciones precisas a fin de que puedas dar de baja tu seguro sin ning\u00fan g\u00e9nero de preocupaci\u00f3n. A continuaci\u00f3n, vas a encontrar de forma detallada los pasos que tienes realizar y&hellip; <\/p>\n","protected":false},"author":1,"featured_media":0,"parent":6008,"menu_order":0,"comment_status":"closed","ping_status":"closed","template":"single.php","meta":{"footnotes":""},"class_list":["post-18240","page","type-page","status-publish","hentry"],"yoast_head":"<!-- This site is optimized with the Yoast SEO plugin v27.3 - https:\/\/yoast.com\/product\/yoast-seo-wordpress\/ -->\n<title>\u00bfC\u00f3mo dar de Baja o Cancelar Seguro de Decesos Alianza Espa\u00f1ola?<\/title>\n<meta name=\"description\" content=\"Obt\u00e9n aqu\u00ed\u3010c\u00f3mo dar de baja o cancelar seguro de decesos Alianza Espa\u00f1ola\u3011Modelo carta, fax, correo electr\u00f3nico (email), tel\u00e9fono gratis.\" \/>\n<meta name=\"robots\" content=\"index, follow, max-snippet:-1, max-image-preview:large, max-video-preview:-1\" \/>\n<link rel=\"canonical\" href=\"https:\/\/idecesos.com\/seguros\/companias\/alianza-espanola\/dar-de-baja\/\" \/>\n<meta property=\"og:locale\" content=\"es_ES\" \/>\n<meta property=\"og:type\" content=\"article\" \/>\n<meta property=\"og:title\" content=\"\u00bfC\u00f3mo dar de Baja o Cancelar Seguro de Decesos Alianza Espa\u00f1ola?\" \/>\n<meta property=\"og:description\" content=\"Obt\u00e9n aqu\u00ed\u3010c\u00f3mo dar de baja o cancelar seguro de decesos Alianza Espa\u00f1ola\u3011Modelo carta, fax, correo electr\u00f3nico (email), tel\u00e9fono gratis.\" \/>\n<meta property=\"og:url\" content=\"https:\/\/idecesos.com\/seguros\/companias\/alianza-espanola\/dar-de-baja\/\" \/>\n<meta property=\"article:modified_time\" content=\"2022-01-31T17:54:28+00:00\" \/>\n<meta name=\"twitter:card\" content=\"summary_large_image\" \/>\n<meta name=\"twitter:label1\" content=\"Tiempo de lectura\" \/>\n\t<meta name=\"twitter:data1\" content=\"15 minutos\" \/>\n<script type=\"application\/ld+json\" class=\"yoast-schema-graph\">{\"@context\":\"https:\\\/\\\/schema.org\",\"@graph\":[{\"@type\":\"WebPage\",\"@id\":\"https:\\\/\\\/idecesos.com\\\/seguros\\\/companias\\\/alianza-espanola\\\/dar-de-baja\\\/\",\"url\":\"https:\\\/\\\/idecesos.com\\\/seguros\\\/companias\\\/alianza-espanola\\\/dar-de-baja\\\/\",\"name\":\"\u00bfC\u00f3mo dar de Baja o Cancelar Seguro de Decesos Alianza Espa\u00f1ola?\",\"isPartOf\":{\"@id\":\"https:\\\/\\\/idecesos.com\\\/seguros\\\/#website\"},\"datePublished\":\"2021-12-29T11:53:25+00:00\",\"dateModified\":\"2022-01-31T17:54:28+00:00\",\"description\":\"Obt\u00e9n aqu\u00ed\u3010c\u00f3mo dar de baja o cancelar seguro de decesos Alianza Espa\u00f1ola\u3011Modelo carta, fax, correo electr\u00f3nico (email), tel\u00e9fono gratis.\",\"breadcrumb\":{\"@id\":\"https:\\\/\\\/idecesos.com\\\/seguros\\\/companias\\\/alianza-espanola\\\/dar-de-baja\\\/#breadcrumb\"},\"inLanguage\":\"es\",\"potentialAction\":[{\"@type\":\"ReadAction\",\"target\":[\"https:\\\/\\\/idecesos.com\\\/seguros\\\/companias\\\/alianza-espanola\\\/dar-de-baja\\\/\"]}]},{\"@type\":\"BreadcrumbList\",\"@id\":\"https:\\\/\\\/idecesos.com\\\/seguros\\\/companias\\\/alianza-espanola\\\/dar-de-baja\\\/#breadcrumb\",\"itemListElement\":[{\"@type\":\"ListItem\",\"position\":1,\"name\":\"Portada\",\"item\":\"https:\\\/\\\/idecesos.com\\\/seguros\\\/\"},{\"@type\":\"ListItem\",\"position\":2,\"name\":\"Compa\u00f1\u00edas de Seguros de Decesos en Espa\u00f1a\",\"item\":\"https:\\\/\\\/idecesos.com\\\/seguros\\\/companias\\\/\"},{\"@type\":\"ListItem\",\"position\":3,\"name\":\"Seguro de decesos Alianza Espa\u00f1ola\",\"item\":\"https:\\\/\\\/idecesos.com\\\/seguros\\\/companias\\\/alianza-espanola\\\/\"},{\"@type\":\"ListItem\",\"position\":4,\"name\":\"\u00bfC\u00f3mo dar de baja seguro Alianza Espa\u00f1ola?\"}]},{\"@type\":\"WebSite\",\"@id\":\"https:\\\/\\\/idecesos.com\\\/seguros\\\/#website\",\"url\":\"https:\\\/\\\/idecesos.com\\\/seguros\\\/\",\"name\":\"\",\"description\":\"\",\"potentialAction\":[{\"@type\":\"SearchAction\",\"target\":{\"@type\":\"EntryPoint\",\"urlTemplate\":\"https:\\\/\\\/idecesos.com\\\/seguros\\\/?s={search_term_string}\"},\"query-input\":{\"@type\":\"PropertyValueSpecification\",\"valueRequired\":true,\"valueName\":\"search_term_string\"}}],\"inLanguage\":\"es\"}]}<\/script>\n<!-- \/ Yoast SEO plugin. -->","yoast_head_json":{"title":"\u00bfC\u00f3mo dar de Baja o Cancelar Seguro de Decesos Alianza Espa\u00f1ola?","description":"Obt\u00e9n aqu\u00ed\u3010c\u00f3mo dar de baja o cancelar seguro de decesos Alianza Espa\u00f1ola\u3011Modelo carta, fax, correo electr\u00f3nico (email), tel\u00e9fono gratis.","robots":{"index":"index","follow":"follow","max-snippet":"max-snippet:-1","max-image-preview":"max-image-preview:large","max-video-preview":"max-video-preview:-1"},"canonical":"https:\/\/idecesos.com\/seguros\/companias\/alianza-espanola\/dar-de-baja\/","og_locale":"es_ES","og_type":"article","og_title":"\u00bfC\u00f3mo dar de Baja o Cancelar Seguro de Decesos Alianza Espa\u00f1ola?","og_description":"Obt\u00e9n aqu\u00ed\u3010c\u00f3mo dar de baja o cancelar seguro de decesos Alianza Espa\u00f1ola\u3011Modelo carta, fax, correo electr\u00f3nico (email), tel\u00e9fono gratis.","og_url":"https:\/\/idecesos.com\/seguros\/companias\/alianza-espanola\/dar-de-baja\/","article_modified_time":"2022-01-31T17:54:28+00:00","twitter_card":"summary_large_image","twitter_misc":{"Tiempo de lectura":"15 minutos"},"schema":{"@context":"https:\/\/schema.org","@graph":[{"@type":"WebPage","@id":"https:\/\/idecesos.com\/seguros\/companias\/alianza-espanola\/dar-de-baja\/","url":"https:\/\/idecesos.com\/seguros\/companias\/alianza-espanola\/dar-de-baja\/","name":"\u00bfC\u00f3mo dar de Baja o Cancelar Seguro de Decesos Alianza Espa\u00f1ola?","isPartOf":{"@id":"https:\/\/idecesos.com\/seguros\/#website"},"datePublished":"2021-12-29T11:53:25+00:00","dateModified":"2022-01-31T17:54:28+00:00","description":"Obt\u00e9n aqu\u00ed\u3010c\u00f3mo dar de baja o cancelar seguro de decesos Alianza Espa\u00f1ola\u3011Modelo carta, fax, correo electr\u00f3nico (email), tel\u00e9fono gratis.","breadcrumb":{"@id":"https:\/\/idecesos.com\/seguros\/companias\/alianza-espanola\/dar-de-baja\/#breadcrumb"},"inLanguage":"es","potentialAction":[{"@type":"ReadAction","target":["https:\/\/idecesos.com\/seguros\/companias\/alianza-espanola\/dar-de-baja\/"]}]},{"@type":"BreadcrumbList","@id":"https:\/\/idecesos.com\/seguros\/companias\/alianza-espanola\/dar-de-baja\/#breadcrumb","itemListElement":[{"@type":"ListItem","position":1,"name":"Portada","item":"https:\/\/idecesos.com\/seguros\/"},{"@type":"ListItem","position":2,"name":"Compa\u00f1\u00edas de Seguros de Decesos en Espa\u00f1a","item":"https:\/\/idecesos.com\/seguros\/companias\/"},{"@type":"ListItem","position":3,"name":"Seguro de decesos Alianza Espa\u00f1ola","item":"https:\/\/idecesos.com\/seguros\/companias\/alianza-espanola\/"},{"@type":"ListItem","position":4,"name":"\u00bfC\u00f3mo dar de baja seguro Alianza Espa\u00f1ola?"}]},{"@type":"WebSite","@id":"https:\/\/idecesos.com\/seguros\/#website","url":"https:\/\/idecesos.com\/seguros\/","name":"","description":"","potentialAction":[{"@type":"SearchAction","target":{"@type":"EntryPoint","urlTemplate":"https:\/\/idecesos.com\/seguros\/?s={search_term_string}"},"query-input":{"@type":"PropertyValueSpecification","valueRequired":true,"valueName":"search_term_string"}}],"inLanguage":"es"}]}},"_links":{"self":[{"href":"https:\/\/idecesos.com\/seguros\/wp-json\/wp\/v2\/pages\/18240","targetHints":{"allow":["GET"]}}],"collection":[{"href":"https:\/\/idecesos.com\/seguros\/wp-json\/wp\/v2\/pages"}],"about":[{"href":"https:\/\/idecesos.com\/seguros\/wp-json\/wp\/v2\/types\/page"}],"author":[{"embeddable":true,"href":"https:\/\/idecesos.com\/seguros\/wp-json\/wp\/v2\/users\/1"}],"replies":[{"embeddable":true,"href":"https:\/\/idecesos.com\/seguros\/wp-json\/wp\/v2\/comments?post=18240"}],"version-history":[{"count":1,"href":"https:\/\/idecesos.com\/seguros\/wp-json\/wp\/v2\/pages\/18240\/revisions"}],"predecessor-version":[{"id":19182,"href":"https:\/\/idecesos.com\/seguros\/wp-json\/wp\/v2\/pages\/18240\/revisions\/19182"}],"up":[{"embeddable":true,"href":"https:\/\/idecesos.com\/seguros\/wp-json\/wp\/v2\/pages\/6008"}],"wp:attachment":[{"href":"https:\/\/idecesos.com\/seguros\/wp-json\/wp\/v2\/media?parent=18240"}],"curies":[{"name":"wp","href":"https:\/\/api.w.org\/{rel}","templated":true}]}}