{"id":18243,"date":"2021-12-29T11:53:27","date_gmt":"2021-12-29T11:53:27","guid":{"rendered":"https:\/\/idecesos.com\/seguros\/companias\/previsora-bilbaina\/dar-de-baja\/"},"modified":"2021-12-29T11:53:27","modified_gmt":"2021-12-29T11:53:27","slug":"dar-de-baja","status":"publish","type":"page","link":"https:\/\/idecesos.com\/seguros\/companias\/previsora-bilbaina\/dar-de-baja\/","title":{"rendered":"\u00bfC\u00f3mo dar de baja seguro Previsora Bilbaina?"},"content":{"rendered":"<div id=\"ez-toc-container\" class=\"ez-toc-v2_0_82_2 ez-toc-wrap-center counter-hierarchy ez-toc-counter ez-toc-custom ez-toc-container-direction\">\n<div class=\"ez-toc-title-container\">\n<p class=\"ez-toc-title\" style=\"cursor:inherit\">Tabla de Contenido<\/p>\n<span class=\"ez-toc-title-toggle\"><a href=\"#\" class=\"ez-toc-pull-right ez-toc-btn ez-toc-btn-xs ez-toc-btn-default ez-toc-toggle\" aria-label=\"Alternar tabla de contenidos\"><span class=\"ez-toc-js-icon-con\"><span class=\"\"><span class=\"eztoc-hide\" style=\"display:none;\">Toggle<\/span><span class=\"ez-toc-icon-toggle-span\"><svg style=\"fill: #db6415;color:#db6415\" xmlns=\"http:\/\/www.w3.org\/2000\/svg\" class=\"list-377408\" width=\"20px\" height=\"20px\" viewBox=\"0 0 24 24\" fill=\"none\"><path d=\"M6 6H4v2h2V6zm14 0H8v2h12V6zM4 11h2v2H4v-2zm16 0H8v2h12v-2zM4 16h2v2H4v-2zm16 0H8v2h12v-2z\" fill=\"currentColor\"><\/path><\/svg><svg style=\"fill: #db6415;color:#db6415\" class=\"arrow-unsorted-368013\" xmlns=\"http:\/\/www.w3.org\/2000\/svg\" width=\"10px\" height=\"10px\" viewBox=\"0 0 24 24\" version=\"1.2\" baseProfile=\"tiny\"><path d=\"M18.2 9.3l-6.2-6.3-6.2 6.3c-.2.2-.3.4-.3.7s.1.5.3.7c.2.2.4.3.7.3h11c.3 0 .5-.1.7-.3.2-.2.3-.5.3-.7s-.1-.5-.3-.7zM5.8 14.7l6.2 6.3 6.2-6.3c.2-.2.3-.5.3-.7s-.1-.5-.3-.7c-.2-.2-.4-.3-.7-.3h-11c-.3 0-.5.1-.7.3-.2.2-.3.5-.3.7s.1.5.3.7z\"\/><\/svg><\/span><\/span><\/span><\/a><\/span><\/div>\n<nav><ul class='ez-toc-list ez-toc-list-level-1 ' ><li class='ez-toc-page-1 ez-toc-heading-level-2'><a class=\"ez-toc-link ez-toc-heading-1\" href=\"https:\/\/idecesos.com\/seguros\/companias\/previsora-bilbaina\/dar-de-baja\/#Diferentes_opciones_para_cancelar_un_contrato_con_Previsora_Bilbaina\" >Diferentes opciones para cancelar un contrato con Previsora Bilbaina<\/a><ul class='ez-toc-list-level-3' ><li class='ez-toc-heading-level-3'><a class=\"ez-toc-link ez-toc-heading-2\" href=\"https:\/\/idecesos.com\/seguros\/companias\/previsora-bilbaina\/dar-de-baja\/#A_traves_de_la_web_de_Previsora_Bilbaina\" >A trav\u00e9s de la web de Previsora Bilbaina<\/a><\/li><li class='ez-toc-page-1 ez-toc-heading-level-3'><a class=\"ez-toc-link ez-toc-heading-3\" href=\"https:\/\/idecesos.com\/seguros\/companias\/previsora-bilbaina\/dar-de-baja\/#Utilizando_el_correo_electronico_de_Previsora_Bilbaina\" >Utilizando el correo electr\u00f3nico de Previsora Bilbaina<\/a><\/li><li class='ez-toc-page-1 ez-toc-heading-level-3'><a class=\"ez-toc-link ez-toc-heading-4\" href=\"https:\/\/idecesos.com\/seguros\/companias\/previsora-bilbaina\/dar-de-baja\/#Dar_de_baja_Previsora_Bilbaina_por_fax\" >Dar de baja Previsora Bilbaina por fax<\/a><\/li><li class='ez-toc-page-1 ez-toc-heading-level-3'><a class=\"ez-toc-link ez-toc-heading-5\" href=\"https:\/\/idecesos.com\/seguros\/companias\/previsora-bilbaina\/dar-de-baja\/#En_la_oficina_de_Previsora_Bilbaina\" >En la oficina de Previsora Bilbaina<\/a><\/li><li class='ez-toc-page-1 ez-toc-heading-level-3'><a class=\"ez-toc-link ez-toc-heading-6\" href=\"https:\/\/idecesos.com\/seguros\/companias\/previsora-bilbaina\/dar-de-baja\/#Telefono_para_dar_de_baja_Previsora_Bilbaina\" >T\u00e9lefono para dar de baja Previsora Bilbaina<\/a><\/li><\/ul><\/li><li class='ez-toc-page-1 ez-toc-heading-level-2'><a class=\"ez-toc-link ez-toc-heading-7\" href=\"https:\/\/idecesos.com\/seguros\/companias\/previsora-bilbaina\/dar-de-baja\/#Dar_de_baja_seguro_Previsora_Bilbaina_de_un_fallecido\" >Dar de baja seguro Previsora Bilbaina de un fallecido<\/a><ul class='ez-toc-list-level-3' ><li class='ez-toc-heading-level-3'><a class=\"ez-toc-link ez-toc-heading-8\" href=\"https:\/\/idecesos.com\/seguros\/companias\/previsora-bilbaina\/dar-de-baja\/#Paginas_relacionadas\" >P\u00e1ginas relacionadas<\/a><\/li><\/ul><\/li><\/ul><\/nav><\/div>\n\r\n\r\nSi desea dar de baja un seguro de decesos, es tan sencillo como continuar los pasos que le vamos a dar a continuaci\u00f3n. iDecesos se hace cargo de explicarte de qu\u00e9 forma dar de baja el seguro de decesos que tengas contratado. Tendr\u00e1 su inconveniente solucionado en unos minutos y, es aconsejable que busque otro seguro de decesos que se ajuste a sus necesidades, para la tranquilidad y estabilidad en su vida y la de su familia. Ha de saber que, tiene que avisar a la compa\u00f1\u00eda 30 d\u00edas ya antes de la renovaci\u00f3n de su seguro de decesos para poder darlo de baja. \r\n<div class=\"colorf \"  ><div class=\"container clearfix\"><div class=\"col-md-7\">\r\n\r\n<h2><span class=\"ez-toc-section\" id=\"Diferentes_opciones_para_cancelar_un_contrato_con_Previsora_Bilbaina\"><\/span>Diferentes opciones para cancelar un contrato con Previsora Bilbaina<span class=\"ez-toc-section-end\"><\/span><\/h2>\r\n<!-- \/wp:post-content -->\r\n\r\n<!-- wp:paragraph --> No todas las compa\u00f1\u00edas aseguradoras de decesos marchan del mismo modo, mas pr\u00e1cticamente todas le piden a sus clientes un documento en el que  pide dar de baja sus servicios. Puede lograr el documento de Previsora Bilbaina contactando a trav\u00e9s del n\u00famero o bien correo electr\u00f3nico que tenemos a su disposici\u00f3n. Sea cual sea, la manera que decida en la que darse de baja, si escoge la opci\u00f3n de enviar una carta certificada, en la que conste la cancelaci\u00f3n del contrato Previsora Bilbaina, esta va a deber aceptarlo y darlo por v\u00e1lido. Es recomendable que haga una copia del documento y la guarde junto al original. Enseguida, le vamos a mostrar diferentes opciones para poder darse de baja de su seguro de decesos Previsora Bilbaina. \r\n\r\n<\/div><\/div><\/div>\r\n\r\n<h3><span class=\"ez-toc-section\" id=\"A_traves_de_la_web_de_Previsora_Bilbaina\"><\/span>A trav\u00e9s de la web de Previsora Bilbaina<span class=\"ez-toc-section-end\"><\/span><\/h3>\r\n\r\nNo olvides comprobar los datos en tanto que si algunos est\u00e1n mal, la compa\u00f1\u00eda aseguradora no proceder\u00e1 a efectuar la baja de tu seguro de decesos. \u00bfDe qu\u00e9 forma puedo cancelar mi seguro de decesos en internet por medio de el sitio web de la empresa aseguradora?Para poder dar de baja tu seguro, tendr\u00e1s que acudir al buscador de su p\u00e1gina web y seleccionar la opci\u00f3n m\u00e1s asequible. Si tiene alguna duda o no le aparece esta alternativa puede ponerse en contacto con Previsora Bilbaina v\u00eda telef\u00f3nica para que le solventen el problema directamente mediante el n\u00famero de tel\u00e9fono que le facilitamos. Para lograr que la solicitud de la baja sea gestionada correctamente, tendr\u00e1s que rellenar un formulario. No olvides comprobar los datos que tu empresa aseguradora te solicita para poder gestionar la baja del seguro de decesos. \r\n\r\n<div class=\"colorf \"  ><div class=\"container clearfix\"><div class=\"col-md-7\">\r\n\r\n<h3><span class=\"ez-toc-section\" id=\"Utilizando_el_correo_electronico_de_Previsora_Bilbaina\"><\/span>Utilizando el correo electr\u00f3nico de Previsora Bilbaina<span class=\"ez-toc-section-end\"><\/span><\/h3>\r\n\r\nUna manera diferente de darse de baja en Previsora Bilbaina, es mediante su e mail email Previsora Bilbaina. Solo le va a llevar unos minutos. Deber\u00e1 enviar la pr\u00f3xima informaci\u00f3n al apartado de correos de la compa\u00f1\u00eda: copia del documento de identidad y, notificaci\u00f3n firmada y completa con sus datos personales. Va a deber guardar una copia sellada y tener un justificante de recibo para que su ejecuci\u00f3n pueda llevarse a cabo. Adem\u00e1s, es esencial que guarde, a buen recaudo, una imitaci\u00f3n de la notificaci\u00f3n, por si acaso brota alg\u00fan inconveniente en el futuro. \r\n<\/div><\/div><\/div>\r\n\r\n<h3><span class=\"ez-toc-section\" id=\"Dar_de_baja_Previsora_Bilbaina_por_fax\"><\/span>Dar de baja Previsora Bilbaina por fax<span class=\"ez-toc-section-end\"><\/span><\/h3>\r\n\r\nSi lo prefieres, puedes enviar un fax a tu empresa de seguros para solicitar la baja. Para enviar tu solicitud a trav\u00e9s de el fax, el proceso a seguir es sencill\u00edsimo de la misma manera que el del e-mail. Solo debes mandarle a tu compa\u00f1\u00eda de seguro tu copia del DNI y la notificaci\u00f3n firmada. Para conocer d\u00f3nde puedes encontrar la notificaci\u00f3n, puedes llamarnos al n\u00famero 951 127 403. Te recordamos que tendr\u00e1s que guardar la copia sellada y el justificante. Para tu mayor tranquilidad y bienestar, guarda asimismo la copia de la notificaci\u00f3n con la fecha de env\u00edo. \r\n<div class=\"colorf \"  ><div class=\"container clearfix\"><div class=\"col-md-7\">\r\n\r\n\r\n<h3><span class=\"ez-toc-section\" id=\"En_la_oficina_de_Previsora_Bilbaina\"><\/span>En la oficina de Previsora Bilbaina<span class=\"ez-toc-section-end\"><\/span><\/h3>\r\n\r\nSi lo desea, podr\u00e1 dar de baja su seguro acudiendo, de forma presencial, a la oficina de Previsora Bilbaina. Para asistir a la oficina m\u00e1s pr\u00f3xima, solo va a deber teclear en Internet el nombre de Previsora Bilbaina. Los especialistas trabajadores de Previsora Bilbaina le van a ayudar en todo lo que necesite con respecto a los documentos que debe rellenar y firmar. Es tan sencillo como proseguir los pasos que le vayan marcando. No debe olvidar llevar su documento nacional de identidad, para cumplir el proceso de forma \u00f3ptima. Para finiquitar, le har\u00e1n entrega de una copia de cada documento y, el experto efectuar\u00e1 los tr\u00e1mites pertinentes. \r\n<\/div><\/div><\/div>\r\n\r\n<h3><span class=\"ez-toc-section\" id=\"Telefono_para_dar_de_baja_Previsora_Bilbaina\"><\/span>T\u00e9lefono para dar de baja Previsora Bilbaina<span class=\"ez-toc-section-end\"><\/span><\/h3>\r\n\r\nPara darse de baja de un seguro de decesos, muchos clientes asisten al tel\u00e9fono de la compa\u00f1\u00eda para efectuar los tr\u00e1mites. Lo m\u00e1s importante es que asista al n\u00famero que le facilitamos a fin de que sea gratis y charles con la persona indicada, evitando un tour por todos los departamentos de Previsora Bilbaina seguro de decesos. Cuando se pongan en contacto contigo, certificar\u00e1n que eres el asegurado de la p\u00f3liza y que puedes pedir la baja al estar en el periodo. Todos y cada uno de los clientes del servicio que quieran dar de baja un seguro de decesos podr\u00e1n hacerlo desde el sitio web de iDecesos sin ning\u00fan g\u00e9nero de coste. \r\n\r\n<div class=\"colorf \"  ><div class=\"container clearfix\"><div class=\"col-md-7\">\r\n<h2><span class=\"ez-toc-section\" id=\"Dar_de_baja_seguro_Previsora_Bilbaina_de_un_fallecido\"><\/span>Dar de baja seguro Previsora Bilbaina de un fallecido<span class=\"ez-toc-section-end\"><\/span><\/h2>\r\n\r\nPara finalizar, le vamos a explicar de qu\u00e9 manera dar de baja el seguro de decesos tras el fallecimiento del asegurado. Esta, es la forma m\u00e1s sencilla de cancelar esta clase de seguro. No debes preocuparte por nada ni hacer ninguno de los tr\u00e1mites que hemos explicado anteriormente, no debe hacer nada. Previsora Bilbaina ser\u00e1 la responsable de anular su seguro de decesos de forma autom\u00e1tica tras su muerte. Una vez finalizados los servicios del sepelio, los profesionales de Previsora Bilbaina dar\u00e1n de baja el seguro de decesos de la persona fallecida y, los familiares no tendr\u00e1n que preocuparse por nada. \r\n\r\n<\/div><\/div><\/div> \r\n<div class=\"oficinas\">\r\n<h3><span class=\"ez-toc-section\" id=\"Paginas_relacionadas\"><\/span>P\u00e1ginas relacionadas<span class=\"ez-toc-section-end\"><\/span><\/h3><div class=\"enlazado\"><ul> <li><a href=\"https:\/\/idecesos.com\/seguros\/companias\/previsora-bilbaina\/opiniones\/\">Opiniones de Seguro Decesos Previsora Bilbaina \u25b7Foro<\/a><\/li> <li><a href=\"https:\/\/idecesos.com\/seguros\/companias\/previsora-bilbaina\/precio\/\">Precio seguro Previsora Bilbaina<\/a><\/li> <li><a href=\"https:\/\/idecesos.com\/seguros\/companias\/previsora-bilbaina\/prima-mixta\/\">Previsora Bilbaina Prima Mixta<\/a><\/li> <li><a href=\"https:\/\/idecesos.com\/seguros\/companias\/previsora-bilbaina\/prima-natural\/\">Previsora Bilbaina Prima Natural<\/a><\/li> <li><a href=\"https:\/\/idecesos.com\/seguros\/companias\/previsora-bilbaina\/prima-nivelada\/\">Previsora Bilbaina Prima Nivelada<\/a><\/li> <li><a href=\"https:\/\/idecesos.com\/seguros\/companias\/previsora-bilbaina\/prima-unica\/\">Previsora Bilbaina Prima \u00danica<\/a><\/li> <li><a href=\"https:\/\/idecesos.com\/seguros\/companias\/previsora-bilbaina\/repatriacion\/\">Previsora Bilbaina Repatriaci\u00f3n<\/a><\/li> <li><a href=\"https:\/\/idecesos.com\/seguros\/companias\/previsora-bilbaina\/telefono\/\">Tel\u00e9fono Gratuito Previsora Bilbaina<\/a><\/li><\/ul><\/div>\r\n\r\n<\/div>\r\n\r\n","protected":false},"excerpt":{"rendered":"<p>Si desea dar de baja un seguro de decesos, es tan sencillo como continuar los pasos que le vamos a dar a continuaci\u00f3n. iDecesos se hace cargo de explicarte de qu\u00e9 forma dar de baja el seguro de decesos que tengas contratado. Tendr\u00e1 su inconveniente solucionado en unos minutos y, es aconsejable que busque otro&hellip; <\/p>\n","protected":false},"author":0,"featured_media":0,"parent":6380,"menu_order":0,"comment_status":"closed","ping_status":"closed","template":"single.php","meta":{"footnotes":""},"class_list":["post-18243","page","type-page","status-publish","hentry"],"yoast_head":"<!-- This site is optimized with the Yoast SEO plugin v27.3 - https:\/\/yoast.com\/product\/yoast-seo-wordpress\/ -->\n<title>\u00bfC\u00f3mo dar de Baja o Cancelar Seguro de Decesos Previsora Bilbaina?<\/title>\n<meta name=\"description\" content=\"Obt\u00e9n aqu\u00ed\u3010c\u00f3mo dar de baja o cancelar seguro de decesos Previsora Bilbaina\u3011Modelo carta, fax, correo electr\u00f3nico (email), tel\u00e9fono gratis.\" \/>\n<meta name=\"robots\" content=\"index, follow, max-snippet:-1, max-image-preview:large, max-video-preview:-1\" \/>\n<link rel=\"canonical\" href=\"https:\/\/idecesos.com\/seguros\/companias\/previsora-bilbaina\/dar-de-baja\/\" \/>\n<meta property=\"og:locale\" content=\"es_ES\" \/>\n<meta property=\"og:type\" content=\"article\" \/>\n<meta property=\"og:title\" content=\"\u00bfC\u00f3mo dar de Baja o Cancelar Seguro de Decesos Previsora Bilbaina?\" \/>\n<meta property=\"og:description\" content=\"Obt\u00e9n aqu\u00ed\u3010c\u00f3mo dar de baja o cancelar seguro de decesos Previsora Bilbaina\u3011Modelo carta, fax, correo electr\u00f3nico (email), tel\u00e9fono gratis.\" \/>\n<meta property=\"og:url\" content=\"https:\/\/idecesos.com\/seguros\/companias\/previsora-bilbaina\/dar-de-baja\/\" \/>\n<meta name=\"twitter:card\" content=\"summary_large_image\" \/>\n<meta name=\"twitter:label1\" content=\"Tiempo de lectura\" \/>\n\t<meta name=\"twitter:data1\" content=\"15 minutos\" \/>\n<script type=\"application\/ld+json\" class=\"yoast-schema-graph\">{\"@context\":\"https:\\\/\\\/schema.org\",\"@graph\":[{\"@type\":\"WebPage\",\"@id\":\"https:\\\/\\\/idecesos.com\\\/seguros\\\/companias\\\/previsora-bilbaina\\\/dar-de-baja\\\/\",\"url\":\"https:\\\/\\\/idecesos.com\\\/seguros\\\/companias\\\/previsora-bilbaina\\\/dar-de-baja\\\/\",\"name\":\"\u00bfC\u00f3mo dar de Baja o Cancelar Seguro de Decesos Previsora Bilbaina?\",\"isPartOf\":{\"@id\":\"https:\\\/\\\/idecesos.com\\\/seguros\\\/#website\"},\"datePublished\":\"2021-12-29T11:53:27+00:00\",\"description\":\"Obt\u00e9n aqu\u00ed\u3010c\u00f3mo dar de baja o cancelar seguro de decesos Previsora Bilbaina\u3011Modelo carta, fax, correo electr\u00f3nico (email), tel\u00e9fono gratis.\",\"breadcrumb\":{\"@id\":\"https:\\\/\\\/idecesos.com\\\/seguros\\\/companias\\\/previsora-bilbaina\\\/dar-de-baja\\\/#breadcrumb\"},\"inLanguage\":\"es\",\"potentialAction\":[{\"@type\":\"ReadAction\",\"target\":[\"https:\\\/\\\/idecesos.com\\\/seguros\\\/companias\\\/previsora-bilbaina\\\/dar-de-baja\\\/\"]}]},{\"@type\":\"BreadcrumbList\",\"@id\":\"https:\\\/\\\/idecesos.com\\\/seguros\\\/companias\\\/previsora-bilbaina\\\/dar-de-baja\\\/#breadcrumb\",\"itemListElement\":[{\"@type\":\"ListItem\",\"position\":1,\"name\":\"Portada\",\"item\":\"https:\\\/\\\/idecesos.com\\\/seguros\\\/\"},{\"@type\":\"ListItem\",\"position\":2,\"name\":\"Compa\u00f1\u00edas de Seguros de Decesos en Espa\u00f1a\",\"item\":\"https:\\\/\\\/idecesos.com\\\/seguros\\\/companias\\\/\"},{\"@type\":\"ListItem\",\"position\":3,\"name\":\"Seguro de Decesos Previsora Bilba\u00edna\",\"item\":\"https:\\\/\\\/idecesos.com\\\/seguros\\\/companias\\\/previsora-bilbaina\\\/\"},{\"@type\":\"ListItem\",\"position\":4,\"name\":\"\u00bfC\u00f3mo dar de baja seguro Previsora Bilbaina?\"}]},{\"@type\":\"WebSite\",\"@id\":\"https:\\\/\\\/idecesos.com\\\/seguros\\\/#website\",\"url\":\"https:\\\/\\\/idecesos.com\\\/seguros\\\/\",\"name\":\"\",\"description\":\"\",\"potentialAction\":[{\"@type\":\"SearchAction\",\"target\":{\"@type\":\"EntryPoint\",\"urlTemplate\":\"https:\\\/\\\/idecesos.com\\\/seguros\\\/?s={search_term_string}\"},\"query-input\":{\"@type\":\"PropertyValueSpecification\",\"valueRequired\":true,\"valueName\":\"search_term_string\"}}],\"inLanguage\":\"es\"}]}<\/script>\n<!-- \/ Yoast SEO plugin. -->","yoast_head_json":{"title":"\u00bfC\u00f3mo dar de Baja o Cancelar Seguro de Decesos Previsora Bilbaina?","description":"Obt\u00e9n aqu\u00ed\u3010c\u00f3mo dar de baja o cancelar seguro de decesos Previsora Bilbaina\u3011Modelo carta, fax, correo electr\u00f3nico (email), tel\u00e9fono gratis.","robots":{"index":"index","follow":"follow","max-snippet":"max-snippet:-1","max-image-preview":"max-image-preview:large","max-video-preview":"max-video-preview:-1"},"canonical":"https:\/\/idecesos.com\/seguros\/companias\/previsora-bilbaina\/dar-de-baja\/","og_locale":"es_ES","og_type":"article","og_title":"\u00bfC\u00f3mo dar de Baja o Cancelar Seguro de Decesos Previsora Bilbaina?","og_description":"Obt\u00e9n aqu\u00ed\u3010c\u00f3mo dar de baja o cancelar seguro de decesos Previsora Bilbaina\u3011Modelo carta, fax, correo electr\u00f3nico (email), tel\u00e9fono gratis.","og_url":"https:\/\/idecesos.com\/seguros\/companias\/previsora-bilbaina\/dar-de-baja\/","twitter_card":"summary_large_image","twitter_misc":{"Tiempo de lectura":"15 minutos"},"schema":{"@context":"https:\/\/schema.org","@graph":[{"@type":"WebPage","@id":"https:\/\/idecesos.com\/seguros\/companias\/previsora-bilbaina\/dar-de-baja\/","url":"https:\/\/idecesos.com\/seguros\/companias\/previsora-bilbaina\/dar-de-baja\/","name":"\u00bfC\u00f3mo dar de Baja o Cancelar Seguro de Decesos Previsora Bilbaina?","isPartOf":{"@id":"https:\/\/idecesos.com\/seguros\/#website"},"datePublished":"2021-12-29T11:53:27+00:00","description":"Obt\u00e9n aqu\u00ed\u3010c\u00f3mo dar de baja o cancelar seguro de decesos Previsora Bilbaina\u3011Modelo carta, fax, correo electr\u00f3nico (email), tel\u00e9fono gratis.","breadcrumb":{"@id":"https:\/\/idecesos.com\/seguros\/companias\/previsora-bilbaina\/dar-de-baja\/#breadcrumb"},"inLanguage":"es","potentialAction":[{"@type":"ReadAction","target":["https:\/\/idecesos.com\/seguros\/companias\/previsora-bilbaina\/dar-de-baja\/"]}]},{"@type":"BreadcrumbList","@id":"https:\/\/idecesos.com\/seguros\/companias\/previsora-bilbaina\/dar-de-baja\/#breadcrumb","itemListElement":[{"@type":"ListItem","position":1,"name":"Portada","item":"https:\/\/idecesos.com\/seguros\/"},{"@type":"ListItem","position":2,"name":"Compa\u00f1\u00edas de Seguros de Decesos en Espa\u00f1a","item":"https:\/\/idecesos.com\/seguros\/companias\/"},{"@type":"ListItem","position":3,"name":"Seguro de Decesos Previsora Bilba\u00edna","item":"https:\/\/idecesos.com\/seguros\/companias\/previsora-bilbaina\/"},{"@type":"ListItem","position":4,"name":"\u00bfC\u00f3mo dar de baja seguro Previsora Bilbaina?"}]},{"@type":"WebSite","@id":"https:\/\/idecesos.com\/seguros\/#website","url":"https:\/\/idecesos.com\/seguros\/","name":"","description":"","potentialAction":[{"@type":"SearchAction","target":{"@type":"EntryPoint","urlTemplate":"https:\/\/idecesos.com\/seguros\/?s={search_term_string}"},"query-input":{"@type":"PropertyValueSpecification","valueRequired":true,"valueName":"search_term_string"}}],"inLanguage":"es"}]}},"_links":{"self":[{"href":"https:\/\/idecesos.com\/seguros\/wp-json\/wp\/v2\/pages\/18243","targetHints":{"allow":["GET"]}}],"collection":[{"href":"https:\/\/idecesos.com\/seguros\/wp-json\/wp\/v2\/pages"}],"about":[{"href":"https:\/\/idecesos.com\/seguros\/wp-json\/wp\/v2\/types\/page"}],"replies":[{"embeddable":true,"href":"https:\/\/idecesos.com\/seguros\/wp-json\/wp\/v2\/comments?post=18243"}],"version-history":[{"count":0,"href":"https:\/\/idecesos.com\/seguros\/wp-json\/wp\/v2\/pages\/18243\/revisions"}],"up":[{"embeddable":true,"href":"https:\/\/idecesos.com\/seguros\/wp-json\/wp\/v2\/pages\/6380"}],"wp:attachment":[{"href":"https:\/\/idecesos.com\/seguros\/wp-json\/wp\/v2\/media?parent=18243"}],"curies":[{"name":"wp","href":"https:\/\/api.w.org\/{rel}","templated":true}]}}