{"id":18252,"date":"2021-12-29T11:53:32","date_gmt":"2021-12-29T11:53:32","guid":{"rendered":"https:\/\/idecesos.com\/seguros\/companias\/clinicum\/dar-de-baja\/"},"modified":"2022-01-31T17:10:41","modified_gmt":"2022-01-31T17:10:41","slug":"dar-de-baja","status":"publish","type":"page","link":"https:\/\/idecesos.com\/seguros\/companias\/clinicum\/dar-de-baja\/","title":{"rendered":"\u00bfC\u00f3mo dar de baja seguro Clinicum?"},"content":{"rendered":"<div id=\"ez-toc-container\" class=\"ez-toc-v2_0_82_2 ez-toc-wrap-center counter-hierarchy ez-toc-counter ez-toc-custom ez-toc-container-direction\">\n<div class=\"ez-toc-title-container\">\n<p class=\"ez-toc-title\" style=\"cursor:inherit\">Tabla de Contenido<\/p>\n<span class=\"ez-toc-title-toggle\"><a href=\"#\" class=\"ez-toc-pull-right ez-toc-btn ez-toc-btn-xs ez-toc-btn-default ez-toc-toggle\" aria-label=\"Alternar tabla de contenidos\"><span class=\"ez-toc-js-icon-con\"><span class=\"\"><span class=\"eztoc-hide\" style=\"display:none;\">Toggle<\/span><span class=\"ez-toc-icon-toggle-span\"><svg style=\"fill: #db6415;color:#db6415\" xmlns=\"http:\/\/www.w3.org\/2000\/svg\" class=\"list-377408\" width=\"20px\" height=\"20px\" viewBox=\"0 0 24 24\" fill=\"none\"><path d=\"M6 6H4v2h2V6zm14 0H8v2h12V6zM4 11h2v2H4v-2zm16 0H8v2h12v-2zM4 16h2v2H4v-2zm16 0H8v2h12v-2z\" fill=\"currentColor\"><\/path><\/svg><svg style=\"fill: #db6415;color:#db6415\" class=\"arrow-unsorted-368013\" xmlns=\"http:\/\/www.w3.org\/2000\/svg\" width=\"10px\" height=\"10px\" viewBox=\"0 0 24 24\" version=\"1.2\" baseProfile=\"tiny\"><path d=\"M18.2 9.3l-6.2-6.3-6.2 6.3c-.2.2-.3.4-.3.7s.1.5.3.7c.2.2.4.3.7.3h11c.3 0 .5-.1.7-.3.2-.2.3-.5.3-.7s-.1-.5-.3-.7zM5.8 14.7l6.2 6.3 6.2-6.3c.2-.2.3-.5.3-.7s-.1-.5-.3-.7c-.2-.2-.4-.3-.7-.3h-11c-.3 0-.5.1-.7.3-.2.2-.3.5-.3.7s.1.5.3.7z\"\/><\/svg><\/span><\/span><\/span><\/a><\/span><\/div>\n<nav><ul class='ez-toc-list ez-toc-list-level-1 ' ><li class='ez-toc-page-1 ez-toc-heading-level-2'><a class=\"ez-toc-link ez-toc-heading-1\" href=\"https:\/\/idecesos.com\/seguros\/companias\/clinicum\/dar-de-baja\/#Diferentes_opciones_para_cancelar_un_contrato_con_Clinicum\" >Diferentes opciones para cancelar un contrato con Clinicum<\/a><ul class='ez-toc-list-level-3' ><li class='ez-toc-heading-level-3'><a class=\"ez-toc-link ez-toc-heading-2\" href=\"https:\/\/idecesos.com\/seguros\/companias\/clinicum\/dar-de-baja\/#A_traves_de_la_web_de_Clinicum\" >A trav\u00e9s de la web de Clinicum<\/a><\/li><li class='ez-toc-page-1 ez-toc-heading-level-3'><a class=\"ez-toc-link ez-toc-heading-3\" href=\"https:\/\/idecesos.com\/seguros\/companias\/clinicum\/dar-de-baja\/#Utilizando_el_correo_electronico_de_Clinicum\" >Utilizando el correo electr\u00f3nico de Clinicum<\/a><\/li><li class='ez-toc-page-1 ez-toc-heading-level-3'><a class=\"ez-toc-link ez-toc-heading-4\" href=\"https:\/\/idecesos.com\/seguros\/companias\/clinicum\/dar-de-baja\/#Dar_de_baja_Clinicum_por_fax\" >Dar de baja Clinicum por fax<\/a><\/li><li class='ez-toc-page-1 ez-toc-heading-level-3'><a class=\"ez-toc-link ez-toc-heading-5\" href=\"https:\/\/idecesos.com\/seguros\/companias\/clinicum\/dar-de-baja\/#En_la_oficina_de_Clinicum\" >En la oficina de Clinicum<\/a><\/li><li class='ez-toc-page-1 ez-toc-heading-level-3'><a class=\"ez-toc-link ez-toc-heading-6\" href=\"https:\/\/idecesos.com\/seguros\/companias\/clinicum\/dar-de-baja\/#Telefono_para_dar_de_baja_Clinicum\" >T\u00e9lefono para dar de baja Clinicum<\/a><\/li><\/ul><\/li><li class='ez-toc-page-1 ez-toc-heading-level-2'><a class=\"ez-toc-link ez-toc-heading-7\" href=\"https:\/\/idecesos.com\/seguros\/companias\/clinicum\/dar-de-baja\/#Dar_de_baja_seguro_Clinicum_de_un_fallecido\" >Dar de baja seguro Clinicum de un fallecido<\/a><ul class='ez-toc-list-level-3' ><li class='ez-toc-heading-level-3'><a class=\"ez-toc-link ez-toc-heading-8\" href=\"https:\/\/idecesos.com\/seguros\/companias\/clinicum\/dar-de-baja\/#Paginas_relacionadas\" >P\u00e1ginas relacionadas<\/a><\/li><\/ul><\/li><\/ul><\/nav><\/div>\n<p> Es sencill\u00edsimo dar de baja su seguro de decesos y, le afirmaremos de qu\u00e9 forma hacerlo. iDecesos te va a explicar, pasito a pasito, la forma en la que pueda dar de baja su seguro de decesos. Va a tener su problema solucionado en unos minutos y, es recomendable que busque otro seguro de decesos que se ajuste a sus necesidades, para la tranquilidad y estabilidad en su vida y la de su familia. Debe saber que, ha de informar a la compa\u00f1\u00eda treinta d\u00edas ya antes de la renovaci\u00f3n de su seguro de decesos para poder darlo de baja. <div class=\"colorf \"  ><div class=\"container clearfix\"><div class=\"col-md-7\"><\/p>\r\n<h2><span class=\"ez-toc-section\" id=\"Diferentes_opciones_para_cancelar_un_contrato_con_Clinicum\"><\/span>Diferentes opciones para cancelar un contrato con Clinicum<span class=\"ez-toc-section-end\"><\/span><\/h2>\r\n<!-- \/wp:post-content -->\r\n\r\n<!-- wp:paragraph -->\r\n<p>Es esencial que los clientes del servicio avisen a la aseguradora el deseo de darse de baja del seguro de decesos. Si no sabes de qu\u00e9 documento estamos hablando, puedes llamarnos al tel\u00e9fono 951 127 403 o bien contactar con nosotros en nuestro info@idecesos. com. Puedes optar por enviar una carta certificada con el deseo expreso de cancelar el contrato con la compa\u00f1\u00eda aseguradora de decesos. Debes guardar el resguardo y hacerle una copia para una mayor seguridad. Si no te persuade este m\u00e9todo, puedes usar otras formas para dar de baja tu seguro de decesos en la Clinicum. <\/div><\/div><\/div><\/p>\r\n<h3><span class=\"ez-toc-section\" id=\"A_traves_de_la_web_de_Clinicum\"><\/span>A trav\u00e9s de la web de Clinicum<span class=\"ez-toc-section-end\"><\/span><\/h3>\r\n<p>A trav\u00e9s de la web www.clinicum.es\/ de Clinicum, asimismo podr\u00e1 dar de baja su seguro. Lo conseguir\u00e1s con el sencillo acto de teclear en el buscador lo que desees saber o bien, entrar en la secci\u00f3n correspondiente. Siguiendo los pasos indicados, podr\u00e1 efectuar su baja rellenando un formulario en la web o bien, descargando el documento que le indique Clinicum. Si no halla el resultado esperado no se preocupe, p\u00f3ngase en contacto por tel\u00e9fono con Clinicum o bien m\u00e1ndales un correo al siguiente apartado comentando el inconveniente que le ha ocurrido email Clinicum. En caso de que todo vaya bien, en tan solo un par de minutos recibir\u00e1 una notificaci\u00f3n v\u00eda mail informando de su baja del seguro de decesos de Clinicum. <div class=\"colorf \"  ><div class=\"container clearfix\"><div class=\"col-md-7\"><\/p>\r\n<h3><span class=\"ez-toc-section\" id=\"Utilizando_el_correo_electronico_de_Clinicum\"><\/span>Utilizando el correo electr\u00f3nico de Clinicum<span class=\"ez-toc-section-end\"><\/span><\/h3>\r\n<p>Si quiere concluir su seguro de decesos Clinicum y siente que no le ofrece las mejores condiciones, puede hacerlo a trav\u00e9s de su correo. Para poder pedir la baja del seguro de decesos a tu compa\u00f1\u00eda, tendr\u00e1s que enviarle por correo electr\u00f3nico una imitaci\u00f3n de tu documento nacional de identidad y el documento firmado donde se pida la baja. Va a deber guardar una copia sellada y tener un justificante de recibo para que su ejecuci\u00f3n pueda realizarse. Asimismo te invitamos a que guardes una copia de la notificaci\u00f3n del correo con la data expuesta del env\u00edo. De este modo siempre y en toda circunstancia haber mandado la petici\u00f3n al correo electr\u00f3nico de Clinicum con su n\u00famero de p\u00f3liza de seguro de decesos con un m\u00ednimo de 30 d\u00edas hasta la data de vencimiento del contrato. <\/div><\/div><\/div><\/p>\r\n<h3><span class=\"ez-toc-section\" id=\"Dar_de_baja_Clinicum_por_fax\"><\/span>Dar de baja Clinicum por fax<span class=\"ez-toc-section-end\"><\/span><\/h3>\r\n<p>Dar de baja su seguro por fax tambi\u00e9n es otro m\u00e9todo. Es muy similar al explicado anteriormente, la diferencia es el procedimiento de env\u00edo. Podr\u00e1 localizar la notificaci\u00f3n de la baja de su seguro de decesos en la web de Clinicum o bien contactando con nosotros al 951 127 403 y, caso de que la tenga, va a deber enviarla firmada junto con la copia de su DNI. Como en los otros m\u00e9todos, debe tener a buen recaudo el justificante del recibo y una copia sellada. Es fundamental que, no olvide, guardar el documento de la copia de la notificaci\u00f3n, en la que conste su fecha de env\u00edo. <div class=\"colorf \"  ><div class=\"container clearfix\"><div class=\"col-md-7\"><\/p>\r\n<h3><span class=\"ez-toc-section\" id=\"En_la_oficina_de_Clinicum\"><\/span>En la oficina de Clinicum<span class=\"ez-toc-section-end\"><\/span><\/h3>\r\n<p>Si todos los m\u00e9todos precedentes le parecen realmente dif\u00edciles porque no controla muy bien las nuevas tecnolog\u00edas tambi\u00e9n puede optar por ir presencialmente a una oficina de Clinicum y all\u00ed podr\u00e1 darse de baja asimismo de su seguro de decesos. Haciendo una busca en Internet, va a poder localizar las oficinas m\u00e1s pr\u00f3ximas y, el horario en el que puede asistir. A fin de que pueda rellenar, de manera perfecta, los documentos y, m\u00e1s tarde firmarlos, un experto le va a ayudar. Todo va a ser muy f\u00e1cil, siga las indicaciones que le vayan diciendo. Le recordamos que lleve su documento nacional de identidad para que todo este tr\u00e1mite se pueda realizar, ya que es necesario. Al acabar, le dar\u00e1n una imitaci\u00f3n de todos los documentos y, los expertos, se ocupar\u00e1n de terminar el proceso de baja de su seguro de decesos. <\/div><\/div><\/div><\/p>\r\n<h3><span class=\"ez-toc-section\" id=\"Telefono_para_dar_de_baja_Clinicum\"><\/span>T\u00e9lefono para dar de baja Clinicum<span class=\"ez-toc-section-end\"><\/span><\/h3>\r\n<p>Otro de los m\u00e9todos es por medio de una llamada telef\u00f3nica a la compa\u00f1\u00eda. Tiene la posibilidad de buscar el tel\u00e9fono de la compa\u00f1\u00eda en Internet o, llamar al 93 237 11 22. Comun\u00edquele a quien le atienda lo que desee y le van a dar los pasos pertinentes que debe proseguir. Siguiendo los pasos indicados, lo va a tener todo solucionado velozmente y, el especialista, se encargar\u00e1 de dar fin a su seguro de decesos. iDecesos puede ayudarle y asesorarle a fin de que encuentre un nuevo seguro, que se amolde bien a sus necesidades. <div class=\"colorf \"  ><div class=\"container clearfix\"><div class=\"col-md-7\"><\/p>\r\n<h2><span class=\"ez-toc-section\" id=\"Dar_de_baja_seguro_Clinicum_de_un_fallecido\"><\/span>Dar de baja seguro Clinicum de un fallecido<span class=\"ez-toc-section-end\"><\/span><\/h2>\r\n<p>Si el asegurado muere, de manera autom\u00e1tica la aseguradora se encarga de dar de baja al usuario. El cierre del expediente para que de manera autom\u00e1tica no se le pase m\u00e1s recibos por ese asegurado que ya no vive y se gire a banco el recibo proporcional por el resto de asegurados. Los precios se realizar\u00e1n teniendo presente la tabla de las primas que los asegurados tienen contratados con la empresa aseguradora en cuesti\u00f3n. <\/div><\/div><\/div> <div class=\"oficinas\"> <h3><span class=\"ez-toc-section\" id=\"Paginas_relacionadas\"><\/span>P\u00e1ginas relacionadas<span class=\"ez-toc-section-end\"><\/span><\/h3><div class=\"enlazado\"><ul> <li><a href=\"https:\/\/idecesos.com\/seguros\/companias\/clinicum\/opiniones\/\">Opiniones Clinicum<\/a><\/li> <li><a href=\"https:\/\/idecesos.com\/seguros\/companias\/clinicum\/precio\/\">Precio seguro Clinicum<\/a><\/li> <li><a href=\"https:\/\/idecesos.com\/seguros\/companias\/clinicum\/prima-mixta\/\">Clinicum Prima Mixta<\/a><\/li> <li><a href=\"https:\/\/idecesos.com\/seguros\/companias\/clinicum\/prima-natural\/\">Clinicum Prima Natural<\/a><\/li> <li><a href=\"https:\/\/idecesos.com\/seguros\/companias\/clinicum\/prima-nivelada\/\">Clinicum Prima Nivelada<\/a><\/li> <li><a href=\"https:\/\/idecesos.com\/seguros\/companias\/clinicum\/prima-unica\/\">Clinicum Prima \u00danica<\/a><\/li> <li><a href=\"https:\/\/idecesos.com\/seguros\/companias\/clinicum\/repatriacion\/\">Clinicum Repatriaci\u00f3n<\/a><\/li> <li><a href=\"https:\/\/idecesos.com\/seguros\/companias\/clinicum\/telefono\/\">Tel\u00e9fono Gratuito Clinicum<\/a><\/li><\/ul><\/div> <\/div><\/p>","protected":false},"excerpt":{"rendered":"<p>Es sencill\u00edsimo dar de baja su seguro de decesos y, le afirmaremos de qu\u00e9 forma hacerlo. iDecesos te va a explicar, pasito a pasito, la forma en la que pueda dar de baja su seguro de decesos. Va a tener su problema solucionado en unos minutos y, es recomendable que busque otro seguro de decesos&hellip; <\/p>\n","protected":false},"author":1,"featured_media":0,"parent":9488,"menu_order":0,"comment_status":"closed","ping_status":"closed","template":"single.php","meta":{"footnotes":""},"class_list":["post-18252","page","type-page","status-publish","hentry"],"yoast_head":"<!-- This site is optimized with the Yoast SEO plugin v27.3 - https:\/\/yoast.com\/product\/yoast-seo-wordpress\/ -->\n<title>\u00bfC\u00f3mo dar de Baja o Cancelar Seguro de Decesos Clinicum?<\/title>\n<meta name=\"description\" content=\"Obt\u00e9n aqu\u00ed\u3010c\u00f3mo dar de baja o cancelar seguro de decesos Clinicum\u3011Modelo carta, fax, correo electr\u00f3nico (email), tel\u00e9fono gratis.\" \/>\n<meta name=\"robots\" content=\"index, follow, max-snippet:-1, max-image-preview:large, max-video-preview:-1\" \/>\n<link rel=\"canonical\" href=\"https:\/\/idecesos.com\/seguros\/companias\/clinicum\/dar-de-baja\/\" \/>\n<meta property=\"og:locale\" content=\"es_ES\" \/>\n<meta property=\"og:type\" content=\"article\" \/>\n<meta property=\"og:title\" content=\"\u00bfC\u00f3mo dar de Baja o Cancelar Seguro de Decesos Clinicum?\" \/>\n<meta property=\"og:description\" content=\"Obt\u00e9n aqu\u00ed\u3010c\u00f3mo dar de baja o cancelar seguro de decesos Clinicum\u3011Modelo carta, fax, correo electr\u00f3nico (email), tel\u00e9fono gratis.\" \/>\n<meta property=\"og:url\" content=\"https:\/\/idecesos.com\/seguros\/companias\/clinicum\/dar-de-baja\/\" \/>\n<meta property=\"article:modified_time\" content=\"2022-01-31T17:10:41+00:00\" \/>\n<meta name=\"twitter:card\" content=\"summary_large_image\" \/>\n<meta name=\"twitter:label1\" content=\"Tiempo de lectura\" \/>\n\t<meta name=\"twitter:data1\" content=\"5 minutos\" \/>\n<script type=\"application\/ld+json\" class=\"yoast-schema-graph\">{\"@context\":\"https:\\\/\\\/schema.org\",\"@graph\":[{\"@type\":\"WebPage\",\"@id\":\"https:\\\/\\\/idecesos.com\\\/seguros\\\/companias\\\/clinicum\\\/dar-de-baja\\\/\",\"url\":\"https:\\\/\\\/idecesos.com\\\/seguros\\\/companias\\\/clinicum\\\/dar-de-baja\\\/\",\"name\":\"\u00bfC\u00f3mo dar de Baja o Cancelar Seguro de Decesos Clinicum?\",\"isPartOf\":{\"@id\":\"https:\\\/\\\/idecesos.com\\\/seguros\\\/#website\"},\"datePublished\":\"2021-12-29T11:53:32+00:00\",\"dateModified\":\"2022-01-31T17:10:41+00:00\",\"description\":\"Obt\u00e9n aqu\u00ed\u3010c\u00f3mo dar de baja o cancelar seguro de decesos Clinicum\u3011Modelo carta, fax, correo electr\u00f3nico (email), tel\u00e9fono gratis.\",\"breadcrumb\":{\"@id\":\"https:\\\/\\\/idecesos.com\\\/seguros\\\/companias\\\/clinicum\\\/dar-de-baja\\\/#breadcrumb\"},\"inLanguage\":\"es\",\"potentialAction\":[{\"@type\":\"ReadAction\",\"target\":[\"https:\\\/\\\/idecesos.com\\\/seguros\\\/companias\\\/clinicum\\\/dar-de-baja\\\/\"]}]},{\"@type\":\"BreadcrumbList\",\"@id\":\"https:\\\/\\\/idecesos.com\\\/seguros\\\/companias\\\/clinicum\\\/dar-de-baja\\\/#breadcrumb\",\"itemListElement\":[{\"@type\":\"ListItem\",\"position\":1,\"name\":\"Portada\",\"item\":\"https:\\\/\\\/idecesos.com\\\/seguros\\\/\"},{\"@type\":\"ListItem\",\"position\":2,\"name\":\"Compa\u00f1\u00edas de Seguros de Decesos en Espa\u00f1a\",\"item\":\"https:\\\/\\\/idecesos.com\\\/seguros\\\/companias\\\/\"},{\"@type\":\"ListItem\",\"position\":3,\"name\":\"Seguros de decesos Cl\u00ednicum\",\"item\":\"https:\\\/\\\/idecesos.com\\\/seguros\\\/companias\\\/clinicum\\\/\"},{\"@type\":\"ListItem\",\"position\":4,\"name\":\"\u00bfC\u00f3mo dar de baja seguro Clinicum?\"}]},{\"@type\":\"WebSite\",\"@id\":\"https:\\\/\\\/idecesos.com\\\/seguros\\\/#website\",\"url\":\"https:\\\/\\\/idecesos.com\\\/seguros\\\/\",\"name\":\"\",\"description\":\"\",\"potentialAction\":[{\"@type\":\"SearchAction\",\"target\":{\"@type\":\"EntryPoint\",\"urlTemplate\":\"https:\\\/\\\/idecesos.com\\\/seguros\\\/?s={search_term_string}\"},\"query-input\":{\"@type\":\"PropertyValueSpecification\",\"valueRequired\":true,\"valueName\":\"search_term_string\"}}],\"inLanguage\":\"es\"}]}<\/script>\n<!-- \/ Yoast SEO plugin. -->","yoast_head_json":{"title":"\u00bfC\u00f3mo dar de Baja o Cancelar Seguro de Decesos Clinicum?","description":"Obt\u00e9n aqu\u00ed\u3010c\u00f3mo dar de baja o cancelar seguro de decesos Clinicum\u3011Modelo carta, fax, correo electr\u00f3nico (email), tel\u00e9fono gratis.","robots":{"index":"index","follow":"follow","max-snippet":"max-snippet:-1","max-image-preview":"max-image-preview:large","max-video-preview":"max-video-preview:-1"},"canonical":"https:\/\/idecesos.com\/seguros\/companias\/clinicum\/dar-de-baja\/","og_locale":"es_ES","og_type":"article","og_title":"\u00bfC\u00f3mo dar de Baja o Cancelar Seguro de Decesos Clinicum?","og_description":"Obt\u00e9n aqu\u00ed\u3010c\u00f3mo dar de baja o cancelar seguro de decesos Clinicum\u3011Modelo carta, fax, correo electr\u00f3nico (email), tel\u00e9fono gratis.","og_url":"https:\/\/idecesos.com\/seguros\/companias\/clinicum\/dar-de-baja\/","article_modified_time":"2022-01-31T17:10:41+00:00","twitter_card":"summary_large_image","twitter_misc":{"Tiempo de lectura":"5 minutos"},"schema":{"@context":"https:\/\/schema.org","@graph":[{"@type":"WebPage","@id":"https:\/\/idecesos.com\/seguros\/companias\/clinicum\/dar-de-baja\/","url":"https:\/\/idecesos.com\/seguros\/companias\/clinicum\/dar-de-baja\/","name":"\u00bfC\u00f3mo dar de Baja o Cancelar Seguro de Decesos Clinicum?","isPartOf":{"@id":"https:\/\/idecesos.com\/seguros\/#website"},"datePublished":"2021-12-29T11:53:32+00:00","dateModified":"2022-01-31T17:10:41+00:00","description":"Obt\u00e9n aqu\u00ed\u3010c\u00f3mo dar de baja o cancelar seguro de decesos Clinicum\u3011Modelo carta, fax, correo electr\u00f3nico (email), tel\u00e9fono gratis.","breadcrumb":{"@id":"https:\/\/idecesos.com\/seguros\/companias\/clinicum\/dar-de-baja\/#breadcrumb"},"inLanguage":"es","potentialAction":[{"@type":"ReadAction","target":["https:\/\/idecesos.com\/seguros\/companias\/clinicum\/dar-de-baja\/"]}]},{"@type":"BreadcrumbList","@id":"https:\/\/idecesos.com\/seguros\/companias\/clinicum\/dar-de-baja\/#breadcrumb","itemListElement":[{"@type":"ListItem","position":1,"name":"Portada","item":"https:\/\/idecesos.com\/seguros\/"},{"@type":"ListItem","position":2,"name":"Compa\u00f1\u00edas de Seguros de Decesos en Espa\u00f1a","item":"https:\/\/idecesos.com\/seguros\/companias\/"},{"@type":"ListItem","position":3,"name":"Seguros de decesos Cl\u00ednicum","item":"https:\/\/idecesos.com\/seguros\/companias\/clinicum\/"},{"@type":"ListItem","position":4,"name":"\u00bfC\u00f3mo dar de baja seguro Clinicum?"}]},{"@type":"WebSite","@id":"https:\/\/idecesos.com\/seguros\/#website","url":"https:\/\/idecesos.com\/seguros\/","name":"","description":"","potentialAction":[{"@type":"SearchAction","target":{"@type":"EntryPoint","urlTemplate":"https:\/\/idecesos.com\/seguros\/?s={search_term_string}"},"query-input":{"@type":"PropertyValueSpecification","valueRequired":true,"valueName":"search_term_string"}}],"inLanguage":"es"}]}},"_links":{"self":[{"href":"https:\/\/idecesos.com\/seguros\/wp-json\/wp\/v2\/pages\/18252","targetHints":{"allow":["GET"]}}],"collection":[{"href":"https:\/\/idecesos.com\/seguros\/wp-json\/wp\/v2\/pages"}],"about":[{"href":"https:\/\/idecesos.com\/seguros\/wp-json\/wp\/v2\/types\/page"}],"author":[{"embeddable":true,"href":"https:\/\/idecesos.com\/seguros\/wp-json\/wp\/v2\/users\/1"}],"replies":[{"embeddable":true,"href":"https:\/\/idecesos.com\/seguros\/wp-json\/wp\/v2\/comments?post=18252"}],"version-history":[{"count":1,"href":"https:\/\/idecesos.com\/seguros\/wp-json\/wp\/v2\/pages\/18252\/revisions"}],"predecessor-version":[{"id":19163,"href":"https:\/\/idecesos.com\/seguros\/wp-json\/wp\/v2\/pages\/18252\/revisions\/19163"}],"up":[{"embeddable":true,"href":"https:\/\/idecesos.com\/seguros\/wp-json\/wp\/v2\/pages\/9488"}],"wp:attachment":[{"href":"https:\/\/idecesos.com\/seguros\/wp-json\/wp\/v2\/media?parent=18252"}],"curies":[{"name":"wp","href":"https:\/\/api.w.org\/{rel}","templated":true}]}}