{"id":18264,"date":"2021-12-29T11:53:39","date_gmt":"2021-12-29T11:53:39","guid":{"rendered":"https:\/\/idecesos.com\/seguros\/companias\/mutua-levante\/dar-de-baja\/"},"modified":"2022-01-31T17:51:25","modified_gmt":"2022-01-31T17:51:25","slug":"dar-de-baja","status":"publish","type":"page","link":"https:\/\/idecesos.com\/seguros\/companias\/mutua-levante\/dar-de-baja\/","title":{"rendered":"\u00bfC\u00f3mo dar de baja seguro Mutua Levante?"},"content":{"rendered":"<div id=\"ez-toc-container\" class=\"ez-toc-v2_0_82_2 ez-toc-wrap-center counter-hierarchy ez-toc-counter ez-toc-custom ez-toc-container-direction\">\n<div class=\"ez-toc-title-container\">\n<p class=\"ez-toc-title\" style=\"cursor:inherit\">Tabla de Contenido<\/p>\n<span class=\"ez-toc-title-toggle\"><a href=\"#\" class=\"ez-toc-pull-right ez-toc-btn ez-toc-btn-xs ez-toc-btn-default ez-toc-toggle\" aria-label=\"Alternar tabla de contenidos\"><span class=\"ez-toc-js-icon-con\"><span class=\"\"><span class=\"eztoc-hide\" style=\"display:none;\">Toggle<\/span><span class=\"ez-toc-icon-toggle-span\"><svg style=\"fill: #db6415;color:#db6415\" xmlns=\"http:\/\/www.w3.org\/2000\/svg\" class=\"list-377408\" width=\"20px\" height=\"20px\" viewBox=\"0 0 24 24\" fill=\"none\"><path d=\"M6 6H4v2h2V6zm14 0H8v2h12V6zM4 11h2v2H4v-2zm16 0H8v2h12v-2zM4 16h2v2H4v-2zm16 0H8v2h12v-2z\" fill=\"currentColor\"><\/path><\/svg><svg style=\"fill: #db6415;color:#db6415\" class=\"arrow-unsorted-368013\" xmlns=\"http:\/\/www.w3.org\/2000\/svg\" width=\"10px\" height=\"10px\" viewBox=\"0 0 24 24\" version=\"1.2\" baseProfile=\"tiny\"><path d=\"M18.2 9.3l-6.2-6.3-6.2 6.3c-.2.2-.3.4-.3.7s.1.5.3.7c.2.2.4.3.7.3h11c.3 0 .5-.1.7-.3.2-.2.3-.5.3-.7s-.1-.5-.3-.7zM5.8 14.7l6.2 6.3 6.2-6.3c.2-.2.3-.5.3-.7s-.1-.5-.3-.7c-.2-.2-.4-.3-.7-.3h-11c-.3 0-.5.1-.7.3-.2.2-.3.5-.3.7s.1.5.3.7z\"\/><\/svg><\/span><\/span><\/span><\/a><\/span><\/div>\n<nav><ul class='ez-toc-list ez-toc-list-level-1 ' ><li class='ez-toc-page-1 ez-toc-heading-level-2'><a class=\"ez-toc-link ez-toc-heading-1\" href=\"https:\/\/idecesos.com\/seguros\/companias\/mutua-levante\/dar-de-baja\/#Diferentes_opciones_para_cancelar_un_contrato_con_Mutua_Levante\" >Diferentes opciones para cancelar un contrato con Mutua Levante<\/a><ul class='ez-toc-list-level-3' ><li class='ez-toc-heading-level-3'><a class=\"ez-toc-link ez-toc-heading-2\" href=\"https:\/\/idecesos.com\/seguros\/companias\/mutua-levante\/dar-de-baja\/#A_traves_de_la_web_de_Mutua_Levante\" >A trav\u00e9s de la web de Mutua Levante<\/a><\/li><li class='ez-toc-page-1 ez-toc-heading-level-3'><a class=\"ez-toc-link ez-toc-heading-3\" href=\"https:\/\/idecesos.com\/seguros\/companias\/mutua-levante\/dar-de-baja\/#Utilizando_el_correo_electronico_de_Mutua_Levante\" >Utilizando el correo electr\u00f3nico de Mutua Levante<\/a><\/li><li class='ez-toc-page-1 ez-toc-heading-level-3'><a class=\"ez-toc-link ez-toc-heading-4\" href=\"https:\/\/idecesos.com\/seguros\/companias\/mutua-levante\/dar-de-baja\/#Dar_de_baja_Mutua_Levante_por_fax\" >Dar de baja Mutua Levante por fax<\/a><\/li><li class='ez-toc-page-1 ez-toc-heading-level-3'><a class=\"ez-toc-link ez-toc-heading-5\" href=\"https:\/\/idecesos.com\/seguros\/companias\/mutua-levante\/dar-de-baja\/#En_la_oficina_de_Mutua_Levante\" >En la oficina de Mutua Levante<\/a><\/li><li class='ez-toc-page-1 ez-toc-heading-level-3'><a class=\"ez-toc-link ez-toc-heading-6\" href=\"https:\/\/idecesos.com\/seguros\/companias\/mutua-levante\/dar-de-baja\/#Telefono_para_dar_de_baja_Mutua_Levante\" >T\u00e9lefono para dar de baja Mutua Levante<\/a><\/li><\/ul><\/li><li class='ez-toc-page-1 ez-toc-heading-level-2'><a class=\"ez-toc-link ez-toc-heading-7\" href=\"https:\/\/idecesos.com\/seguros\/companias\/mutua-levante\/dar-de-baja\/#Dar_de_baja_seguro_Mutua_Levante_de_un_fallecido\" >Dar de baja seguro Mutua Levante de un fallecido<\/a><ul class='ez-toc-list-level-3' ><li class='ez-toc-heading-level-3'><a class=\"ez-toc-link ez-toc-heading-8\" href=\"https:\/\/idecesos.com\/seguros\/companias\/mutua-levante\/dar-de-baja\/#Paginas_relacionadas\" >P\u00e1ginas relacionadas<\/a><\/li><\/ul><\/li><\/ul><\/nav><\/div>\n<p> iDecesos se ha encargado de estudiar, exhaustivamente, c\u00f3mo dar de baja su seguro de decesos. Es m\u00e1s f\u00e1cil de lo que pueda llegar a imaginar y, le indicaremos los pasos que debe dar. Gracias a esto, en tan solo un par de minutos va a tener la informaci\u00f3n suficiente para poder hacerlo mismo y solucionar el inconveniente que le haya causado. Es conveniente que busque un nuevo seguro de decesos, despu\u00e9s de dar de baja el suyo y, de esta manera, va a poder prevenir futuras incidencias y, y su familia estar\u00e1n muchos m\u00e1s apacibles. Un paso que no debe olvidar, es que debe informar, cuando menos treinta d\u00edas ya antes de la renovaci\u00f3n, a la compa\u00f1\u00eda, para que no surja ning\u00fan inconveniente. <div class=\"colorf \"  ><div class=\"container clearfix\"><div class=\"col-md-7\"><\/p>\r\n<h2><span class=\"ez-toc-section\" id=\"Diferentes_opciones_para_cancelar_un_contrato_con_Mutua_Levante\"><\/span>Diferentes opciones para cancelar un contrato con Mutua Levante<span class=\"ez-toc-section-end\"><\/span><\/h2>\r\n<!-- \/wp:post-content -->\r\n\r\n<!-- wp:paragraph -->\r\n<p>C\u00f3mo marcha una compa\u00f1\u00eda puede ser muy diferente a otras mas, todas le pedir\u00e1n el documento en el que conste su deseo de dar de baja los servicios ofrecidos por esta. El documento de Mutua Levante va a poder conseguirlo poni\u00e9ndose en contacto con nosotros, a trav\u00e9s del correo electr\u00f3nico o n\u00famero. Si bien existan distintas formas de dar de baja su seguro, al enviar una carta certificada, con el modelo est\u00e1ndar, de cancelaci\u00f3n de su contrato con Mutua Levante, va a deber darlo por perfecto. Es recomendable que haga una copia del documento y la guarde junto al original. Ahora, se le mostrar\u00e1 diferentes m\u00e9todos para dar de baja su seguro de decesos Mutua Levante. <\/div><\/div><\/div><\/p>\r\n<h3><span class=\"ez-toc-section\" id=\"A_traves_de_la_web_de_Mutua_Levante\"><\/span>A trav\u00e9s de la web de Mutua Levante<span class=\"ez-toc-section-end\"><\/span><\/h3>\r\n<p>Una de las opciones que tiene disponible para dar de baja su seguro de decesos, es accediendo a la p\u00e1gina web www.mutualevante.com\/ de Mutua Levante y escribiendo en su buscador las dudas que tenga. En ese momento, le aparecer\u00e1n varias opciones. Deber\u00e1s escoger la indicada y proseguir los pasos. Es bastante sencillo. Si alg\u00fan instante le surgen dudas o tiene inconvenientes, podr\u00e1 contactar con Mutua Levante a trav\u00e9s de su n\u00famero de tel\u00e9fono 900 200 232. Finalmente su petici\u00f3n y, caso de que s\u00ed le aparezca esa alternativa, deber\u00e1 rellenar un formulario o descargar el documento que se le pida. <div class=\"colorf \"  ><div class=\"container clearfix\"><div class=\"col-md-7\"><\/p>\r\n<h3><span class=\"ez-toc-section\" id=\"Utilizando_el_correo_electronico_de_Mutua_Levante\"><\/span>Utilizando el correo electr\u00f3nico de Mutua Levante<span class=\"ez-toc-section-end\"><\/span><\/h3>\r\n<p>Otra de las formas de dar de baja el seguro de decesos de Mutua Levante, es escribiendo un mensaje a trav\u00e9s del siguiente e-mail email Mutua Levante. Solo le va a llevar unos minutos. La informaci\u00f3n que debe especificar en el mensaje, que mande al c\u00f3digo postal de Mutua Levante, ser\u00e1 una imitaci\u00f3n de su documento nacional de identidad y la notificaci\u00f3n firmada, complet\u00e1ndola con sus datos personales. Es importante, para finalizar el proceso apropiadamente, guardar la copia sellada y el justificante de recibo. Tambi\u00e9n, es esencial que guarde, a buen recaudo, una copia de la notificaci\u00f3n, por si brota alg\u00fan inconveniente en el futuro. <\/div><\/div><\/div><\/p>\r\n<h3><span class=\"ez-toc-section\" id=\"Dar_de_baja_Mutua_Levante_por_fax\"><\/span>Dar de baja Mutua Levante por fax<span class=\"ez-toc-section-end\"><\/span><\/h3>\r\n<p>Emplear la funci\u00f3n del fax, es otra alternativa para su baja. Es muy similar al e mail. Los pasos son los mismos, tanto digitalmente como por fax. Podr\u00e1 encontrar en el sitio web de Mutua Levante o llam\u00e1ndonos al 900 200 232\u00a0la notificaci\u00f3n que debe enviar, firmada, junto con una copia de su DNI. Le recordamos que debe guardar una copia sellada y tener un justificante de su recibo. Para prevenir futuras incidencias, tenga a buen recaudo la copia de la notificaci\u00f3n, con su data de env\u00edo adecuada. <div class=\"colorf \"  ><div class=\"container clearfix\"><div class=\"col-md-7\"><\/p>\r\n<h3><span class=\"ez-toc-section\" id=\"En_la_oficina_de_Mutua_Levante\"><\/span>En la oficina de Mutua Levante<span class=\"ez-toc-section-end\"><\/span><\/h3>\r\n<p>Si todav\u00eda no se ha decidido por un procedimiento, aqu\u00ed le dejamos otro por si no controla muy bien las nuevas tecnolog\u00edas y estos m\u00e9todos de env\u00edo. Asimismo puede dar de baja su seguro de decesos en una oficina de Mutua Levante. Si no sabes a qu\u00e9 oficina debes asistir, utiliza tu buscador para obtener la informaci\u00f3n con m\u00e1s detalles. No olvides ir a tu oficina en los horarios indicados y si es necesario, solicita cita. Con tan solo proseguirse los pasos detallados, vas a poder llenar tu petici\u00f3n de baja del seguro. <\/div><\/div><\/div><\/p>\r\n<h3><span class=\"ez-toc-section\" id=\"Telefono_para_dar_de_baja_Mutua_Levante\"><\/span>T\u00e9lefono para dar de baja Mutua Levante<span class=\"ez-toc-section-end\"><\/span><\/h3>\r\n<p>Asimismo puede darse de baja a trav\u00e9s de por tel\u00e9fono. Tiene la posibilidad de buscar el tel\u00e9fono de la compa\u00f1\u00eda en Internet o bien, llamar al 900 200 232. Indique al asistente para qu\u00e9 ha llamado y prosiga los pasos que este le vaya se\u00f1alando. En poco tiempo, si prosigue apropiadamente los pasos que le hayan indicado, el especialista se pondr\u00e1 en contacto para la finalidad de la baja de su seguro. Con iDecesos podr\u00e1 hallar un nuevo seguro que se adapte a sus necesidades, comparando todas y cada una de las opciones posibles. <div class=\"colorf \"  ><div class=\"container clearfix\"><div class=\"col-md-7\"><\/p>\r\n<h2><span class=\"ez-toc-section\" id=\"Dar_de_baja_seguro_Mutua_Levante_de_un_fallecido\"><\/span>Dar de baja seguro Mutua Levante de un fallecido<span class=\"ez-toc-section-end\"><\/span><\/h2>\r\n<p>Finalmente, le vamos a explicar c\u00f3mo dar de baja el seguro de decesos tras el fallecimiento del asegurado. Nos encargaremos de que este procedimiento, que le puede resultar complejo, sea m\u00e1s sencillo y f\u00e1cil de lo que cree. No tiene que preocuparse por nada ni hacer ninguno de los tr\u00e1mites que le hemos explicado previamente. En el mismo momento de la muerte de la persona asegurada, Mutua Levante se ocupar\u00e1 de anular el seguro que ten\u00eda contratado. Tras el sepelio del asegurado, Mutua Levante dar\u00e1 de baja el seguro de la persona fallecida y, su familia, va a poder estar tranquila a lo largo de todo el proceso. <\/div><\/div><\/div> <div class=\"oficinas\"> <h3><span class=\"ez-toc-section\" id=\"Paginas_relacionadas\"><\/span>P\u00e1ginas relacionadas<span class=\"ez-toc-section-end\"><\/span><\/h3><div class=\"enlazado\"><ul> <li><a href=\"https:\/\/idecesos.com\/seguros\/companias\/mutua-levante\/opiniones\/\">Opiniones Mutua Levante<\/a><\/li> <li><a href=\"https:\/\/idecesos.com\/seguros\/companias\/mutua-levante\/precio\/\">Precio seguro Mutua Levante<\/a><\/li> <li><a href=\"https:\/\/idecesos.com\/seguros\/companias\/mutua-levante\/prima-mixta\/\">Mutua Levante Prima Mixta<\/a><\/li> <li><a href=\"https:\/\/idecesos.com\/seguros\/companias\/mutua-levante\/prima-natural\/\">Mutua Levante Prima Natural<\/a><\/li> <li><a href=\"https:\/\/idecesos.com\/seguros\/companias\/mutua-levante\/prima-nivelada\/\">Mutua Levante Prima Nivelada<\/a><\/li> <li><a href=\"https:\/\/idecesos.com\/seguros\/companias\/mutua-levante\/prima-unica\/\">Mutua Levante Prima \u00danica<\/a><\/li> <li><a href=\"https:\/\/idecesos.com\/seguros\/companias\/mutua-levante\/repatriacion\/\">Mutua Levante Repatriaci\u00f3n<\/a><\/li> <li><a href=\"https:\/\/idecesos.com\/seguros\/companias\/mutua-levante\/telefono\/\">Tel\u00e9fono Gratuito Mutua Levante<\/a><\/li><\/ul><\/div> <\/div><\/p>","protected":false},"excerpt":{"rendered":"<p>iDecesos se ha encargado de estudiar, exhaustivamente, c\u00f3mo dar de baja su seguro de decesos. Es m\u00e1s f\u00e1cil de lo que pueda llegar a imaginar y, le indicaremos los pasos que debe dar. Gracias a esto, en tan solo un par de minutos va a tener la informaci\u00f3n suficiente para poder hacerlo mismo y solucionar&hellip; <\/p>\n","protected":false},"author":1,"featured_media":0,"parent":9566,"menu_order":0,"comment_status":"closed","ping_status":"closed","template":"single.php","meta":{"footnotes":""},"class_list":["post-18264","page","type-page","status-publish","hentry"],"yoast_head":"<!-- This site is optimized with the Yoast SEO plugin v27.5 - https:\/\/yoast.com\/product\/yoast-seo-wordpress\/ -->\n<title>\u00bfC\u00f3mo dar de Baja o Cancelar Seguro de Decesos Mutua Levante?<\/title>\n<meta name=\"description\" content=\"Obt\u00e9n aqu\u00ed\u3010c\u00f3mo dar de baja o cancelar seguro de decesos Mutua Levante\u3011Modelo carta, fax, correo electr\u00f3nico (email), tel\u00e9fono gratis.\" \/>\n<meta name=\"robots\" content=\"index, follow, max-snippet:-1, max-image-preview:large, max-video-preview:-1\" \/>\n<link rel=\"canonical\" href=\"https:\/\/idecesos.com\/seguros\/companias\/mutua-levante\/dar-de-baja\/\" \/>\n<meta property=\"og:locale\" content=\"es_ES\" \/>\n<meta property=\"og:type\" content=\"article\" \/>\n<meta property=\"og:title\" content=\"\u00bfC\u00f3mo dar de Baja o Cancelar Seguro de Decesos Mutua Levante?\" \/>\n<meta property=\"og:description\" content=\"Obt\u00e9n aqu\u00ed\u3010c\u00f3mo dar de baja o cancelar seguro de decesos Mutua Levante\u3011Modelo carta, fax, correo electr\u00f3nico (email), tel\u00e9fono gratis.\" \/>\n<meta property=\"og:url\" content=\"https:\/\/idecesos.com\/seguros\/companias\/mutua-levante\/dar-de-baja\/\" \/>\n<meta property=\"article:modified_time\" content=\"2022-01-31T17:51:25+00:00\" \/>\n<meta name=\"twitter:card\" content=\"summary_large_image\" \/>\n<meta name=\"twitter:label1\" content=\"Tiempo de lectura\" \/>\n\t<meta name=\"twitter:data1\" content=\"15 minutos\" \/>\n<script type=\"application\/ld+json\" class=\"yoast-schema-graph\">{\"@context\":\"https:\\\/\\\/schema.org\",\"@graph\":[{\"@type\":\"WebPage\",\"@id\":\"https:\\\/\\\/idecesos.com\\\/seguros\\\/companias\\\/mutua-levante\\\/dar-de-baja\\\/\",\"url\":\"https:\\\/\\\/idecesos.com\\\/seguros\\\/companias\\\/mutua-levante\\\/dar-de-baja\\\/\",\"name\":\"\u00bfC\u00f3mo dar de Baja o Cancelar Seguro de Decesos Mutua Levante?\",\"isPartOf\":{\"@id\":\"https:\\\/\\\/idecesos.com\\\/seguros\\\/#website\"},\"datePublished\":\"2021-12-29T11:53:39+00:00\",\"dateModified\":\"2022-01-31T17:51:25+00:00\",\"description\":\"Obt\u00e9n aqu\u00ed\u3010c\u00f3mo dar de baja o cancelar seguro de decesos Mutua Levante\u3011Modelo carta, fax, correo electr\u00f3nico (email), tel\u00e9fono gratis.\",\"breadcrumb\":{\"@id\":\"https:\\\/\\\/idecesos.com\\\/seguros\\\/companias\\\/mutua-levante\\\/dar-de-baja\\\/#breadcrumb\"},\"inLanguage\":\"es\",\"potentialAction\":[{\"@type\":\"ReadAction\",\"target\":[\"https:\\\/\\\/idecesos.com\\\/seguros\\\/companias\\\/mutua-levante\\\/dar-de-baja\\\/\"]}]},{\"@type\":\"BreadcrumbList\",\"@id\":\"https:\\\/\\\/idecesos.com\\\/seguros\\\/companias\\\/mutua-levante\\\/dar-de-baja\\\/#breadcrumb\",\"itemListElement\":[{\"@type\":\"ListItem\",\"position\":1,\"name\":\"Portada\",\"item\":\"https:\\\/\\\/idecesos.com\\\/seguros\\\/\"},{\"@type\":\"ListItem\",\"position\":2,\"name\":\"Compa\u00f1\u00edas de Seguros de Decesos en Espa\u00f1a\",\"item\":\"https:\\\/\\\/idecesos.com\\\/seguros\\\/companias\\\/\"},{\"@type\":\"ListItem\",\"position\":3,\"name\":\"Seguro de decesos Mutua Levante\",\"item\":\"https:\\\/\\\/idecesos.com\\\/seguros\\\/companias\\\/mutua-levante\\\/\"},{\"@type\":\"ListItem\",\"position\":4,\"name\":\"\u00bfC\u00f3mo dar de baja seguro Mutua Levante?\"}]},{\"@type\":\"WebSite\",\"@id\":\"https:\\\/\\\/idecesos.com\\\/seguros\\\/#website\",\"url\":\"https:\\\/\\\/idecesos.com\\\/seguros\\\/\",\"name\":\"\",\"description\":\"\",\"potentialAction\":[{\"@type\":\"SearchAction\",\"target\":{\"@type\":\"EntryPoint\",\"urlTemplate\":\"https:\\\/\\\/idecesos.com\\\/seguros\\\/?s={search_term_string}\"},\"query-input\":{\"@type\":\"PropertyValueSpecification\",\"valueRequired\":true,\"valueName\":\"search_term_string\"}}],\"inLanguage\":\"es\"}]}<\/script>\n<!-- \/ Yoast SEO plugin. -->","yoast_head_json":{"title":"\u00bfC\u00f3mo dar de Baja o Cancelar Seguro de Decesos Mutua Levante?","description":"Obt\u00e9n aqu\u00ed\u3010c\u00f3mo dar de baja o cancelar seguro de decesos Mutua Levante\u3011Modelo carta, fax, correo electr\u00f3nico (email), tel\u00e9fono gratis.","robots":{"index":"index","follow":"follow","max-snippet":"max-snippet:-1","max-image-preview":"max-image-preview:large","max-video-preview":"max-video-preview:-1"},"canonical":"https:\/\/idecesos.com\/seguros\/companias\/mutua-levante\/dar-de-baja\/","og_locale":"es_ES","og_type":"article","og_title":"\u00bfC\u00f3mo dar de Baja o Cancelar Seguro de Decesos Mutua Levante?","og_description":"Obt\u00e9n aqu\u00ed\u3010c\u00f3mo dar de baja o cancelar seguro de decesos Mutua Levante\u3011Modelo carta, fax, correo electr\u00f3nico (email), tel\u00e9fono gratis.","og_url":"https:\/\/idecesos.com\/seguros\/companias\/mutua-levante\/dar-de-baja\/","article_modified_time":"2022-01-31T17:51:25+00:00","twitter_card":"summary_large_image","twitter_misc":{"Tiempo de lectura":"15 minutos"},"schema":{"@context":"https:\/\/schema.org","@graph":[{"@type":"WebPage","@id":"https:\/\/idecesos.com\/seguros\/companias\/mutua-levante\/dar-de-baja\/","url":"https:\/\/idecesos.com\/seguros\/companias\/mutua-levante\/dar-de-baja\/","name":"\u00bfC\u00f3mo dar de Baja o Cancelar Seguro de Decesos Mutua Levante?","isPartOf":{"@id":"https:\/\/idecesos.com\/seguros\/#website"},"datePublished":"2021-12-29T11:53:39+00:00","dateModified":"2022-01-31T17:51:25+00:00","description":"Obt\u00e9n aqu\u00ed\u3010c\u00f3mo dar de baja o cancelar seguro de decesos Mutua Levante\u3011Modelo carta, fax, correo electr\u00f3nico (email), tel\u00e9fono gratis.","breadcrumb":{"@id":"https:\/\/idecesos.com\/seguros\/companias\/mutua-levante\/dar-de-baja\/#breadcrumb"},"inLanguage":"es","potentialAction":[{"@type":"ReadAction","target":["https:\/\/idecesos.com\/seguros\/companias\/mutua-levante\/dar-de-baja\/"]}]},{"@type":"BreadcrumbList","@id":"https:\/\/idecesos.com\/seguros\/companias\/mutua-levante\/dar-de-baja\/#breadcrumb","itemListElement":[{"@type":"ListItem","position":1,"name":"Portada","item":"https:\/\/idecesos.com\/seguros\/"},{"@type":"ListItem","position":2,"name":"Compa\u00f1\u00edas de Seguros de Decesos en Espa\u00f1a","item":"https:\/\/idecesos.com\/seguros\/companias\/"},{"@type":"ListItem","position":3,"name":"Seguro de decesos Mutua Levante","item":"https:\/\/idecesos.com\/seguros\/companias\/mutua-levante\/"},{"@type":"ListItem","position":4,"name":"\u00bfC\u00f3mo dar de baja seguro Mutua Levante?"}]},{"@type":"WebSite","@id":"https:\/\/idecesos.com\/seguros\/#website","url":"https:\/\/idecesos.com\/seguros\/","name":"","description":"","potentialAction":[{"@type":"SearchAction","target":{"@type":"EntryPoint","urlTemplate":"https:\/\/idecesos.com\/seguros\/?s={search_term_string}"},"query-input":{"@type":"PropertyValueSpecification","valueRequired":true,"valueName":"search_term_string"}}],"inLanguage":"es"}]}},"_links":{"self":[{"href":"https:\/\/idecesos.com\/seguros\/wp-json\/wp\/v2\/pages\/18264","targetHints":{"allow":["GET"]}}],"collection":[{"href":"https:\/\/idecesos.com\/seguros\/wp-json\/wp\/v2\/pages"}],"about":[{"href":"https:\/\/idecesos.com\/seguros\/wp-json\/wp\/v2\/types\/page"}],"author":[{"embeddable":true,"href":"https:\/\/idecesos.com\/seguros\/wp-json\/wp\/v2\/users\/1"}],"replies":[{"embeddable":true,"href":"https:\/\/idecesos.com\/seguros\/wp-json\/wp\/v2\/comments?post=18264"}],"version-history":[{"count":2,"href":"https:\/\/idecesos.com\/seguros\/wp-json\/wp\/v2\/pages\/18264\/revisions"}],"predecessor-version":[{"id":19178,"href":"https:\/\/idecesos.com\/seguros\/wp-json\/wp\/v2\/pages\/18264\/revisions\/19178"}],"up":[{"embeddable":true,"href":"https:\/\/idecesos.com\/seguros\/wp-json\/wp\/v2\/pages\/9566"}],"wp:attachment":[{"href":"https:\/\/idecesos.com\/seguros\/wp-json\/wp\/v2\/media?parent=18264"}],"curies":[{"name":"wp","href":"https:\/\/api.w.org\/{rel}","templated":true}]}}