{"id":18267,"date":"2021-12-29T11:53:40","date_gmt":"2021-12-29T11:53:40","guid":{"rendered":"https:\/\/idecesos.com\/seguros\/companias\/vivaz\/dar-de-baja\/"},"modified":"2022-01-31T17:52:50","modified_gmt":"2022-01-31T17:52:50","slug":"dar-de-baja","status":"publish","type":"page","link":"https:\/\/idecesos.com\/seguros\/companias\/vivaz\/dar-de-baja\/","title":{"rendered":"\u00bfC\u00f3mo dar de baja seguro Vivaz?"},"content":{"rendered":"<div id=\"ez-toc-container\" class=\"ez-toc-v2_0_82_2 ez-toc-wrap-center counter-hierarchy ez-toc-counter ez-toc-custom ez-toc-container-direction\">\n<div class=\"ez-toc-title-container\">\n<p class=\"ez-toc-title\" style=\"cursor:inherit\">Tabla de Contenido<\/p>\n<span class=\"ez-toc-title-toggle\"><a href=\"#\" class=\"ez-toc-pull-right ez-toc-btn ez-toc-btn-xs ez-toc-btn-default ez-toc-toggle\" aria-label=\"Alternar tabla de contenidos\"><span class=\"ez-toc-js-icon-con\"><span class=\"\"><span class=\"eztoc-hide\" style=\"display:none;\">Toggle<\/span><span class=\"ez-toc-icon-toggle-span\"><svg style=\"fill: #db6415;color:#db6415\" xmlns=\"http:\/\/www.w3.org\/2000\/svg\" class=\"list-377408\" width=\"20px\" height=\"20px\" viewBox=\"0 0 24 24\" fill=\"none\"><path d=\"M6 6H4v2h2V6zm14 0H8v2h12V6zM4 11h2v2H4v-2zm16 0H8v2h12v-2zM4 16h2v2H4v-2zm16 0H8v2h12v-2z\" fill=\"currentColor\"><\/path><\/svg><svg style=\"fill: #db6415;color:#db6415\" class=\"arrow-unsorted-368013\" xmlns=\"http:\/\/www.w3.org\/2000\/svg\" width=\"10px\" height=\"10px\" viewBox=\"0 0 24 24\" version=\"1.2\" baseProfile=\"tiny\"><path d=\"M18.2 9.3l-6.2-6.3-6.2 6.3c-.2.2-.3.4-.3.7s.1.5.3.7c.2.2.4.3.7.3h11c.3 0 .5-.1.7-.3.2-.2.3-.5.3-.7s-.1-.5-.3-.7zM5.8 14.7l6.2 6.3 6.2-6.3c.2-.2.3-.5.3-.7s-.1-.5-.3-.7c-.2-.2-.4-.3-.7-.3h-11c-.3 0-.5.1-.7.3-.2.2-.3.5-.3.7s.1.5.3.7z\"\/><\/svg><\/span><\/span><\/span><\/a><\/span><\/div>\n<nav><ul class='ez-toc-list ez-toc-list-level-1 ' ><li class='ez-toc-page-1 ez-toc-heading-level-2'><a class=\"ez-toc-link ez-toc-heading-1\" href=\"https:\/\/idecesos.com\/seguros\/companias\/vivaz\/dar-de-baja\/#Diferentes_opciones_para_cancelar_un_contrato_con_Vivaz\" >Diferentes opciones para cancelar un contrato con Vivaz<\/a><ul class='ez-toc-list-level-3' ><li class='ez-toc-heading-level-3'><a class=\"ez-toc-link ez-toc-heading-2\" href=\"https:\/\/idecesos.com\/seguros\/companias\/vivaz\/dar-de-baja\/#A_traves_de_la_web_de_Vivaz\" >A trav\u00e9s de la web de Vivaz<\/a><\/li><li class='ez-toc-page-1 ez-toc-heading-level-3'><a class=\"ez-toc-link ez-toc-heading-3\" href=\"https:\/\/idecesos.com\/seguros\/companias\/vivaz\/dar-de-baja\/#Utilizando_el_correo_electronico_de_Vivaz\" >Utilizando el correo electr\u00f3nico de Vivaz<\/a><\/li><li class='ez-toc-page-1 ez-toc-heading-level-3'><a class=\"ez-toc-link ez-toc-heading-4\" href=\"https:\/\/idecesos.com\/seguros\/companias\/vivaz\/dar-de-baja\/#Dar_de_baja_Vivaz_por_fax\" >Dar de baja Vivaz por fax<\/a><\/li><li class='ez-toc-page-1 ez-toc-heading-level-3'><a class=\"ez-toc-link ez-toc-heading-5\" href=\"https:\/\/idecesos.com\/seguros\/companias\/vivaz\/dar-de-baja\/#En_la_oficina_de_Vivaz\" >En la oficina de Vivaz<\/a><\/li><li class='ez-toc-page-1 ez-toc-heading-level-3'><a class=\"ez-toc-link ez-toc-heading-6\" href=\"https:\/\/idecesos.com\/seguros\/companias\/vivaz\/dar-de-baja\/#Telefono_para_dar_de_baja_Vivaz\" >T\u00e9lefono para dar de baja Vivaz<\/a><\/li><\/ul><\/li><li class='ez-toc-page-1 ez-toc-heading-level-2'><a class=\"ez-toc-link ez-toc-heading-7\" href=\"https:\/\/idecesos.com\/seguros\/companias\/vivaz\/dar-de-baja\/#Dar_de_baja_seguro_Vivaz_de_un_fallecido\" >Dar de baja seguro Vivaz de un fallecido<\/a><ul class='ez-toc-list-level-3' ><li class='ez-toc-heading-level-3'><a class=\"ez-toc-link ez-toc-heading-8\" href=\"https:\/\/idecesos.com\/seguros\/companias\/vivaz\/dar-de-baja\/#Paginas_relacionadas\" >P\u00e1ginas relacionadas<\/a><\/li><\/ul><\/li><\/ul><\/nav><\/div>\n<p> Seguidamente, vamos a comentarte c\u00f3mo puedes dar de baja tu seguro de decesos. En iDecesos, queremos facilitarte la labor y vamos a darte las explicaciones precisas para que puedas dar de baja tu seguro sin ning\u00fan tipo de preocupaci\u00f3n. Ahora vas a conocer las distintas formas que tienes para dar de baja tu seguro y los pasos que debes proseguir. En unos momentos, vas a poder tener todos los datos detallados para que escojas la mejor forma de dar de baja tu seguro de decesos. Le recomendamos que no se quede con un seguro de este tipo puesto que en el futuro va a ser importante tener ese momento de su vida asegurado, por su calma y por la de sus familiares o amigos. <div class=\"colorf \"  ><div class=\"container clearfix\"><div class=\"col-md-7\"><\/p>\r\n<h2><span class=\"ez-toc-section\" id=\"Diferentes_opciones_para_cancelar_un_contrato_con_Vivaz\"><\/span>Diferentes opciones para cancelar un contrato con Vivaz<span class=\"ez-toc-section-end\"><\/span><\/h2>\r\n<!-- \/wp:post-content -->\r\n\r\n<!-- wp:paragraph -->\r\n<p>No todas y cada una de las empresas aseguradoras de decesos marchan de igual modo, pero casi todas le solicitan a sus clientes del servicio un documento en el que pide dar de baja sus servicios. Contactando con nosotros, a trav\u00e9s del correo electr\u00f3nico o n\u00famero disponible, va a poder conseguir el documento de compa\u00f1\u00eda. Sea cual sea, la manera que decida en la que darse de baja, si elige la opci\u00f3n de mandar una carta certificada, en la que conste la cancelaci\u00f3n del contrato Vivaz, esta deber\u00e1 aceptarlo y darlo por v\u00e1lido. Le aconsejamos que guarde el resguardo del documento y que haga una copia. Ahora, le mostramos otras opciones diferentes sobre de qu\u00e9 forma darse de baja del seguro de decesos de Vivaz. <\/div><\/div><\/div><\/p>\r\n<h3><span class=\"ez-toc-section\" id=\"A_traves_de_la_web_de_Vivaz\"><\/span>A trav\u00e9s de la web de Vivaz<span class=\"ez-toc-section-end\"><\/span><\/h3>\r\n<p>Puedes cancelar tu seguro de fallecimiento directamente mediante la compa\u00f1\u00eda del seguro. Podr\u00e1s redactar en su buscador la informaci\u00f3n que necesitas saber en www.vivaz.com\/. Si la web no tiene buscador, localiza aquella secci\u00f3n que m\u00e1s se le parezca. Para proceder a dar de baja el seguro, tendr\u00e1s que rellenar el formulario que se te indique. Si a\u00fan de este modo, prosigues sin localizar c\u00f3mo puedes dar de baja el seguro, solo tienes que ponerte en contacto con nosotros en el 951 127 403 o bien en el info@idecesos. com. En el caso de que s\u00ed le aparezca lo que busca, tras rellenar y mandar todo lo que le piden, en solo unos minutos va a recibir un documento de Vivaz informando de su baja a trav\u00e9s de correo y carta. <div class=\"colorf \"  ><div class=\"container clearfix\"><div class=\"col-md-7\"><\/p>\r\n<h3><span class=\"ez-toc-section\" id=\"Utilizando_el_correo_electronico_de_Vivaz\"><\/span>Utilizando el correo electr\u00f3nico de Vivaz<span class=\"ez-toc-section-end\"><\/span><\/h3>\r\n<p>Si lo prefieres, puedes pedir la baja del seguro de decesos a trav\u00e9s del correo electr\u00f3nico de la compa\u00f1\u00eda. Solo debes a\u00f1adir la direcci\u00f3n de e mail siguiente para tener la baja de tu seguro de decesos solucionada. Para solicitar la petici\u00f3n de baja del seguro, deber\u00e1s mandar una copia del documento de identidad y el documento firmado con los datos personales donde se detalla el deseo de darse de baja. Esto puedes pedirlo en el 951 127 403 o bien en el info@idecesos. com. No olvides guardar una copia y el justificante a fin de que no tengas ning\u00fan problema. Si deseas estar m\u00e1s sosegado, no olvides guardar una imitaci\u00f3n de la notificaci\u00f3n con la fecha de env\u00edo. <\/div><\/div><\/div><\/p>\r\n<h3><span class=\"ez-toc-section\" id=\"Dar_de_baja_Vivaz_por_fax\"><\/span>Dar de baja Vivaz por fax<span class=\"ez-toc-section-end\"><\/span><\/h3>\r\n<p>Mediante fax, asimismo puede dar de baja a su seguro. Es muy similar al que terminamos de explicar previamente, el del mail, lo \u00fanico que cambia es la manera de enviar los datos. En el fax que env\u00ede, deber\u00e1 aparecer una imitaci\u00f3n de su documento nacional de identidad, junto a la notificaci\u00f3n firmada y, si no la tiene, puede procurarla en la web de Vivaz o bien poni\u00e9ndose en contacto con nosotros a trav\u00e9s de el tel\u00e9fono 951 127 403. Como en m\u00e9todos anteriores, deber\u00e1 guardar el justificante de su recibo y, una copia adecuadamente sellada. Adem\u00e1s, por lo que pueda ocurrir en el futuro, guarde una imitaci\u00f3n de la notificaci\u00f3n con la data de env\u00edo. <div class=\"colorf \"  ><div class=\"container clearfix\"><div class=\"col-md-7\"><\/p>\r\n<h3><span class=\"ez-toc-section\" id=\"En_la_oficina_de_Vivaz\"><\/span>En la oficina de Vivaz<span class=\"ez-toc-section-end\"><\/span><\/h3>\r\n<p>Si todav\u00eda no se ha decidido por un m\u00e9todo, ac\u00e1 le dejamos otro por si no controla muy bien las nuevas tecnolog\u00edas y estos m\u00e9todos de env\u00edo. Puedes acudir a la oficina de tu aseguradora para dar de baja tu seguro. En la red de redes vas a poder hallar cu\u00e1l es la oficina m\u00e1s pr\u00f3xima a ti para que puedas dar de baja tu seguro de decesos. No olvides ir a tu oficina en los horarios indicados y si es preciso, solicita cita. Con tan solo seguir los pasos detallados, vas a poder llenar tu solicitud de baja del seguro. <\/div><\/div><\/div><\/p>\r\n<h3><span class=\"ez-toc-section\" id=\"Telefono_para_dar_de_baja_Vivaz\"><\/span>T\u00e9lefono para dar de baja Vivaz<span class=\"ez-toc-section-end\"><\/span><\/h3>\r\n<p>Para darse de baja de un seguro de decesos, muchos clientes asisten al tel\u00e9fono de la compa\u00f1\u00eda para efectuar los tr\u00e1mites. Si te pones en contacto con el n\u00famero que te indicamos, te pondremos en contacto con una persona que te va a ayudar y te aconsejar\u00e1 en todo el proceso. La solicitud de baja va a quedar grabada probando que es el tomador de la p\u00f3liza el que pide el fin del contrato del seguro de decesos. Para facilitarte la labor, vas a poder acceder a iDecesos y solicitar la baja de tu seguro de decesos con tan solo pedir una autorizaci\u00f3n legal. <div class=\"colorf \"  ><div class=\"container clearfix\"><div class=\"col-md-7\"><\/p>\r\n<h2><span class=\"ez-toc-section\" id=\"Dar_de_baja_seguro_Vivaz_de_un_fallecido\"><\/span>Dar de baja seguro Vivaz de un fallecido<span class=\"ez-toc-section-end\"><\/span><\/h2>\r\n<p>Finalmente, le indicamos de qu\u00e9 forma dar de baja el seguro en el caso de fallecimiento del usuario. Puede parecer bastante dif\u00edcil pero, es uno de los m\u00e9todos m\u00e1s simples. Es muy diferente a los otros m\u00e9todos, no tendr\u00e1 que hacer ning\u00fan tr\u00e1mite de los explicados previamente. Vivaz es la responsable de anular su seguro de decesos autom\u00e1ticamente tras la muerte de su asegurado. Vivaz, tras el sepelio de la persona asegurada, se ocupar\u00e1 de todos los tr\u00e1mites legales para darle de baja y, los familiares no tendr\u00e1n que preocuparse, van a poder estar tranquilos. <\/div><\/div><\/div> <div class=\"oficinas\"> <h3><span class=\"ez-toc-section\" id=\"Paginas_relacionadas\"><\/span>P\u00e1ginas relacionadas<span class=\"ez-toc-section-end\"><\/span><\/h3><div class=\"enlazado\"><ul> <li><a href=\"https:\/\/idecesos.com\/seguros\/companias\/vivaz\/opiniones\/\">Opiniones Vivaz<\/a><\/li> <li><a href=\"https:\/\/idecesos.com\/seguros\/companias\/vivaz\/precio\/\">Precio seguro Vivaz<\/a><\/li> <li><a href=\"https:\/\/idecesos.com\/seguros\/companias\/vivaz\/prima-mixta\/\">Vivaz Prima Mixta<\/a><\/li> <li><a href=\"https:\/\/idecesos.com\/seguros\/companias\/vivaz\/prima-natural\/\">Vivaz Prima Natural<\/a><\/li> <li><a href=\"https:\/\/idecesos.com\/seguros\/companias\/vivaz\/prima-nivelada\/\">Vivaz Prima Nivelada<\/a><\/li> <li><a href=\"https:\/\/idecesos.com\/seguros\/companias\/vivaz\/prima-unica\/\">Vivaz Prima \u00danica<\/a><\/li> <li><a href=\"https:\/\/idecesos.com\/seguros\/companias\/vivaz\/repatriacion\/\">Vivaz Repatriaci\u00f3n<\/a><\/li> <li><a href=\"https:\/\/idecesos.com\/seguros\/companias\/vivaz\/telefono\/\">Tel\u00e9fono Gratuito Vivaz<\/a><\/li>                                                                                                                                                                                                                                                                                                                                                                                                                                                                                                                                                                                                                                                                                                                                                                                                                                                                                                                                                                                                                                                                                                                                                                                                                                                                                                                                                                                                                                                                                                                                                                                                                                                                                                                                                                                                                                                                                                                                                                                                                                                                                                                                                                                                                                                                                                                                                                                                                                                                                                                                                                                                                                                                                                                                                                                                                                                                                                                                                                                                                                                                                                                              <\/ul><\/div> <\/div><\/p>","protected":false},"excerpt":{"rendered":"<p>Seguidamente, vamos a comentarte c\u00f3mo puedes dar de baja tu seguro de decesos. En iDecesos, queremos facilitarte la labor y vamos a darte las explicaciones precisas para que puedas dar de baja tu seguro sin ning\u00fan tipo de preocupaci\u00f3n. Ahora vas a conocer las distintas formas que tienes para dar de baja tu seguro y&hellip; <\/p>\n","protected":false},"author":1,"featured_media":0,"parent":15257,"menu_order":0,"comment_status":"closed","ping_status":"closed","template":"single.php","meta":{"footnotes":""},"class_list":["post-18267","page","type-page","status-publish","hentry"],"yoast_head":"<!-- This site is optimized with the Yoast SEO plugin v27.3 - https:\/\/yoast.com\/product\/yoast-seo-wordpress\/ -->\n<title>\u00bfC\u00f3mo dar de Baja o Cancelar Seguro de Decesos Vivaz?<\/title>\n<meta name=\"description\" content=\"Obt\u00e9n aqu\u00ed\u3010c\u00f3mo dar de baja o cancelar seguro de decesos Vivaz\u3011Modelo carta, fax, correo electr\u00f3nico (email), tel\u00e9fono gratis.\" \/>\n<meta name=\"robots\" content=\"index, follow, max-snippet:-1, max-image-preview:large, max-video-preview:-1\" \/>\n<link rel=\"canonical\" href=\"https:\/\/idecesos.com\/seguros\/companias\/vivaz\/dar-de-baja\/\" \/>\n<meta property=\"og:locale\" content=\"es_ES\" \/>\n<meta property=\"og:type\" content=\"article\" \/>\n<meta property=\"og:title\" content=\"\u00bfC\u00f3mo dar de Baja o Cancelar Seguro de Decesos Vivaz?\" \/>\n<meta property=\"og:description\" content=\"Obt\u00e9n aqu\u00ed\u3010c\u00f3mo dar de baja o cancelar seguro de decesos Vivaz\u3011Modelo carta, fax, correo electr\u00f3nico (email), tel\u00e9fono gratis.\" \/>\n<meta property=\"og:url\" content=\"https:\/\/idecesos.com\/seguros\/companias\/vivaz\/dar-de-baja\/\" \/>\n<meta property=\"article:modified_time\" content=\"2022-01-31T17:52:50+00:00\" \/>\n<meta name=\"twitter:card\" content=\"summary_large_image\" \/>\n<meta name=\"twitter:label1\" content=\"Tiempo de lectura\" \/>\n\t<meta name=\"twitter:data1\" content=\"5 minutos\" \/>\n<script type=\"application\/ld+json\" class=\"yoast-schema-graph\">{\"@context\":\"https:\\\/\\\/schema.org\",\"@graph\":[{\"@type\":\"WebPage\",\"@id\":\"https:\\\/\\\/idecesos.com\\\/seguros\\\/companias\\\/vivaz\\\/dar-de-baja\\\/\",\"url\":\"https:\\\/\\\/idecesos.com\\\/seguros\\\/companias\\\/vivaz\\\/dar-de-baja\\\/\",\"name\":\"\u00bfC\u00f3mo dar de Baja o Cancelar Seguro de Decesos Vivaz?\",\"isPartOf\":{\"@id\":\"https:\\\/\\\/idecesos.com\\\/seguros\\\/#website\"},\"datePublished\":\"2021-12-29T11:53:40+00:00\",\"dateModified\":\"2022-01-31T17:52:50+00:00\",\"description\":\"Obt\u00e9n aqu\u00ed\u3010c\u00f3mo dar de baja o cancelar seguro de decesos Vivaz\u3011Modelo carta, fax, correo electr\u00f3nico (email), tel\u00e9fono gratis.\",\"breadcrumb\":{\"@id\":\"https:\\\/\\\/idecesos.com\\\/seguros\\\/companias\\\/vivaz\\\/dar-de-baja\\\/#breadcrumb\"},\"inLanguage\":\"es\",\"potentialAction\":[{\"@type\":\"ReadAction\",\"target\":[\"https:\\\/\\\/idecesos.com\\\/seguros\\\/companias\\\/vivaz\\\/dar-de-baja\\\/\"]}]},{\"@type\":\"BreadcrumbList\",\"@id\":\"https:\\\/\\\/idecesos.com\\\/seguros\\\/companias\\\/vivaz\\\/dar-de-baja\\\/#breadcrumb\",\"itemListElement\":[{\"@type\":\"ListItem\",\"position\":1,\"name\":\"Portada\",\"item\":\"https:\\\/\\\/idecesos.com\\\/seguros\\\/\"},{\"@type\":\"ListItem\",\"position\":2,\"name\":\"Compa\u00f1\u00edas de Seguros de Decesos en Espa\u00f1a\",\"item\":\"https:\\\/\\\/idecesos.com\\\/seguros\\\/companias\\\/\"},{\"@type\":\"ListItem\",\"position\":3,\"name\":\"Seguro de decesos Vivaz\",\"item\":\"https:\\\/\\\/idecesos.com\\\/seguros\\\/companias\\\/vivaz\\\/\"},{\"@type\":\"ListItem\",\"position\":4,\"name\":\"\u00bfC\u00f3mo dar de baja seguro Vivaz?\"}]},{\"@type\":\"WebSite\",\"@id\":\"https:\\\/\\\/idecesos.com\\\/seguros\\\/#website\",\"url\":\"https:\\\/\\\/idecesos.com\\\/seguros\\\/\",\"name\":\"\",\"description\":\"\",\"potentialAction\":[{\"@type\":\"SearchAction\",\"target\":{\"@type\":\"EntryPoint\",\"urlTemplate\":\"https:\\\/\\\/idecesos.com\\\/seguros\\\/?s={search_term_string}\"},\"query-input\":{\"@type\":\"PropertyValueSpecification\",\"valueRequired\":true,\"valueName\":\"search_term_string\"}}],\"inLanguage\":\"es\"}]}<\/script>\n<!-- \/ Yoast SEO plugin. -->","yoast_head_json":{"title":"\u00bfC\u00f3mo dar de Baja o Cancelar Seguro de Decesos Vivaz?","description":"Obt\u00e9n aqu\u00ed\u3010c\u00f3mo dar de baja o cancelar seguro de decesos Vivaz\u3011Modelo carta, fax, correo electr\u00f3nico (email), tel\u00e9fono gratis.","robots":{"index":"index","follow":"follow","max-snippet":"max-snippet:-1","max-image-preview":"max-image-preview:large","max-video-preview":"max-video-preview:-1"},"canonical":"https:\/\/idecesos.com\/seguros\/companias\/vivaz\/dar-de-baja\/","og_locale":"es_ES","og_type":"article","og_title":"\u00bfC\u00f3mo dar de Baja o Cancelar Seguro de Decesos Vivaz?","og_description":"Obt\u00e9n aqu\u00ed\u3010c\u00f3mo dar de baja o cancelar seguro de decesos Vivaz\u3011Modelo carta, fax, correo electr\u00f3nico (email), tel\u00e9fono gratis.","og_url":"https:\/\/idecesos.com\/seguros\/companias\/vivaz\/dar-de-baja\/","article_modified_time":"2022-01-31T17:52:50+00:00","twitter_card":"summary_large_image","twitter_misc":{"Tiempo de lectura":"5 minutos"},"schema":{"@context":"https:\/\/schema.org","@graph":[{"@type":"WebPage","@id":"https:\/\/idecesos.com\/seguros\/companias\/vivaz\/dar-de-baja\/","url":"https:\/\/idecesos.com\/seguros\/companias\/vivaz\/dar-de-baja\/","name":"\u00bfC\u00f3mo dar de Baja o Cancelar Seguro de Decesos Vivaz?","isPartOf":{"@id":"https:\/\/idecesos.com\/seguros\/#website"},"datePublished":"2021-12-29T11:53:40+00:00","dateModified":"2022-01-31T17:52:50+00:00","description":"Obt\u00e9n aqu\u00ed\u3010c\u00f3mo dar de baja o cancelar seguro de decesos Vivaz\u3011Modelo carta, fax, correo electr\u00f3nico (email), tel\u00e9fono gratis.","breadcrumb":{"@id":"https:\/\/idecesos.com\/seguros\/companias\/vivaz\/dar-de-baja\/#breadcrumb"},"inLanguage":"es","potentialAction":[{"@type":"ReadAction","target":["https:\/\/idecesos.com\/seguros\/companias\/vivaz\/dar-de-baja\/"]}]},{"@type":"BreadcrumbList","@id":"https:\/\/idecesos.com\/seguros\/companias\/vivaz\/dar-de-baja\/#breadcrumb","itemListElement":[{"@type":"ListItem","position":1,"name":"Portada","item":"https:\/\/idecesos.com\/seguros\/"},{"@type":"ListItem","position":2,"name":"Compa\u00f1\u00edas de Seguros de Decesos en Espa\u00f1a","item":"https:\/\/idecesos.com\/seguros\/companias\/"},{"@type":"ListItem","position":3,"name":"Seguro de decesos Vivaz","item":"https:\/\/idecesos.com\/seguros\/companias\/vivaz\/"},{"@type":"ListItem","position":4,"name":"\u00bfC\u00f3mo dar de baja seguro Vivaz?"}]},{"@type":"WebSite","@id":"https:\/\/idecesos.com\/seguros\/#website","url":"https:\/\/idecesos.com\/seguros\/","name":"","description":"","potentialAction":[{"@type":"SearchAction","target":{"@type":"EntryPoint","urlTemplate":"https:\/\/idecesos.com\/seguros\/?s={search_term_string}"},"query-input":{"@type":"PropertyValueSpecification","valueRequired":true,"valueName":"search_term_string"}}],"inLanguage":"es"}]}},"_links":{"self":[{"href":"https:\/\/idecesos.com\/seguros\/wp-json\/wp\/v2\/pages\/18267","targetHints":{"allow":["GET"]}}],"collection":[{"href":"https:\/\/idecesos.com\/seguros\/wp-json\/wp\/v2\/pages"}],"about":[{"href":"https:\/\/idecesos.com\/seguros\/wp-json\/wp\/v2\/types\/page"}],"author":[{"embeddable":true,"href":"https:\/\/idecesos.com\/seguros\/wp-json\/wp\/v2\/users\/1"}],"replies":[{"embeddable":true,"href":"https:\/\/idecesos.com\/seguros\/wp-json\/wp\/v2\/comments?post=18267"}],"version-history":[{"count":1,"href":"https:\/\/idecesos.com\/seguros\/wp-json\/wp\/v2\/pages\/18267\/revisions"}],"predecessor-version":[{"id":19180,"href":"https:\/\/idecesos.com\/seguros\/wp-json\/wp\/v2\/pages\/18267\/revisions\/19180"}],"up":[{"embeddable":true,"href":"https:\/\/idecesos.com\/seguros\/wp-json\/wp\/v2\/pages\/15257"}],"wp:attachment":[{"href":"https:\/\/idecesos.com\/seguros\/wp-json\/wp\/v2\/media?parent=18267"}],"curies":[{"name":"wp","href":"https:\/\/api.w.org\/{rel}","templated":true}]}}