{"id":18268,"date":"2021-12-29T11:53:41","date_gmt":"2021-12-29T11:53:41","guid":{"rendered":"https:\/\/idecesos.com\/seguros\/companias\/sanitas\/dar-de-baja\/"},"modified":"2022-01-31T16:41:32","modified_gmt":"2022-01-31T16:41:32","slug":"dar-de-baja","status":"publish","type":"page","link":"https:\/\/idecesos.com\/seguros\/companias\/sanitas\/dar-de-baja\/","title":{"rendered":"\u00bfC\u00f3mo dar de baja seguro Sanitas?"},"content":{"rendered":"<div id=\"ez-toc-container\" class=\"ez-toc-v2_0_82_2 ez-toc-wrap-center counter-hierarchy ez-toc-counter ez-toc-custom ez-toc-container-direction\">\n<div class=\"ez-toc-title-container\">\n<p class=\"ez-toc-title\" style=\"cursor:inherit\">Tabla de Contenido<\/p>\n<span class=\"ez-toc-title-toggle\"><a href=\"#\" class=\"ez-toc-pull-right ez-toc-btn ez-toc-btn-xs ez-toc-btn-default ez-toc-toggle\" aria-label=\"Alternar tabla de contenidos\"><span class=\"ez-toc-js-icon-con\"><span class=\"\"><span class=\"eztoc-hide\" style=\"display:none;\">Toggle<\/span><span class=\"ez-toc-icon-toggle-span\"><svg style=\"fill: #db6415;color:#db6415\" xmlns=\"http:\/\/www.w3.org\/2000\/svg\" class=\"list-377408\" width=\"20px\" height=\"20px\" viewBox=\"0 0 24 24\" fill=\"none\"><path d=\"M6 6H4v2h2V6zm14 0H8v2h12V6zM4 11h2v2H4v-2zm16 0H8v2h12v-2zM4 16h2v2H4v-2zm16 0H8v2h12v-2z\" fill=\"currentColor\"><\/path><\/svg><svg style=\"fill: #db6415;color:#db6415\" class=\"arrow-unsorted-368013\" xmlns=\"http:\/\/www.w3.org\/2000\/svg\" width=\"10px\" height=\"10px\" viewBox=\"0 0 24 24\" version=\"1.2\" baseProfile=\"tiny\"><path d=\"M18.2 9.3l-6.2-6.3-6.2 6.3c-.2.2-.3.4-.3.7s.1.5.3.7c.2.2.4.3.7.3h11c.3 0 .5-.1.7-.3.2-.2.3-.5.3-.7s-.1-.5-.3-.7zM5.8 14.7l6.2 6.3 6.2-6.3c.2-.2.3-.5.3-.7s-.1-.5-.3-.7c-.2-.2-.4-.3-.7-.3h-11c-.3 0-.5.1-.7.3-.2.2-.3.5-.3.7s.1.5.3.7z\"\/><\/svg><\/span><\/span><\/span><\/a><\/span><\/div>\n<nav><ul class='ez-toc-list ez-toc-list-level-1 ' ><li class='ez-toc-page-1 ez-toc-heading-level-2'><a class=\"ez-toc-link ez-toc-heading-1\" href=\"https:\/\/idecesos.com\/seguros\/companias\/sanitas\/dar-de-baja\/#Diferentes_opciones_para_cancelar_un_contrato_con_Sanitas\" >Diferentes opciones para cancelar un contrato con Sanitas<\/a><ul class='ez-toc-list-level-3' ><li class='ez-toc-heading-level-3'><a class=\"ez-toc-link ez-toc-heading-2\" href=\"https:\/\/idecesos.com\/seguros\/companias\/sanitas\/dar-de-baja\/#A_traves_de_la_web_de_Sanitas\" >A trav\u00e9s de la web de Sanitas<\/a><\/li><li class='ez-toc-page-1 ez-toc-heading-level-3'><a class=\"ez-toc-link ez-toc-heading-3\" href=\"https:\/\/idecesos.com\/seguros\/companias\/sanitas\/dar-de-baja\/#Utilizando_el_correo_electronico_de_Sanitas\" >Utilizando el correo electr\u00f3nico de Sanitas<\/a><\/li><li class='ez-toc-page-1 ez-toc-heading-level-3'><a class=\"ez-toc-link ez-toc-heading-4\" href=\"https:\/\/idecesos.com\/seguros\/companias\/sanitas\/dar-de-baja\/#Dar_de_baja_Sanitas_por_fax\" >Dar de baja Sanitas por fax<\/a><\/li><li class='ez-toc-page-1 ez-toc-heading-level-3'><a class=\"ez-toc-link ez-toc-heading-5\" href=\"https:\/\/idecesos.com\/seguros\/companias\/sanitas\/dar-de-baja\/#En_la_oficina_de_Sanitas\" >En la oficina de Sanitas<\/a><\/li><li class='ez-toc-page-1 ez-toc-heading-level-3'><a class=\"ez-toc-link ez-toc-heading-6\" href=\"https:\/\/idecesos.com\/seguros\/companias\/sanitas\/dar-de-baja\/#Telefono_para_dar_de_baja_Sanitas\" >T\u00e9lefono para dar de baja Sanitas<\/a><\/li><\/ul><\/li><li class='ez-toc-page-1 ez-toc-heading-level-2'><a class=\"ez-toc-link ez-toc-heading-7\" href=\"https:\/\/idecesos.com\/seguros\/companias\/sanitas\/dar-de-baja\/#Dar_de_baja_seguro_Sanitas_de_un_fallecido\" >Dar de baja seguro Sanitas de un fallecido<\/a><ul class='ez-toc-list-level-3' ><li class='ez-toc-heading-level-3'><a class=\"ez-toc-link ez-toc-heading-8\" href=\"https:\/\/idecesos.com\/seguros\/companias\/sanitas\/dar-de-baja\/#Paginas_relacionadas\" >P\u00e1ginas relacionadas<\/a><\/li><\/ul><\/li><\/ul><\/nav><\/div>\n<p> Si desea dar de baja un seguro de decesos, es tan f\u00e1cil como continuar los pasos que le vamos a dar ahora. iDecesos ha trabajado para explicarte paso por paso de qu\u00e9 manera darse de baja en el seguro de decesos que tiene contratado. Es recomendable que, una vez est\u00e9 todo correctamente solucionado, busque otro seguro de decesos, en tanto que es muy importante para que sus seres queridos est\u00e9n tranquilos, si alg\u00fan d\u00eda ocurre un imprevisible. Ha de saber que, tiene que avisar a la compa\u00f1\u00eda 30 d\u00edas antes de la renovaci\u00f3n de su seguro de decesos para poder darlo de baja. <div class=\"colorf \"  ><div class=\"container clearfix\"><div class=\"col-md-7\"><\/p>\r\n<h2><span class=\"ez-toc-section\" id=\"Diferentes_opciones_para_cancelar_un_contrato_con_Sanitas\"><\/span>Diferentes opciones para cancelar un contrato con Sanitas<span class=\"ez-toc-section-end\"><\/span><\/h2>\r\n<!-- \/wp:post-content -->\r\n\r\n<!-- wp:paragraph -->\r\n<p>Hay diferentes opciones basadas en las experiencias de los clientes del servicio que decidieron dar de baja su seguro de decesos. Para darse de baja de un seguro de fallecimiento existen muchas opciones comunes en todas y cada una de las empresas de seguros. Algunas personas tienen m\u00e1s suerte y es posible que sea posible cancelar su seguro de decesos por tel\u00e9fono, no obstante, a fin de que la operadora de la compa\u00f1\u00eda de seguro de decesos le pueda dar de baja de sus servicios, le pedir\u00e1 que le mande el formulario de cancelaci\u00f3n en formato impreso, en caso contrario, va a perder su tiempo telef\u00f3nicamente con un operador que le dir\u00e1 que debe enviar el formulario de cancelaci\u00f3n impresa. Si desea darse de baja de un seguro de decesos de Sanitas por medio de tel\u00e9fono, no dude en contactar con nosotros a trav\u00e9s de nuestro e mail o nuestro n\u00famero. <\/div><\/div><\/div><\/p>\r\n<h3><span class=\"ez-toc-section\" id=\"A_traves_de_la_web_de_Sanitas\"><\/span>A trav\u00e9s de la web de Sanitas<span class=\"ez-toc-section-end\"><\/span><\/h3>\r\n<p>Puedes cancelar tu seguro de fallecimiento de manera directa a trav\u00e9s de la compa\u00f1\u00eda del seguro. Solo deber\u00e1 poner en su buscador la pr\u00f3xima web www.sanitas.es y poner en su buscador lo que est\u00e1 buscando. Si no dispone de buscador, busque la secci\u00f3n que m\u00e1s se amolde a su necesidad. Para dar de baja de manera correcta tu seguro de decesos, tendr\u00e1s que proseguirse unos pasos que van desde rellenar el formulario o descargar documentos. Si a\u00fan de este modo, prosigues sin encontrar de qu\u00e9 manera puedes dar de baja el seguro, solo debes ponerte en contacto con nosotros en el 951 127 403 o en el info@idecesos. com. Si has logrado hallar el formulario para dar de baja tu seguro de decesos, vas a recibir en unos pocos minutos un documento donde se te notifique que lo has realizado de forma correcta. <div class=\"colorf \"  ><div class=\"container clearfix\"><div class=\"col-md-7\"><\/p>\r\n<h3><span class=\"ez-toc-section\" id=\"Utilizando_el_correo_electronico_de_Sanitas\"><\/span>Utilizando el correo electr\u00f3nico de Sanitas<span class=\"ez-toc-section-end\"><\/span><\/h3>\r\n<p>Otro procedimiento para darse de baja del seguro de decesos de Sanitas es por medio de su correo electr\u00f3nico. La direcci\u00f3n de correo de la compa\u00f1\u00eda es la siguiente email Sanitas. Le se\u00f1alamos que, debe enviar los siguientes documentos a Sanitas: una imitaci\u00f3n de su documento de identidad y, la notificaci\u00f3n firmada por y, si no la tiene, puede hallarla en la web de la compa\u00f1\u00eda o nosotros mismos se la daremos, a trav\u00e9s de el n\u00famero 951 127 403 o bien el e-mail info@idecesos. com. Para que el proceso siga un buen camino, debe guardar su justificante del recibo y, una copia apropiadamente sellada. Para su calma, guarde una imitaci\u00f3n de la notificaci\u00f3n, en la que aparezca la fecha de env\u00edo. <\/div><\/div><\/div><\/p>\r\n<h3><span class=\"ez-toc-section\" id=\"Dar_de_baja_Sanitas_por_fax\"><\/span>Dar de baja Sanitas por fax<span class=\"ez-toc-section-end\"><\/span><\/h3>\r\n<p>Otro de los m\u00e9todos para dar de baja tu seguro de decesos es a trav\u00e9s del fax. Su procedimiento es muy parecido al que terminamos de explicar del correo electr\u00f3nico puesto que en vez de mandarlo por correo deber\u00e1 hacerlo v\u00eda fax. Tendr\u00e1s que mandarle a tu compa\u00f1\u00eda tanto tu copia del DNI como la notificaci\u00f3n firmada. Si no la encuesta, ll\u00e1menos a este n\u00famero de tel\u00e9fono y te la facilitaremos 951 127 403. Del mismo modo que en las opciones previamente detalladas, no olvides guardar la copia sellada y el justificante. La copia de la notificaci\u00f3n con la fecha de env\u00edo tambi\u00e9n es importante que la guardes. <div class=\"colorf \"  ><div class=\"container clearfix\"><div class=\"col-md-7\"><\/p>\r\n<h3><span class=\"ez-toc-section\" id=\"En_la_oficina_de_Sanitas\"><\/span>En la oficina de Sanitas<span class=\"ez-toc-section-end\"><\/span><\/h3>\r\n<p>Va a poder dar de baja su seguro de decesos, acudiendo presencialmente a las oficinas de Sanitas, si de este modo lo prefiere. Haciendo una busca en Internet, va a poder hallar las oficinas m\u00e1s cercanas y, el horario en el que puede asistir. Los profesionales de la compa\u00f1\u00eda, le ayudar\u00e1n para que pueda rellenar y firmar los documentos precisos correctamente. Solo debe continuar los pasos que le indiquen. Es preciso, que lleve su DNI, para el correcto funcionamiento del tr\u00e1mite. Para su tranquilidad, el experto se ocupar\u00e1 de cerrar los tr\u00e1mites de la baja de su seguro y, le van a dar todas las copias de los documentos para que las guarde. <\/div><\/div><\/div><\/p>\r\n<h3><span class=\"ez-toc-section\" id=\"Telefono_para_dar_de_baja_Sanitas\"><\/span>T\u00e9lefono para dar de baja Sanitas<span class=\"ez-toc-section-end\"><\/span><\/h3>\r\n<p>Dar de baja su seguro de decesos por tel\u00e9fono, va a ser tan simple como seguir apropiadamente los pasos que le se\u00f1alen los trabajadores especialistas de Sanitas. Por consiguiente, va a poder contactar buscando su n\u00famero en Internet o, llamando al 91 028 40 44. En poqu\u00edsimo tiempo, si sigue con exactitud cada paso recomendado, tendr\u00e1 su contrato de baja adecuadamente cerrado, gracias tambi\u00e9n, a la cooperaci\u00f3n de los expertos para llenar los tr\u00e1mites. <div class=\"colorf \"  ><div class=\"container clearfix\"><div class=\"col-md-7\"><\/p>\r\n<h2><span class=\"ez-toc-section\" id=\"Dar_de_baja_seguro_Sanitas_de_un_fallecido\"><\/span>Dar de baja seguro Sanitas de un fallecido<span class=\"ez-toc-section-end\"><\/span><\/h2>\r\n<p>Para finalizar, le vamos a dar los pasos clave para dar de baja su seguro de decesos, una vez fallecido el asegurado. Este, es el procedimiento m\u00e1s simple y f\u00e1cil para poder anularlo. Para su total tranquilidad, los profesionales se ocupar\u00e1n de cerrar y administrar los tr\u00e1mites pertinentes. Sanitas ser\u00e1 la responsable de anular su seguro de decesos autom\u00e1ticamente tras su muerte. Una vez finalizados los servicios del sepelio, los profesionales de Sanitas van a dar de baja el seguro de decesos de la persona fallecida y, los familiares no deber\u00e1n preocuparse por nada. <\/div><\/div><\/div> <div class=\"oficinas\"> <h3><span class=\"ez-toc-section\" id=\"Paginas_relacionadas\"><\/span>P\u00e1ginas relacionadas<span class=\"ez-toc-section-end\"><\/span><\/h3><div class=\"enlazado\"><ul> <li><a href=\"https:\/\/idecesos.com\/seguros\/companias\/sanitas\/opiniones\/\">Opiniones Sanitas<\/a><\/li> <li><a href=\"https:\/\/idecesos.com\/seguros\/companias\/sanitas\/precio\/\">Precio seguro Sanitas<\/a><\/li> <li><a href=\"https:\/\/idecesos.com\/seguros\/companias\/sanitas\/prima-mixta\/\">Sanitas Prima Mixta<\/a><\/li> <li><a href=\"https:\/\/idecesos.com\/seguros\/companias\/sanitas\/prima-natural\/\">Sanitas Prima Natural<\/a><\/li> <li><a href=\"https:\/\/idecesos.com\/seguros\/companias\/sanitas\/prima-nivelada\/\">Sanitas Prima Nivelada<\/a><\/li> <li><a href=\"https:\/\/idecesos.com\/seguros\/companias\/sanitas\/prima-unica\/\">Sanitas Prima \u00danica<\/a><\/li> <li><a href=\"https:\/\/idecesos.com\/seguros\/companias\/sanitas\/repatriacion\/\">Sanitas Repatriaci\u00f3n<\/a><\/li> <li><a href=\"https:\/\/idecesos.com\/seguros\/companias\/sanitas\/telefono\/\">Tel\u00e9fono Gratuito Sanitas<\/a><\/li><\/ul><\/div> <\/div><\/p>","protected":false},"excerpt":{"rendered":"<p>Si desea dar de baja un seguro de decesos, es tan f\u00e1cil como continuar los pasos que le vamos a dar ahora. iDecesos ha trabajado para explicarte paso por paso de qu\u00e9 manera darse de baja en el seguro de decesos que tiene contratado. Es recomendable que, una vez est\u00e9 todo correctamente solucionado, busque otro&hellip; <\/p>\n","protected":false},"author":1,"featured_media":0,"parent":16262,"menu_order":0,"comment_status":"closed","ping_status":"closed","template":"single.php","meta":{"footnotes":""},"class_list":["post-18268","page","type-page","status-publish","hentry"],"yoast_head":"<!-- This site is optimized with the Yoast SEO plugin v27.3 - https:\/\/yoast.com\/product\/yoast-seo-wordpress\/ -->\n<title>\u00bfC\u00f3mo dar de Baja o Cancelar Seguro de Decesos Sanitas?<\/title>\n<meta name=\"description\" content=\"Obt\u00e9n aqu\u00ed\u3010c\u00f3mo dar de baja o cancelar seguro de decesos Sanitas\u3011Modelo carta, fax, correo electr\u00f3nico (email), tel\u00e9fono gratis.\" \/>\n<meta name=\"robots\" content=\"index, follow, max-snippet:-1, max-image-preview:large, max-video-preview:-1\" \/>\n<link rel=\"canonical\" href=\"https:\/\/idecesos.com\/seguros\/companias\/sanitas\/dar-de-baja\/\" \/>\n<meta property=\"og:locale\" content=\"es_ES\" \/>\n<meta property=\"og:type\" content=\"article\" \/>\n<meta property=\"og:title\" content=\"\u00bfC\u00f3mo dar de Baja o Cancelar Seguro de Decesos Sanitas?\" \/>\n<meta property=\"og:description\" content=\"Obt\u00e9n aqu\u00ed\u3010c\u00f3mo dar de baja o cancelar seguro de decesos Sanitas\u3011Modelo carta, fax, correo electr\u00f3nico (email), tel\u00e9fono gratis.\" \/>\n<meta property=\"og:url\" content=\"https:\/\/idecesos.com\/seguros\/companias\/sanitas\/dar-de-baja\/\" \/>\n<meta property=\"article:modified_time\" content=\"2022-01-31T16:41:32+00:00\" \/>\n<meta name=\"twitter:card\" content=\"summary_large_image\" \/>\n<meta name=\"twitter:label1\" content=\"Tiempo de lectura\" \/>\n\t<meta name=\"twitter:data1\" content=\"5 minutos\" \/>\n<script type=\"application\/ld+json\" class=\"yoast-schema-graph\">{\"@context\":\"https:\\\/\\\/schema.org\",\"@graph\":[{\"@type\":\"WebPage\",\"@id\":\"https:\\\/\\\/idecesos.com\\\/seguros\\\/companias\\\/sanitas\\\/dar-de-baja\\\/\",\"url\":\"https:\\\/\\\/idecesos.com\\\/seguros\\\/companias\\\/sanitas\\\/dar-de-baja\\\/\",\"name\":\"\u00bfC\u00f3mo dar de Baja o Cancelar Seguro de Decesos Sanitas?\",\"isPartOf\":{\"@id\":\"https:\\\/\\\/idecesos.com\\\/seguros\\\/#website\"},\"datePublished\":\"2021-12-29T11:53:41+00:00\",\"dateModified\":\"2022-01-31T16:41:32+00:00\",\"description\":\"Obt\u00e9n aqu\u00ed\u3010c\u00f3mo dar de baja o cancelar seguro de decesos Sanitas\u3011Modelo carta, fax, correo electr\u00f3nico (email), tel\u00e9fono gratis.\",\"breadcrumb\":{\"@id\":\"https:\\\/\\\/idecesos.com\\\/seguros\\\/companias\\\/sanitas\\\/dar-de-baja\\\/#breadcrumb\"},\"inLanguage\":\"es\",\"potentialAction\":[{\"@type\":\"ReadAction\",\"target\":[\"https:\\\/\\\/idecesos.com\\\/seguros\\\/companias\\\/sanitas\\\/dar-de-baja\\\/\"]}]},{\"@type\":\"BreadcrumbList\",\"@id\":\"https:\\\/\\\/idecesos.com\\\/seguros\\\/companias\\\/sanitas\\\/dar-de-baja\\\/#breadcrumb\",\"itemListElement\":[{\"@type\":\"ListItem\",\"position\":1,\"name\":\"Portada\",\"item\":\"https:\\\/\\\/idecesos.com\\\/seguros\\\/\"},{\"@type\":\"ListItem\",\"position\":2,\"name\":\"Compa\u00f1\u00edas de Seguros de Decesos en Espa\u00f1a\",\"item\":\"https:\\\/\\\/idecesos.com\\\/seguros\\\/companias\\\/\"},{\"@type\":\"ListItem\",\"position\":3,\"name\":\"Seguro de decesos Sanitas\",\"item\":\"https:\\\/\\\/idecesos.com\\\/seguros\\\/companias\\\/sanitas\\\/\"},{\"@type\":\"ListItem\",\"position\":4,\"name\":\"\u00bfC\u00f3mo dar de baja seguro Sanitas?\"}]},{\"@type\":\"WebSite\",\"@id\":\"https:\\\/\\\/idecesos.com\\\/seguros\\\/#website\",\"url\":\"https:\\\/\\\/idecesos.com\\\/seguros\\\/\",\"name\":\"\",\"description\":\"\",\"potentialAction\":[{\"@type\":\"SearchAction\",\"target\":{\"@type\":\"EntryPoint\",\"urlTemplate\":\"https:\\\/\\\/idecesos.com\\\/seguros\\\/?s={search_term_string}\"},\"query-input\":{\"@type\":\"PropertyValueSpecification\",\"valueRequired\":true,\"valueName\":\"search_term_string\"}}],\"inLanguage\":\"es\"}]}<\/script>\n<!-- \/ Yoast SEO plugin. -->","yoast_head_json":{"title":"\u00bfC\u00f3mo dar de Baja o Cancelar Seguro de Decesos Sanitas?","description":"Obt\u00e9n aqu\u00ed\u3010c\u00f3mo dar de baja o cancelar seguro de decesos Sanitas\u3011Modelo carta, fax, correo electr\u00f3nico (email), tel\u00e9fono gratis.","robots":{"index":"index","follow":"follow","max-snippet":"max-snippet:-1","max-image-preview":"max-image-preview:large","max-video-preview":"max-video-preview:-1"},"canonical":"https:\/\/idecesos.com\/seguros\/companias\/sanitas\/dar-de-baja\/","og_locale":"es_ES","og_type":"article","og_title":"\u00bfC\u00f3mo dar de Baja o Cancelar Seguro de Decesos Sanitas?","og_description":"Obt\u00e9n aqu\u00ed\u3010c\u00f3mo dar de baja o cancelar seguro de decesos Sanitas\u3011Modelo carta, fax, correo electr\u00f3nico (email), tel\u00e9fono gratis.","og_url":"https:\/\/idecesos.com\/seguros\/companias\/sanitas\/dar-de-baja\/","article_modified_time":"2022-01-31T16:41:32+00:00","twitter_card":"summary_large_image","twitter_misc":{"Tiempo de lectura":"5 minutos"},"schema":{"@context":"https:\/\/schema.org","@graph":[{"@type":"WebPage","@id":"https:\/\/idecesos.com\/seguros\/companias\/sanitas\/dar-de-baja\/","url":"https:\/\/idecesos.com\/seguros\/companias\/sanitas\/dar-de-baja\/","name":"\u00bfC\u00f3mo dar de Baja o Cancelar Seguro de Decesos Sanitas?","isPartOf":{"@id":"https:\/\/idecesos.com\/seguros\/#website"},"datePublished":"2021-12-29T11:53:41+00:00","dateModified":"2022-01-31T16:41:32+00:00","description":"Obt\u00e9n aqu\u00ed\u3010c\u00f3mo dar de baja o cancelar seguro de decesos Sanitas\u3011Modelo carta, fax, correo electr\u00f3nico (email), tel\u00e9fono gratis.","breadcrumb":{"@id":"https:\/\/idecesos.com\/seguros\/companias\/sanitas\/dar-de-baja\/#breadcrumb"},"inLanguage":"es","potentialAction":[{"@type":"ReadAction","target":["https:\/\/idecesos.com\/seguros\/companias\/sanitas\/dar-de-baja\/"]}]},{"@type":"BreadcrumbList","@id":"https:\/\/idecesos.com\/seguros\/companias\/sanitas\/dar-de-baja\/#breadcrumb","itemListElement":[{"@type":"ListItem","position":1,"name":"Portada","item":"https:\/\/idecesos.com\/seguros\/"},{"@type":"ListItem","position":2,"name":"Compa\u00f1\u00edas de Seguros de Decesos en Espa\u00f1a","item":"https:\/\/idecesos.com\/seguros\/companias\/"},{"@type":"ListItem","position":3,"name":"Seguro de decesos Sanitas","item":"https:\/\/idecesos.com\/seguros\/companias\/sanitas\/"},{"@type":"ListItem","position":4,"name":"\u00bfC\u00f3mo dar de baja seguro Sanitas?"}]},{"@type":"WebSite","@id":"https:\/\/idecesos.com\/seguros\/#website","url":"https:\/\/idecesos.com\/seguros\/","name":"","description":"","potentialAction":[{"@type":"SearchAction","target":{"@type":"EntryPoint","urlTemplate":"https:\/\/idecesos.com\/seguros\/?s={search_term_string}"},"query-input":{"@type":"PropertyValueSpecification","valueRequired":true,"valueName":"search_term_string"}}],"inLanguage":"es"}]}},"_links":{"self":[{"href":"https:\/\/idecesos.com\/seguros\/wp-json\/wp\/v2\/pages\/18268","targetHints":{"allow":["GET"]}}],"collection":[{"href":"https:\/\/idecesos.com\/seguros\/wp-json\/wp\/v2\/pages"}],"about":[{"href":"https:\/\/idecesos.com\/seguros\/wp-json\/wp\/v2\/types\/page"}],"author":[{"embeddable":true,"href":"https:\/\/idecesos.com\/seguros\/wp-json\/wp\/v2\/users\/1"}],"replies":[{"embeddable":true,"href":"https:\/\/idecesos.com\/seguros\/wp-json\/wp\/v2\/comments?post=18268"}],"version-history":[{"count":1,"href":"https:\/\/idecesos.com\/seguros\/wp-json\/wp\/v2\/pages\/18268\/revisions"}],"predecessor-version":[{"id":19138,"href":"https:\/\/idecesos.com\/seguros\/wp-json\/wp\/v2\/pages\/18268\/revisions\/19138"}],"up":[{"embeddable":true,"href":"https:\/\/idecesos.com\/seguros\/wp-json\/wp\/v2\/pages\/16262"}],"wp:attachment":[{"href":"https:\/\/idecesos.com\/seguros\/wp-json\/wp\/v2\/media?parent=18268"}],"curies":[{"name":"wp","href":"https:\/\/api.w.org\/{rel}","templated":true}]}}