{"id":187,"date":"2021-07-08T16:59:46","date_gmt":"2021-07-08T16:59:46","guid":{"rendered":"https:\/\/idecesos.com\/seguros\/?page_id=187"},"modified":"2022-01-18T11:28:04","modified_gmt":"2022-01-18T11:28:04","slug":"coberturas","status":"publish","type":"page","link":"https:\/\/idecesos.com\/seguros\/companias\/asisa\/coberturas\/","title":{"rendered":"Coberturas Seguro de decesos Asisa"},"content":{"rendered":"\r\n\r\n<p>Asisa es una de las grandes compa\u00f1\u00edas de salud, este es su sector m\u00e1s fuerte e importante aunque no solo tiene seguros de salud. Tiene seguros de vida, de accidentes, dental, de hospitalizaci\u00f3n y de decesos, que es el que en este art\u00edculo vamos a ver y a analizar.<\/p>\r\n\r\n\r\n\r\n<p>Asisa decesos es un producto dentro de la empresa del sector de los seguros que te garantiza la calma y la tranquilidad de saber que pase lo que pase, tu familia y t\u00fa ten\u00e9is todo asegurado y organizado, os anticipa\u00eds a lo que vaya a venir para poder estar en paz y relajados. Este seguro cubre los costes y los pagos cuando el asegurado fallece, tiene una cobertura principal que es que en el momento de la defunci\u00f3n de las personas aseguradas, el seguro se compromete a cubrir los servicios funerarios y los traslados de personas a nivel nacional. Despu\u00e9s, entre las distintas coberturas complementarias tenemos la de asistencia en viajes, la de asistencia legal por defunci\u00f3n y la de asesor\u00eda legal y asistencia jur\u00eddica. Adem\u00e1s existe una cobertura adicional que veremos m\u00e1s adelante.<\/p>\r\n\r\n\r\n\r\n<p>Pasemos a ver una a una las coberturas complementarias. En la asistencia en viajes contamos con la asistencia en Espa\u00f1a, el traslado y los gastos de estancia para una persona que acompa\u00f1e en una situaci\u00f3n de defunci\u00f3n por parte del asegurado y si es por accidente. En la asistencia fuera de Espa\u00f1a, podr\u00e1s contar con gastos en un servicio m\u00e9dico de hasta quince mil euros, siempre que sea por accidente o por enfermedad, con un traslado internacional, con los gastos de una persona que acompa\u00f1e al accidentado o al fallecido, con env\u00edo de un m\u00e9dico o de medicamentos all\u00e1 donde est\u00e9s, con consulta a distancia, con gastos odontol\u00f3gicos de urgencia, con int\u00e9rprete, con atenci\u00f3n a domicilio, con un adelanto de fondos econ\u00f3micos, etc.<\/p>\r\n\r\n\r\n\r\n<p>En la asistencia legal por fallecimiento vemos que disponemos de un servicio de informaci\u00f3n, asistencia, orientaci\u00f3n y asesor\u00eda legal extrajudicial, todas las dudas y los tr\u00e1mites que, en este sentido, puedan venir a partir de la defunci\u00f3n de una persona que est\u00e9 dentro de la p\u00f3liza de seguros. Esta cobertura implica as\u00ed mismo las consultas y las tareas que se realicen debido a las gestiones de sucesiones y de pensiones.<\/p>\r\n\r\n\r\n\r\n<p>Con el consejo legal y la asistencia jur\u00eddica nos garantiza disponer de un consejo legal y de una atenci\u00f3n jur\u00eddica telef\u00f3nica acerca de cualquier tema personal y que tenga relaci\u00f3n con la legislaci\u00f3n espa\u00f1ola. Igualmente te dan acceso a una red de despacho de abogados entre los que puedes seleccionar el que m\u00e1s te guste.<\/p>\r\n\r\n\r\n\r\n<p>En la cobertura opcional encontramos otro complemento muy interesante. Es la cobertura de defunci\u00f3n para las personas aseguradas que residan fuera de Espa\u00f1a, con una estancia de m\u00e1s de noventa d\u00edas en el extranjero. Esta cobertura incluye los tr\u00e1mites y los costes del traslado internacional del asegurado que ha fenecido, as\u00ed como el billete de ida y de vuelta de un familiar que se escoja para acompa\u00f1ar al f\u00e9retro.<\/p>\r\n\r\n\r\n\r\n<p>Para que podamos hacernos una idea, el coste de un prima que es v\u00e1lida para este a\u00f1o, 2017, y para una persona de treinta a\u00f1os quien reside en Soria, es de 15.99 euros por persona al a\u00f1o. Es una cantidad peque\u00f1a de dinero que se paga anualmente, si bien podr\u00eda hacerse cualquier otra modalidad de pago, con la que la persona asegurada cuenta con todas las coberturas que tiene el seguro de Asisa y lo tiene todo listo y previsto de una manera sencilla y f\u00e1cil. El pago de igual modo podr\u00eda hacerse mensual, bimensual, trimestral, semestral o anual, t\u00fa eliges. Los factores de la localidad donde resides y donde tengas domicilio, aparte de tu edad, influyen en el coste y en el pago que tengas que hacer por tu seguro de decesos. Indudablemente, va a contar el tipo de seguro que escojas, las coberturas que tenga y las necesidades que cada quien posea.<\/p>\r\n\r\n\r\n\r\n<p>Es por todo esto que lo que te recomendamos es que utilices una empresa que se dedique a la comparaci\u00f3n de seguros. En el caso de iDecesos.com est\u00e1 especializada en los seguros de decesos, esto hace que la comparativa que realices en su p\u00e1gina te informe de las opciones que hay dentro de los seguros de decesos, de las alternativas que m\u00e1s te interesen. A partir de ah\u00ed ya podr\u00e1s elegir, adem\u00e1s son m\u00faltiples las compa\u00f1\u00edas que colaboran con nosotros por lo que vas a tener la mayor\u00eda de la selecci\u00f3n que te da el mercado. Por otro lado, la comparaci\u00f3n no te llevar\u00e1 m\u00e1s de dos minutos realizarla, teniendo que dar unos pocos datos personales como la edad, la localidad y poco m\u00e1s. Despu\u00e9s de realizar esta comparaci\u00f3n, uno de nuestros agentes se pondr\u00e1 en contacto conmigo para asesorarte en todo lo que necesites y para poder resolver todas las dudas que tengas. Te animamos a probarlo.<\/p>\r\n\r\n<h3>P\u00e1ginas relacionadas<\/h3><div class=\"enlazado\"><ul> <li><a href=\"https:\/\/idecesos.com\/seguros\/companias\/asisa\/coberturas\/\">Coberturas Seguro de decesos Asisa<\/a><\/li> <li><a href=\"https:\/\/idecesos.com\/seguros\/companias\/asisa\/opiniones\/\">Opiniones Asisa<\/a><\/li> <li><a href=\"https:\/\/idecesos.com\/seguros\/companias\/asisa\/precio\/\">Precio seguro Asisa<\/a><\/li> <li><a href=\"https:\/\/idecesos.com\/seguros\/companias\/asisa\/prima-mixta\/\">Asisa Prima Mixta<\/a><\/li> <li><a href=\"https:\/\/idecesos.com\/seguros\/companias\/asisa\/prima-natural\/\">Asisa Prima Natural<\/a><\/li> <li><a href=\"https:\/\/idecesos.com\/seguros\/companias\/asisa\/prima-nivelada\/\">Asisa Prima Nivelada<\/a><\/li> <li><a href=\"https:\/\/idecesos.com\/seguros\/companias\/asisa\/prima-unica\/\">Asisa Prima \u00danica<\/a><\/li> <li><a href=\"https:\/\/idecesos.com\/seguros\/companias\/asisa\/repatriacion\/\">Asisa Repatriaci\u00f3n<\/a><\/li> <li><a href=\"https:\/\/idecesos.com\/seguros\/companias\/asisa\/telefono\/\">Tel\u00e9fono Gratuito Asisa<\/a><\/li><\/ul><\/div>","protected":false},"excerpt":{"rendered":"<p>Asisa es una de las grandes compa\u00f1\u00edas de salud, este es su sector m\u00e1s fuerte e importante aunque no solo tiene seguros de salud. Tiene seguros de vida, de accidentes, dental, de hospitalizaci\u00f3n y de decesos, que es el que en este art\u00edculo vamos a ver y a analizar. Asisa decesos es un producto dentro&hellip; <\/p>\n","protected":false},"author":2,"featured_media":0,"parent":163,"menu_order":0,"comment_status":"closed","ping_status":"closed","template":"single.php","meta":{"footnotes":""},"class_list":["post-187","page","type-page","status-publish","hentry"],"yoast_head":"<!-- This site is optimized with the Yoast SEO plugin v27.3 - https:\/\/yoast.com\/product\/yoast-seo-wordpress\/ -->\n<title>Coberturas Seguro de decesos Asisa | Gu\u00eda 2026<\/title>\n<meta name=\"description\" content=\"Consulta gratis las coberturas y servicios del Seguro de decesos Asisa Informaci\u00f3n actualizada en 2026. Coberturas verificadas por iDecesos.\" \/>\n<meta name=\"robots\" content=\"index, follow, max-snippet:-1, max-image-preview:large, max-video-preview:-1\" \/>\n<link rel=\"canonical\" href=\"https:\/\/idecesos.com\/seguros\/companias\/asisa\/coberturas\/\" \/>\n<meta property=\"og:locale\" content=\"es_ES\" \/>\n<meta property=\"og:type\" content=\"article\" \/>\n<meta property=\"og:title\" content=\"Coberturas Seguro de decesos Asisa | Gu\u00eda 2026\" \/>\n<meta property=\"og:description\" content=\"Consulta gratis las coberturas y servicios del Seguro de decesos Asisa Informaci\u00f3n actualizada en 2026. Coberturas verificadas por iDecesos.\" \/>\n<meta property=\"og:url\" content=\"https:\/\/idecesos.com\/seguros\/companias\/asisa\/coberturas\/\" \/>\n<meta property=\"article:modified_time\" content=\"2022-01-18T11:28:04+00:00\" \/>\n<meta name=\"twitter:card\" content=\"summary_large_image\" \/>\n<meta name=\"twitter:label1\" content=\"Tiempo de lectura\" \/>\n\t<meta name=\"twitter:data1\" content=\"4 minutos\" \/>\n<script type=\"application\/ld+json\" class=\"yoast-schema-graph\">{\"@context\":\"https:\\\/\\\/schema.org\",\"@graph\":[{\"@type\":\"WebPage\",\"@id\":\"https:\\\/\\\/idecesos.com\\\/seguros\\\/companias\\\/asisa\\\/coberturas\\\/\",\"url\":\"https:\\\/\\\/idecesos.com\\\/seguros\\\/companias\\\/asisa\\\/coberturas\\\/\",\"name\":\"Coberturas Seguro de decesos Asisa | Gu\u00eda 2026\",\"isPartOf\":{\"@id\":\"https:\\\/\\\/idecesos.com\\\/seguros\\\/#website\"},\"datePublished\":\"2021-07-08T16:59:46+00:00\",\"dateModified\":\"2022-01-18T11:28:04+00:00\",\"description\":\"Consulta gratis las coberturas y servicios del Seguro de decesos Asisa Informaci\u00f3n actualizada en 2026. Coberturas verificadas por iDecesos.\",\"breadcrumb\":{\"@id\":\"https:\\\/\\\/idecesos.com\\\/seguros\\\/companias\\\/asisa\\\/coberturas\\\/#breadcrumb\"},\"inLanguage\":\"es\",\"potentialAction\":[{\"@type\":\"ReadAction\",\"target\":[\"https:\\\/\\\/idecesos.com\\\/seguros\\\/companias\\\/asisa\\\/coberturas\\\/\"]}]},{\"@type\":\"BreadcrumbList\",\"@id\":\"https:\\\/\\\/idecesos.com\\\/seguros\\\/companias\\\/asisa\\\/coberturas\\\/#breadcrumb\",\"itemListElement\":[{\"@type\":\"ListItem\",\"position\":1,\"name\":\"Portada\",\"item\":\"https:\\\/\\\/idecesos.com\\\/seguros\\\/\"},{\"@type\":\"ListItem\",\"position\":2,\"name\":\"Compa\u00f1\u00edas de Seguros de Decesos en Espa\u00f1a\",\"item\":\"https:\\\/\\\/idecesos.com\\\/seguros\\\/companias\\\/\"},{\"@type\":\"ListItem\",\"position\":3,\"name\":\"Seguro de Decesos Asisa\",\"item\":\"https:\\\/\\\/idecesos.com\\\/seguros\\\/companias\\\/asisa\\\/\"},{\"@type\":\"ListItem\",\"position\":4,\"name\":\"Coberturas Seguro de decesos Asisa\"}]},{\"@type\":\"WebSite\",\"@id\":\"https:\\\/\\\/idecesos.com\\\/seguros\\\/#website\",\"url\":\"https:\\\/\\\/idecesos.com\\\/seguros\\\/\",\"name\":\"\",\"description\":\"\",\"potentialAction\":[{\"@type\":\"SearchAction\",\"target\":{\"@type\":\"EntryPoint\",\"urlTemplate\":\"https:\\\/\\\/idecesos.com\\\/seguros\\\/?s={search_term_string}\"},\"query-input\":{\"@type\":\"PropertyValueSpecification\",\"valueRequired\":true,\"valueName\":\"search_term_string\"}}],\"inLanguage\":\"es\"}]}<\/script>\n<!-- \/ Yoast SEO plugin. -->","yoast_head_json":{"title":"Coberturas Seguro de decesos Asisa | Gu\u00eda 2026","description":"Consulta gratis las coberturas y servicios del Seguro de decesos Asisa Informaci\u00f3n actualizada en 2026. Coberturas verificadas por iDecesos.","robots":{"index":"index","follow":"follow","max-snippet":"max-snippet:-1","max-image-preview":"max-image-preview:large","max-video-preview":"max-video-preview:-1"},"canonical":"https:\/\/idecesos.com\/seguros\/companias\/asisa\/coberturas\/","og_locale":"es_ES","og_type":"article","og_title":"Coberturas Seguro de decesos Asisa | Gu\u00eda 2026","og_description":"Consulta gratis las coberturas y servicios del Seguro de decesos Asisa Informaci\u00f3n actualizada en 2026. Coberturas verificadas por iDecesos.","og_url":"https:\/\/idecesos.com\/seguros\/companias\/asisa\/coberturas\/","article_modified_time":"2022-01-18T11:28:04+00:00","twitter_card":"summary_large_image","twitter_misc":{"Tiempo de lectura":"4 minutos"},"schema":{"@context":"https:\/\/schema.org","@graph":[{"@type":"WebPage","@id":"https:\/\/idecesos.com\/seguros\/companias\/asisa\/coberturas\/","url":"https:\/\/idecesos.com\/seguros\/companias\/asisa\/coberturas\/","name":"Coberturas Seguro de decesos Asisa | Gu\u00eda 2026","isPartOf":{"@id":"https:\/\/idecesos.com\/seguros\/#website"},"datePublished":"2021-07-08T16:59:46+00:00","dateModified":"2022-01-18T11:28:04+00:00","description":"Consulta gratis las coberturas y servicios del Seguro de decesos Asisa Informaci\u00f3n actualizada en 2026. Coberturas verificadas por iDecesos.","breadcrumb":{"@id":"https:\/\/idecesos.com\/seguros\/companias\/asisa\/coberturas\/#breadcrumb"},"inLanguage":"es","potentialAction":[{"@type":"ReadAction","target":["https:\/\/idecesos.com\/seguros\/companias\/asisa\/coberturas\/"]}]},{"@type":"BreadcrumbList","@id":"https:\/\/idecesos.com\/seguros\/companias\/asisa\/coberturas\/#breadcrumb","itemListElement":[{"@type":"ListItem","position":1,"name":"Portada","item":"https:\/\/idecesos.com\/seguros\/"},{"@type":"ListItem","position":2,"name":"Compa\u00f1\u00edas de Seguros de Decesos en Espa\u00f1a","item":"https:\/\/idecesos.com\/seguros\/companias\/"},{"@type":"ListItem","position":3,"name":"Seguro de Decesos Asisa","item":"https:\/\/idecesos.com\/seguros\/companias\/asisa\/"},{"@type":"ListItem","position":4,"name":"Coberturas Seguro de decesos Asisa"}]},{"@type":"WebSite","@id":"https:\/\/idecesos.com\/seguros\/#website","url":"https:\/\/idecesos.com\/seguros\/","name":"","description":"","potentialAction":[{"@type":"SearchAction","target":{"@type":"EntryPoint","urlTemplate":"https:\/\/idecesos.com\/seguros\/?s={search_term_string}"},"query-input":{"@type":"PropertyValueSpecification","valueRequired":true,"valueName":"search_term_string"}}],"inLanguage":"es"}]}},"_links":{"self":[{"href":"https:\/\/idecesos.com\/seguros\/wp-json\/wp\/v2\/pages\/187","targetHints":{"allow":["GET"]}}],"collection":[{"href":"https:\/\/idecesos.com\/seguros\/wp-json\/wp\/v2\/pages"}],"about":[{"href":"https:\/\/idecesos.com\/seguros\/wp-json\/wp\/v2\/types\/page"}],"author":[{"embeddable":true,"href":"https:\/\/idecesos.com\/seguros\/wp-json\/wp\/v2\/users\/2"}],"replies":[{"embeddable":true,"href":"https:\/\/idecesos.com\/seguros\/wp-json\/wp\/v2\/comments?post=187"}],"version-history":[{"count":5,"href":"https:\/\/idecesos.com\/seguros\/wp-json\/wp\/v2\/pages\/187\/revisions"}],"predecessor-version":[{"id":18847,"href":"https:\/\/idecesos.com\/seguros\/wp-json\/wp\/v2\/pages\/187\/revisions\/18847"}],"up":[{"embeddable":true,"href":"https:\/\/idecesos.com\/seguros\/wp-json\/wp\/v2\/pages\/163"}],"wp:attachment":[{"href":"https:\/\/idecesos.com\/seguros\/wp-json\/wp\/v2\/media?parent=187"}],"curies":[{"name":"wp","href":"https:\/\/api.w.org\/{rel}","templated":true}]}}