{"id":466,"date":"2021-07-12T09:34:42","date_gmt":"2021-07-12T09:34:42","guid":{"rendered":"https:\/\/idecesos.com\/seguros\/?page_id=466"},"modified":"2024-12-11T13:41:10","modified_gmt":"2024-12-11T12:41:10","slug":"coberturas","status":"publish","type":"page","link":"https:\/\/idecesos.com\/seguros\/companias\/reale\/coberturas\/","title":{"rendered":"Coberturas Seguro de Decesos Reale"},"content":{"rendered":"\r\n\r\n<p>Reale lleva ofreciendo sus servicios de seguros desde su creaci\u00f3n en el siglo XIX en Italia, por lo que cuenta con un gran prestigio y experiencia entre sus clientes, convirti\u00e9ndola as\u00ed en la mayor aseguradora italiana, construida por nueve empresas de diferentes sectores como la banca o inmobiliaria.<\/p>\r\n\r\n\r\n\r\n<p>La principal cobertura que cubre el seguro de decesos de Reale es la asistencia para hacer frente a los gastos, gestiones inmediatas que se realizan en el servicio f\u00fanebre, en funci\u00f3n del capital que se acuerda en el contrato de la p\u00f3liza. Con el seguro de decesos de esta compa\u00f1\u00eda usted no tendr\u00e1 que hacerse cargo de estas gestiones en los momentos m\u00e1s dif\u00edciles, lo que le supondr\u00e1 un desahogo ya que se ocuparan de todo lo necesario con un Servicio Integral de Asistencia en caso de fallecimiento.<\/p>\r\n\r\n\r\n\r\n<p>Adem\u00e1s de esta cobertura,\u00a0<strong>la compa\u00f1\u00eda ofrece otras garant\u00edas:<\/strong><\/p>\r\n\r\n\r\n\r\n<p>Asistencia en viaje, le cubre el traslado tanto a nivel nacional como internacional, ya sea dentro de la geograf\u00eda espa\u00f1ola o bien en cualquier parte del mundo, desde el lugar donde se produzca el fallecimiento hasta la localidad que decida el asegurado. Al contratar el seguro de decesos de Reale, esta cobertura se incluye como garant\u00eda b\u00e1sica.<\/p>\r\n\r\n\r\n\r\n<p>En los casos de que los familiares del asegurado una vez fallecido, no puedan viajar junto a los restos mortales, la compa\u00f1\u00eda le brindar\u00e1 con la custodia del cuerpo del fallecido durante el traslado por parte de un profesional.<\/p>\r\n\r\n\r\n\r\n<p>En el caso de que el asegurado fallecido tenga hijos menores de edad, Reale Seguros, le garantiza el traslado de los hijos hasta la residencia del fallecido o lugar del entierro, responsabiliz\u00e1ndose de ellos, incluso si es necesario, se le asignar\u00e1 un acompa\u00f1ante cualificado para el regreso de los mismos.<\/p>\r\n\r\n\r\n\r\n<p>En cuanto a la orientaci\u00f3n jur\u00eddica, la compa\u00f1\u00eda se pone a disposici\u00f3n de los beneficiarios de la p\u00f3liza, para solucionar los aspectos que tengan que ver con las pensiones, herencias o cualquier gesti\u00f3n judicial y\/o admirativa necesaria tras la defunci\u00f3n del asegurado.<\/p>\r\n\r\n\r\n\r\n<p>Adem\u00e1s de todas estas garant\u00edas tambi\u00e9n tiene un servicio de repatriaci\u00f3n, que es una cobertura opcional y que no va incluida en el precio del seguro de decesos de Reale. Este servicio est\u00e1 dirigido a aquellas personas que sean de otros pa\u00edses pero que vivan en Espa\u00f1a, de tal manera que, si se produce el fallecimiento del asegurado dentro del territorio espa\u00f1ol, la compa\u00f1\u00eda asume todos los gastos de repatriaci\u00f3n y se encargar\u00e1 de los tr\u00e1mites necesarios para ello.<\/p>\r\n\r\n\r\n\r\n<p>Si el fallecimiento se produce por un accidente en la carretera, en un lugar lejano a la poblaci\u00f3n donde se realiza el entierro, incluso en el extranjero, Reale cuenta con un gran equipo de especialistas que estar\u00e1n a su disposici\u00f3n, ya que son unos excelentes profesionales en la organizaci\u00f3n de funerales.<\/p>\r\n\r\n\r\n\r\n<p>De la misma manera que en el caso anterior, si el fallecimiento se produce por un acto violento como secuestro, atentado o atraco, la compa\u00f1\u00eda se har\u00e1 cargo.<\/p>\r\n\r\n\r\n\r\n<p>En todos los duros casos que se puedan dar en la vida del asegurado, la compa\u00f1\u00eda cuenta con un tel\u00e9fono de asistencia durante las veinticuatro horas durante todo el a\u00f1o, para prestar su servicio con la mayor rapidez y sin ning\u00fan tipo de reparo.<\/p>\r\n\r\n\r\n\r\n<p>En Espa\u00f1a los seguros m\u00e1s contratados son los seguros de decesos junto a los de auto y hogar por ello, la aseguradora Reale, desde su implantaci\u00f3n en nuestro pa\u00eds, ha crecido por encima de la media de las aseguradoras, incluso haciendo una estrategia de comprar y acuerdos que le ha permitido consolidarse como una de las empresas m\u00e1s potentes, con una variedad de servicios.<\/p>\r\n\r\n\r\n\r\n<p>Por si le interesa tambi\u00e9n le mencionamos las coberturas que puede tener al contratar un seguro de accidentes con Reale, pero le recordamos que no est\u00e1 dentro del pago de la p\u00f3liza del seguro de decesos.<\/p>\r\n\r\n\r\n\r\n<p>\u2013 \u00a0\u00a0\u00a0\u00a0\u00a0\u00a0\u00a0\u00a0\u00a0En caso de fallecimiento por accidentes.<\/p>\r\n\r\n\r\n\r\n<p>\u2013 Asistencia en viajes y orientaci\u00f3n a la dependencia.<\/p>\r\n\r\n\r\n\r\n<p>Con todo esto el nuevo seguro de decesos de Reale viene para quedarse y en iDecesos.com puede encontrar la opci\u00f3n que m\u00e1s se asemeje a sus necesidades.<\/p>\r\n\r\n<h3>P\u00e1ginas relacionadas<\/h3><div class=\"enlazado\"><ul> <li><a href=\"https:\/\/idecesos.com\/seguros\/companias\/reale\/coberturas\/\">Coberturas Reale<\/a><\/li> <li><a href=\"https:\/\/idecesos.com\/seguros\/companias\/reale\/opiniones\/\">Opiniones Reale<\/a><\/li> <li><a href=\"https:\/\/idecesos.com\/seguros\/companias\/reale\/precio\/\">Precio seguro Reale<\/a><\/li> <li><a href=\"https:\/\/idecesos.com\/seguros\/companias\/reale\/prima-mixta\/\">Reale Prima Mixta<\/a><\/li> <li><a href=\"https:\/\/idecesos.com\/seguros\/companias\/reale\/prima-natural\/\">Reale Prima Natural<\/a><\/li> <li><a href=\"https:\/\/idecesos.com\/seguros\/companias\/reale\/prima-nivelada\/\">Reale Prima Nivelada<\/a><\/li> <li><a href=\"https:\/\/idecesos.com\/seguros\/companias\/reale\/prima-unica\/\">Reale Prima \u00danica<\/a><\/li> <li><a href=\"https:\/\/idecesos.com\/seguros\/companias\/reale\/repatriacion\/\">Reale Repatriaci\u00f3n<\/a><\/li> <li><a href=\"https:\/\/idecesos.com\/seguros\/companias\/reale\/telefono\/\">Tel\u00e9fono Gratuito Reale<\/a><\/li>   <\/ul><\/div>","protected":false},"excerpt":{"rendered":"<p>Reale lleva ofreciendo sus servicios de seguros desde su creaci\u00f3n en el siglo XIX en Italia, por lo que cuenta con un gran prestigio y experiencia entre sus clientes, convirti\u00e9ndola as\u00ed en la mayor aseguradora italiana, construida por nueve empresas de diferentes sectores como la banca o inmobiliaria. La principal cobertura que cubre el seguro&hellip; <\/p>\n","protected":false},"author":2,"featured_media":0,"parent":464,"menu_order":0,"comment_status":"closed","ping_status":"closed","template":"single.php","meta":{"footnotes":""},"class_list":["post-466","page","type-page","status-publish","hentry"],"yoast_head":"<!-- This site is optimized with the Yoast SEO plugin v27.5 - https:\/\/yoast.com\/product\/yoast-seo-wordpress\/ -->\n<title>Coberturas Seguro de Decesos Reale | Gu\u00eda 2026<\/title>\n<meta name=\"description\" content=\"Consulta gratis las coberturas y servicios del Seguro de Decesos Reale Informaci\u00f3n actualizada en 2026. Coberturas verificadas por iDecesos.\" \/>\n<meta name=\"robots\" content=\"index, follow, max-snippet:-1, max-image-preview:large, max-video-preview:-1\" \/>\n<link rel=\"canonical\" href=\"https:\/\/idecesos.com\/seguros\/companias\/reale\/coberturas\/\" \/>\n<meta property=\"og:locale\" content=\"es_ES\" \/>\n<meta property=\"og:type\" content=\"article\" \/>\n<meta property=\"og:title\" content=\"Coberturas Seguro de Decesos Reale | Gu\u00eda 2026\" \/>\n<meta property=\"og:description\" content=\"Consulta gratis las coberturas y servicios del Seguro de Decesos Reale Informaci\u00f3n actualizada en 2026. Coberturas verificadas por iDecesos.\" \/>\n<meta property=\"og:url\" content=\"https:\/\/idecesos.com\/seguros\/companias\/reale\/coberturas\/\" \/>\n<meta property=\"article:modified_time\" content=\"2024-12-11T12:41:10+00:00\" \/>\n<meta name=\"twitter:card\" content=\"summary_large_image\" \/>\n<meta name=\"twitter:label1\" content=\"Tiempo de lectura\" \/>\n\t<meta name=\"twitter:data1\" content=\"4 minutos\" \/>\n<script type=\"application\/ld+json\" class=\"yoast-schema-graph\">{\"@context\":\"https:\\\/\\\/schema.org\",\"@graph\":[{\"@type\":\"WebPage\",\"@id\":\"https:\\\/\\\/idecesos.com\\\/seguros\\\/companias\\\/reale\\\/coberturas\\\/\",\"url\":\"https:\\\/\\\/idecesos.com\\\/seguros\\\/companias\\\/reale\\\/coberturas\\\/\",\"name\":\"Coberturas Seguro de Decesos Reale | Gu\u00eda 2026\",\"isPartOf\":{\"@id\":\"https:\\\/\\\/idecesos.com\\\/seguros\\\/#website\"},\"datePublished\":\"2021-07-12T09:34:42+00:00\",\"dateModified\":\"2024-12-11T12:41:10+00:00\",\"description\":\"Consulta gratis las coberturas y servicios del Seguro de Decesos Reale Informaci\u00f3n actualizada en 2026. Coberturas verificadas por iDecesos.\",\"breadcrumb\":{\"@id\":\"https:\\\/\\\/idecesos.com\\\/seguros\\\/companias\\\/reale\\\/coberturas\\\/#breadcrumb\"},\"inLanguage\":\"es\",\"potentialAction\":[{\"@type\":\"ReadAction\",\"target\":[\"https:\\\/\\\/idecesos.com\\\/seguros\\\/companias\\\/reale\\\/coberturas\\\/\"]}]},{\"@type\":\"BreadcrumbList\",\"@id\":\"https:\\\/\\\/idecesos.com\\\/seguros\\\/companias\\\/reale\\\/coberturas\\\/#breadcrumb\",\"itemListElement\":[{\"@type\":\"ListItem\",\"position\":1,\"name\":\"Portada\",\"item\":\"https:\\\/\\\/idecesos.com\\\/seguros\\\/\"},{\"@type\":\"ListItem\",\"position\":2,\"name\":\"Compa\u00f1\u00edas de Seguros de Decesos en Espa\u00f1a\",\"item\":\"https:\\\/\\\/idecesos.com\\\/seguros\\\/companias\\\/\"},{\"@type\":\"ListItem\",\"position\":3,\"name\":\"Seguro de decesos Reale\",\"item\":\"https:\\\/\\\/idecesos.com\\\/seguros\\\/companias\\\/reale\\\/\"},{\"@type\":\"ListItem\",\"position\":4,\"name\":\"Coberturas Seguro de Decesos Reale\"}]},{\"@type\":\"WebSite\",\"@id\":\"https:\\\/\\\/idecesos.com\\\/seguros\\\/#website\",\"url\":\"https:\\\/\\\/idecesos.com\\\/seguros\\\/\",\"name\":\"\",\"description\":\"\",\"potentialAction\":[{\"@type\":\"SearchAction\",\"target\":{\"@type\":\"EntryPoint\",\"urlTemplate\":\"https:\\\/\\\/idecesos.com\\\/seguros\\\/?s={search_term_string}\"},\"query-input\":{\"@type\":\"PropertyValueSpecification\",\"valueRequired\":true,\"valueName\":\"search_term_string\"}}],\"inLanguage\":\"es\"}]}<\/script>\n<!-- \/ Yoast SEO plugin. -->","yoast_head_json":{"title":"Coberturas Seguro de Decesos Reale | Gu\u00eda 2026","description":"Consulta gratis las coberturas y servicios del Seguro de Decesos Reale Informaci\u00f3n actualizada en 2026. Coberturas verificadas por iDecesos.","robots":{"index":"index","follow":"follow","max-snippet":"max-snippet:-1","max-image-preview":"max-image-preview:large","max-video-preview":"max-video-preview:-1"},"canonical":"https:\/\/idecesos.com\/seguros\/companias\/reale\/coberturas\/","og_locale":"es_ES","og_type":"article","og_title":"Coberturas Seguro de Decesos Reale | Gu\u00eda 2026","og_description":"Consulta gratis las coberturas y servicios del Seguro de Decesos Reale Informaci\u00f3n actualizada en 2026. Coberturas verificadas por iDecesos.","og_url":"https:\/\/idecesos.com\/seguros\/companias\/reale\/coberturas\/","article_modified_time":"2024-12-11T12:41:10+00:00","twitter_card":"summary_large_image","twitter_misc":{"Tiempo de lectura":"4 minutos"},"schema":{"@context":"https:\/\/schema.org","@graph":[{"@type":"WebPage","@id":"https:\/\/idecesos.com\/seguros\/companias\/reale\/coberturas\/","url":"https:\/\/idecesos.com\/seguros\/companias\/reale\/coberturas\/","name":"Coberturas Seguro de Decesos Reale | Gu\u00eda 2026","isPartOf":{"@id":"https:\/\/idecesos.com\/seguros\/#website"},"datePublished":"2021-07-12T09:34:42+00:00","dateModified":"2024-12-11T12:41:10+00:00","description":"Consulta gratis las coberturas y servicios del Seguro de Decesos Reale Informaci\u00f3n actualizada en 2026. Coberturas verificadas por iDecesos.","breadcrumb":{"@id":"https:\/\/idecesos.com\/seguros\/companias\/reale\/coberturas\/#breadcrumb"},"inLanguage":"es","potentialAction":[{"@type":"ReadAction","target":["https:\/\/idecesos.com\/seguros\/companias\/reale\/coberturas\/"]}]},{"@type":"BreadcrumbList","@id":"https:\/\/idecesos.com\/seguros\/companias\/reale\/coberturas\/#breadcrumb","itemListElement":[{"@type":"ListItem","position":1,"name":"Portada","item":"https:\/\/idecesos.com\/seguros\/"},{"@type":"ListItem","position":2,"name":"Compa\u00f1\u00edas de Seguros de Decesos en Espa\u00f1a","item":"https:\/\/idecesos.com\/seguros\/companias\/"},{"@type":"ListItem","position":3,"name":"Seguro de decesos Reale","item":"https:\/\/idecesos.com\/seguros\/companias\/reale\/"},{"@type":"ListItem","position":4,"name":"Coberturas Seguro de Decesos Reale"}]},{"@type":"WebSite","@id":"https:\/\/idecesos.com\/seguros\/#website","url":"https:\/\/idecesos.com\/seguros\/","name":"","description":"","potentialAction":[{"@type":"SearchAction","target":{"@type":"EntryPoint","urlTemplate":"https:\/\/idecesos.com\/seguros\/?s={search_term_string}"},"query-input":{"@type":"PropertyValueSpecification","valueRequired":true,"valueName":"search_term_string"}}],"inLanguage":"es"}]}},"_links":{"self":[{"href":"https:\/\/idecesos.com\/seguros\/wp-json\/wp\/v2\/pages\/466","targetHints":{"allow":["GET"]}}],"collection":[{"href":"https:\/\/idecesos.com\/seguros\/wp-json\/wp\/v2\/pages"}],"about":[{"href":"https:\/\/idecesos.com\/seguros\/wp-json\/wp\/v2\/types\/page"}],"author":[{"embeddable":true,"href":"https:\/\/idecesos.com\/seguros\/wp-json\/wp\/v2\/users\/2"}],"replies":[{"embeddable":true,"href":"https:\/\/idecesos.com\/seguros\/wp-json\/wp\/v2\/comments?post=466"}],"version-history":[{"count":5,"href":"https:\/\/idecesos.com\/seguros\/wp-json\/wp\/v2\/pages\/466\/revisions"}],"predecessor-version":[{"id":22145,"href":"https:\/\/idecesos.com\/seguros\/wp-json\/wp\/v2\/pages\/466\/revisions\/22145"}],"up":[{"embeddable":true,"href":"https:\/\/idecesos.com\/seguros\/wp-json\/wp\/v2\/pages\/464"}],"wp:attachment":[{"href":"https:\/\/idecesos.com\/seguros\/wp-json\/wp\/v2\/media?parent=466"}],"curies":[{"name":"wp","href":"https:\/\/api.w.org\/{rel}","templated":true}]}}