{"id":527,"date":"2021-07-12T10:55:42","date_gmt":"2021-07-12T10:55:42","guid":{"rendered":"https:\/\/idecesos.com\/seguros\/?page_id=527"},"modified":"2022-01-22T18:25:46","modified_gmt":"2022-01-22T18:25:46","slug":"foro","status":"publish","type":"page","link":"https:\/\/idecesos.com\/seguros\/opiniones\/foro\/","title":{"rendered":"Foro de Seguros de Decesos"},"content":{"rendered":"<div id=\"ez-toc-container\" class=\"ez-toc-v2_0_82_2 ez-toc-wrap-center counter-hierarchy ez-toc-counter ez-toc-custom ez-toc-container-direction\">\n<div class=\"ez-toc-title-container\">\n<p class=\"ez-toc-title\" style=\"cursor:inherit\">Tabla de Contenido<\/p>\n<span class=\"ez-toc-title-toggle\"><a href=\"#\" class=\"ez-toc-pull-right ez-toc-btn ez-toc-btn-xs ez-toc-btn-default ez-toc-toggle\" aria-label=\"Alternar tabla de contenidos\"><span class=\"ez-toc-js-icon-con\"><span class=\"\"><span class=\"eztoc-hide\" style=\"display:none;\">Toggle<\/span><span class=\"ez-toc-icon-toggle-span\"><svg style=\"fill: #db6415;color:#db6415\" xmlns=\"http:\/\/www.w3.org\/2000\/svg\" class=\"list-377408\" width=\"20px\" height=\"20px\" viewBox=\"0 0 24 24\" fill=\"none\"><path d=\"M6 6H4v2h2V6zm14 0H8v2h12V6zM4 11h2v2H4v-2zm16 0H8v2h12v-2zM4 16h2v2H4v-2zm16 0H8v2h12v-2z\" fill=\"currentColor\"><\/path><\/svg><svg style=\"fill: #db6415;color:#db6415\" class=\"arrow-unsorted-368013\" xmlns=\"http:\/\/www.w3.org\/2000\/svg\" width=\"10px\" height=\"10px\" viewBox=\"0 0 24 24\" version=\"1.2\" baseProfile=\"tiny\"><path d=\"M18.2 9.3l-6.2-6.3-6.2 6.3c-.2.2-.3.4-.3.7s.1.5.3.7c.2.2.4.3.7.3h11c.3 0 .5-.1.7-.3.2-.2.3-.5.3-.7s-.1-.5-.3-.7zM5.8 14.7l6.2 6.3 6.2-6.3c.2-.2.3-.5.3-.7s-.1-.5-.3-.7c-.2-.2-.4-.3-.7-.3h-11c-.3 0-.5.1-.7.3-.2.2-.3.5-.3.7s.1.5.3.7z\"\/><\/svg><\/span><\/span><\/span><\/a><\/span><\/div>\n<nav><ul class='ez-toc-list ez-toc-list-level-1 ' ><li class='ez-toc-page-1 ez-toc-heading-level-2'><a class=\"ez-toc-link ez-toc-heading-1\" href=\"https:\/\/idecesos.com\/seguros\/opiniones\/foro\/#%C2%BFPor_que_es_importante_conocer_las_opiniones_de_los_clientes\" >\u00bfPor qu\u00e9 es importante conocer las opiniones de los clientes?<\/a><\/li><li class='ez-toc-page-1 ez-toc-heading-level-2'><a class=\"ez-toc-link ez-toc-heading-2\" href=\"https:\/\/idecesos.com\/seguros\/opiniones\/foro\/#Opiniones_sobre_el_servicio_de_iDecesos\" >Opiniones sobre el servicio de iDecesos<\/a><\/li><\/ul><\/nav><\/div>\n\r\n\r\n<p>Los seguros de decesos tienen una gran demanda en nuestro pa\u00eds, por lo que muchas personas buscan en internet informaci\u00f3n, foros y opiniones sobre qu\u00e9 seguro contratar y los precios en los que oscilan. Es por esto que a continuaci\u00f3n te mostraremos los diferentes foros de comparadores de seguros de decesos.<\/p>\r\n<p><span style=\"color: #000000;\"><div class=\"cobertura \"  ><div class=\"borde_cobertura\"><div class=\"titulo_cobertura titulo\"><\/div><div class=\"texto_cobertura\"><\/span><\/p>\r\n<p>La principal duda de las personas es qu\u00e9 compa\u00f1\u00eda es la que mejor se adapta a sus necesidades y cu\u00e1l es el precio acertado para un seguro de decesos. Por ello, existen en internet numerosos portales y foros que se centran en hablar de seguros y de las diferentes compa\u00f1\u00edas aseguradoras. Adem\u00e1s, tambi\u00e9n sueles encontrar informaci\u00f3n en otros foros que, en principio, no estaban enfocados a hablar sobre esto.<\/p>\r\n<p><\/div><\/div><\/div><\/p>\r\n<p><span style=\"color: #000000;\"><div class=\"cobertura \"  ><div class=\"borde_cobertura\"><div class=\"titulo_cobertura titulo\"><\/div><div class=\"texto_cobertura\"><\/span><\/p>\r\n\r\n\r\n\r\n<p>Algunos de los foros que presentan un mayor tr\u00e1fico y volumen de opiniones diarios son Rankia, Kelisto, Forocoches, Ciao, Foro Antiusura, enfemenino.com, Foro-Seguros.com y Burbuja.info. Asimismo, algunas compa\u00f1\u00edas de seguros y comparadores incluyen en sus p\u00e1ginas blogs o foros que dan a los usuarios la posibilidad de informarse y opinar.<\/p>\r\n<p><\/div><\/div><\/div><\/p>\r\n<p><span style=\"color: #000000;\"><div class=\"cobertura \"  ><div class=\"borde_cobertura\"><div class=\"titulo_cobertura titulo\"><\/div><div class=\"texto_cobertura\"><\/span><\/p>\r\n<p>En iDecesos, podr\u00e1s encontrar toda la informaci\u00f3n que necesites sobre las diferentes compa\u00f1\u00edas de seguros de decesos. Adem\u00e1s, tendr\u00e1s la posibilidad de conocer las opiniones de los usuarios que han contratado el seguro con cada una de ellas. As\u00ed, podr\u00e1s conocer de primera mano si es el seguro que se adapta a ti y que cumple con tus expectativas.<\/p>\r\n<p><\/div><\/div><\/div><\/p>\r\n<h2><span class=\"ez-toc-section\" id=\"%C2%BFPor_que_es_importante_conocer_las_opiniones_de_los_clientes\"><\/span>\u00bfPor qu\u00e9 es importante conocer las opiniones de los clientes?<span class=\"ez-toc-section-end\"><\/span><\/h2>\r\n\r\n\r\n\r\n<p>Leer las opiniones que los clientes realizan en estos foros, as\u00ed como contar las distintas experiencias que se han tenido con los <strong>diferentes tipos de seguros y compa\u00f1\u00edas<\/strong>, puede resultar interesante y de gran ayuda para quienes est\u00e9n buscando contratar un seguro y no tenga un gran conocimiento sobre las diferentes compa\u00f1\u00edas que prestan sus servicios ni sobre la diversa <strong>gama de productos con los que se puede encontrar.<\/strong><\/p>\r\n\r\n\r\n\r\n<p>En estos foros no s\u00f3lo se habla de seguros de decesos, sino que se dan opiniones tambi\u00e9n de los dem\u00e1s seguros existentes, de <strong>coche, de moto, de hogar, de salud, de accidente<\/strong>, etc. Por ello, son p\u00e1ginas webs que recogen numerosas visitas y en las que se realizan bastantes registros.<\/p>\r\n\r\n\r\n\r\n<p>Sin embargo, si lo que deseas es buscar un seguro que se ajuste a usted a la mejor <strong>relaci\u00f3n calidad-precio<\/strong>, lo m\u00e1s \u00fatil y eficaz es acudir a los comparadores de seguros, que le mostraran diferentes ofertas de multitud de compa\u00f1\u00edas para que encuentre el seguro que busca de forma c\u00f3moda y r\u00e1pida.<\/p>\r\n<p>[\/bloque] <div class=\"colorf\"><div class=\"container clearfix\"><div class=\"col-md-7\"><div class=\"opiniones\"><\/p>\r\n<h2><span class=\"ez-toc-section\" id=\"Opiniones_sobre_el_servicio_de_iDecesos\"><\/span>Opiniones sobre el servicio de iDecesos<span class=\"ez-toc-section-end\"><\/span><\/h2>\r\n<p>A continuaci\u00f3n te mostraremos diferentes opiniones sobre los servicios que ofrece iDecesos como empresa comparativa de seguros de decesos ya que al igual que es importante saber las opiniones de los usuarios de las agencias aseguradoras, tambi\u00e9n es importante saber las opiniones de los usuarios que utilizan estas webs comparadoras. Los usuarios de iDecesos han destacado su rapidez y el f\u00e1cil manejo de p\u00e1gina web para encontrar lo que buscaban.<\/p>\r\n<div class=\"opinion \"  >\n\t\t\t<div class=\"cabecera_opinion\">\n\t\t\t\t<div class=\"avatar\">J M <\/div>\n\t\t\t\t<div class=\"datos_opinion\">\n\t\t\t\t\t<div class=\"nombre_opinion\">Julia Mart\u00edn<\/div>\n\t\t\t\t\t<div class=\"info_opinion\">\t\t\t\t\t\t\n\t\t\t\t\t\t<div class=\"cuenta_opinion\"><i class=\"fas fa-pencil-alt\"><\/i><!--span class=\"dashicons dashicons-edit\" style=\"font-size:20px\"><\/span--><span>1 Opini\u00f3n<\/span><\/div>\t\t\t\t\t\t\n\t\t\t\t\t\t<div class=\"localizacion_opinion\">\n\t\t\t\t\t\t\t<i class=\"fas fa-map-marker-alt\"><\/i><!--span class=\"dashicons dashicons-location\" style=\"font-size:20px\"><\/span-->\n\t\t\t\t\t\t\t<span>ES<\/span>\n\t\t\t\t\t\t<\/div>\t\n\t\t\t\t\t<\/div>\n\t\t\t\t<\/div>\n\t\t\t<\/div><div class=\"texto_opinion\">\r\n<p>Estuve indagando en varias p\u00e1ginas de comparativas de seguros. Cuando entr\u00e9 en iDecesos y rellen\u00e9 los campos que me ped\u00edan supe de manera f\u00e1cil y clara c\u00faal era el seguro de decesos que m\u00e1s me conven\u00eda.<\/p>\r\n<p><\/div><\/div> <div class=\"opinion \"  >\n\t\t\t<div class=\"cabecera_opinion\">\n\t\t\t\t<div class=\"avatar\">P F <\/div>\n\t\t\t\t<div class=\"datos_opinion\">\n\t\t\t\t\t<div class=\"nombre_opinion\">Pedro Fern\u00e1ndez<\/div>\n\t\t\t\t\t<div class=\"info_opinion\">\t\t\t\t\t\t\n\t\t\t\t\t\t<div class=\"cuenta_opinion\"><i class=\"fas fa-pencil-alt\"><\/i><!--span class=\"dashicons dashicons-edit\" style=\"font-size:20px\"><\/span--><span>1 Opini\u00f3n<\/span><\/div>\t\t\t\t\t\t\n\t\t\t\t\t\t<div class=\"localizacion_opinion\">\n\t\t\t\t\t\t\t<i class=\"fas fa-map-marker-alt\"><\/i><!--span class=\"dashicons dashicons-location\" style=\"font-size:20px\"><\/span-->\n\t\t\t\t\t\t\t<span>ES<\/span>\n\t\t\t\t\t\t<\/div>\t\n\t\t\t\t\t<\/div>\n\t\t\t\t<\/div>\n\t\t\t<\/div><div class=\"texto_opinion\"><\/p>\r\n<p>Mi padre quer\u00eda contratar un seguro de decesos y busqu\u00e9 en esta web. La verdad es que fue muy sencillo y tard\u00e9 5 minutos en buscar y contratar el seguro para mi padre. \u00c9l est\u00e1 muy contento.<\/p>\r\n<p><\/div><\/div> <div class=\"opinion \"  >\n\t\t\t<div class=\"cabecera_opinion\">\n\t\t\t\t<div class=\"avatar\">M C <\/div>\n\t\t\t\t<div class=\"datos_opinion\">\n\t\t\t\t\t<div class=\"nombre_opinion\">Marta Cu\u00f1ado<\/div>\n\t\t\t\t\t<div class=\"info_opinion\">\t\t\t\t\t\t\n\t\t\t\t\t\t<div class=\"cuenta_opinion\"><i class=\"fas fa-pencil-alt\"><\/i><!--span class=\"dashicons dashicons-edit\" style=\"font-size:20px\"><\/span--><span>1 Opini\u00f3n<\/span><\/div>\t\t\t\t\t\t\n\t\t\t\t\t\t<div class=\"localizacion_opinion\">\n\t\t\t\t\t\t\t<i class=\"fas fa-map-marker-alt\"><\/i><!--span class=\"dashicons dashicons-location\" style=\"font-size:20px\"><\/span-->\n\t\t\t\t\t\t\t<span>ES<\/span>\n\t\t\t\t\t\t<\/div>\t\n\t\t\t\t\t<\/div>\n\t\t\t\t<\/div>\n\t\t\t<\/div><div class=\"texto_opinion\"><\/p>\r\n<p>Estuve mirando varias webs y la de iDecesos me facilit\u00f3 mucho lo que buscaba. Los llam\u00e9 por tel\u00e9fono y ellos se encargaron de asesorarme. Muy majos y todo muy r\u00e1pido. Ahora ya tengo un seguro de decesos y mi familia vive m\u00e1s tranquila.<\/p>\r\n<p><\/div><\/div> <div class=\"opinion \"  >\n\t\t\t<div class=\"cabecera_opinion\">\n\t\t\t\t<div class=\"avatar\">J S <\/div>\n\t\t\t\t<div class=\"datos_opinion\">\n\t\t\t\t\t<div class=\"nombre_opinion\">Jaime Soler<\/div>\n\t\t\t\t\t<div class=\"info_opinion\">\t\t\t\t\t\t\n\t\t\t\t\t\t<div class=\"cuenta_opinion\"><i class=\"fas fa-pencil-alt\"><\/i><!--span class=\"dashicons dashicons-edit\" style=\"font-size:20px\"><\/span--><span>1 Opini\u00f3n<\/span><\/div>\t\t\t\t\t\t\n\t\t\t\t\t\t<div class=\"localizacion_opinion\">\n\t\t\t\t\t\t\t<i class=\"fas fa-map-marker-alt\"><\/i><!--span class=\"dashicons dashicons-location\" style=\"font-size:20px\"><\/span-->\n\t\t\t\t\t\t\t<span>ES<\/span>\n\t\t\t\t\t\t<\/div>\t\n\t\t\t\t\t<\/div>\n\t\t\t\t<\/div>\n\t\t\t<\/div><div class=\"texto_opinion\"><\/p>\r\n<p>No sab\u00eda de la existencia de este tipo de webs hasta que me puse a buscar. De todas las que vi iDecesos fue la que m\u00e1s me ayud\u00f3. Asesor\u00eda telef\u00f3nica, una gran variedad de seguros&#8230; estoy muy contento con sus servicios.<\/p>\r\n<p><\/div><\/div> <div class=\"opinion \"  >\n\t\t\t<div class=\"cabecera_opinion\">\n\t\t\t\t<div class=\"avatar\">C S <\/div>\n\t\t\t\t<div class=\"datos_opinion\">\n\t\t\t\t\t<div class=\"nombre_opinion\">Cristina Sanz<\/div>\n\t\t\t\t\t<div class=\"info_opinion\">\t\t\t\t\t\t\n\t\t\t\t\t\t<div class=\"cuenta_opinion\"><i class=\"fas fa-pencil-alt\"><\/i><!--span class=\"dashicons dashicons-edit\" style=\"font-size:20px\"><\/span--><span>1 Opini\u00f3n<\/span><\/div>\t\t\t\t\t\t\n\t\t\t\t\t\t<div class=\"localizacion_opinion\">\n\t\t\t\t\t\t\t<i class=\"fas fa-map-marker-alt\"><\/i><!--span class=\"dashicons dashicons-location\" style=\"font-size:20px\"><\/span-->\n\t\t\t\t\t\t\t<span>ES<\/span>\n\t\t\t\t\t\t<\/div>\t\n\t\t\t\t\t<\/div>\n\t\t\t\t<\/div>\n\t\t\t<\/div><div class=\"texto_opinion\"><\/p>\r\n<p>Mi madre quer\u00eda contratar un seguro de decesos. Mi mejor amiga me habl\u00f3 de iDecesos y no dud\u00e9 en utilizar sus servicios. Gracias a ellos puede encontrar el seguro que mejor se adaptaba a mi madre y ahora ya est\u00e1 todo controlado. \u00a1Muy buenos!<\/p>\r\n<p><span style=\"color: #000000;\"><\/div><\/div> <\/div><\/div><\/div><\/div><\/span><\/p>\r\n<p><span style=\"color: #000000;\">Y es que no tener contratado un seguro de decesos puede suponer un problema para ti o para tu familia ya que se tendr\u00e1n que hacer cargo de temas como el ata\u00fad, el tanatorio, el coche f\u00fanebre, el traslado nacional o internacional en el caso de que el fallecimiento se produzca en otra ciudad o pa\u00eds y el alquiler del nicho. Todo esto sin contar con las flores, los recordatorios, esquelas, entre otras cosas t\u00edpicas de la ceremonia.<\/span><\/p>\r\n<p>\u00bfA qu\u00e9 est\u00e1s esperando para buscar el seguro de decesos que mejor se adapte a ti y a tus necesidades? Con iDecesos lo tienes f\u00e1cil, rellena el formulario que te aparece en la p\u00e1gina o ll\u00e1manos al 951 127 403.<\/p>\r\n<p><strong>\u00a1No te lo pienses m\u00e1s y haz tu comparaci\u00f3n de seguros en iDecesos y conoce el seguro que mejor se adapta a ti!<\/strong><\/p>\r\n","protected":false},"excerpt":{"rendered":"<p>Los seguros de decesos tienen una gran demanda en nuestro pa\u00eds, por lo que muchas personas buscan en internet informaci\u00f3n, foros y opiniones sobre qu\u00e9 seguro contratar y los precios en los que oscilan. Es por esto que a continuaci\u00f3n te mostraremos los diferentes foros de comparadores de seguros de decesos. \u00bfPor qu\u00e9 es importante&hellip; <\/p>\n","protected":false},"author":2,"featured_media":0,"parent":525,"menu_order":0,"comment_status":"closed","ping_status":"closed","template":"single.php","meta":{"footnotes":""},"class_list":["post-527","page","type-page","status-publish","hentry"],"yoast_head":"<!-- This site is optimized with the Yoast SEO plugin v27.4 - https:\/\/yoast.com\/product\/yoast-seo-wordpress\/ -->\n<title>Foro de Seguros de Decesos -<\/title>\n<meta name=\"robots\" content=\"index, follow, max-snippet:-1, max-image-preview:large, max-video-preview:-1\" \/>\n<link rel=\"canonical\" href=\"https:\/\/idecesos.com\/seguros\/opiniones\/foro\/\" \/>\n<meta property=\"og:locale\" content=\"es_ES\" \/>\n<meta property=\"og:type\" content=\"article\" \/>\n<meta property=\"og:title\" content=\"Foro de Seguros de Decesos -\" \/>\n<meta property=\"og:description\" content=\"Los seguros de decesos tienen una gran demanda en nuestro pa\u00eds, por lo que muchas personas buscan en internet informaci\u00f3n, foros y opiniones sobre qu\u00e9 seguro contratar y los precios en los que oscilan. Es por esto que a continuaci\u00f3n te mostraremos los diferentes foros de comparadores de seguros de decesos. \u00bfPor qu\u00e9 es importante&hellip;\" \/>\n<meta property=\"og:url\" content=\"https:\/\/idecesos.com\/seguros\/opiniones\/foro\/\" \/>\n<meta property=\"article:modified_time\" content=\"2022-01-22T18:25:46+00:00\" \/>\n<meta name=\"twitter:card\" content=\"summary_large_image\" \/>\n<meta name=\"twitter:label1\" content=\"Tiempo de lectura\" \/>\n\t<meta name=\"twitter:data1\" content=\"3 minutos\" \/>\n<script type=\"application\/ld+json\" class=\"yoast-schema-graph\">{\"@context\":\"https:\\\/\\\/schema.org\",\"@graph\":[{\"@type\":\"WebPage\",\"@id\":\"https:\\\/\\\/idecesos.com\\\/seguros\\\/opiniones\\\/foro\\\/\",\"url\":\"https:\\\/\\\/idecesos.com\\\/seguros\\\/opiniones\\\/foro\\\/\",\"name\":\"Foro de Seguros de Decesos -\",\"isPartOf\":{\"@id\":\"https:\\\/\\\/idecesos.com\\\/seguros\\\/#website\"},\"datePublished\":\"2021-07-12T10:55:42+00:00\",\"dateModified\":\"2022-01-22T18:25:46+00:00\",\"breadcrumb\":{\"@id\":\"https:\\\/\\\/idecesos.com\\\/seguros\\\/opiniones\\\/foro\\\/#breadcrumb\"},\"inLanguage\":\"es\",\"potentialAction\":[{\"@type\":\"ReadAction\",\"target\":[\"https:\\\/\\\/idecesos.com\\\/seguros\\\/opiniones\\\/foro\\\/\"]}]},{\"@type\":\"BreadcrumbList\",\"@id\":\"https:\\\/\\\/idecesos.com\\\/seguros\\\/opiniones\\\/foro\\\/#breadcrumb\",\"itemListElement\":[{\"@type\":\"ListItem\",\"position\":1,\"name\":\"Portada\",\"item\":\"https:\\\/\\\/idecesos.com\\\/seguros\\\/\"},{\"@type\":\"ListItem\",\"position\":2,\"name\":\"Opiniones sobre los Seguro de Decesos\",\"item\":\"https:\\\/\\\/idecesos.com\\\/seguros\\\/opiniones\\\/\"},{\"@type\":\"ListItem\",\"position\":3,\"name\":\"Foro de Seguros de Decesos\"}]},{\"@type\":\"WebSite\",\"@id\":\"https:\\\/\\\/idecesos.com\\\/seguros\\\/#website\",\"url\":\"https:\\\/\\\/idecesos.com\\\/seguros\\\/\",\"name\":\"\",\"description\":\"\",\"potentialAction\":[{\"@type\":\"SearchAction\",\"target\":{\"@type\":\"EntryPoint\",\"urlTemplate\":\"https:\\\/\\\/idecesos.com\\\/seguros\\\/?s={search_term_string}\"},\"query-input\":{\"@type\":\"PropertyValueSpecification\",\"valueRequired\":true,\"valueName\":\"search_term_string\"}}],\"inLanguage\":\"es\"}]}<\/script>\n<!-- \/ Yoast SEO plugin. -->","yoast_head_json":{"title":"Foro de Seguros de Decesos -","robots":{"index":"index","follow":"follow","max-snippet":"max-snippet:-1","max-image-preview":"max-image-preview:large","max-video-preview":"max-video-preview:-1"},"canonical":"https:\/\/idecesos.com\/seguros\/opiniones\/foro\/","og_locale":"es_ES","og_type":"article","og_title":"Foro de Seguros de Decesos -","og_description":"Los seguros de decesos tienen una gran demanda en nuestro pa\u00eds, por lo que muchas personas buscan en internet informaci\u00f3n, foros y opiniones sobre qu\u00e9 seguro contratar y los precios en los que oscilan. Es por esto que a continuaci\u00f3n te mostraremos los diferentes foros de comparadores de seguros de decesos. \u00bfPor qu\u00e9 es importante&hellip;","og_url":"https:\/\/idecesos.com\/seguros\/opiniones\/foro\/","article_modified_time":"2022-01-22T18:25:46+00:00","twitter_card":"summary_large_image","twitter_misc":{"Tiempo de lectura":"3 minutos"},"schema":{"@context":"https:\/\/schema.org","@graph":[{"@type":"WebPage","@id":"https:\/\/idecesos.com\/seguros\/opiniones\/foro\/","url":"https:\/\/idecesos.com\/seguros\/opiniones\/foro\/","name":"Foro de Seguros de Decesos -","isPartOf":{"@id":"https:\/\/idecesos.com\/seguros\/#website"},"datePublished":"2021-07-12T10:55:42+00:00","dateModified":"2022-01-22T18:25:46+00:00","breadcrumb":{"@id":"https:\/\/idecesos.com\/seguros\/opiniones\/foro\/#breadcrumb"},"inLanguage":"es","potentialAction":[{"@type":"ReadAction","target":["https:\/\/idecesos.com\/seguros\/opiniones\/foro\/"]}]},{"@type":"BreadcrumbList","@id":"https:\/\/idecesos.com\/seguros\/opiniones\/foro\/#breadcrumb","itemListElement":[{"@type":"ListItem","position":1,"name":"Portada","item":"https:\/\/idecesos.com\/seguros\/"},{"@type":"ListItem","position":2,"name":"Opiniones sobre los Seguro de Decesos","item":"https:\/\/idecesos.com\/seguros\/opiniones\/"},{"@type":"ListItem","position":3,"name":"Foro de Seguros de Decesos"}]},{"@type":"WebSite","@id":"https:\/\/idecesos.com\/seguros\/#website","url":"https:\/\/idecesos.com\/seguros\/","name":"","description":"","potentialAction":[{"@type":"SearchAction","target":{"@type":"EntryPoint","urlTemplate":"https:\/\/idecesos.com\/seguros\/?s={search_term_string}"},"query-input":{"@type":"PropertyValueSpecification","valueRequired":true,"valueName":"search_term_string"}}],"inLanguage":"es"}]}},"_links":{"self":[{"href":"https:\/\/idecesos.com\/seguros\/wp-json\/wp\/v2\/pages\/527","targetHints":{"allow":["GET"]}}],"collection":[{"href":"https:\/\/idecesos.com\/seguros\/wp-json\/wp\/v2\/pages"}],"about":[{"href":"https:\/\/idecesos.com\/seguros\/wp-json\/wp\/v2\/types\/page"}],"author":[{"embeddable":true,"href":"https:\/\/idecesos.com\/seguros\/wp-json\/wp\/v2\/users\/2"}],"replies":[{"embeddable":true,"href":"https:\/\/idecesos.com\/seguros\/wp-json\/wp\/v2\/comments?post=527"}],"version-history":[{"count":21,"href":"https:\/\/idecesos.com\/seguros\/wp-json\/wp\/v2\/pages\/527\/revisions"}],"predecessor-version":[{"id":19000,"href":"https:\/\/idecesos.com\/seguros\/wp-json\/wp\/v2\/pages\/527\/revisions\/19000"}],"up":[{"embeddable":true,"href":"https:\/\/idecesos.com\/seguros\/wp-json\/wp\/v2\/pages\/525"}],"wp:attachment":[{"href":"https:\/\/idecesos.com\/seguros\/wp-json\/wp\/v2\/media?parent=527"}],"curies":[{"name":"wp","href":"https:\/\/api.w.org\/{rel}","templated":true}]}}