{"id":636,"date":"2021-07-12T17:50:50","date_gmt":"2021-07-12T17:50:50","guid":{"rendered":"https:\/\/idecesos.com\/seguros\/?page_id=636"},"modified":"2024-12-11T13:40:18","modified_gmt":"2024-12-11T12:40:18","slug":"coberturas","status":"publish","type":"page","link":"https:\/\/idecesos.com\/seguros\/companias\/generali\/coberturas\/","title":{"rendered":"Coberturas Seguro de Decesos Generali"},"content":{"rendered":"\r\n\r\n<p>Generali es una compa\u00f1\u00eda con m\u00e1s de 170 a\u00f1os de historia, presente en m\u00e1s de 60 pa\u00edses, que es l\u00edder en seguros en el mundo con cuotas muy significativas. Tiene m\u00e1s de 50 mercados en una red de 140 sucursales y filiales, as\u00ed como oficinas especializadas dirigidas a clientes multinacionales.<\/p>\r\n\r\n\r\n\r\n<p>El seguro de decesos m\u00e1s completo y vers\u00e1til con el que cuenta la compa\u00f1\u00eda es el seguro de Asistencia familiar, dirigido a todos los miembros de una misma familia. Entre las coberturas que ofrece est\u00e1n:<\/p>\r\n\r\n\r\n\r\n<p>\u2013\u00a0 \u00a0 \u00a0 \u00a0Contar con el \u00e1rea e-cliente, un \u00e1rea privada donde el cliente puede gestionar y visualizar sus p\u00f3lizas y siniestros c\u00f3modamente de manera online.<\/p>\r\n\r\n\r\n\r\n<p>\u2013\u00a0 \u00a0 \u00a0 \u00a0Cuenta con un servicio 24 horas, los 365 d\u00edas del a\u00f1o, con un equipo de profesionales especializado.<\/p>\r\n\r\n\r\n\r\n<p>\u2013\u00a0 \u00a0 \u00a0 \u00a0Durante los 3 primeros pagos del seguro, el capital del cliente no sufrir\u00e1 variaci\u00f3n alguna. Despu\u00e9s, se revalorizar\u00e1 anualmente para garantizar la credibilidad del cliente.<\/p>\r\n\r\n\r\n\r\n<p>\u2013\u00a0 \u00a0 \u00a0 \u00a0Ser\u00e1 en el momento de la defunci\u00f3n cuando los familiares del fallecido, o \u00e9l mismo si expres\u00f3 su \u00faltima voluntad, las personas que elijan un servicio determinado con cargo y el l\u00edmite m\u00e1ximo de capital asegurado, de acuerdo a lo que resulte adecuado seg\u00fan el lugar que se elija.<\/p>\r\n\r\n\r\n\r\n<p>\u2013\u00a0 \u00a0 \u00a0 \u00a0En el caso de que, sobre capital porque el coste del servicio haya sido menor a lo aportado por el cliente, la compa\u00f1\u00eda se lo devuelve sin ning\u00fan tipo de problema a los beneficiarios del fallecido.<\/p>\r\n\r\n\r\n\r\n<p>\u2013\u00a0 \u00a0 \u00a0 \u00a0Asistencia completa ante cualquier imprevisto.<\/p>\r\n\r\n\r\n\r\n<p>\u2013\u00a0 \u00a0 \u00a0 \u00a0El cliente puede elegir entre dos modalidades de tarifa, nivelada y mixta, con lo que puede adecuarse a las necesidades de cada cliente.<\/p>\r\n\r\n\r\n\r\n<p>\u2013\u00a0 \u00a0 \u00a0 \u00a0Repatriaci\u00f3n del cad\u00e1ver. En caso de fallecimiento del Asegurado en Espa\u00f1a o en cualquier lugar del mundo, el Asegurador organiza y se hace cargo del traslado del cuerpo desde el lugar del \u00f3bito, hasta el aeropuerto internacional m\u00e1s cercano al lugar de inhumaci\u00f3n en el pa\u00eds de origen del asegurado fallecido designado expresamente en las Condiciones Particulares, previa comunicaci\u00f3n por parte de los herederos legales del Asegurado de la Funeraria que se har\u00e1 cargo de los restos mortales en dicho aeropuerto.<\/p>\r\n\r\n\r\n\r\n<p><b>A continuaci\u00f3n, te mostraremos sus coberturas m\u00e1s destacadas son:<\/b><\/p>\r\n\r\n\r\n\r\n<p>\u2013\u00a0 \u00a0 \u00a0 \u00a0Gestor\u00eda por fallecimiento.<\/p>\r\n\r\n\r\n\r\n<p>\u2013\u00a0 \u00a0 \u00a0 \u00a0Asistencia en viaje.<\/p>\r\n\r\n\r\n\r\n<p>\u2013\u00a0 \u00a0 \u00a0 \u00a0Orientaci\u00f3n telef\u00f3nica.<\/p>\r\n\r\n\r\n\r\n<p>\u2013\u00a0 \u00a0 \u00a0 \u00a0Teleasistencia.<\/p>\r\n\r\n\r\n\r\n<p>\u2013\u00a0 \u00a0 \u00a0 \u00a0Ayuda a domicilio.<\/p>\r\n\r\n\r\n\r\n<p>\u2013\u00a0 \u00a0 \u00a0 \u00a0Asistencia familiar m\u00e9dica: con atenci\u00f3n domiciliaria, segunda opini\u00f3n m\u00e9dica, expertos internacionales, orientaci\u00f3n psicol\u00f3gica, nutrici\u00f3n\/diet\u00e9tica, test de h\u00e1bitos saludables y de prevenci\u00f3n, adem\u00e1s de un servicio de asesoramiento m\u00e9dico on-line.<\/p>\r\n\r\n\r\n\r\n<p>\u2013\u00a0 \u00a0 \u00a0 \u00a0Cuadro m\u00e9dico Dental.<\/p>\r\n\r\n\r\n\r\n<p>\u2013\u00a0 \u00a0 \u00a0 \u00a0Programa Bienestar: con psic\u00f3logos, logopedia, acupuntura, medicina preventiva, fisioterapia y osteopat\u00eda, cirug\u00eda ocular, \u00f3ptica y audiolog\u00eda, diet\u00e9tica y nutrici\u00f3n, spas, gimnasios y medicina est\u00e9tica.<\/p>\r\n\r\n\r\n\r\n<p>\u2013\u00a0 \u00a0 \u00a0 \u00a0Asistencia pedag\u00f3gica: Educasa.<\/p>\r\n\r\n\r\n\r\n<p>El segundo tipo de seguro de Generali se trata de Express Decesos. Se contrata en un par de minutos de manera online en el que se pueden disfrutar de amplias coberturas como son:<\/p>\r\n\r\n\r\n\r\n<p>Gesti\u00f3n y gastos del sepelio.<\/p>\r\n\r\n\r\n\r\n<p>Asistencia por fallecimiento.<\/p>\r\n\r\n\r\n\r\n<p>Capital adicional para gastos del sepelio.<\/p>\r\n\r\n\r\n\r\n<p>Servicios complementarios m\u00e9dico asistenciales.<\/p>\r\n\r\n\r\n\r\n<p>Fallecimiento o invalidez absoluta y permanente por accidente.<\/p>\r\n\r\n\r\n\r\n<p>Hospitalizaci\u00f3n por enfermedad y accidente.<\/p>\r\n\r\n\r\n\r\n<p>Repatriaci\u00f3n para extranjeros residentes en Espa\u00f1a.<\/p>\r\n\r\n\r\n\r\n<p>Adem\u00e1s, el cliente puede optar a coberturas opcionales. Con este tipo de seguro se puede optar a los mismos servicios que con el anterior;<\/p>\r\n\r\n\r\n\r\n<p>\u00b7\u00a0 \u00a0 \u00a0 \u00a0 \u00a0Gestor\u00eda por fallecimiento.<\/p>\r\n\r\n\r\n\r\n<p>\u00b7\u00a0 \u00a0 \u00a0 \u00a0 \u00a0Servicios m\u00e9dicos.<\/p>\r\n\r\n\r\n\r\n<p>\u00b7\u00a0 \u00a0 \u00a0 \u00a0 \u00a0Asistencia familiar.<\/p>\r\n\r\n\r\n\r\n<p>\u00b7\u00a0 \u00a0 \u00a0 \u00a0 \u00a0Programa de bienestar.<\/p>\r\n\r\n\r\n\r\n<p>\u00b7\u00a0 \u00a0 \u00a0 \u00a0 \u00a0Cuadro m\u00e9dico dental.<\/p>\r\n\r\n\r\n\r\n<p>La compa\u00f1\u00eda cuenta con un seguro para inmigrantes que residen en Espa\u00f1a y que ofrece como cobertura la repatriaci\u00f3n del cad\u00e1ver del difunto a su pa\u00eds de origen, sea cual sea su nacionalidad. El asegurado contar\u00e1 tambi\u00e9n (al igual que en los otros seguros) con el servicio \u00e1rea e-cliente, el servicio privado de Generali donde puede visualizar y gestionar su p\u00f3liza v\u00eda internet. Este seguro, cuenta con las mismas prestaciones y servicios que el anterior, es decir:<\/p>\r\n\r\n\r\n\r\n<p>\u00b7\u00a0 \u00a0 \u00a0 \u00a0 \u00a0A trav\u00e9s de una llamada al tel\u00e9fono de la compa\u00f1\u00eda, el cliente dispone de todos los tr\u00e1mites y servicios que contrat\u00f3 en su momento con la compa\u00f1\u00eda.<\/p>\r\n\r\n\r\n\r\n<p>\u00b7\u00a0 \u00a0 \u00a0 \u00a0 \u00a0Cobertura a residentes, con independencia de su nacionalidad.<\/p>\r\n\r\n\r\n\r\n<p>\u00b7\u00a0 \u00a0 \u00a0 \u00a0 \u00a0Devoluci\u00f3n del capital del asegurado.<\/p>\r\n\r\n\r\n\r\n<p>\u00b7\u00a0 \u00a0 \u00a0 \u00a0 \u00a0Plan de Previsi\u00f3n Familiar.<\/p>\r\n\r\n\r\n\r\n<p>\u00b7\u00a0 \u00a0 \u00a0 \u00a0 \u00a0Posibilidad de optar por la tarifa mixta o nivelada.<\/p>\r\n\r\n\r\n\r\n<p>Tendr\u00eda como servicios disponibles la gestor\u00eda por fallecimiento, los servicios m\u00e9dicos, la asistencia familiar, el programa de bienestar y el cuadro m\u00e9dico dental.<\/p>\r\n\r\n\r\n\r\n<p>La compa\u00f1\u00eda tambi\u00e9n cuenta con un seguro edad oro para sus clientes de edad avanzada. En este tipo de p\u00f3liza el cliente solo tendr\u00eda que realizar un pago \u00fanico con el que conseguir\u00e1 una cobertura vitalicia con un \u00fanico pago con cobertura vitalicia a trav\u00e9s de la cual se beneficiar\u00e1 de las mismas ventajas y servicios que los tipos anteriores.\u00a0\u00a0<\/p>\r\n\r\n\r\n\r\n<p>Los j\u00f3venes tambi\u00e9n disponen de un seguro a su medida con Generali, con el que estar\u00edan asegurados gracias al servicio General Protecci\u00f3n Single, tanto si residen en Espa\u00f1a como si temporalmente est\u00e1n fuera, por tanto, no tendr\u00edan que preocuparse sea cual sea su lugar de residencia. Con este seguro gozan de las mismas coberturas y servicios que los seguros anteriores.<\/p>\r\n\r\n\r\n\r\n<p><strong>Historia y descripci\u00f3n de coberturas<\/strong><\/p>\r\n\r\n\r\n\r\n<p>Generali nace en el a\u00f1o 1834 formando parte del grupo asegurador italiano Assicurazioni Generales, desde entonces ha basado su trabajo en proporcionar ayuda a aquellos clientes que depositan su confianza en ellos. A partir del a\u00f1o 2010,como consecuencia de la uni\u00f3n entre Vitalicio y Estrella seguros, surge Generali Seguros. Actualmente esta compa\u00f1\u00eda cuenta con 2 millones de asegurados, una red de oficinas de 1571 y 159 propias repartidas por toda Espa\u00f1a. Ofrece a sus clientes la posibilidad de contratar p\u00f3lizas en muchos \u00e1mbitos como por ejemplo veh\u00edculos, hogar, vida, accidentes, salud, ahorro, servicios y decesos.<\/p>\r\n\r\n\r\n\r\n<p>Como consecuencia de que Espa\u00f1a es el pa\u00eds m\u00e1s caro para morir, uno de los m\u00e1s demandados es el seguro de decesos. Por ello Generali seguro ofrece hasta cinco diferentes modalidades con las que pretenden cubrir todas las demandas de la poblaci\u00f3n. Generali Protecci\u00f3n Familiar, Generali Express Decesos, Para personas que viven fuera de Espa\u00f1a, Protecci\u00f3n Edad Oro y para los Singles.<\/p>\r\n\r\n\r\n\r\n<p>Pensando en aquellas personas que busquen garantizar el bienestar tanto de \u00e9l como de sus familias, se oferta la modalidad Generali Protecci\u00f3n Familiar. Esta p\u00f3liza se basa en los gastos y la gesti\u00f3n del sepelio, traslado nacional e internacional, gesti\u00f3n del duelo, servicio de gestor\u00eda, servicio de orientaci\u00f3n telef\u00f3nica, teleasistencia, servicio de ayuda a domicilio, segunda opini\u00f3n m\u00e9dica y servicio de asesor nutricional, entre otras. En esta modalidad se ofrece la posibilidad de Prima Nivelada y Mixta.<\/p>\r\n\r\n\r\n\r\n<p>Para aquellas personas que necesiten contratar un seguro de decesos de manera inmediata, Generali Seguros saca la modalidad Generali Express Decesos. A trav\u00e9s de una llamada o de manera online podr\u00e1s contratar este tipo de p\u00f3lizas. Ofrece una amplia gama de coberturas como por ejemplo el servicio de sepelio, asistencia por fallecimiento, capital adicional para gastos del sepelio, servicios m\u00e9dicos complementarios, hospitalizaci\u00f3n por enfermedad y accidente y repatriaci\u00f3n para extranjeros en Espa\u00f1a.<\/p>\r\n\r\n\r\n\r\n<p>Consciente de la alta inmigraci\u00f3n que sufre Espa\u00f1a en los \u00faltimos a\u00f1os, Generali Seguros saca una p\u00f3liza espec\u00edfica conocida como Generali Protecci\u00f3n Residentes. Esta modalidad consiste en ofrecer el mejor servicio de repatriaci\u00f3n al lugar de origen, adem\u00e1s en caso de que no se realice la repatriaci\u00f3n se proporcionar\u00e1 al fallecido un servicio de sepelio. Adem\u00e1s se ofrecen las mismas coberturas que en la modalidad Generali Protecci\u00f3n Familiar, es decir, servicio de gestor\u00eda, servicio de orientaci\u00f3n, teleasistencia, servicio a domicilio\u2026etc.<\/p>\r\n\r\n\r\n\r\n<p>Pensando en las personas mayores se ofrece la modalidad Protecci\u00f3n Edad Oro. A trav\u00e9s de esta p\u00f3liza se intenta garantizar la tranquilidad de nuestros mayores ofreciendo una amplia gama de coberturas que buscan garantizar la tranquilidad tras el fallecimiento.<\/p>\r\n\r\n\r\n\r\n<p>Por \u00faltimo, el seguro ideal para los j\u00f3venes conocido como Generali Protecci\u00f3n Single. Esta p\u00f3liza se basa en todas las coberturas que tambi\u00e9n garantiza la primera modalidad, exceptuando el servicio de sepelio.<\/p>\r\n\r\n\r\n\r\n<p>A trav\u00e9s de todas estas modalidad Generali Seguros pretenden cubrir todas las necesidades que presentan sus clientes. Adem\u00e1s ofrece diferentes primas que se adaptan a cada una de las necesidades econ\u00f3micas que puedan tener los clientes.<\/p>\r\n\r\n<h3>P\u00e1ginas relacionadas<\/h3><div class=\"enlazado\"><ul> <li><a href=\"https:\/\/idecesos.com\/seguros\/companias\/generali\/coberturas\/\">Coberturas Seguro de Decesos Generali<\/a><\/li> <li><a href=\"https:\/\/idecesos.com\/seguros\/companias\/generali\/opiniones\/\">Opiniones Generali<\/a><\/li> <li><a href=\"https:\/\/idecesos.com\/seguros\/companias\/generali\/precio\/\">Precio seguro Generali<\/a><\/li> <li><a href=\"https:\/\/idecesos.com\/seguros\/companias\/generali\/prima-mixta\/\">Generali Prima Mixta<\/a><\/li> <li><a href=\"https:\/\/idecesos.com\/seguros\/companias\/generali\/prima-natural\/\">Generali Prima Natural<\/a><\/li> <li><a href=\"https:\/\/idecesos.com\/seguros\/companias\/generali\/prima-nivelada\/\">Generali Prima Nivelada<\/a><\/li> <li><a href=\"https:\/\/idecesos.com\/seguros\/companias\/generali\/prima-unica\/\">Generali Prima \u00danica<\/a><\/li> <li><a href=\"https:\/\/idecesos.com\/seguros\/companias\/generali\/repatriacion\/\">Generali Repatriaci\u00f3n<\/a><\/li> <li><a href=\"https:\/\/idecesos.com\/seguros\/companias\/generali\/telefono\/\">Tel\u00e9fono Gratuito Generali<\/a><\/li><\/ul><\/div>","protected":false},"excerpt":{"rendered":"<p>Generali es una compa\u00f1\u00eda con m\u00e1s de 170 a\u00f1os de historia, presente en m\u00e1s de 60 pa\u00edses, que es l\u00edder en seguros en el mundo con cuotas muy significativas. Tiene m\u00e1s de 50 mercados en una red de 140 sucursales y filiales, as\u00ed como oficinas especializadas dirigidas a clientes multinacionales. El seguro de decesos m\u00e1s&hellip; <\/p>\n","protected":false},"author":2,"featured_media":0,"parent":634,"menu_order":0,"comment_status":"closed","ping_status":"closed","template":"single.php","meta":{"footnotes":""},"class_list":["post-636","page","type-page","status-publish","hentry"],"yoast_head":"<!-- This site is optimized with the Yoast SEO plugin v27.3 - https:\/\/yoast.com\/product\/yoast-seo-wordpress\/ -->\n<title>Coberturas Seguro de Decesos Generali | Gu\u00eda 2026<\/title>\n<meta name=\"description\" content=\"Consulta gratis las coberturas y servicios del Seguro de Decesos Generali Informaci\u00f3n actualizada en 2026. Coberturas verificadas por iDecesos.\" \/>\n<meta name=\"robots\" content=\"index, follow, max-snippet:-1, max-image-preview:large, max-video-preview:-1\" \/>\n<link rel=\"canonical\" href=\"https:\/\/idecesos.com\/seguros\/companias\/generali\/coberturas\/\" \/>\n<meta property=\"og:locale\" content=\"es_ES\" \/>\n<meta property=\"og:type\" content=\"article\" \/>\n<meta property=\"og:title\" content=\"Coberturas Seguro de Decesos Generali | Gu\u00eda 2026\" \/>\n<meta property=\"og:description\" content=\"Consulta gratis las coberturas y servicios del Seguro de Decesos Generali Informaci\u00f3n actualizada en 2026. Coberturas verificadas por iDecesos.\" \/>\n<meta property=\"og:url\" content=\"https:\/\/idecesos.com\/seguros\/companias\/generali\/coberturas\/\" \/>\n<meta property=\"article:modified_time\" content=\"2024-12-11T12:40:18+00:00\" \/>\n<meta name=\"twitter:card\" content=\"summary_large_image\" \/>\n<meta name=\"twitter:label1\" content=\"Tiempo de lectura\" \/>\n\t<meta name=\"twitter:data1\" content=\"7 minutos\" \/>\n<script type=\"application\/ld+json\" class=\"yoast-schema-graph\">{\"@context\":\"https:\\\/\\\/schema.org\",\"@graph\":[{\"@type\":\"WebPage\",\"@id\":\"https:\\\/\\\/idecesos.com\\\/seguros\\\/companias\\\/generali\\\/coberturas\\\/\",\"url\":\"https:\\\/\\\/idecesos.com\\\/seguros\\\/companias\\\/generali\\\/coberturas\\\/\",\"name\":\"Coberturas Seguro de Decesos Generali | Gu\u00eda 2026\",\"isPartOf\":{\"@id\":\"https:\\\/\\\/idecesos.com\\\/seguros\\\/#website\"},\"datePublished\":\"2021-07-12T17:50:50+00:00\",\"dateModified\":\"2024-12-11T12:40:18+00:00\",\"description\":\"Consulta gratis las coberturas y servicios del Seguro de Decesos Generali Informaci\u00f3n actualizada en 2026. Coberturas verificadas por iDecesos.\",\"breadcrumb\":{\"@id\":\"https:\\\/\\\/idecesos.com\\\/seguros\\\/companias\\\/generali\\\/coberturas\\\/#breadcrumb\"},\"inLanguage\":\"es\",\"potentialAction\":[{\"@type\":\"ReadAction\",\"target\":[\"https:\\\/\\\/idecesos.com\\\/seguros\\\/companias\\\/generali\\\/coberturas\\\/\"]}]},{\"@type\":\"BreadcrumbList\",\"@id\":\"https:\\\/\\\/idecesos.com\\\/seguros\\\/companias\\\/generali\\\/coberturas\\\/#breadcrumb\",\"itemListElement\":[{\"@type\":\"ListItem\",\"position\":1,\"name\":\"Portada\",\"item\":\"https:\\\/\\\/idecesos.com\\\/seguros\\\/\"},{\"@type\":\"ListItem\",\"position\":2,\"name\":\"Compa\u00f1\u00edas de Seguros de Decesos en Espa\u00f1a\",\"item\":\"https:\\\/\\\/idecesos.com\\\/seguros\\\/companias\\\/\"},{\"@type\":\"ListItem\",\"position\":3,\"name\":\"Seguro de decesos Generali\",\"item\":\"https:\\\/\\\/idecesos.com\\\/seguros\\\/companias\\\/generali\\\/\"},{\"@type\":\"ListItem\",\"position\":4,\"name\":\"Coberturas Seguro de Decesos Generali\"}]},{\"@type\":\"WebSite\",\"@id\":\"https:\\\/\\\/idecesos.com\\\/seguros\\\/#website\",\"url\":\"https:\\\/\\\/idecesos.com\\\/seguros\\\/\",\"name\":\"\",\"description\":\"\",\"potentialAction\":[{\"@type\":\"SearchAction\",\"target\":{\"@type\":\"EntryPoint\",\"urlTemplate\":\"https:\\\/\\\/idecesos.com\\\/seguros\\\/?s={search_term_string}\"},\"query-input\":{\"@type\":\"PropertyValueSpecification\",\"valueRequired\":true,\"valueName\":\"search_term_string\"}}],\"inLanguage\":\"es\"}]}<\/script>\n<!-- \/ Yoast SEO plugin. -->","yoast_head_json":{"title":"Coberturas Seguro de Decesos Generali | Gu\u00eda 2026","description":"Consulta gratis las coberturas y servicios del Seguro de Decesos Generali Informaci\u00f3n actualizada en 2026. Coberturas verificadas por iDecesos.","robots":{"index":"index","follow":"follow","max-snippet":"max-snippet:-1","max-image-preview":"max-image-preview:large","max-video-preview":"max-video-preview:-1"},"canonical":"https:\/\/idecesos.com\/seguros\/companias\/generali\/coberturas\/","og_locale":"es_ES","og_type":"article","og_title":"Coberturas Seguro de Decesos Generali | Gu\u00eda 2026","og_description":"Consulta gratis las coberturas y servicios del Seguro de Decesos Generali Informaci\u00f3n actualizada en 2026. Coberturas verificadas por iDecesos.","og_url":"https:\/\/idecesos.com\/seguros\/companias\/generali\/coberturas\/","article_modified_time":"2024-12-11T12:40:18+00:00","twitter_card":"summary_large_image","twitter_misc":{"Tiempo de lectura":"7 minutos"},"schema":{"@context":"https:\/\/schema.org","@graph":[{"@type":"WebPage","@id":"https:\/\/idecesos.com\/seguros\/companias\/generali\/coberturas\/","url":"https:\/\/idecesos.com\/seguros\/companias\/generali\/coberturas\/","name":"Coberturas Seguro de Decesos Generali | Gu\u00eda 2026","isPartOf":{"@id":"https:\/\/idecesos.com\/seguros\/#website"},"datePublished":"2021-07-12T17:50:50+00:00","dateModified":"2024-12-11T12:40:18+00:00","description":"Consulta gratis las coberturas y servicios del Seguro de Decesos Generali Informaci\u00f3n actualizada en 2026. Coberturas verificadas por iDecesos.","breadcrumb":{"@id":"https:\/\/idecesos.com\/seguros\/companias\/generali\/coberturas\/#breadcrumb"},"inLanguage":"es","potentialAction":[{"@type":"ReadAction","target":["https:\/\/idecesos.com\/seguros\/companias\/generali\/coberturas\/"]}]},{"@type":"BreadcrumbList","@id":"https:\/\/idecesos.com\/seguros\/companias\/generali\/coberturas\/#breadcrumb","itemListElement":[{"@type":"ListItem","position":1,"name":"Portada","item":"https:\/\/idecesos.com\/seguros\/"},{"@type":"ListItem","position":2,"name":"Compa\u00f1\u00edas de Seguros de Decesos en Espa\u00f1a","item":"https:\/\/idecesos.com\/seguros\/companias\/"},{"@type":"ListItem","position":3,"name":"Seguro de decesos Generali","item":"https:\/\/idecesos.com\/seguros\/companias\/generali\/"},{"@type":"ListItem","position":4,"name":"Coberturas Seguro de Decesos Generali"}]},{"@type":"WebSite","@id":"https:\/\/idecesos.com\/seguros\/#website","url":"https:\/\/idecesos.com\/seguros\/","name":"","description":"","potentialAction":[{"@type":"SearchAction","target":{"@type":"EntryPoint","urlTemplate":"https:\/\/idecesos.com\/seguros\/?s={search_term_string}"},"query-input":{"@type":"PropertyValueSpecification","valueRequired":true,"valueName":"search_term_string"}}],"inLanguage":"es"}]}},"_links":{"self":[{"href":"https:\/\/idecesos.com\/seguros\/wp-json\/wp\/v2\/pages\/636","targetHints":{"allow":["GET"]}}],"collection":[{"href":"https:\/\/idecesos.com\/seguros\/wp-json\/wp\/v2\/pages"}],"about":[{"href":"https:\/\/idecesos.com\/seguros\/wp-json\/wp\/v2\/types\/page"}],"author":[{"embeddable":true,"href":"https:\/\/idecesos.com\/seguros\/wp-json\/wp\/v2\/users\/2"}],"replies":[{"embeddable":true,"href":"https:\/\/idecesos.com\/seguros\/wp-json\/wp\/v2\/comments?post=636"}],"version-history":[{"count":6,"href":"https:\/\/idecesos.com\/seguros\/wp-json\/wp\/v2\/pages\/636\/revisions"}],"predecessor-version":[{"id":22142,"href":"https:\/\/idecesos.com\/seguros\/wp-json\/wp\/v2\/pages\/636\/revisions\/22142"}],"up":[{"embeddable":true,"href":"https:\/\/idecesos.com\/seguros\/wp-json\/wp\/v2\/pages\/634"}],"wp:attachment":[{"href":"https:\/\/idecesos.com\/seguros\/wp-json\/wp\/v2\/media?parent=636"}],"curies":[{"name":"wp","href":"https:\/\/api.w.org\/{rel}","templated":true}]}}