{"id":660,"date":"2021-07-12T18:55:48","date_gmt":"2021-07-12T18:55:48","guid":{"rendered":"https:\/\/idecesos.com\/seguros\/?page_id=660"},"modified":"2022-04-05T09:20:59","modified_gmt":"2022-04-05T09:20:59","slug":"incineracion","status":"publish","type":"page","link":"https:\/\/idecesos.com\/seguros\/companias\/helvetia\/incineracion\/","title":{"rendered":"SEGURO DECESOS HELVETIA INCINERACI\u00d3N"},"content":{"rendered":"<div id=\"ez-toc-container\" class=\"ez-toc-v2_0_82_2 ez-toc-wrap-center counter-hierarchy ez-toc-counter ez-toc-custom ez-toc-container-direction\">\n<div class=\"ez-toc-title-container\">\n<p class=\"ez-toc-title\" style=\"cursor:inherit\">Tabla de Contenido<\/p>\n<span class=\"ez-toc-title-toggle\"><a href=\"#\" class=\"ez-toc-pull-right ez-toc-btn ez-toc-btn-xs ez-toc-btn-default ez-toc-toggle\" aria-label=\"Alternar tabla de contenidos\"><span class=\"ez-toc-js-icon-con\"><span class=\"\"><span class=\"eztoc-hide\" style=\"display:none;\">Toggle<\/span><span class=\"ez-toc-icon-toggle-span\"><svg style=\"fill: #db6415;color:#db6415\" xmlns=\"http:\/\/www.w3.org\/2000\/svg\" class=\"list-377408\" width=\"20px\" height=\"20px\" viewBox=\"0 0 24 24\" fill=\"none\"><path d=\"M6 6H4v2h2V6zm14 0H8v2h12V6zM4 11h2v2H4v-2zm16 0H8v2h12v-2zM4 16h2v2H4v-2zm16 0H8v2h12v-2z\" fill=\"currentColor\"><\/path><\/svg><svg style=\"fill: #db6415;color:#db6415\" class=\"arrow-unsorted-368013\" xmlns=\"http:\/\/www.w3.org\/2000\/svg\" width=\"10px\" height=\"10px\" viewBox=\"0 0 24 24\" version=\"1.2\" baseProfile=\"tiny\"><path d=\"M18.2 9.3l-6.2-6.3-6.2 6.3c-.2.2-.3.4-.3.7s.1.5.3.7c.2.2.4.3.7.3h11c.3 0 .5-.1.7-.3.2-.2.3-.5.3-.7s-.1-.5-.3-.7zM5.8 14.7l6.2 6.3 6.2-6.3c.2-.2.3-.5.3-.7s-.1-.5-.3-.7c-.2-.2-.4-.3-.7-.3h-11c-.3 0-.5.1-.7.3-.2.2-.3.5-.3.7s.1.5.3.7z\"\/><\/svg><\/span><\/span><\/span><\/a><\/span><\/div>\n<nav><ul class='ez-toc-list ez-toc-list-level-1 ' ><li class='ez-toc-page-1 ez-toc-heading-level-2'><a class=\"ez-toc-link ez-toc-heading-1\" href=\"https:\/\/idecesos.com\/seguros\/companias\/helvetia\/incineracion\/#Coberturas_principales\" >Coberturas principales<\/a><\/li><li class='ez-toc-page-1 ez-toc-heading-level-2'><a class=\"ez-toc-link ez-toc-heading-2\" href=\"https:\/\/idecesos.com\/seguros\/companias\/helvetia\/incineracion\/#Servicios_adicionales\" >Servicios adicionales<\/a><\/li><li class='ez-toc-page-1 ez-toc-heading-level-2'><a class=\"ez-toc-link ez-toc-heading-3\" href=\"https:\/\/idecesos.com\/seguros\/companias\/helvetia\/incineracion\/#Tipos_de_poliza\" >Tipos de poliza<\/a><\/li><li class='ez-toc-page-1 ez-toc-heading-level-2'><a class=\"ez-toc-link ez-toc-heading-4\" href=\"https:\/\/idecesos.com\/seguros\/companias\/helvetia\/incineracion\/#Diferencias_entre_inhumacion_e_incineracion\" >Diferencias entre inhumaci\u00f3n e incineraci\u00f3n<\/a><\/li><li class='ez-toc-page-1 ez-toc-heading-level-2'><a class=\"ez-toc-link ez-toc-heading-5\" href=\"https:\/\/idecesos.com\/seguros\/companias\/helvetia\/incineracion\/#La_incineracion_en_Helvetia\" >La incineraci\u00f3n en Helvetia<\/a><\/li><li class='ez-toc-page-1 ez-toc-heading-level-2'><a class=\"ez-toc-link ez-toc-heading-6\" href=\"https:\/\/idecesos.com\/seguros\/companias\/helvetia\/incineracion\/#Ventajas_de_contratar_Helvetia_Seguros\" >Ventajas de contratar Helvetia Seguros<\/a><ul class='ez-toc-list-level-3' ><li class='ez-toc-heading-level-3'><a class=\"ez-toc-link ez-toc-heading-7\" href=\"https:\/\/idecesos.com\/seguros\/companias\/helvetia\/incineracion\/#Paginas_relacionadas\" >P\u00e1ginas relacionadas<\/a><\/li><\/ul><\/li><\/ul><\/nav><\/div>\n\n<p><strong>Helvetia<\/strong> es una aseguradora que cuenta con una gran variedad de servicios para que puedas elegir cu\u00e1l es el que m\u00e1s te interesa seg\u00fan tus necesidades y tus posibilidades econ\u00f3micas. Su seguro de decesos es conocido con el nombre de <strong>Plan de Asistencia Familiar<\/strong> para que t\u00fa y tu familia cont\u00e9is con las mejores garant\u00edas.<\/p>\n<p>En este seguro de decesos est\u00e1n incluidas todas las coberturas b\u00e1sicas de cualquier seguro de defunci\u00f3n, a las que se suman otras como la asistencia m\u00e9dica, la asistencia en viajes o el testamento online para hacerte la vida m\u00e1s f\u00e1cil desde ahora mismo. No obstante, por supuesto, dentro de tu <strong>Plan de Asistencia Familia<\/strong>r ser\u00e1s t\u00fa quien elijas qu\u00e9 servicios te interesan y cu\u00e1les deseas contratar. <strong>Helvetia decesos te da un gran abanico de posibilidades tanto en coberturas como en el precio de tu seguro de decesos.<\/strong><\/p>\n<p>En <strong>iDecesos.com<\/strong> con la aseguradora <strong>Helvetia<\/strong> incluye entre muchas coberturas adicionales su <strong>seguro de decesos la incineraci\u00f3n<\/strong>, y todo esto al mejor precio posible.<\/p>\n<h2><span class=\"ez-toc-section\" id=\"Coberturas_principales\"><\/span>Coberturas principales<span class=\"ez-toc-section-end\"><\/span><\/h2>\n<p>Las coberturas principales del seguro de decesos de Helvetia son las siguientes:<\/p>\n<ul>\n<li><strong>En caso de fallecimiento<\/strong>: se incluye el servicio f\u00fanebre completo, traslado o repatriaci\u00f3n del fallecido\u00a0 si se encuentra en un lugar diferente y traslado o repatriaci\u00f3n de la persona acompa\u00f1ante. Gastos de desplazamiento y estancia en caso de que la inhumaci\u00f3n se realice en un lugar diferente de la natural del fallecido.<\/li>\n<li><strong>Prestaciones jur\u00eddicas<\/strong>: se incluye la asistencia jur\u00eddica y legal y una consulta gratuita a un despacho jur\u00eddico para cualquier asunto.<\/li>\n<li><strong>Asistencia sanitaria con informaci\u00f3n gratuita las 24 horas.<\/strong><\/li>\n<li><strong>Asistencia en viajes internacionales<\/strong><\/li>\n<\/ul>\n<h2><span class=\"ez-toc-section\" id=\"Servicios_adicionales\"><\/span>Servicios adicionales<span class=\"ez-toc-section-end\"><\/span><\/h2>\n<p>Adem\u00e1s de las coberturas principales, en Helvetia podr\u00e1s encontrar varias coberturas adicionales como son:<\/p>\n<ul>\n<li><strong>Ayuda psicol\u00f3gica a los familiares del fallecido.<\/strong><\/li>\n<li><strong>Asistencia m\u00e9dica online.<\/strong><\/li>\n<li><strong>Orientaci\u00f3n telef\u00f3nica para asuntos de nutrici\u00f3n y diet\u00e9tica.<\/strong><\/li>\n<li><strong>Testamento online.<\/strong><\/li>\n<li><strong>Borrador de la vida digital.<\/strong><\/li>\n<\/ul>\n<h2><span class=\"ez-toc-section\" id=\"Tipos_de_poliza\"><\/span>Tipos de poliza<span class=\"ez-toc-section-end\"><\/span><\/h2>\n<p class=\"titulo_tipo titulo\">En Helvetia podemos encontrar tres tipos de p\u00f3lizas:<\/p>\n<div class=\"texto_tipo\">\n<ul>\n<li><strong>Helvetia Prima \u00danica:<\/strong> incluye el sepelio, la asistencia y los traslados, la asistencia en viajes, el accidente familiar hasta los 6.000 euros, la orientaci\u00f3n psicol\u00f3gica y la gesti\u00f3n del proceso sucesorio. Su precio va desde los 1.800 euros.<\/li>\n<li><strong>Helvetia Prima Nivelada:<\/strong> incluye el sepelio, la asistencia y los traslados, la asistencia en viajes, el accidente familiar hasta los 6.000 euros, un borrador de la vida digital y la orientaci\u00f3n veterinaria telef\u00f3nica. Su precio va desde 1.95 euros al mes.<\/li>\n<li><strong>Helvetia Prima Mixta:<\/strong> incluye el sepelio, la asistencia y los traslados, la asistencia en viajes, el accidente familiar hasta los 6.000 euros, un borrador de la vida digital y la orientaci\u00f3n veterinaria telef\u00f3nica. Su precio va desde 1.90 euros al mes.<\/li>\n<\/ul>\n<h2><span class=\"ez-toc-section\" id=\"Diferencias_entre_inhumacion_e_incineracion\"><\/span>Diferencias entre inhumaci\u00f3n e incineraci\u00f3n<span class=\"ez-toc-section-end\"><\/span><\/h2>\n<p>La <b>inhumaci\u00f3n<\/b> consiste en el enterramiento de un cad\u00e1ver. Los restos se colocan en un ata\u00fad, el cual se ubica en un nicho, en una cripta o se lo sepulta y la <b>incineraci\u00f3n<\/b> es reducir el cuerpo a cenizas. Al fallecido se le extrae <strong>marcapasos y v\u00e1lvulas bypass<\/strong>, \u2013 si los hubiera-.<\/p>\n<div>La principal\u00a0<strong>ventaja de la inhumaci\u00f3n<\/strong> es que ofrece la posibilidad de que la persona fallecida se encuentre en un lugar fijo, donde los familiares pueden acudir para hacer una visita. A pesar de ello, el enterramiento presenta una serie de\u00a0<strong>desventajas<\/strong>, entre las que destaca el\u00a0<strong>mayor coste<\/strong> en comparaci\u00f3n con la incineraci\u00f3n.<\/div>\n<div><\/div>\n<div>Uno de los <strong>beneficios de la incineraci\u00f3n<\/strong>\u00a0es su reducido coste, lo que ha hecho que se convierta en la principal alternativa entre las familias con menos recursos, as\u00ed como entre los fallecidos que no contaban con una p\u00f3liza de decesos. Junto a ello, el proceso de incineraci\u00f3n es <strong>mucho m\u00e1s r\u00e1pido<\/strong> y pr\u00e1ctico, no requiere ning\u00fan espacio donde depositar los restos y tampoco exige gastos de mantenimiento de ning\u00fan tipo.<\/div>\n<div>Sin embargo, la decisi\u00f3n de qu\u00e9 hacer con las cenizas de un ser querido, es uno de los inconvenientes de la incineraci\u00f3n. Otro de los problemas de la incineraci\u00f3n est\u00e1 relacionado con los <strong>gases que se desprenden en el proceso<\/strong> de cremaci\u00f3n, ya que pueden contaminar el medio ambiente.<\/div>\n<\/div>\n<div><\/div>\n<h2><span class=\"ez-toc-section\" id=\"La_incineracion_en_Helvetia\"><\/span>La incineraci\u00f3n en Helvetia<span class=\"ez-toc-section-end\"><\/span><\/h2>\n<div class=\"texto_tipo\">\n<p>Como seguro de decesos, el <strong>Plan de Asistencia Familiar Helvetia<\/strong> cubre todos los gastos y gestiones del servicio f\u00fanebre en caso de fallecimiento del asegurado, permitiendo la <strong>libre elecci\u00f3n del lugar de inhumaci\u00f3n o incineraci\u00f3n.<\/strong><\/p>\n<p>En caso de que decidas optar por la incineraci\u00f3n, <strong>Helvetia<\/strong> te ofrece las mejores garant\u00edas del mercado de los seguros de decesos. Adem\u00e1s, en los \u00faltimos tiempos, Helvetia ha incorporado una nueva garant\u00eda para las <strong>mascotas<\/strong> en su seguro de decesos.<\/p>\n<p>A trav\u00e9s de esta cobertura, los clientes pueden disfrutar de numerosos servicios para la <strong>protecci\u00f3n y el bienestar de sus mascotas.<\/strong>\u00a0En caso de que el animal fallezca, el asegurado tiene a su disposici\u00f3n un servicio gratuito para la<strong> recogida, el traslado y la incineraci\u00f3n individual del animal<\/strong>. De manera que no tendr\u00e1 que preocuparse de realizar estos tr\u00e1mites en un momento tan duro para \u00e9l.<\/p>\n<h2><span class=\"ez-toc-section\" id=\"Ventajas_de_contratar_Helvetia_Seguros\"><\/span>Ventajas de contratar Helvetia Seguros<span class=\"ez-toc-section-end\"><\/span><\/h2>\n<p>Helvetia muestra toda su disposici\u00f3n ante las personas que sufren en los d\u00edas de luto. Brinda una amplia gama de ayudas que va desde el acompa\u00f1amiento de los restos mortales y los <strong>costes de desplazamiento hasta la orientaci\u00f3n psicol\u00f3gica al duelo<\/strong>. Por otro lado, ofrece un <strong>testamento online y un historial m\u00e9dico en la nube<\/strong>, adapt\u00e1ndose de esta manera a las nuevas tecnolog\u00edas.<\/p>\n<p>Esta compa\u00f1\u00eda no olvida la parte jur\u00eddica del proceso, asistiendo a las familias a trav\u00e9s de profesionales especializados en el sector mediante la <strong>asistencia gratuita por tel\u00e9fono y la ayuda en todos los tr\u00e1mites necesarios en caso de fallecimiento.<\/strong><\/p>\n<h3><span class=\"ez-toc-section\" id=\"Paginas_relacionadas\"><\/span>P\u00e1ginas relacionadas<span class=\"ez-toc-section-end\"><\/span><\/h3><div class=\"enlazado\"><ul> <li><a href=\"https:\/\/idecesos.com\/seguros\/companias\/helvetia\/coberturas\/\">Coberturas Helvetia<\/a><\/li> <li><a href=\"https:\/\/idecesos.com\/seguros\/companias\/helvetia\/dentistas\/\">Dentistas Helvetia<\/a><\/li> <li><a href=\"https:\/\/idecesos.com\/seguros\/companias\/helvetia\/incineracion\/\">Incineraci\u00f3n Helvetia<\/a><\/li> <li><a href=\"https:\/\/idecesos.com\/seguros\/companias\/helvetia\/opiniones\/\">Opiniones Helvetia<\/a><\/li> <li><a href=\"https:\/\/idecesos.com\/seguros\/companias\/helvetia\/precio\/\">Precio seguro Helvetia<\/a><\/li> <li><a href=\"https:\/\/idecesos.com\/seguros\/companias\/helvetia\/prima-mixta\/\">Helvetia Prima Mixta<\/a><\/li> <li><a href=\"https:\/\/idecesos.com\/seguros\/companias\/helvetia\/prima-natural\/\">Helvetia Prima Natural<\/a><\/li> <li><a href=\"https:\/\/idecesos.com\/seguros\/companias\/helvetia\/prima-nivelada\/\">Helvetia Prima Nivelada<\/a><\/li> <li><a href=\"https:\/\/idecesos.com\/seguros\/companias\/helvetia\/prima-unica\/\">Helvetia Prima \u00danica<\/a><\/li> <li><a href=\"https:\/\/idecesos.com\/seguros\/companias\/helvetia\/repatriacion\/\">Helvetia Repatriaci\u00f3n<\/a><\/li> <li><a href=\"https:\/\/idecesos.com\/seguros\/companias\/helvetia\/santa-lucia\/\">DECESOS HELVETIA Vs SANTA LUCIA<\/a><\/li> <li><a href=\"https:\/\/idecesos.com\/seguros\/companias\/helvetia\/telefono\/\">Tel\u00e9fono Gratuito Helvetia<\/a><\/li><\/ul><\/div>\n<\/div>\n","protected":false},"excerpt":{"rendered":"<p>Helvetia es una aseguradora que cuenta con una gran variedad de servicios para que puedas elegir cu\u00e1l es el que m\u00e1s te interesa seg\u00fan tus necesidades y tus posibilidades econ\u00f3micas. Su seguro de decesos es conocido con el nombre de Plan de Asistencia Familiar para que t\u00fa y tu familia cont\u00e9is con las mejores garant\u00edas.&hellip; <\/p>\n","protected":false},"author":2,"featured_media":0,"parent":652,"menu_order":0,"comment_status":"open","ping_status":"closed","template":"single.php","meta":{"footnotes":""},"class_list":["post-660","page","type-page","status-publish","hentry"],"yoast_head":"<!-- This site is optimized with the Yoast SEO plugin v27.3 - https:\/\/yoast.com\/product\/yoast-seo-wordpress\/ -->\n<title>SEGURO DECESOS HELVETIA INCINERACI\u00d3N -<\/title>\n<meta name=\"robots\" content=\"index, follow, max-snippet:-1, max-image-preview:large, max-video-preview:-1\" \/>\n<link rel=\"canonical\" href=\"https:\/\/idecesos.com\/seguros\/companias\/helvetia\/incineracion\/\" \/>\n<meta property=\"og:locale\" content=\"es_ES\" \/>\n<meta property=\"og:type\" content=\"article\" \/>\n<meta property=\"og:title\" content=\"SEGURO DECESOS HELVETIA INCINERACI\u00d3N -\" \/>\n<meta property=\"og:description\" content=\"Helvetia es una aseguradora que cuenta con una gran variedad de servicios para que puedas elegir cu\u00e1l es el que m\u00e1s te interesa seg\u00fan tus necesidades y tus posibilidades econ\u00f3micas. Su seguro de decesos es conocido con el nombre de Plan de Asistencia Familiar para que t\u00fa y tu familia cont\u00e9is con las mejores garant\u00edas.&hellip;\" \/>\n<meta property=\"og:url\" content=\"https:\/\/idecesos.com\/seguros\/companias\/helvetia\/incineracion\/\" \/>\n<meta property=\"article:modified_time\" content=\"2022-04-05T09:20:59+00:00\" \/>\n<meta name=\"twitter:card\" content=\"summary_large_image\" \/>\n<meta name=\"twitter:label1\" content=\"Tiempo de lectura\" \/>\n\t<meta name=\"twitter:data1\" content=\"5 minutos\" \/>\n<script type=\"application\/ld+json\" class=\"yoast-schema-graph\">{\"@context\":\"https:\\\/\\\/schema.org\",\"@graph\":[{\"@type\":\"WebPage\",\"@id\":\"https:\\\/\\\/idecesos.com\\\/seguros\\\/companias\\\/helvetia\\\/incineracion\\\/\",\"url\":\"https:\\\/\\\/idecesos.com\\\/seguros\\\/companias\\\/helvetia\\\/incineracion\\\/\",\"name\":\"SEGURO DECESOS HELVETIA INCINERACI\u00d3N -\",\"isPartOf\":{\"@id\":\"https:\\\/\\\/idecesos.com\\\/seguros\\\/#website\"},\"datePublished\":\"2021-07-12T18:55:48+00:00\",\"dateModified\":\"2022-04-05T09:20:59+00:00\",\"breadcrumb\":{\"@id\":\"https:\\\/\\\/idecesos.com\\\/seguros\\\/companias\\\/helvetia\\\/incineracion\\\/#breadcrumb\"},\"inLanguage\":\"es\",\"potentialAction\":[{\"@type\":\"ReadAction\",\"target\":[\"https:\\\/\\\/idecesos.com\\\/seguros\\\/companias\\\/helvetia\\\/incineracion\\\/\"]}]},{\"@type\":\"BreadcrumbList\",\"@id\":\"https:\\\/\\\/idecesos.com\\\/seguros\\\/companias\\\/helvetia\\\/incineracion\\\/#breadcrumb\",\"itemListElement\":[{\"@type\":\"ListItem\",\"position\":1,\"name\":\"Portada\",\"item\":\"https:\\\/\\\/idecesos.com\\\/seguros\\\/\"},{\"@type\":\"ListItem\",\"position\":2,\"name\":\"Compa\u00f1\u00edas de Seguros de Decesos en Espa\u00f1a\",\"item\":\"https:\\\/\\\/idecesos.com\\\/seguros\\\/companias\\\/\"},{\"@type\":\"ListItem\",\"position\":3,\"name\":\"Seguro de Decesos Helvetia\",\"item\":\"https:\\\/\\\/idecesos.com\\\/seguros\\\/companias\\\/helvetia\\\/\"},{\"@type\":\"ListItem\",\"position\":4,\"name\":\"SEGURO DECESOS HELVETIA INCINERACI\u00d3N\"}]},{\"@type\":\"WebSite\",\"@id\":\"https:\\\/\\\/idecesos.com\\\/seguros\\\/#website\",\"url\":\"https:\\\/\\\/idecesos.com\\\/seguros\\\/\",\"name\":\"\",\"description\":\"\",\"potentialAction\":[{\"@type\":\"SearchAction\",\"target\":{\"@type\":\"EntryPoint\",\"urlTemplate\":\"https:\\\/\\\/idecesos.com\\\/seguros\\\/?s={search_term_string}\"},\"query-input\":{\"@type\":\"PropertyValueSpecification\",\"valueRequired\":true,\"valueName\":\"search_term_string\"}}],\"inLanguage\":\"es\"}]}<\/script>\n<!-- \/ Yoast SEO plugin. -->","yoast_head_json":{"title":"SEGURO DECESOS HELVETIA INCINERACI\u00d3N -","robots":{"index":"index","follow":"follow","max-snippet":"max-snippet:-1","max-image-preview":"max-image-preview:large","max-video-preview":"max-video-preview:-1"},"canonical":"https:\/\/idecesos.com\/seguros\/companias\/helvetia\/incineracion\/","og_locale":"es_ES","og_type":"article","og_title":"SEGURO DECESOS HELVETIA INCINERACI\u00d3N -","og_description":"Helvetia es una aseguradora que cuenta con una gran variedad de servicios para que puedas elegir cu\u00e1l es el que m\u00e1s te interesa seg\u00fan tus necesidades y tus posibilidades econ\u00f3micas. Su seguro de decesos es conocido con el nombre de Plan de Asistencia Familiar para que t\u00fa y tu familia cont\u00e9is con las mejores garant\u00edas.&hellip;","og_url":"https:\/\/idecesos.com\/seguros\/companias\/helvetia\/incineracion\/","article_modified_time":"2022-04-05T09:20:59+00:00","twitter_card":"summary_large_image","twitter_misc":{"Tiempo de lectura":"5 minutos"},"schema":{"@context":"https:\/\/schema.org","@graph":[{"@type":"WebPage","@id":"https:\/\/idecesos.com\/seguros\/companias\/helvetia\/incineracion\/","url":"https:\/\/idecesos.com\/seguros\/companias\/helvetia\/incineracion\/","name":"SEGURO DECESOS HELVETIA INCINERACI\u00d3N -","isPartOf":{"@id":"https:\/\/idecesos.com\/seguros\/#website"},"datePublished":"2021-07-12T18:55:48+00:00","dateModified":"2022-04-05T09:20:59+00:00","breadcrumb":{"@id":"https:\/\/idecesos.com\/seguros\/companias\/helvetia\/incineracion\/#breadcrumb"},"inLanguage":"es","potentialAction":[{"@type":"ReadAction","target":["https:\/\/idecesos.com\/seguros\/companias\/helvetia\/incineracion\/"]}]},{"@type":"BreadcrumbList","@id":"https:\/\/idecesos.com\/seguros\/companias\/helvetia\/incineracion\/#breadcrumb","itemListElement":[{"@type":"ListItem","position":1,"name":"Portada","item":"https:\/\/idecesos.com\/seguros\/"},{"@type":"ListItem","position":2,"name":"Compa\u00f1\u00edas de Seguros de Decesos en Espa\u00f1a","item":"https:\/\/idecesos.com\/seguros\/companias\/"},{"@type":"ListItem","position":3,"name":"Seguro de Decesos Helvetia","item":"https:\/\/idecesos.com\/seguros\/companias\/helvetia\/"},{"@type":"ListItem","position":4,"name":"SEGURO DECESOS HELVETIA INCINERACI\u00d3N"}]},{"@type":"WebSite","@id":"https:\/\/idecesos.com\/seguros\/#website","url":"https:\/\/idecesos.com\/seguros\/","name":"","description":"","potentialAction":[{"@type":"SearchAction","target":{"@type":"EntryPoint","urlTemplate":"https:\/\/idecesos.com\/seguros\/?s={search_term_string}"},"query-input":{"@type":"PropertyValueSpecification","valueRequired":true,"valueName":"search_term_string"}}],"inLanguage":"es"}]}},"_links":{"self":[{"href":"https:\/\/idecesos.com\/seguros\/wp-json\/wp\/v2\/pages\/660","targetHints":{"allow":["GET"]}}],"collection":[{"href":"https:\/\/idecesos.com\/seguros\/wp-json\/wp\/v2\/pages"}],"about":[{"href":"https:\/\/idecesos.com\/seguros\/wp-json\/wp\/v2\/types\/page"}],"author":[{"embeddable":true,"href":"https:\/\/idecesos.com\/seguros\/wp-json\/wp\/v2\/users\/2"}],"replies":[{"embeddable":true,"href":"https:\/\/idecesos.com\/seguros\/wp-json\/wp\/v2\/comments?post=660"}],"version-history":[{"count":11,"href":"https:\/\/idecesos.com\/seguros\/wp-json\/wp\/v2\/pages\/660\/revisions"}],"predecessor-version":[{"id":20956,"href":"https:\/\/idecesos.com\/seguros\/wp-json\/wp\/v2\/pages\/660\/revisions\/20956"}],"up":[{"embeddable":true,"href":"https:\/\/idecesos.com\/seguros\/wp-json\/wp\/v2\/pages\/652"}],"wp:attachment":[{"href":"https:\/\/idecesos.com\/seguros\/wp-json\/wp\/v2\/media?parent=660"}],"curies":[{"name":"wp","href":"https:\/\/api.w.org\/{rel}","templated":true}]}}