{"id":674,"date":"2021-07-13T07:42:25","date_gmt":"2021-07-13T07:42:25","guid":{"rendered":"https:\/\/idecesos.com\/seguros\/?page_id=674"},"modified":"2022-01-03T12:30:10","modified_gmt":"2022-01-03T12:30:10","slug":"hogar","status":"publish","type":"page","link":"https:\/\/idecesos.com\/seguros\/tipo\/hogar\/","title":{"rendered":"Seguro de Decesos Combinado con Seguro de Hogar"},"content":{"rendered":"\r\n\r\n<p>Ante los elevados costes que supone el fallecimiento de un familiar o un ser querido, muchos espa\u00f1oles optan por contratar un seguro de decesos que se encargue de realizar todas las gestiones necesarias tras el fallecimiento de una una persona cercana. M\u00e1s de 20 millones de espa\u00f1oles cuentan ya con este tipo de seguros lo que demuestra la precauci\u00f3n de nuestra poblaci\u00f3n en este aspecto.<\/p>\r\n\r\n\r\n\r\n<p>Ante la gran demanda que tienen estas p\u00f3lizas, las compa\u00f1\u00edas aseguradoras pretenden ir m\u00e1s all\u00e1 de las prestaciones que ofrece un simple seguros de decesos. De esta manera ofrecen seguros combinados con los que intentan realizar una propuesta m\u00e1s amplia, de mayor calidad y que se adapte de la mejor manera posible a aquello que pide el cliente. Existen diferentes combinaciones como por ejemplo seguro de decesos y asistencia familiar, seguro de decesos y seguros de vida y seguros de decesos y hogar.<\/p>\r\n\r\n\r\n\r\n<p>En concreto uno de los m\u00e1s demandados es el seguro combinado de hogar y decesos ya que las familias aprovechan la necesidad de tener que contratar un seguro de hogar para incluir el seguro de decesos con el que se garantizan la tranquilidad en caso de fallecimiento de un familiar. Esta combinaci\u00f3n de seguros dan la posibilidad de cubrir una amplia gama de necesidades abarcando desde los gastos de sepelio hasta la posible rotura de algo en casa.<\/p>\r\n\r\n\r\n\r\n<p>En concreto los seguros de decesos se encarga de la financiaci\u00f3n de los gastos de sepelio, asistencia m\u00e9dica mundial, posible traslado del cuerpo a su lugar de origen, cobertura econ\u00f3mica del viaje de un familiar, asistencia m\u00e9dica, asistencia psicol\u00f3gica a trav\u00e9s de un tel\u00e9fono 24 horas y solucionar todos aquellos aspectos burocr\u00e1ticos que desemboquen del fallecimiento. Todas estos problemas son tramitados por profesionales especializados en cada uno de los sectores.<\/p>\r\n\r\n\r\n\r\n<p>Por su parte el seguro de hogar, ser\u00e1 el encargado de cubrir aquellos posibles da\u00f1os que se ocasiones en la casa asegurada, as\u00ed como, atracos, reparaci\u00f3n de electrodom\u00e9sticos o protecci\u00f3n jur\u00eddica.<\/p>\r\n\r\n\r\n\r\n<p>Estas combinaciones de dos seguros demuestran la inquietud de las compa\u00f1\u00edas por abarcar de manera muy espec\u00edfica la demanda de sus clientes con el objetivo de aumentar su n\u00famero de p\u00f3lizas contratadas, as\u00ed como, la calidad y determinaci\u00f3n de su trabajo.<\/p>\r\n\r\n<div class=\"oficinas\">\r\n<h3>P\u00e1ginas relacionadas<\/h3>\r\n<ul><li><a href=\"https:\/\/idecesos.com\/seguros\/tipo\/mayores\/\"><span>Seguro Decesos Para Mayores<\/span><\/a><\/li><li><a href=\"https:\/\/idecesos.com\/seguros\/tipo\/extranjeros-repatriacion\/\"><span>Seguro Decesos para Extranjeros y Repatriaci\u00f3n<\/span><\/a><\/li><li><a href=\"https:\/\/idecesos.com\/seguros\/tipo\/basico\/\"><span>Seguro de Decesos B\u00e1sico<\/span><\/a><\/li><li><a href=\"https:\/\/idecesos.com\/seguros\/tipo\/familiar\/\"><span>Seguro de Decesos Familiar<\/span><\/a><\/li><li><a href=\"https:\/\/idecesos.com\/seguros\/tipo\/sucesiones\/\"><span>Seguro de Decesos Impuesto de Sucesiones<\/span><\/a><\/li><li><a href=\"https:\/\/idecesos.com\/seguros\/tipo\/internacional\/\"><span>Seguro de Decesos Internacional<\/span><\/a><\/li><li><a href=\"https:\/\/idecesos.com\/seguros\/tipo\/judiciales\/\"><span>Seguro de Decesos Judiciales<\/span><\/a><\/li><li><a href=\"https:\/\/idecesos.com\/seguros\/tipo\/nicho\/\"><span>Seguro de Decesos Nicho<\/span><\/a><\/li><li><a href=\"https:\/\/idecesos.com\/seguros\/tipo\/mixta\/\"><span>Seguro de Decesos Prima Mixta<\/span><\/a><\/li><li><a href=\"https:\/\/idecesos.com\/seguros\/tipo\/natural\/\"><span>Seguro de Decesos Prima Natural<\/span><\/a><\/li><li><a href=\"https:\/\/idecesos.com\/seguros\/tipo\/nivelada\/\"><span>Seguro de Decesos Prima Nivelada<\/span><\/a><\/li><li><a href=\"https:\/\/idecesos.com\/seguros\/tipo\/constante\/\"><span>Seguro de Decesos Prima constante<\/span><\/a><\/li><li><a href=\"https:\/\/idecesos.com\/seguros\/tipo\/prima-unica\/\"><span>Seguro de Decesos Prima \u00danica<\/span><\/a><\/li><li><a href=\"https:\/\/idecesos.com\/seguros\/tipo\/todo-previsto\/\"><span>Seguro de Decesos Todo Previsto<\/span><\/a><\/li><li><a href=\"https:\/\/idecesos.com\/seguros\/tipo\/previsto\/\"><span>Seguro de Decesos Todo previsto<\/span><\/a><\/li><li><a href=\"https:\/\/idecesos.com\/seguros\/tipo\/vitalicio\/\"><span>Seguro de Decesos Vitalicio<\/span><\/a><\/li><li><a href=\"https:\/\/idecesos.com\/seguros\/tipo\/dental\/\"><span>Seguro de Decesos con Cobertura Dental<\/span><\/a><\/li><li><a href=\"https:\/\/idecesos.com\/seguros\/tipo\/enfermedad\/\"><span>Seguro de Decesos con Enfermedad Grave<\/span><\/a><\/li><li><a href=\"https:\/\/idecesos.com\/seguros\/tipo\/incineracion\/\"><span>Seguro de Decesos con Incineraci\u00f3n<\/span><\/a><\/li><li><a href=\"https:\/\/idecesos.com\/seguros\/tipo\/adultos\/\"><span>Seguro de Decesos para Adultos<\/span><\/a><\/li><li><a href=\"https:\/\/idecesos.com\/seguros\/tipo\/bebe\/\"><span>Seguro de Decesos para Beb\u00e9s<\/span><\/a><\/li><li><a href=\"https:\/\/idecesos.com\/seguros\/tipo\/accidentes\/\"><span>Seguro de Decesos y Accidentes<\/span><\/a><\/li><li><a href=\"https:\/\/idecesos.com\/seguros\/tipo\/medicos\/\"><span>Seguro de Decesos y M\u00e9dicos<\/span><\/a><\/li><li><a href=\"https:\/\/idecesos.com\/seguros\/tipo\/vida\/\"><span>Seguro de Decesos y Vida<\/span><\/a><\/li><li><a href=\"https:\/\/idecesos.com\/seguros\/tipo\/sepelio\/\"><span>Seguro de Sepelio<\/span><\/a><\/li><\/ul>\r\n<\/div>","protected":false},"excerpt":{"rendered":"<p>Ante los elevados costes que supone el fallecimiento de un familiar o un ser querido, muchos espa\u00f1oles optan por contratar un seguro de decesos que se encargue de realizar todas las gestiones necesarias tras el fallecimiento de una una persona cercana. M\u00e1s de 20 millones de espa\u00f1oles cuentan ya con este tipo de seguros lo&hellip; <\/p>\n","protected":false},"author":2,"featured_media":0,"parent":586,"menu_order":0,"comment_status":"closed","ping_status":"closed","template":"single.php","meta":{"footnotes":""},"class_list":["post-674","page","type-page","status-publish","hentry"],"yoast_head":"<!-- This site is optimized with the Yoast SEO plugin v27.6 - https:\/\/yoast.com\/product\/yoast-seo-wordpress\/ -->\n<title>Seguro de Decesos Combinado con Seguro de Hogar \u25b7Mejor Precio 2026<\/title>\n<meta name=\"description\" content=\"Calcula aqu\u00ed el mejor\u3010Seguro de Decesos Combinado con Seguro de Hogar\u3011N\u00ba1: Compa\u00f1\u00edas, coberturas y precios \u2611\ufe0fOfertas exclusivas iDecesos\u00ae\" \/>\n<meta name=\"robots\" content=\"index, follow, max-snippet:-1, max-image-preview:large, max-video-preview:-1\" \/>\n<link rel=\"canonical\" href=\"https:\/\/idecesos.com\/seguros\/tipo\/hogar\/\" \/>\n<meta property=\"og:locale\" content=\"es_ES\" \/>\n<meta property=\"og:type\" content=\"article\" \/>\n<meta property=\"og:title\" content=\"Seguro de Decesos Combinado con Seguro de Hogar \u25b7Mejor Precio 2026\" \/>\n<meta property=\"og:description\" content=\"Calcula aqu\u00ed el mejor\u3010Seguro de Decesos Combinado con Seguro de Hogar\u3011N\u00ba1: Compa\u00f1\u00edas, coberturas y precios \u2611\ufe0fOfertas exclusivas iDecesos\u00ae\" \/>\n<meta property=\"og:url\" content=\"https:\/\/idecesos.com\/seguros\/tipo\/hogar\/\" \/>\n<meta property=\"article:modified_time\" content=\"2022-01-03T12:30:10+00:00\" \/>\n<meta name=\"twitter:card\" content=\"summary_large_image\" \/>\n<meta name=\"twitter:label1\" content=\"Tiempo de lectura\" \/>\n\t<meta name=\"twitter:data1\" content=\"2 minutos\" \/>\n<script type=\"application\/ld+json\" class=\"yoast-schema-graph\">{\"@context\":\"https:\\\/\\\/schema.org\",\"@graph\":[{\"@type\":\"WebPage\",\"@id\":\"https:\\\/\\\/idecesos.com\\\/seguros\\\/tipo\\\/hogar\\\/\",\"url\":\"https:\\\/\\\/idecesos.com\\\/seguros\\\/tipo\\\/hogar\\\/\",\"name\":\"Seguro de Decesos Combinado con Seguro de Hogar \u25b7Mejor Precio 2026\",\"isPartOf\":{\"@id\":\"https:\\\/\\\/idecesos.com\\\/seguros\\\/#website\"},\"datePublished\":\"2021-07-13T07:42:25+00:00\",\"dateModified\":\"2022-01-03T12:30:10+00:00\",\"description\":\"Calcula aqu\u00ed el mejor\u3010Seguro de Decesos Combinado con Seguro de Hogar\u3011N\u00ba1: Compa\u00f1\u00edas, coberturas y precios \u2611\ufe0fOfertas exclusivas iDecesos\u00ae\",\"breadcrumb\":{\"@id\":\"https:\\\/\\\/idecesos.com\\\/seguros\\\/tipo\\\/hogar\\\/#breadcrumb\"},\"inLanguage\":\"es\",\"potentialAction\":[{\"@type\":\"ReadAction\",\"target\":[\"https:\\\/\\\/idecesos.com\\\/seguros\\\/tipo\\\/hogar\\\/\"]}]},{\"@type\":\"BreadcrumbList\",\"@id\":\"https:\\\/\\\/idecesos.com\\\/seguros\\\/tipo\\\/hogar\\\/#breadcrumb\",\"itemListElement\":[{\"@type\":\"ListItem\",\"position\":1,\"name\":\"Portada\",\"item\":\"https:\\\/\\\/idecesos.com\\\/seguros\\\/\"},{\"@type\":\"ListItem\",\"position\":2,\"name\":\"Tipos de seguros de decesos\",\"item\":\"https:\\\/\\\/idecesos.com\\\/seguros\\\/tipo\\\/\"},{\"@type\":\"ListItem\",\"position\":3,\"name\":\"Seguro de Decesos Combinado con Seguro de Hogar\"}]},{\"@type\":\"WebSite\",\"@id\":\"https:\\\/\\\/idecesos.com\\\/seguros\\\/#website\",\"url\":\"https:\\\/\\\/idecesos.com\\\/seguros\\\/\",\"name\":\"\",\"description\":\"\",\"potentialAction\":[{\"@type\":\"SearchAction\",\"target\":{\"@type\":\"EntryPoint\",\"urlTemplate\":\"https:\\\/\\\/idecesos.com\\\/seguros\\\/?s={search_term_string}\"},\"query-input\":{\"@type\":\"PropertyValueSpecification\",\"valueRequired\":true,\"valueName\":\"search_term_string\"}}],\"inLanguage\":\"es\"}]}<\/script>\n<!-- \/ Yoast SEO plugin. -->","yoast_head_json":{"title":"Seguro de Decesos Combinado con Seguro de Hogar \u25b7Mejor Precio 2026","description":"Calcula aqu\u00ed el mejor\u3010Seguro de Decesos Combinado con Seguro de Hogar\u3011N\u00ba1: Compa\u00f1\u00edas, coberturas y precios \u2611\ufe0fOfertas exclusivas iDecesos\u00ae","robots":{"index":"index","follow":"follow","max-snippet":"max-snippet:-1","max-image-preview":"max-image-preview:large","max-video-preview":"max-video-preview:-1"},"canonical":"https:\/\/idecesos.com\/seguros\/tipo\/hogar\/","og_locale":"es_ES","og_type":"article","og_title":"Seguro de Decesos Combinado con Seguro de Hogar \u25b7Mejor Precio 2026","og_description":"Calcula aqu\u00ed el mejor\u3010Seguro de Decesos Combinado con Seguro de Hogar\u3011N\u00ba1: Compa\u00f1\u00edas, coberturas y precios \u2611\ufe0fOfertas exclusivas iDecesos\u00ae","og_url":"https:\/\/idecesos.com\/seguros\/tipo\/hogar\/","article_modified_time":"2022-01-03T12:30:10+00:00","twitter_card":"summary_large_image","twitter_misc":{"Tiempo de lectura":"2 minutos"},"schema":{"@context":"https:\/\/schema.org","@graph":[{"@type":"WebPage","@id":"https:\/\/idecesos.com\/seguros\/tipo\/hogar\/","url":"https:\/\/idecesos.com\/seguros\/tipo\/hogar\/","name":"Seguro de Decesos Combinado con Seguro de Hogar \u25b7Mejor Precio 2026","isPartOf":{"@id":"https:\/\/idecesos.com\/seguros\/#website"},"datePublished":"2021-07-13T07:42:25+00:00","dateModified":"2022-01-03T12:30:10+00:00","description":"Calcula aqu\u00ed el mejor\u3010Seguro de Decesos Combinado con Seguro de Hogar\u3011N\u00ba1: Compa\u00f1\u00edas, coberturas y precios \u2611\ufe0fOfertas exclusivas iDecesos\u00ae","breadcrumb":{"@id":"https:\/\/idecesos.com\/seguros\/tipo\/hogar\/#breadcrumb"},"inLanguage":"es","potentialAction":[{"@type":"ReadAction","target":["https:\/\/idecesos.com\/seguros\/tipo\/hogar\/"]}]},{"@type":"BreadcrumbList","@id":"https:\/\/idecesos.com\/seguros\/tipo\/hogar\/#breadcrumb","itemListElement":[{"@type":"ListItem","position":1,"name":"Portada","item":"https:\/\/idecesos.com\/seguros\/"},{"@type":"ListItem","position":2,"name":"Tipos de seguros de decesos","item":"https:\/\/idecesos.com\/seguros\/tipo\/"},{"@type":"ListItem","position":3,"name":"Seguro de Decesos Combinado con Seguro de Hogar"}]},{"@type":"WebSite","@id":"https:\/\/idecesos.com\/seguros\/#website","url":"https:\/\/idecesos.com\/seguros\/","name":"","description":"","potentialAction":[{"@type":"SearchAction","target":{"@type":"EntryPoint","urlTemplate":"https:\/\/idecesos.com\/seguros\/?s={search_term_string}"},"query-input":{"@type":"PropertyValueSpecification","valueRequired":true,"valueName":"search_term_string"}}],"inLanguage":"es"}]}},"_links":{"self":[{"href":"https:\/\/idecesos.com\/seguros\/wp-json\/wp\/v2\/pages\/674","targetHints":{"allow":["GET"]}}],"collection":[{"href":"https:\/\/idecesos.com\/seguros\/wp-json\/wp\/v2\/pages"}],"about":[{"href":"https:\/\/idecesos.com\/seguros\/wp-json\/wp\/v2\/types\/page"}],"author":[{"embeddable":true,"href":"https:\/\/idecesos.com\/seguros\/wp-json\/wp\/v2\/users\/2"}],"replies":[{"embeddable":true,"href":"https:\/\/idecesos.com\/seguros\/wp-json\/wp\/v2\/comments?post=674"}],"version-history":[{"count":8,"href":"https:\/\/idecesos.com\/seguros\/wp-json\/wp\/v2\/pages\/674\/revisions"}],"predecessor-version":[{"id":14999,"href":"https:\/\/idecesos.com\/seguros\/wp-json\/wp\/v2\/pages\/674\/revisions\/14999"}],"up":[{"embeddable":true,"href":"https:\/\/idecesos.com\/seguros\/wp-json\/wp\/v2\/pages\/586"}],"wp:attachment":[{"href":"https:\/\/idecesos.com\/seguros\/wp-json\/wp\/v2\/media?parent=674"}],"curies":[{"name":"wp","href":"https:\/\/api.w.org\/{rel}","templated":true}]}}