{"id":692,"date":"2021-07-13T08:08:18","date_gmt":"2021-07-13T08:08:18","guid":{"rendered":"https:\/\/idecesos.com\/seguros\/?page_id=692"},"modified":"2022-01-03T12:31:13","modified_gmt":"2022-01-03T12:31:13","slug":"de-70","status":"publish","type":"page","link":"https:\/\/idecesos.com\/seguros\/tipo\/mayores\/de-70\/","title":{"rendered":"Seguro de Decesos para Mayores de 70 a\u00f1os"},"content":{"rendered":"<div id=\"ez-toc-container\" class=\"ez-toc-v2_0_83 ez-toc-wrap-center counter-hierarchy ez-toc-counter ez-toc-custom ez-toc-container-direction\">\n<div class=\"ez-toc-title-container\">\n<p class=\"ez-toc-title\" style=\"cursor:inherit\">Tabla de Contenido<\/p>\n<span class=\"ez-toc-title-toggle\"><a href=\"#\" class=\"ez-toc-pull-right ez-toc-btn ez-toc-btn-xs ez-toc-btn-default ez-toc-toggle\" aria-label=\"Alternar tabla de contenidos\"><span class=\"ez-toc-js-icon-con\"><span class=\"\"><span class=\"eztoc-hide\" style=\"display:none;\">Toggle<\/span><span class=\"ez-toc-icon-toggle-span\"><svg style=\"fill: #db6415;color:#db6415\" xmlns=\"http:\/\/www.w3.org\/2000\/svg\" class=\"list-377408\" width=\"20px\" height=\"20px\" viewBox=\"0 0 24 24\" fill=\"none\"><path d=\"M6 6H4v2h2V6zm14 0H8v2h12V6zM4 11h2v2H4v-2zm16 0H8v2h12v-2zM4 16h2v2H4v-2zm16 0H8v2h12v-2z\" fill=\"currentColor\"><\/path><\/svg><svg style=\"fill: #db6415;color:#db6415\" class=\"arrow-unsorted-368013\" xmlns=\"http:\/\/www.w3.org\/2000\/svg\" width=\"10px\" height=\"10px\" viewBox=\"0 0 24 24\" version=\"1.2\" baseProfile=\"tiny\"><path d=\"M18.2 9.3l-6.2-6.3-6.2 6.3c-.2.2-.3.4-.3.7s.1.5.3.7c.2.2.4.3.7.3h11c.3 0 .5-.1.7-.3.2-.2.3-.5.3-.7s-.1-.5-.3-.7zM5.8 14.7l6.2 6.3 6.2-6.3c.2-.2.3-.5.3-.7s-.1-.5-.3-.7c-.2-.2-.4-.3-.7-.3h-11c-.3 0-.5.1-.7.3-.2.2-.3.5-.3.7s.1.5.3.7z\"\/><\/svg><\/span><\/span><\/span><\/a><\/span><\/div>\n<nav><ul class='ez-toc-list ez-toc-list-level-1 ' ><li class='ez-toc-page-1 ez-toc-heading-level-2'><a class=\"ez-toc-link ez-toc-heading-1\" href=\"https:\/\/idecesos.com\/seguros\/tipo\/mayores\/de-70\/#Tipos_de_seguros_de_decesos_para_mayores_de_70_anos\" >Tipos de seguros de decesos para mayores de 70 a\u00f1os<\/a><ul class='ez-toc-list-level-3' ><li class='ez-toc-heading-level-3'><a class=\"ez-toc-link ez-toc-heading-2\" href=\"https:\/\/idecesos.com\/seguros\/tipo\/mayores\/de-70\/#Coberturas\" >Coberturas<\/a><\/li><\/ul><\/li><li class='ez-toc-page-1 ez-toc-heading-level-2'><a class=\"ez-toc-link ez-toc-heading-3\" href=\"https:\/\/idecesos.com\/seguros\/tipo\/mayores\/de-70\/#%C2%BFQue_compania_de_seguro_de_decesos_elegir_para_mayores_de_70_anos\" >\u00bfQu\u00e9 compa\u00f1\u00eda de seguro de decesos elegir para\u00a0mayores de 70 a\u00f1os?<\/a><ul class='ez-toc-list-level-3' ><li class='ez-toc-heading-level-3'><a class=\"ez-toc-link ez-toc-heading-4\" href=\"https:\/\/idecesos.com\/seguros\/tipo\/mayores\/de-70\/#Paginas_relacionadas\" >P\u00e1ginas relacionadas<\/a><\/li><\/ul><\/li><\/ul><\/nav><\/div>\n\r\n\r\n<p><strong>Los seguros de decesos para mayores de 70 a\u00f1os<\/strong>\u00a0es un contrato concertado entre un particular y una compa\u00f1\u00eda aseguradora mediante el cual el asegurado recibe asistencia en caso de fallecimiento a cambio del pago de la prima contratada en la p\u00f3liza.<\/p>\r\n<p>Existe un enorme porcentaje de <strong>aseguradoras de decesos que su seguro de decesos para mayores de 70 a\u00f1os<\/strong> lo canalizan a trav\u00e9s de su producto de prima \u00fanica o pago \u00fanico. Pero en iDecesos tenemos aseguradoras que pueden contratar el seguro de decesos para mayores de 70 a\u00f1os mediante p\u00f3lizas de pago fraccionado, en las modalidades mensual, trimestral, semestral y anual. Asimismo, tenemos ofertas exclusivas con descuentos \u00fanicos para iDecesos, con esta modalidad le resolvemos un problema a much\u00edsimos clientes que no pueden abonar la prima \u00fanica y encima le ofrecemos un producto complet\u00edsimo de fallecimiento, con servicios adicionales que no lo encarecen y lo hacen muy \u00fatil.<\/p>\r\n<div class=\"colorf\"><div class=\"container clearfix\"><div class=\"col-md-7\"><div class=\"tipos\"><svg id=\"stars\" style=\"display: none;\" version=\"1.1\">\n\t<symbol id=\"stars-full-star\" viewBox=\"0 0 102 18\">\n\t\t<path d=\"M9.5 14.25l-5.584 2.936 1.066-6.218L.465 6.564l6.243-.907L9.5 0l2.792 5.657 6.243.907-4.517 4.404 1.066 6.218\" \/>\n\t<\/symbol>\n\n\t<symbol id=\"stars-half-star\" viewBox=\"0 0 102 18\">\n\t\t<path d=\"M9.5 14.25l-5.584 2.936 1.066-6.218L.465 6.564l6.243-.907L9.5 0l2.792\" fill=\"#ffdc0f\" \/>\n\t<\/symbol>\n\n\t<symbol id=\"stars-all-star\" viewBox=\"0 0 102 18\">\n\t\t<use xlink:href=\"#stars-full-star\" \/>\n\t\t<use xlink:href=\"#stars-full-star\" transform=\"translate(21)\" \/>\n\t\t<use xlink:href=\"#stars-full-star\" transform=\"translate(42)\" \/>\n\t\t<use xlink:href=\"#stars-full-star\" transform=\"translate(63)\" \/>\n\t\t<use xlink:href=\"#stars-full-star\" transform=\"translate(84)\" \/>\n\t<\/symbol>\n\n\t<symbol id=\"stars-0\" viewBox=\"0 0 102 18\">\n\t\t<use xlink:href=\"#stars-all-star\" fill=\"#e5e5e5\" \/>\n\t<\/symbol>\n\n\t<symbol id=\"stars-1\" viewBox=\"0 0 102 18\">\n\t\t<use xlink:href=\"#stars-0\" \/>\n\t\t<use xlink:href=\"#stars-half-star\" \/>\n\t<\/symbol>\n\n\t<symbol id=\"stars-2\" viewBox=\"0 0 102 18\">\n\t\t<use xlink:href=\"#stars-0\" \/>\n\t\t<use xlink:href=\"#stars-full-star\" fill=\"#ffdc0f\" \/>\n\t<\/symbol>\n\n\t<symbol id=\"stars-3\" viewBox=\"0 0 102 18\">\n\t\t<use xlink:href=\"#stars-2\" \/>\n\t\t<use xlink:href=\"#stars-half-star\" transform=\"translate(21)\" \/>\n\t<\/symbol>\n\n\t<symbol id=\"stars-4\" viewBox=\"0 0 102 18\">\n\t\t<use xlink:href=\"#stars-2\" \/>\n\t\t<use xlink:href=\"#stars-full-star\" fill=\"#ffdc0f\" transform=\"translate(21)\" \/>\n\t<\/symbol>\n\n\t<symbol id=\"stars-5\" viewBox=\"0 0 102 18\">\n\t\t<use xlink:href=\"#stars-4\" \/>\n\t\t<use xlink:href=\"#stars-half-star\" transform=\"translate(42)\" \/>\n\t<\/symbol>\n\n\t<symbol id=\"stars-6\" viewBox=\"0 0 102 18\">\n\t\t<use xlink:href=\"#stars-4\" \/>\n\t\t<use xlink:href=\"#stars-full-star\" fill=\"#ffdc0f\" transform=\"translate(42)\" \/>\n\t<\/symbol>\n\n\t<symbol id=\"stars-7\" viewBox=\"0 0 102 18\">\n\t\t<use xlink:href=\"#stars-6\" \/>\n\t\t<use xlink:href=\"#stars-half-star\" transform=\"translate(63)\" \/>\n\t<\/symbol>\n\n\t<symbol id=\"stars-8\" viewBox=\"0 0 102 18\">\n\t\t<use xlink:href=\"#stars-6\" \/>\n\t\t<use xlink:href=\"#stars-full-star\" fill=\"#ffdc0f\" transform=\"translate(63)\" \/>\n\t<\/symbol>\n\n\t<symbol id=\"stars-9\" viewBox=\"0 0 102 18\">\n\t\t<use xlink:href=\"#stars-8\" \/>\n\t\t<use xlink:href=\"#stars-half-star\" transform=\"translate(84)\" \/>\n\t<\/symbol>\n\n\t<symbol id=\"stars-10\" viewBox=\"0 0 102 18\">\n\t\t<use xlink:href=\"#stars-all-star\" fill=\"#ffdc0f\" \/>\n\t<\/symbol>\n<\/svg>\n\r\n\r\n\r\n\r\n<h2><span class=\"ez-toc-section\" id=\"Tipos_de_seguros_de_decesos_para_mayores_de_70_anos\"><\/span>Tipos de seguros de decesos para mayores de 70 a\u00f1os<span class=\"ez-toc-section-end\"><\/span><\/h2>\r\n<p>Existen <strong>dos tipos de seguros de decesos para mayores de 70 a\u00f1os,<\/strong> desde el m\u00e1s b\u00e1sico que es el de prima \u00fanica, es decir, paga su entierro mediante una p\u00f3liza por fallecimiento para personas mayores de 70 a\u00f1os a un precio muy interesante, en un solo pago y se olvida de pagar m\u00e1s recibos. Porque en el supuesto de vivir hasta los 90 a\u00f1os no le sale los n\u00fameros pagando recibos trimestrales en la mayor\u00eda de los casos. Hasta aquellos m\u00e1s completos, que algunas aseguradoras aceptan personas mayores de 70 a\u00f1os y paguen su recibo trimestral tambi\u00e9n dependiendo de las coberturas que han sido contratadas en cada p\u00f3liza. Actualmente, debido a la gran demanda de este tipo de productos y a las numerosas aseguradoras que lo gestionan, incluso los seguros de decesos m\u00e1s b\u00e1sicos ofrecen servicios sanitarios muy completos, con asistencia en viaje mundial, limpieza bucal, asistencia jur\u00eddica legal y descuentos en servicios para mayores como residencias de ancianos, balnearios etc.<\/p>\r\n\r\n\r\n\r\n<p>Contar con <strong>tipos de seguros de decesos para personas mayores de 70 a\u00f1os<\/strong> supone una garant\u00eda y tranquilidad para \u00e9l y las familias que, ante el hecho de fallecer la aseguradora al tener unos precios muy optimizados con las funerarias le sale mucho mejor que pagarlo los familiares el d\u00eda del sepelio en directo con la funeraria. Asimismo, la aseguradora se encarga en ese momento tan doloroso de todos los tr\u00e1mites del servicio de decesos.<\/p>\r\n<\/div><\/div><\/div><\/div>\r\n<h3><span class=\"ez-toc-section\" id=\"Coberturas\"><\/span><strong>Coberturas<\/strong><span class=\"ez-toc-section-end\"><\/span><\/h3>\r\n\r\n\r\n\r\n\r\n\r\n<p>Las <strong>coberturas del seguro de decesos para personas mayores de 70 a\u00f1os<\/strong> adem\u00e1s de cubrir el servicio funerario de principio a fin, las aseguradoras cuentan con un cuadro de servicios de funerarias concertadas en caso de pagar la prima \u00fanica que se encargar\u00edan de todo el tr\u00e1mite en caso de muerte. En el caso de querer pagar de forma trimestral, semestral o anual su p\u00f3liza de decesos para personas de m\u00e1s de 70 a\u00f1os tendr\u00eda todo el servicio de sepelio completo y los mejores especialistas de cada especialidad y con cl\u00ednicas privadas asociadas con descuentos exclusivos, asistencia en viaje, prestaciones de cuidado personal (limpieza dental gratis al a\u00f1o por asegurado), tr\u00e1mites de gestor\u00eda en caso de muerte entre otros a destacar.<\/p>\r\n\r\n\r\n\r\n<p>En todo caso habr\u00e1 que consultar a trav\u00e9s de\u00a0<strong>iDecesos<\/strong>\u00a0las coberturas que ofrece cada producto de seguros de decesos para mayores de 70 a\u00f1os por compa\u00f1\u00eda, pues hay algunas que pueden incluir tambi\u00e9n dentro de la p\u00f3liza y con precios preferentes especialistas y medios de diagn\u00f3stico con facultativos concertados con m\u00e1s de 25 especialidades m\u00e9dicas.<\/p>\r\n<div class=\"colorf\"><div class=\"container clearfix\"><div class=\"col-md-7\"><div class=\"tipos\"><svg id=\"stars\" style=\"display: none;\" version=\"1.1\">\n\t<symbol id=\"stars-full-star\" viewBox=\"0 0 102 18\">\n\t\t<path d=\"M9.5 14.25l-5.584 2.936 1.066-6.218L.465 6.564l6.243-.907L9.5 0l2.792 5.657 6.243.907-4.517 4.404 1.066 6.218\" \/>\n\t<\/symbol>\n\n\t<symbol id=\"stars-half-star\" viewBox=\"0 0 102 18\">\n\t\t<path d=\"M9.5 14.25l-5.584 2.936 1.066-6.218L.465 6.564l6.243-.907L9.5 0l2.792\" fill=\"#ffdc0f\" \/>\n\t<\/symbol>\n\n\t<symbol id=\"stars-all-star\" viewBox=\"0 0 102 18\">\n\t\t<use xlink:href=\"#stars-full-star\" \/>\n\t\t<use xlink:href=\"#stars-full-star\" transform=\"translate(21)\" \/>\n\t\t<use xlink:href=\"#stars-full-star\" transform=\"translate(42)\" \/>\n\t\t<use xlink:href=\"#stars-full-star\" transform=\"translate(63)\" \/>\n\t\t<use xlink:href=\"#stars-full-star\" transform=\"translate(84)\" \/>\n\t<\/symbol>\n\n\t<symbol id=\"stars-0\" viewBox=\"0 0 102 18\">\n\t\t<use xlink:href=\"#stars-all-star\" fill=\"#e5e5e5\" \/>\n\t<\/symbol>\n\n\t<symbol id=\"stars-1\" viewBox=\"0 0 102 18\">\n\t\t<use xlink:href=\"#stars-0\" \/>\n\t\t<use xlink:href=\"#stars-half-star\" \/>\n\t<\/symbol>\n\n\t<symbol id=\"stars-2\" viewBox=\"0 0 102 18\">\n\t\t<use xlink:href=\"#stars-0\" \/>\n\t\t<use xlink:href=\"#stars-full-star\" fill=\"#ffdc0f\" \/>\n\t<\/symbol>\n\n\t<symbol id=\"stars-3\" viewBox=\"0 0 102 18\">\n\t\t<use xlink:href=\"#stars-2\" \/>\n\t\t<use xlink:href=\"#stars-half-star\" transform=\"translate(21)\" \/>\n\t<\/symbol>\n\n\t<symbol id=\"stars-4\" viewBox=\"0 0 102 18\">\n\t\t<use xlink:href=\"#stars-2\" \/>\n\t\t<use xlink:href=\"#stars-full-star\" fill=\"#ffdc0f\" transform=\"translate(21)\" \/>\n\t<\/symbol>\n\n\t<symbol id=\"stars-5\" viewBox=\"0 0 102 18\">\n\t\t<use xlink:href=\"#stars-4\" \/>\n\t\t<use xlink:href=\"#stars-half-star\" transform=\"translate(42)\" \/>\n\t<\/symbol>\n\n\t<symbol id=\"stars-6\" viewBox=\"0 0 102 18\">\n\t\t<use xlink:href=\"#stars-4\" \/>\n\t\t<use xlink:href=\"#stars-full-star\" fill=\"#ffdc0f\" transform=\"translate(42)\" \/>\n\t<\/symbol>\n\n\t<symbol id=\"stars-7\" viewBox=\"0 0 102 18\">\n\t\t<use xlink:href=\"#stars-6\" \/>\n\t\t<use xlink:href=\"#stars-half-star\" transform=\"translate(63)\" \/>\n\t<\/symbol>\n\n\t<symbol id=\"stars-8\" viewBox=\"0 0 102 18\">\n\t\t<use xlink:href=\"#stars-6\" \/>\n\t\t<use xlink:href=\"#stars-full-star\" fill=\"#ffdc0f\" transform=\"translate(63)\" \/>\n\t<\/symbol>\n\n\t<symbol id=\"stars-9\" viewBox=\"0 0 102 18\">\n\t\t<use xlink:href=\"#stars-8\" \/>\n\t\t<use xlink:href=\"#stars-half-star\" transform=\"translate(84)\" \/>\n\t<\/symbol>\n\n\t<symbol id=\"stars-10\" viewBox=\"0 0 102 18\">\n\t\t<use xlink:href=\"#stars-all-star\" fill=\"#ffdc0f\" \/>\n\t<\/symbol>\n<\/svg>\n\r\n<p>Los fundamentales requisitos para contratar un seguro de decesos para\u00a0mayores de 70 a\u00f1os\u00a0son los siguientes:<\/p>\r\n<div class=\"tipo2 \"  ><div class=\"cuadro_tipo\"><div class=\"tipo_icon\"><i class=\"fas fa-cubes\"><\/i><!--span class=\"dashicons dashicons-image-filter\"><\/span--><\/div><div class=\"titulo_tipo titulo\">Requisitos<\/div><div class=\"texto_tipo\"><\/p>\r\n<ul>\r\n<li>La persona tomadora de la p\u00f3liza sea documento de identidad validado por el Gobierno de Espa\u00f1a. Porque no se puede hacer un seguro de decesos para mayores de 70 a\u00f1os si eres extranjero y no tienes documento acreditativo v\u00e1lido en Espa\u00f1a.<\/li>\r\n<li>Buen estado de salud: es decir cada compa\u00f1\u00eda de seguros de decesos para mayores de 70 a\u00f1os realiza una pregunta de salud distinta pero a grandes rasgos todas vienen a preguntar si est\u00e1s con tratamiento de algo, si tienes una enfermedad mortal o la has padecido. Si ocultas la verdad, las consecuencia puede ser el desistimiento de la cobertura del servicio de sepelio en el momento de la revisi\u00f3n por parte de la empresa de asistencia de la compa\u00f1\u00eda. En el caso, de tener una dolencia en iDecesos lo canalizamos a trav\u00e9s del departamento responsable de evaluar la idoneidad del estado de salud del candidato a realizar de un seguro de decesos para mayores de 70 a\u00f1os y en un periodo de tiempo no superior a una semana se le contesta con la aceptaci\u00f3n o reh\u00fase.<\/li>\r\n<li>Tener una cuenta bancaria activa para poder domiciliar los recibos del la prima de seguros de decesos para personas mayores de 70 a\u00f1os.<\/li>\r\n<\/ul>\r\n<p><\/div><hr>Valoraci\u00f3n en iDecesos.com<div class=\"tipo_estrellas\">\n\t\t\t<svg class=\"icon\">\t\t<use xlink:href=\"#stars-9\">\t<\/svg>\n\t\t\t<!--img src=\"https:\/\/idecesos.com\/img\/stars_9.png\" alt=\"9\/10\" style=\"height:auto; width:120px; color:white; font-weight:700; box-sizing:border-box; border:0; vertical-align: middle;  \"-->\n\t\t\t<\/div><hr><div class=\"enlace_tipo\"><button type=\"button\" class=\"\" data-bs-toggle=\"modal\" data-bs-target=\"#comparadorModal\">\n\t\t\t\t\t\t<span class=\"\">Ver Precios<\/span>\t\t\t\t\n\t\t\t\t\t<\/button><\/div><\/div><\/div>\r\n<\/div><\/div><\/div><\/div>\r\n<h2><span class=\"ez-toc-section\" id=\"%C2%BFQue_compania_de_seguro_de_decesos_elegir_para_mayores_de_70_anos\"><\/span>\u00bfQu\u00e9 compa\u00f1\u00eda de seguro de decesos elegir para\u00a0mayores de 70 a\u00f1os?<span class=\"ez-toc-section-end\"><\/span><\/h2>\r\n<p>La <strong>elecci\u00f3n de una compa\u00f1\u00eda de seguro de decesos para mayores de 70 a\u00f1os no debe ir sujeta la que te ofrezca el precio m\u00e1s barato, sino a la que se ajuste mejor a tus necesidades.<\/strong> Es decir, en ese rango de edad superior a los 70 a\u00f1os la inmensa mayor\u00eda de las empresas aseguradoras te indicar\u00e1n que s\u00f3lo te pueden asegurar mediante una prima \u00fanica y en infinidad de casos existe una desviaci\u00f3n de precio muy importante entre unas y otras. Pero en iDecesos ofrecemos compa\u00f1\u00edas que te permiten pagarles de forma anual renovable y con la modalidad de pago que desees; mensual, trimestral, semestral o anual. Asimismo, son aseguradoras altamente especializadas en seguro de decesos para mayores de 70 a\u00f1os, con coberturas singulares para ese perfil de edad y con unos precios muy econ\u00f3micos. As\u00ed como, son compa\u00f1\u00edas de m\u00e1xima solvencia y en el top 10 del ranking de aseguradoras de seguro de decesos para mayores de 70 a\u00f1os en Espa\u00f1a.<\/p>\r\n<div class=\"oficinas\">\r\n<h3><span class=\"ez-toc-section\" id=\"Paginas_relacionadas\"><\/span>P\u00e1ginas relacionadas<span class=\"ez-toc-section-end\"><\/span><\/h3>\r\n<ul><li><a href=\"https:\/\/idecesos.com\/seguros\/tipo\/mayores\/de-55\/\"><span>Seguro de Decesos para Mayores de 55 a\u00f1os<\/span><\/a><\/li><li><a href=\"https:\/\/idecesos.com\/seguros\/tipo\/mayores\/de-60\/\"><span>Seguro de Decesos para Mayores de 60 a\u00f1os<\/span><\/a><\/li><li><a href=\"https:\/\/idecesos.com\/seguros\/tipo\/mayores\/de-65\/\"><span>Seguro de Decesos para Mayores de 65 a\u00f1os<\/span><\/a><\/li><li><a href=\"https:\/\/idecesos.com\/seguros\/tipo\/mayores\/de-75\/\"><span>Seguro de Decesos para Mayores de 75 a\u00f1os<\/span><\/a><\/li><li><a href=\"https:\/\/idecesos.com\/seguros\/tipo\/mayores\/de-80-85-90\/\"><span>Seguro de Decesos para Mayores de 80, 85 y 90 a\u00f1os<\/span><\/a><\/li><\/ul>\r\n<\/div>","protected":false},"excerpt":{"rendered":"<p>Los seguros de decesos para mayores de 70 a\u00f1os\u00a0es un contrato concertado entre un particular y una compa\u00f1\u00eda aseguradora mediante el cual el asegurado recibe asistencia en caso de fallecimiento a cambio del pago de la prima contratada en la p\u00f3liza. Existe un enorme porcentaje de aseguradoras de decesos que su seguro de decesos para&hellip; <\/p>\n","protected":false},"author":2,"featured_media":0,"parent":688,"menu_order":0,"comment_status":"open","ping_status":"closed","template":"single.php","meta":{"footnotes":""},"class_list":["post-692","page","type-page","status-publish","hentry"],"yoast_head":"<!-- This site is optimized with the Yoast SEO plugin v27.5 - https:\/\/yoast.com\/product\/yoast-seo-wordpress\/ -->\n<title>Seguro de Decesos para Mayores de 70 a\u00f1os \u25b7 Ofertas 2026<\/title>\n<meta name=\"description\" content=\"Busca aqu\u00ed el mejor\u3010seguro de decesos para mayores de 70 a\u00f1os\u3011 al precio m\u00e1s bajo. Diversos tipos, coberturas y compa\u00f1\u00edas\u2611\ufe0fOferta iDecesos\u00ae\" \/>\n<meta name=\"robots\" content=\"index, follow, max-snippet:-1, max-image-preview:large, max-video-preview:-1\" \/>\n<link rel=\"canonical\" href=\"https:\/\/idecesos.com\/seguros\/tipo\/mayores\/de-70\/\" \/>\n<meta property=\"og:locale\" content=\"es_ES\" \/>\n<meta property=\"og:type\" content=\"article\" \/>\n<meta property=\"og:title\" content=\"Seguro de Decesos para Mayores de 70 a\u00f1os \u25b7 Ofertas 2026\" \/>\n<meta property=\"og:description\" content=\"Busca aqu\u00ed el mejor\u3010seguro de decesos para mayores de 70 a\u00f1os\u3011 al precio m\u00e1s bajo. Diversos tipos, coberturas y compa\u00f1\u00edas\u2611\ufe0fOferta iDecesos\u00ae\" \/>\n<meta property=\"og:url\" content=\"https:\/\/idecesos.com\/seguros\/tipo\/mayores\/de-70\/\" \/>\n<meta property=\"article:modified_time\" content=\"2022-01-03T12:31:13+00:00\" \/>\n<meta name=\"twitter:card\" content=\"summary_large_image\" \/>\n<meta name=\"twitter:label1\" content=\"Tiempo de lectura\" \/>\n\t<meta name=\"twitter:data1\" content=\"5 minutos\" \/>\n<script type=\"application\/ld+json\" class=\"yoast-schema-graph\">{\"@context\":\"https:\\\/\\\/schema.org\",\"@graph\":[{\"@type\":\"WebPage\",\"@id\":\"https:\\\/\\\/idecesos.com\\\/seguros\\\/tipo\\\/mayores\\\/de-70\\\/\",\"url\":\"https:\\\/\\\/idecesos.com\\\/seguros\\\/tipo\\\/mayores\\\/de-70\\\/\",\"name\":\"Seguro de Decesos para Mayores de 70 a\u00f1os \u25b7 Ofertas 2026\",\"isPartOf\":{\"@id\":\"https:\\\/\\\/idecesos.com\\\/seguros\\\/#website\"},\"datePublished\":\"2021-07-13T08:08:18+00:00\",\"dateModified\":\"2022-01-03T12:31:13+00:00\",\"description\":\"Busca aqu\u00ed el mejor\u3010seguro de decesos para mayores de 70 a\u00f1os\u3011 al precio m\u00e1s bajo. Diversos tipos, coberturas y compa\u00f1\u00edas\u2611\ufe0fOferta iDecesos\u00ae\",\"breadcrumb\":{\"@id\":\"https:\\\/\\\/idecesos.com\\\/seguros\\\/tipo\\\/mayores\\\/de-70\\\/#breadcrumb\"},\"inLanguage\":\"es\",\"potentialAction\":[{\"@type\":\"ReadAction\",\"target\":[\"https:\\\/\\\/idecesos.com\\\/seguros\\\/tipo\\\/mayores\\\/de-70\\\/\"]}]},{\"@type\":\"BreadcrumbList\",\"@id\":\"https:\\\/\\\/idecesos.com\\\/seguros\\\/tipo\\\/mayores\\\/de-70\\\/#breadcrumb\",\"itemListElement\":[{\"@type\":\"ListItem\",\"position\":1,\"name\":\"Portada\",\"item\":\"https:\\\/\\\/idecesos.com\\\/seguros\\\/\"},{\"@type\":\"ListItem\",\"position\":2,\"name\":\"Tipos de seguros de decesos\",\"item\":\"https:\\\/\\\/idecesos.com\\\/seguros\\\/tipo\\\/\"},{\"@type\":\"ListItem\",\"position\":3,\"name\":\"Seguro Decesos Para Mayores\",\"item\":\"https:\\\/\\\/idecesos.com\\\/seguros\\\/tipo\\\/mayores\\\/\"},{\"@type\":\"ListItem\",\"position\":4,\"name\":\"Seguro de Decesos para Mayores de 70 a\u00f1os\"}]},{\"@type\":\"WebSite\",\"@id\":\"https:\\\/\\\/idecesos.com\\\/seguros\\\/#website\",\"url\":\"https:\\\/\\\/idecesos.com\\\/seguros\\\/\",\"name\":\"\",\"description\":\"\",\"potentialAction\":[{\"@type\":\"SearchAction\",\"target\":{\"@type\":\"EntryPoint\",\"urlTemplate\":\"https:\\\/\\\/idecesos.com\\\/seguros\\\/?s={search_term_string}\"},\"query-input\":{\"@type\":\"PropertyValueSpecification\",\"valueRequired\":true,\"valueName\":\"search_term_string\"}}],\"inLanguage\":\"es\"}]}<\/script>\n<!-- \/ Yoast SEO plugin. -->","yoast_head_json":{"title":"Seguro de Decesos para Mayores de 70 a\u00f1os \u25b7 Ofertas 2026","description":"Busca aqu\u00ed el mejor\u3010seguro de decesos para mayores de 70 a\u00f1os\u3011 al precio m\u00e1s bajo. Diversos tipos, coberturas y compa\u00f1\u00edas\u2611\ufe0fOferta iDecesos\u00ae","robots":{"index":"index","follow":"follow","max-snippet":"max-snippet:-1","max-image-preview":"max-image-preview:large","max-video-preview":"max-video-preview:-1"},"canonical":"https:\/\/idecesos.com\/seguros\/tipo\/mayores\/de-70\/","og_locale":"es_ES","og_type":"article","og_title":"Seguro de Decesos para Mayores de 70 a\u00f1os \u25b7 Ofertas 2026","og_description":"Busca aqu\u00ed el mejor\u3010seguro de decesos para mayores de 70 a\u00f1os\u3011 al precio m\u00e1s bajo. Diversos tipos, coberturas y compa\u00f1\u00edas\u2611\ufe0fOferta iDecesos\u00ae","og_url":"https:\/\/idecesos.com\/seguros\/tipo\/mayores\/de-70\/","article_modified_time":"2022-01-03T12:31:13+00:00","twitter_card":"summary_large_image","twitter_misc":{"Tiempo de lectura":"5 minutos"},"schema":{"@context":"https:\/\/schema.org","@graph":[{"@type":"WebPage","@id":"https:\/\/idecesos.com\/seguros\/tipo\/mayores\/de-70\/","url":"https:\/\/idecesos.com\/seguros\/tipo\/mayores\/de-70\/","name":"Seguro de Decesos para Mayores de 70 a\u00f1os \u25b7 Ofertas 2026","isPartOf":{"@id":"https:\/\/idecesos.com\/seguros\/#website"},"datePublished":"2021-07-13T08:08:18+00:00","dateModified":"2022-01-03T12:31:13+00:00","description":"Busca aqu\u00ed el mejor\u3010seguro de decesos para mayores de 70 a\u00f1os\u3011 al precio m\u00e1s bajo. Diversos tipos, coberturas y compa\u00f1\u00edas\u2611\ufe0fOferta iDecesos\u00ae","breadcrumb":{"@id":"https:\/\/idecesos.com\/seguros\/tipo\/mayores\/de-70\/#breadcrumb"},"inLanguage":"es","potentialAction":[{"@type":"ReadAction","target":["https:\/\/idecesos.com\/seguros\/tipo\/mayores\/de-70\/"]}]},{"@type":"BreadcrumbList","@id":"https:\/\/idecesos.com\/seguros\/tipo\/mayores\/de-70\/#breadcrumb","itemListElement":[{"@type":"ListItem","position":1,"name":"Portada","item":"https:\/\/idecesos.com\/seguros\/"},{"@type":"ListItem","position":2,"name":"Tipos de seguros de decesos","item":"https:\/\/idecesos.com\/seguros\/tipo\/"},{"@type":"ListItem","position":3,"name":"Seguro Decesos Para Mayores","item":"https:\/\/idecesos.com\/seguros\/tipo\/mayores\/"},{"@type":"ListItem","position":4,"name":"Seguro de Decesos para Mayores de 70 a\u00f1os"}]},{"@type":"WebSite","@id":"https:\/\/idecesos.com\/seguros\/#website","url":"https:\/\/idecesos.com\/seguros\/","name":"","description":"","potentialAction":[{"@type":"SearchAction","target":{"@type":"EntryPoint","urlTemplate":"https:\/\/idecesos.com\/seguros\/?s={search_term_string}"},"query-input":{"@type":"PropertyValueSpecification","valueRequired":true,"valueName":"search_term_string"}}],"inLanguage":"es"}]}},"_links":{"self":[{"href":"https:\/\/idecesos.com\/seguros\/wp-json\/wp\/v2\/pages\/692","targetHints":{"allow":["GET"]}}],"collection":[{"href":"https:\/\/idecesos.com\/seguros\/wp-json\/wp\/v2\/pages"}],"about":[{"href":"https:\/\/idecesos.com\/seguros\/wp-json\/wp\/v2\/types\/page"}],"author":[{"embeddable":true,"href":"https:\/\/idecesos.com\/seguros\/wp-json\/wp\/v2\/users\/2"}],"replies":[{"embeddable":true,"href":"https:\/\/idecesos.com\/seguros\/wp-json\/wp\/v2\/comments?post=692"}],"version-history":[{"count":16,"href":"https:\/\/idecesos.com\/seguros\/wp-json\/wp\/v2\/pages\/692\/revisions"}],"predecessor-version":[{"id":15007,"href":"https:\/\/idecesos.com\/seguros\/wp-json\/wp\/v2\/pages\/692\/revisions\/15007"}],"up":[{"embeddable":true,"href":"https:\/\/idecesos.com\/seguros\/wp-json\/wp\/v2\/pages\/688"}],"wp:attachment":[{"href":"https:\/\/idecesos.com\/seguros\/wp-json\/wp\/v2\/media?parent=692"}],"curies":[{"name":"wp","href":"https:\/\/api.w.org\/{rel}","templated":true}]}}