{"id":712,"date":"2021-07-13T08:37:21","date_gmt":"2021-07-13T08:37:21","guid":{"rendered":"https:\/\/idecesos.com\/seguros\/?page_id=712"},"modified":"2022-01-03T12:31:11","modified_gmt":"2022-01-03T12:31:11","slug":"nicho","status":"publish","type":"page","link":"https:\/\/idecesos.com\/seguros\/tipo\/nicho\/","title":{"rendered":"Seguro de Decesos Nicho"},"content":{"rendered":"\r\n\r\n<p>El seguro de decesos es un tipo de p\u00f3liza que se encarga de cubrir los gastos del sepelio, entendiendo por gastos, el servicio de tanatorio, el f\u00e9retro, el traslado, el coche f\u00fanebre e incluso el nicho.<\/p>\r\n\r\n\r\n\r\n<p>Adem\u00e1s de las coberturas b\u00e1sicas, muchos de estos seguros ofrecen otras garant\u00edas adicionales, como podr\u00eda ser el m\u00e9dico anual, o una limpieza bucodental al a\u00f1o, pero dependiendo de cada compa\u00f1\u00eda.<\/p>\r\n\r\n\r\n\r\n<p>En el caso de adquirir la opci\u00f3n del entierro del asegurado, los seguros de decesos suelen incluir la posibilidad de un nicho temporal, con posibilidad, en algunos casos, de adquirir la opci\u00f3n de nichos con m\u00e1xima perdurabilidad.<\/p>\r\n\r\n\r\n\r\n<p>Existen personas que han recibido por herencia o por propia adquisici\u00f3n en propiedad un espacio donde colocar sus restos en el momento del fallecimiento, y entonces surgen las dudas de si las compa\u00f1\u00edas aseguradoras aceptan un contrato con esta adquisici\u00f3n. Estas compa\u00f1\u00edas consideran que hay que cubrir todos los gastos del sepelio, con lo cual tener ya en propiedad un nicho no supondr\u00eda un obst\u00e1culo para realizar la contrataci\u00f3n, ya que habr\u00e1 que cubrir otros muchos \u00e1mbitos.<\/p>\r\n\r\n\r\n\r\n<p>Aportar un nicho en propiedad es una buena prevenci\u00f3n y supone un gasto considerable a la hora de enterrar un familiar. A\u00fan as\u00ed, este no es considerado el \u00fanico gasto que hay que afrontar en un entierro.<\/p>\r\n\r\n\r\n\r\n<p>Centr\u00e1ndonos en estos gastos mencionados, el servicio f\u00fanebre es una de las coberturas b\u00e1sicas que ofrecen estos tipos de seguros, e incluye el f\u00e9retro, el coche f\u00fanebre, as\u00ed como el servicio de tanatorio, las flores, y los gastos de inhumaci\u00f3n o incineraci\u00f3n.<\/p>\r\n\r\n\r\n\r\n<p>Si el asegurado escoge la opci\u00f3n del entierro del cad\u00e1ver, habitualmente los seguros de decesos incluyen el nicho temporal, aunque en ciertas ocasiones ofertan la posible opci\u00f3n de nicho a perpetuidad. En la mayor\u00eda de las ocasiones incluye la opci\u00f3n de sepultura, aunque las l\u00e1pidas no siempre est\u00e1 disponible entre las opciones.<\/p>\r\n\r\n\r\n\r\n<p>Cuando se contrata un seguro de decesos, el asegurado o los beneficiarios pueden elegir la funeraria y los componentes del sepelio, as\u00ed como la localidad en la que se llevar\u00e1n a cabo los servicios funerarios, pero seg\u00fan la localidad elegida var\u00edan las garant\u00edas.<\/p>\r\n\r\n\r\n\r\n<p>En algunos casos podemos encontrar otros servicios incluidos como la m\u00fasica, el libro de firmas, el anuncio del fallecimiento en la prensa, y en ocasiones hasta un servicio de catering para los asistentes.<\/p>\r\n\r\n\r\n\r\n<p>Dentro de las coberturas b\u00e1sicas que suelen incluir los seguros de decesos, solemos encontrar la ejecuci\u00f3n de las gestiones administrativas posteriores a la defunci\u00f3n. Esta cobertura consiste en que los profesionales de la aseguradora se har\u00e1n cargo del papeleo relacionado con el sepelio y la defunci\u00f3n, est\u00e1 cobertura se da total o parcialmente, seg\u00fan el tipo de p\u00f3liza seleccionada.<\/p>\r\n\r\n\r\n\r\n<p>Las gestiones administrativas se alude a la solicitud del certificado de defunci\u00f3n, la solicitud de la posible pensi\u00f3n de viudedad, orfandad, o jubilaci\u00f3n, la inscripci\u00f3n en el Registro Civil, la adjudicaci\u00f3n de herencias, la baja en el libro de familia, la petici\u00f3n del certificado de convivencia, las partidas de defunci\u00f3n y de testamentos, la baja en la seguridad social e incluso la fe de vida.<\/p>\r\n\r\n\r\n\r\n<p>Los seguros de decesos son un amplio competidor en las coberturas que ofrecen, ya sean las incluidas o las opcionales, que tambi\u00e9n son de gran relevancia para el interesado. Las opcionales pueden encarecer el seguro, por lo que siempre antes de contratar debemos asegurarnos de lo que nos interesa y de lo que no.<\/p>\r\n\r\n\r\n\r\n<p>En una de estas coberturas opcionales se encuentra el posible traslado del fallecido y de u acompa\u00f1ante desde el lugar de fallecimiento hasta la localidad donde se desee realizar el entierro, que puede variar seg\u00fan sea nacional o internacional. Est\u00e1 opci\u00f3n es interesante para las personas que residen en una localidad diferente de donde deseen ser enterrados.<\/p>\r\n\r\n\r\n\r\n<p>En el caso de los inmigrantes se debe comprobar si el seguro contratado incluye la repatriaci\u00f3n.<\/p>\r\n\r\n\r\n\r\n<p>Encontramos, tambi\u00e9n de forma opcional, una posible cobertura de asistencia en viaje, que pueda cubrir los posibles gastos m\u00e9dicos, el regreso anticipado de un viaje por fallecimiento de un familiar o incluso un aumento de la estancia por accidente, as\u00ed como la posible repatriaci\u00f3n del asegurado.<\/p>\r\n\r\n\r\n\r\n<p>En algunos seguros de decesos existe una adquisici\u00f3n adicional para asegurar accidentes, que incluir\u00eda una indemnizaci\u00f3n por fallecimiento o por invalidez permanente en caso de accidente.<\/p>\r\n\r\n\r\n\r\n<p>Aunque hayamos mencionado estas coberturas adicionales dentro de un seguro de decesos, la oferta es muy amplia y diversa. En algunos casos cada vez como algo m\u00e1s habitual, vemos la opci\u00f3n del testamento online o incluso el final de la vida digital en sus seguros de decesos b\u00e1sicos.<\/p>\r\n\r\n\r\n\r\n<p>Otras hasta incluyen el seguro de salud, la asistencia domiciliaria, el servicio de atenci\u00f3n telef\u00f3nica, un segunda opini\u00f3n m\u00e9dica, el seguro dental, e incluso el traslado de un familiar que escolte al asegurado en sus \u00faltimas horas.<\/p>\r\n\r\n\r\n\r\n<p>Todos estos servicios deben ser abonados por el asegurado en una p\u00f3liza, que seg\u00fan la compa\u00f1\u00eda, podr\u00e1 abonarse de forma semestral, trimestral o anual, de esta forma, si no contase beneficiario alguno designado, declarar\u00e1n los herederos legales.<\/p>\r\n\r\n\r\n\r\n<p>En iDecesos.com podr\u00e1s comparar los mejores seguros del mercado al mejor precio, adem\u00e1s de resolver todas las dudas que puedan presentarse en este \u00e1mbito. Ten\u00e9is opci\u00f3n de comparar entre el seguro Adeslas, Caser, Helvetia y Metr\u00f3polis, donde os informan de las coberturas disponibles de cada uno de ellos y os hacen la mejor p\u00f3liza adaptada a vuestras necesidades.<\/p>\r\n\r\n<div class=\"oficinas\">\r\n<h3>P\u00e1ginas relacionadas<\/h3>\r\n<ul><li><a href=\"https:\/\/idecesos.com\/seguros\/tipo\/mayores\/\"><span>Seguro Decesos Para Mayores<\/span><\/a><\/li><li><a href=\"https:\/\/idecesos.com\/seguros\/tipo\/extranjeros-repatriacion\/\"><span>Seguro Decesos para Extranjeros y Repatriaci\u00f3n<\/span><\/a><\/li><li><a href=\"https:\/\/idecesos.com\/seguros\/tipo\/basico\/\"><span>Seguro de Decesos B\u00e1sico<\/span><\/a><\/li><li><a href=\"https:\/\/idecesos.com\/seguros\/tipo\/hogar\/\"><span>Seguro de Decesos Combinado con Seguro de Hogar<\/span><\/a><\/li><li><a href=\"https:\/\/idecesos.com\/seguros\/tipo\/familiar\/\"><span>Seguro de Decesos Familiar<\/span><\/a><\/li><li><a href=\"https:\/\/idecesos.com\/seguros\/tipo\/sucesiones\/\"><span>Seguro de Decesos Impuesto de Sucesiones<\/span><\/a><\/li><li><a href=\"https:\/\/idecesos.com\/seguros\/tipo\/internacional\/\"><span>Seguro de Decesos Internacional<\/span><\/a><\/li><li><a href=\"https:\/\/idecesos.com\/seguros\/tipo\/judiciales\/\"><span>Seguro de Decesos Judiciales<\/span><\/a><\/li><li><a href=\"https:\/\/idecesos.com\/seguros\/tipo\/mixta\/\"><span>Seguro de Decesos Prima Mixta<\/span><\/a><\/li><li><a href=\"https:\/\/idecesos.com\/seguros\/tipo\/natural\/\"><span>Seguro de Decesos Prima Natural<\/span><\/a><\/li><li><a href=\"https:\/\/idecesos.com\/seguros\/tipo\/nivelada\/\"><span>Seguro de Decesos Prima Nivelada<\/span><\/a><\/li><li><a href=\"https:\/\/idecesos.com\/seguros\/tipo\/constante\/\"><span>Seguro de Decesos Prima constante<\/span><\/a><\/li><li><a href=\"https:\/\/idecesos.com\/seguros\/tipo\/prima-unica\/\"><span>Seguro de Decesos Prima \u00danica<\/span><\/a><\/li><li><a href=\"https:\/\/idecesos.com\/seguros\/tipo\/todo-previsto\/\"><span>Seguro de Decesos Todo Previsto<\/span><\/a><\/li><li><a href=\"https:\/\/idecesos.com\/seguros\/tipo\/previsto\/\"><span>Seguro de Decesos Todo previsto<\/span><\/a><\/li><li><a href=\"https:\/\/idecesos.com\/seguros\/tipo\/vitalicio\/\"><span>Seguro de Decesos Vitalicio<\/span><\/a><\/li><li><a href=\"https:\/\/idecesos.com\/seguros\/tipo\/dental\/\"><span>Seguro de Decesos con Cobertura Dental<\/span><\/a><\/li><li><a href=\"https:\/\/idecesos.com\/seguros\/tipo\/enfermedad\/\"><span>Seguro de Decesos con Enfermedad Grave<\/span><\/a><\/li><li><a href=\"https:\/\/idecesos.com\/seguros\/tipo\/incineracion\/\"><span>Seguro de Decesos con Incineraci\u00f3n<\/span><\/a><\/li><li><a href=\"https:\/\/idecesos.com\/seguros\/tipo\/adultos\/\"><span>Seguro de Decesos para Adultos<\/span><\/a><\/li><li><a href=\"https:\/\/idecesos.com\/seguros\/tipo\/bebe\/\"><span>Seguro de Decesos para Beb\u00e9s<\/span><\/a><\/li><li><a href=\"https:\/\/idecesos.com\/seguros\/tipo\/accidentes\/\"><span>Seguro de Decesos y Accidentes<\/span><\/a><\/li><li><a href=\"https:\/\/idecesos.com\/seguros\/tipo\/medicos\/\"><span>Seguro de Decesos y M\u00e9dicos<\/span><\/a><\/li><li><a href=\"https:\/\/idecesos.com\/seguros\/tipo\/vida\/\"><span>Seguro de Decesos y Vida<\/span><\/a><\/li><li><a href=\"https:\/\/idecesos.com\/seguros\/tipo\/sepelio\/\"><span>Seguro de Sepelio<\/span><\/a><\/li><\/ul>\r\n<\/div>","protected":false},"excerpt":{"rendered":"<p>El seguro de decesos es un tipo de p\u00f3liza que se encarga de cubrir los gastos del sepelio, entendiendo por gastos, el servicio de tanatorio, el f\u00e9retro, el traslado, el coche f\u00fanebre e incluso el nicho. Adem\u00e1s de las coberturas b\u00e1sicas, muchos de estos seguros ofrecen otras garant\u00edas adicionales, como podr\u00eda ser el m\u00e9dico anual,&hellip; <\/p>\n","protected":false},"author":2,"featured_media":0,"parent":586,"menu_order":0,"comment_status":"closed","ping_status":"closed","template":"single.php","meta":{"footnotes":""},"class_list":["post-712","page","type-page","status-publish","hentry"],"yoast_head":"<!-- This site is optimized with the Yoast SEO plugin v27.3 - https:\/\/yoast.com\/product\/yoast-seo-wordpress\/ -->\n<title>Seguro de Decesos Nicho \u25b7 Mejor Cobertura 2026 y Precios desde 1,90\u20ac<\/title>\n<meta name=\"description\" content=\"Calcula aqu\u00ed el mejor\u3010seguro de decesos nicho\u3011N\u00ba1: Compa\u00f1\u00edas, coberturas y precios para clientes con nicho \u2611\ufe0fOfertas exclusivas de iDecesos\u00ae\" \/>\n<meta name=\"robots\" content=\"index, follow, max-snippet:-1, max-image-preview:large, max-video-preview:-1\" \/>\n<link rel=\"canonical\" href=\"https:\/\/idecesos.com\/seguros\/tipo\/nicho\/\" \/>\n<meta property=\"og:locale\" content=\"es_ES\" \/>\n<meta property=\"og:type\" content=\"article\" \/>\n<meta property=\"og:title\" content=\"Seguro de Decesos Nicho \u25b7 Mejor Cobertura 2026 y Precios desde 1,90\u20ac\" \/>\n<meta property=\"og:description\" content=\"Calcula aqu\u00ed el mejor\u3010seguro de decesos nicho\u3011N\u00ba1: Compa\u00f1\u00edas, coberturas y precios para clientes con nicho \u2611\ufe0fOfertas exclusivas de iDecesos\u00ae\" \/>\n<meta property=\"og:url\" content=\"https:\/\/idecesos.com\/seguros\/tipo\/nicho\/\" \/>\n<meta property=\"article:modified_time\" content=\"2022-01-03T12:31:11+00:00\" \/>\n<meta name=\"twitter:card\" content=\"summary_large_image\" \/>\n<meta name=\"twitter:label1\" content=\"Tiempo de lectura\" \/>\n\t<meta name=\"twitter:data1\" content=\"4 minutos\" \/>\n<script type=\"application\/ld+json\" class=\"yoast-schema-graph\">{\"@context\":\"https:\\\/\\\/schema.org\",\"@graph\":[{\"@type\":\"WebPage\",\"@id\":\"https:\\\/\\\/idecesos.com\\\/seguros\\\/tipo\\\/nicho\\\/\",\"url\":\"https:\\\/\\\/idecesos.com\\\/seguros\\\/tipo\\\/nicho\\\/\",\"name\":\"Seguro de Decesos Nicho \u25b7 Mejor Cobertura 2026 y Precios desde 1,90\u20ac\",\"isPartOf\":{\"@id\":\"https:\\\/\\\/idecesos.com\\\/seguros\\\/#website\"},\"datePublished\":\"2021-07-13T08:37:21+00:00\",\"dateModified\":\"2022-01-03T12:31:11+00:00\",\"description\":\"Calcula aqu\u00ed el mejor\u3010seguro de decesos nicho\u3011N\u00ba1: Compa\u00f1\u00edas, coberturas y precios para clientes con nicho \u2611\ufe0fOfertas exclusivas de iDecesos\u00ae\",\"breadcrumb\":{\"@id\":\"https:\\\/\\\/idecesos.com\\\/seguros\\\/tipo\\\/nicho\\\/#breadcrumb\"},\"inLanguage\":\"es\",\"potentialAction\":[{\"@type\":\"ReadAction\",\"target\":[\"https:\\\/\\\/idecesos.com\\\/seguros\\\/tipo\\\/nicho\\\/\"]}]},{\"@type\":\"BreadcrumbList\",\"@id\":\"https:\\\/\\\/idecesos.com\\\/seguros\\\/tipo\\\/nicho\\\/#breadcrumb\",\"itemListElement\":[{\"@type\":\"ListItem\",\"position\":1,\"name\":\"Portada\",\"item\":\"https:\\\/\\\/idecesos.com\\\/seguros\\\/\"},{\"@type\":\"ListItem\",\"position\":2,\"name\":\"Tipos de seguros de decesos\",\"item\":\"https:\\\/\\\/idecesos.com\\\/seguros\\\/tipo\\\/\"},{\"@type\":\"ListItem\",\"position\":3,\"name\":\"Seguro de Decesos Nicho\"}]},{\"@type\":\"WebSite\",\"@id\":\"https:\\\/\\\/idecesos.com\\\/seguros\\\/#website\",\"url\":\"https:\\\/\\\/idecesos.com\\\/seguros\\\/\",\"name\":\"\",\"description\":\"\",\"potentialAction\":[{\"@type\":\"SearchAction\",\"target\":{\"@type\":\"EntryPoint\",\"urlTemplate\":\"https:\\\/\\\/idecesos.com\\\/seguros\\\/?s={search_term_string}\"},\"query-input\":{\"@type\":\"PropertyValueSpecification\",\"valueRequired\":true,\"valueName\":\"search_term_string\"}}],\"inLanguage\":\"es\"}]}<\/script>\n<!-- \/ Yoast SEO plugin. -->","yoast_head_json":{"title":"Seguro de Decesos Nicho \u25b7 Mejor Cobertura 2026 y Precios desde 1,90\u20ac","description":"Calcula aqu\u00ed el mejor\u3010seguro de decesos nicho\u3011N\u00ba1: Compa\u00f1\u00edas, coberturas y precios para clientes con nicho \u2611\ufe0fOfertas exclusivas de iDecesos\u00ae","robots":{"index":"index","follow":"follow","max-snippet":"max-snippet:-1","max-image-preview":"max-image-preview:large","max-video-preview":"max-video-preview:-1"},"canonical":"https:\/\/idecesos.com\/seguros\/tipo\/nicho\/","og_locale":"es_ES","og_type":"article","og_title":"Seguro de Decesos Nicho \u25b7 Mejor Cobertura 2026 y Precios desde 1,90\u20ac","og_description":"Calcula aqu\u00ed el mejor\u3010seguro de decesos nicho\u3011N\u00ba1: Compa\u00f1\u00edas, coberturas y precios para clientes con nicho \u2611\ufe0fOfertas exclusivas de iDecesos\u00ae","og_url":"https:\/\/idecesos.com\/seguros\/tipo\/nicho\/","article_modified_time":"2022-01-03T12:31:11+00:00","twitter_card":"summary_large_image","twitter_misc":{"Tiempo de lectura":"4 minutos"},"schema":{"@context":"https:\/\/schema.org","@graph":[{"@type":"WebPage","@id":"https:\/\/idecesos.com\/seguros\/tipo\/nicho\/","url":"https:\/\/idecesos.com\/seguros\/tipo\/nicho\/","name":"Seguro de Decesos Nicho \u25b7 Mejor Cobertura 2026 y Precios desde 1,90\u20ac","isPartOf":{"@id":"https:\/\/idecesos.com\/seguros\/#website"},"datePublished":"2021-07-13T08:37:21+00:00","dateModified":"2022-01-03T12:31:11+00:00","description":"Calcula aqu\u00ed el mejor\u3010seguro de decesos nicho\u3011N\u00ba1: Compa\u00f1\u00edas, coberturas y precios para clientes con nicho \u2611\ufe0fOfertas exclusivas de iDecesos\u00ae","breadcrumb":{"@id":"https:\/\/idecesos.com\/seguros\/tipo\/nicho\/#breadcrumb"},"inLanguage":"es","potentialAction":[{"@type":"ReadAction","target":["https:\/\/idecesos.com\/seguros\/tipo\/nicho\/"]}]},{"@type":"BreadcrumbList","@id":"https:\/\/idecesos.com\/seguros\/tipo\/nicho\/#breadcrumb","itemListElement":[{"@type":"ListItem","position":1,"name":"Portada","item":"https:\/\/idecesos.com\/seguros\/"},{"@type":"ListItem","position":2,"name":"Tipos de seguros de decesos","item":"https:\/\/idecesos.com\/seguros\/tipo\/"},{"@type":"ListItem","position":3,"name":"Seguro de Decesos Nicho"}]},{"@type":"WebSite","@id":"https:\/\/idecesos.com\/seguros\/#website","url":"https:\/\/idecesos.com\/seguros\/","name":"","description":"","potentialAction":[{"@type":"SearchAction","target":{"@type":"EntryPoint","urlTemplate":"https:\/\/idecesos.com\/seguros\/?s={search_term_string}"},"query-input":{"@type":"PropertyValueSpecification","valueRequired":true,"valueName":"search_term_string"}}],"inLanguage":"es"}]}},"_links":{"self":[{"href":"https:\/\/idecesos.com\/seguros\/wp-json\/wp\/v2\/pages\/712","targetHints":{"allow":["GET"]}}],"collection":[{"href":"https:\/\/idecesos.com\/seguros\/wp-json\/wp\/v2\/pages"}],"about":[{"href":"https:\/\/idecesos.com\/seguros\/wp-json\/wp\/v2\/types\/page"}],"author":[{"embeddable":true,"href":"https:\/\/idecesos.com\/seguros\/wp-json\/wp\/v2\/users\/2"}],"replies":[{"embeddable":true,"href":"https:\/\/idecesos.com\/seguros\/wp-json\/wp\/v2\/comments?post=712"}],"version-history":[{"count":6,"href":"https:\/\/idecesos.com\/seguros\/wp-json\/wp\/v2\/pages\/712\/revisions"}],"predecessor-version":[{"id":15013,"href":"https:\/\/idecesos.com\/seguros\/wp-json\/wp\/v2\/pages\/712\/revisions\/15013"}],"up":[{"embeddable":true,"href":"https:\/\/idecesos.com\/seguros\/wp-json\/wp\/v2\/pages\/586"}],"wp:attachment":[{"href":"https:\/\/idecesos.com\/seguros\/wp-json\/wp\/v2\/media?parent=712"}],"curies":[{"name":"wp","href":"https:\/\/api.w.org\/{rel}","templated":true}]}}