{"id":750,"date":"2021-07-13T09:35:31","date_gmt":"2021-07-13T09:35:31","guid":{"rendered":"https:\/\/idecesos.com\/seguros\/?page_id=750"},"modified":"2022-01-03T12:31:13","modified_gmt":"2022-01-03T12:31:13","slug":"bebe","status":"publish","type":"page","link":"https:\/\/idecesos.com\/seguros\/tipo\/bebe\/","title":{"rendered":"Seguro de Decesos para Beb\u00e9s"},"content":{"rendered":"\r\n\r\n<p>El seguro de decesos de beb\u00e9s es un tipo de seguro que despierta muchas dudas y que genera incertidumbre en la gente. Adem\u00e1s es un seguro que al tratarse de un beb\u00e9 o de un reci\u00e9n nacido cuesta de un modo especial tenerlo en cuenta as\u00ed como contemplarlo. Pero es un seguro como otro cualquiera por lo que hay que verlo con naturalidad, considerarlo y preverlo. En realidad desde iDecesos.com se pueden comparar las principales compa\u00f1\u00edas de seguro y ver las mejores ofertas y oportunidades en seguros de decesos. Esto quiere decir que tan solo comparando y eligiendo la opci\u00f3n que al interesado o a la interesada le venga mejor, ya simplemente es cuesti\u00f3n de a\u00f1adir un suplemento para un nuevo nacimiento que haya en el n\u00facleo familiar.<\/p>\r\n\r\n\r\n\r\n<p>Por tanto va a ser interesante ver la informaci\u00f3n sobre seguros de decesos de las principales compa\u00f1\u00edas aseguradoras. En este art\u00edculo en concreto se ver\u00e1n las empresas Helvetia, Caser Seguros, SegurCaixa Adeslas y Metr\u00f3polis Seguros.<\/p>\r\n\r\n\r\n\r\n<p>Empecemos por Helvetia Seguros. Lo primero que tienes que saber es que un seguro de decesos se encarga de cubrir todos los gastos que implican el fallecimiento de la persona que est\u00e9 asegurada. Aunque lo m\u00e1s interesante no es el hecho de cubrir la parte econ\u00f3mica, sino que la compa\u00f1\u00eda con la que se tenga contratado el seguro va a dirigir y gestionar todos los tr\u00e1mites que una defunci\u00f3n implica. Esto quiero decir que se va a encargar del sepelio del fallecido, de los tr\u00e1mites legales que una defunci\u00f3n conlleva, etc. En Helvetia Seguros, aparte de lo que en los seguros de decesos b\u00e1sicos se cubre, hay muchas m\u00e1s ventajas. entre ellas cabr\u00eda destacar: el traslado a Espa\u00f1a del asegurado o de la asegurada desde cualquier parte del mundo, la elecci\u00f3n del lugar de entierro por parte de la persona interesada en Espa\u00f1a, el acompa\u00f1amiento de restos mortales, los gastos de desplazamiento de estos, la repatriaci\u00f3n de espa\u00f1oles residentes en el extranjero, etc., todo ello con respecto a la asistencia a las personas en caso de fallecimiento. Incluye del mismo modo prestaciones sanitarias tales como una l\u00ednea telef\u00f3nica m\u00e9dica de informaci\u00f3n 24 horas al d\u00eda, una amplia red de especialistas odont\u00f3logos entre la que se puede elegir lo que se desee con precios exclusivos. Tambi\u00e9n una limpieza dental gratuita al a\u00f1o por persona asegurada que haya dentro de la p\u00f3liza, as\u00ed como una consulta gratuita al a\u00f1o para cada uno de los asegurados en el servicio de Pediatr\u00eda (hasta los 6 a\u00f1os), en el \u00e1rea de la Dermatolog\u00eda, de la Ginecolog\u00eda y de la Podolog\u00eda. Encontrar\u00e1s todas estas ventajas entre muchas otras, es por eso que desde nuestro portal, iDecesos.com, te podemos ayudar a hacer la comparaci\u00f3n y que as\u00ed puedas elegir lo que m\u00e1s te interesa.<\/p>\r\n\r\n\r\n\r\n<p>En relaci\u00f3n con Helvetia Seguros quedar\u00eda se\u00f1alar que aparte de lo ya comentado, tienen otros servicios disponibles opcionales. Estos son la posibilidad de hacer un testamento por internet, la asistencia psicol\u00f3gica en el duelo a los familiares y a los seres queridos del difunto, un borrado de la identidad digital de la persona fallecida en internet, si se quisiera te dan la oportunidad de tener orientaci\u00f3n m\u00e9dica por internet a trav\u00e9s de una v\u00eddeo llamada, de la misma manera que una orientaci\u00f3n diet\u00e9tica y nutricional v\u00eda telef\u00f3nica.<\/p>\r\n\r\n\r\n\r\n<p>Por otro lado, en Caser Seguros tenemos as\u00ed mismo grandes coberturas. En servicios f\u00fanebres tenemos una gesti\u00f3n y administraci\u00f3n bastante completas que en cualquier caso estar\u00e1n en sinton\u00eda con las costumbres de cada lugar. Adem\u00e1s, no tienes por qu\u00e9 decidir si prefieres una incineraci\u00f3n o un entierro en el momento en el que realices el contrado de la p\u00f3liza de seguros. De modo general el seguro de decesos de Caser Seguros incluye: el arca f\u00fanebre, el montaje y la gesti\u00f3n del servicio y de la capilla ardiente, la preparaci\u00f3n y el acondicionamiento del cuerpo, las certificaciones oficiales, los gastos que conllevan tanto el entierro como la incineraci\u00f3n, un coche de acompa\u00f1amiento si se desea, la l\u00e1pida y la inscripci\u00f3n de la misma, las flores, entre otros servicios. Lo m\u00e1s relevante de esta compa\u00f1\u00eda es que el seguro de decesos cubre tambi\u00e9n el servicio f\u00fanebre de los hijos fallecidos durante el nacimiento o antes de cumplir los 30 d\u00edas de edad de las personas que aparezcan como aseguradas en la p\u00f3liza. Por lo que en este caso, y durante los primeros d\u00edas de vida de tus hijos, no tienes que hacer ning\u00fan suplemento en tu seguro de decesos. Esa ampliaci\u00f3n ya tendr\u00e1s que hacerla una vez que pase el primer mes de edad si quieres incluir a tus hijos en el seguro.<\/p>\r\n\r\n\r\n\r\n<p>Aparte de los servicios f\u00fanebres, tienes otros muchos como la asesor\u00eda legal y jur\u00eddica, el borrado de la identidad digital, la asistencia y la ayuda psicol\u00f3gicas, adem\u00e1s de un largo etc\u00e9tera que te invito a consultar en la propia p\u00e1gina de la compa\u00f1\u00eda aseguradora. De igual modo, puedes hacer la comparaci\u00f3n en iDecesos.com y nosostros te damos las mejores alternativas con todos los servicios que estas incluyan.<\/p>\r\n\r\n\r\n\r\n<p>En SegurCaixa Adeslas nos dan m\u00e1s posibilidades. Entre ellas nos cubren la prestaci\u00f3n de los servicios funerarios de forma completa, nos minimizan los tr\u00e1mites burocr\u00e1ticos del sepelio, del entierro y de la incineraci\u00f3n, nos incluyen el traslado tanto nacional como internacional del fallecido. Una de los tipos de seguros de decesos que tienen se llama SegurCaixa Todo Previsto Decesos, con \u00e9l te aseguran que vas a tener la ayuda que necesites en los tr\u00e1mites, en las gestiones y en los servicios que van a tener que realizarse tras la defunci\u00f3n de un familiar. Cuentan con un servicio telef\u00f3nico de atenci\u00f3n al asegurado que funciona las 24 horas del d\u00eda, desde SegurCaixa se encargan igualmente del certificado de defunci\u00f3n y de dar la orientaci\u00f3n legal que se precise para la gesti\u00f3n en decesos.<\/p>\r\n\r\n\r\n\r\n<p>Por su parte y para terminar, Metr\u00f3polis Seguros garantiza la prestaci\u00f3n del servicio f\u00fanebre, que se ajusta a cada persona, familia, localidad y a cada tradici\u00f3n y costumbre. Es por esto que van a ser los familiares del difunto quienes elijan c\u00f3mo desean que sea el sepelio de su ser querido. De la misma forma, Metr\u00f3polis Seguros nos propone una amplia variedad de posibilidades, coberturas y ventajas tanto para la persona asegurada como para su familia. Entre todas ellas cabr\u00eda destacar las siguientes: la atenci\u00f3n personalizada para la realizaci\u00f3n de las gestiones que hagan falta para el entierro o la incineraci\u00f3n, el papeleo y los tr\u00e1mites que se precisen para todos los servicios, la repatriaci\u00f3n o el traslado del fallecido o de la fallecida, la suspensi\u00f3n del saldo de las tarjetas de cr\u00e9ditos, la oportunidad de dividir el pago seg\u00fan interese (mensual, trimestral o semestral), la asistencia en los viajes que los familiares del difunto deban hacer y atenci\u00f3n 24 horas al d\u00eda v\u00eda telef\u00f3nica. Por \u00faltimo, me gustar\u00eda se\u00f1alar que los hijos de la persona que haya contratado la p\u00f3liza de seguros de decesos tendr\u00e1n todos los servicios anteriormente mencionados cubiertos durante los 30 primeros d\u00edas de vida. En este caso, una vez m\u00e1s solo debemos plantearnos meter a nuestro beb\u00e9 en el seguro de decesos como un suplemento a partir de su primer mes de edad.<\/p>\r\n\r\n<div class=\"oficinas\">\r\n<h3>P\u00e1ginas relacionadas<\/h3>\r\n<ul><li><a href=\"https:\/\/idecesos.com\/seguros\/tipo\/mayores\/\"><span>Seguro Decesos Para Mayores<\/span><\/a><\/li><li><a href=\"https:\/\/idecesos.com\/seguros\/tipo\/extranjeros-repatriacion\/\"><span>Seguro Decesos para Extranjeros y Repatriaci\u00f3n<\/span><\/a><\/li><li><a href=\"https:\/\/idecesos.com\/seguros\/tipo\/basico\/\"><span>Seguro de Decesos B\u00e1sico<\/span><\/a><\/li><li><a href=\"https:\/\/idecesos.com\/seguros\/tipo\/hogar\/\"><span>Seguro de Decesos Combinado con Seguro de Hogar<\/span><\/a><\/li><li><a href=\"https:\/\/idecesos.com\/seguros\/tipo\/familiar\/\"><span>Seguro de Decesos Familiar<\/span><\/a><\/li><li><a href=\"https:\/\/idecesos.com\/seguros\/tipo\/sucesiones\/\"><span>Seguro de Decesos Impuesto de Sucesiones<\/span><\/a><\/li><li><a href=\"https:\/\/idecesos.com\/seguros\/tipo\/internacional\/\"><span>Seguro de Decesos Internacional<\/span><\/a><\/li><li><a href=\"https:\/\/idecesos.com\/seguros\/tipo\/judiciales\/\"><span>Seguro de Decesos Judiciales<\/span><\/a><\/li><li><a href=\"https:\/\/idecesos.com\/seguros\/tipo\/nicho\/\"><span>Seguro de Decesos Nicho<\/span><\/a><\/li><li><a href=\"https:\/\/idecesos.com\/seguros\/tipo\/mixta\/\"><span>Seguro de Decesos Prima Mixta<\/span><\/a><\/li><li><a href=\"https:\/\/idecesos.com\/seguros\/tipo\/natural\/\"><span>Seguro de Decesos Prima Natural<\/span><\/a><\/li><li><a href=\"https:\/\/idecesos.com\/seguros\/tipo\/nivelada\/\"><span>Seguro de Decesos Prima Nivelada<\/span><\/a><\/li><li><a href=\"https:\/\/idecesos.com\/seguros\/tipo\/constante\/\"><span>Seguro de Decesos Prima constante<\/span><\/a><\/li><li><a href=\"https:\/\/idecesos.com\/seguros\/tipo\/prima-unica\/\"><span>Seguro de Decesos Prima \u00danica<\/span><\/a><\/li><li><a href=\"https:\/\/idecesos.com\/seguros\/tipo\/todo-previsto\/\"><span>Seguro de Decesos Todo Previsto<\/span><\/a><\/li><li><a href=\"https:\/\/idecesos.com\/seguros\/tipo\/previsto\/\"><span>Seguro de Decesos Todo previsto<\/span><\/a><\/li><li><a href=\"https:\/\/idecesos.com\/seguros\/tipo\/vitalicio\/\"><span>Seguro de Decesos Vitalicio<\/span><\/a><\/li><li><a href=\"https:\/\/idecesos.com\/seguros\/tipo\/dental\/\"><span>Seguro de Decesos con Cobertura Dental<\/span><\/a><\/li><li><a href=\"https:\/\/idecesos.com\/seguros\/tipo\/enfermedad\/\"><span>Seguro de Decesos con Enfermedad Grave<\/span><\/a><\/li><li><a href=\"https:\/\/idecesos.com\/seguros\/tipo\/incineracion\/\"><span>Seguro de Decesos con Incineraci\u00f3n<\/span><\/a><\/li><li><a href=\"https:\/\/idecesos.com\/seguros\/tipo\/adultos\/\"><span>Seguro de Decesos para Adultos<\/span><\/a><\/li><li><a href=\"https:\/\/idecesos.com\/seguros\/tipo\/accidentes\/\"><span>Seguro de Decesos y Accidentes<\/span><\/a><\/li><li><a href=\"https:\/\/idecesos.com\/seguros\/tipo\/medicos\/\"><span>Seguro de Decesos y M\u00e9dicos<\/span><\/a><\/li><li><a href=\"https:\/\/idecesos.com\/seguros\/tipo\/vida\/\"><span>Seguro de Decesos y Vida<\/span><\/a><\/li><li><a href=\"https:\/\/idecesos.com\/seguros\/tipo\/sepelio\/\"><span>Seguro de Sepelio<\/span><\/a><\/li><\/ul>\r\n<\/div>","protected":false},"excerpt":{"rendered":"<p>El seguro de decesos de beb\u00e9s es un tipo de seguro que despierta muchas dudas y que genera incertidumbre en la gente. Adem\u00e1s es un seguro que al tratarse de un beb\u00e9 o de un reci\u00e9n nacido cuesta de un modo especial tenerlo en cuenta as\u00ed como contemplarlo. Pero es un seguro como otro cualquiera&hellip; <\/p>\n","protected":false},"author":2,"featured_media":0,"parent":586,"menu_order":0,"comment_status":"closed","ping_status":"closed","template":"single.php","meta":{"footnotes":""},"class_list":["post-750","page","type-page","status-publish","hentry"],"yoast_head":"<!-- This site is optimized with the Yoast SEO plugin v27.6 - https:\/\/yoast.com\/product\/yoast-seo-wordpress\/ -->\n<title>Seguro de Decesos para Beb\u00e9s \u25b7 Mejores Coberturas y Precios 2026<\/title>\n<meta name=\"description\" content=\"Calcula aqu\u00ed el mejor\u3010seguro de decesos para beb\u00e9s\u3011o embarazo. N\u00ba1: Coberturas y precios \u2611\ufe0fOfertas de seguro decesos beb\u00e9 de iDecesos\u00ae\" \/>\n<meta name=\"robots\" content=\"index, follow, max-snippet:-1, max-image-preview:large, max-video-preview:-1\" \/>\n<link rel=\"canonical\" href=\"https:\/\/idecesos.com\/seguros\/tipo\/bebe\/\" \/>\n<meta property=\"og:locale\" content=\"es_ES\" \/>\n<meta property=\"og:type\" content=\"article\" \/>\n<meta property=\"og:title\" content=\"Seguro de Decesos para Beb\u00e9s \u25b7 Mejores Coberturas y Precios 2026\" \/>\n<meta property=\"og:description\" content=\"Calcula aqu\u00ed el mejor\u3010seguro de decesos para beb\u00e9s\u3011o embarazo. N\u00ba1: Coberturas y precios \u2611\ufe0fOfertas de seguro decesos beb\u00e9 de iDecesos\u00ae\" \/>\n<meta property=\"og:url\" content=\"https:\/\/idecesos.com\/seguros\/tipo\/bebe\/\" \/>\n<meta property=\"article:modified_time\" content=\"2022-01-03T12:31:13+00:00\" \/>\n<meta name=\"twitter:card\" content=\"summary_large_image\" \/>\n<meta name=\"twitter:label1\" content=\"Tiempo de lectura\" \/>\n\t<meta name=\"twitter:data1\" content=\"6 minutos\" \/>\n<script type=\"application\/ld+json\" class=\"yoast-schema-graph\">{\"@context\":\"https:\\\/\\\/schema.org\",\"@graph\":[{\"@type\":\"WebPage\",\"@id\":\"https:\\\/\\\/idecesos.com\\\/seguros\\\/tipo\\\/bebe\\\/\",\"url\":\"https:\\\/\\\/idecesos.com\\\/seguros\\\/tipo\\\/bebe\\\/\",\"name\":\"Seguro de Decesos para Beb\u00e9s \u25b7 Mejores Coberturas y Precios 2026\",\"isPartOf\":{\"@id\":\"https:\\\/\\\/idecesos.com\\\/seguros\\\/#website\"},\"datePublished\":\"2021-07-13T09:35:31+00:00\",\"dateModified\":\"2022-01-03T12:31:13+00:00\",\"description\":\"Calcula aqu\u00ed el mejor\u3010seguro de decesos para beb\u00e9s\u3011o embarazo. N\u00ba1: Coberturas y precios \u2611\ufe0fOfertas de seguro decesos beb\u00e9 de iDecesos\u00ae\",\"breadcrumb\":{\"@id\":\"https:\\\/\\\/idecesos.com\\\/seguros\\\/tipo\\\/bebe\\\/#breadcrumb\"},\"inLanguage\":\"es\",\"potentialAction\":[{\"@type\":\"ReadAction\",\"target\":[\"https:\\\/\\\/idecesos.com\\\/seguros\\\/tipo\\\/bebe\\\/\"]}]},{\"@type\":\"BreadcrumbList\",\"@id\":\"https:\\\/\\\/idecesos.com\\\/seguros\\\/tipo\\\/bebe\\\/#breadcrumb\",\"itemListElement\":[{\"@type\":\"ListItem\",\"position\":1,\"name\":\"Portada\",\"item\":\"https:\\\/\\\/idecesos.com\\\/seguros\\\/\"},{\"@type\":\"ListItem\",\"position\":2,\"name\":\"Tipos de seguros de decesos\",\"item\":\"https:\\\/\\\/idecesos.com\\\/seguros\\\/tipo\\\/\"},{\"@type\":\"ListItem\",\"position\":3,\"name\":\"Seguro de Decesos para Beb\u00e9s\"}]},{\"@type\":\"WebSite\",\"@id\":\"https:\\\/\\\/idecesos.com\\\/seguros\\\/#website\",\"url\":\"https:\\\/\\\/idecesos.com\\\/seguros\\\/\",\"name\":\"\",\"description\":\"\",\"potentialAction\":[{\"@type\":\"SearchAction\",\"target\":{\"@type\":\"EntryPoint\",\"urlTemplate\":\"https:\\\/\\\/idecesos.com\\\/seguros\\\/?s={search_term_string}\"},\"query-input\":{\"@type\":\"PropertyValueSpecification\",\"valueRequired\":true,\"valueName\":\"search_term_string\"}}],\"inLanguage\":\"es\"}]}<\/script>\n<!-- \/ Yoast SEO plugin. -->","yoast_head_json":{"title":"Seguro de Decesos para Beb\u00e9s \u25b7 Mejores Coberturas y Precios 2026","description":"Calcula aqu\u00ed el mejor\u3010seguro de decesos para beb\u00e9s\u3011o embarazo. N\u00ba1: Coberturas y precios \u2611\ufe0fOfertas de seguro decesos beb\u00e9 de iDecesos\u00ae","robots":{"index":"index","follow":"follow","max-snippet":"max-snippet:-1","max-image-preview":"max-image-preview:large","max-video-preview":"max-video-preview:-1"},"canonical":"https:\/\/idecesos.com\/seguros\/tipo\/bebe\/","og_locale":"es_ES","og_type":"article","og_title":"Seguro de Decesos para Beb\u00e9s \u25b7 Mejores Coberturas y Precios 2026","og_description":"Calcula aqu\u00ed el mejor\u3010seguro de decesos para beb\u00e9s\u3011o embarazo. N\u00ba1: Coberturas y precios \u2611\ufe0fOfertas de seguro decesos beb\u00e9 de iDecesos\u00ae","og_url":"https:\/\/idecesos.com\/seguros\/tipo\/bebe\/","article_modified_time":"2022-01-03T12:31:13+00:00","twitter_card":"summary_large_image","twitter_misc":{"Tiempo de lectura":"6 minutos"},"schema":{"@context":"https:\/\/schema.org","@graph":[{"@type":"WebPage","@id":"https:\/\/idecesos.com\/seguros\/tipo\/bebe\/","url":"https:\/\/idecesos.com\/seguros\/tipo\/bebe\/","name":"Seguro de Decesos para Beb\u00e9s \u25b7 Mejores Coberturas y Precios 2026","isPartOf":{"@id":"https:\/\/idecesos.com\/seguros\/#website"},"datePublished":"2021-07-13T09:35:31+00:00","dateModified":"2022-01-03T12:31:13+00:00","description":"Calcula aqu\u00ed el mejor\u3010seguro de decesos para beb\u00e9s\u3011o embarazo. N\u00ba1: Coberturas y precios \u2611\ufe0fOfertas de seguro decesos beb\u00e9 de iDecesos\u00ae","breadcrumb":{"@id":"https:\/\/idecesos.com\/seguros\/tipo\/bebe\/#breadcrumb"},"inLanguage":"es","potentialAction":[{"@type":"ReadAction","target":["https:\/\/idecesos.com\/seguros\/tipo\/bebe\/"]}]},{"@type":"BreadcrumbList","@id":"https:\/\/idecesos.com\/seguros\/tipo\/bebe\/#breadcrumb","itemListElement":[{"@type":"ListItem","position":1,"name":"Portada","item":"https:\/\/idecesos.com\/seguros\/"},{"@type":"ListItem","position":2,"name":"Tipos de seguros de decesos","item":"https:\/\/idecesos.com\/seguros\/tipo\/"},{"@type":"ListItem","position":3,"name":"Seguro de Decesos para Beb\u00e9s"}]},{"@type":"WebSite","@id":"https:\/\/idecesos.com\/seguros\/#website","url":"https:\/\/idecesos.com\/seguros\/","name":"","description":"","potentialAction":[{"@type":"SearchAction","target":{"@type":"EntryPoint","urlTemplate":"https:\/\/idecesos.com\/seguros\/?s={search_term_string}"},"query-input":{"@type":"PropertyValueSpecification","valueRequired":true,"valueName":"search_term_string"}}],"inLanguage":"es"}]}},"_links":{"self":[{"href":"https:\/\/idecesos.com\/seguros\/wp-json\/wp\/v2\/pages\/750","targetHints":{"allow":["GET"]}}],"collection":[{"href":"https:\/\/idecesos.com\/seguros\/wp-json\/wp\/v2\/pages"}],"about":[{"href":"https:\/\/idecesos.com\/seguros\/wp-json\/wp\/v2\/types\/page"}],"author":[{"embeddable":true,"href":"https:\/\/idecesos.com\/seguros\/wp-json\/wp\/v2\/users\/2"}],"replies":[{"embeddable":true,"href":"https:\/\/idecesos.com\/seguros\/wp-json\/wp\/v2\/comments?post=750"}],"version-history":[{"count":9,"href":"https:\/\/idecesos.com\/seguros\/wp-json\/wp\/v2\/pages\/750\/revisions"}],"predecessor-version":[{"id":14993,"href":"https:\/\/idecesos.com\/seguros\/wp-json\/wp\/v2\/pages\/750\/revisions\/14993"}],"up":[{"embeddable":true,"href":"https:\/\/idecesos.com\/seguros\/wp-json\/wp\/v2\/pages\/586"}],"wp:attachment":[{"href":"https:\/\/idecesos.com\/seguros\/wp-json\/wp\/v2\/media?parent=750"}],"curies":[{"name":"wp","href":"https:\/\/api.w.org\/{rel}","templated":true}]}}