{"id":760,"date":"2021-07-13T09:40:38","date_gmt":"2021-07-13T09:40:38","guid":{"rendered":"https:\/\/idecesos.com\/seguros\/?page_id=760"},"modified":"2022-01-03T12:31:51","modified_gmt":"2022-01-03T12:31:51","slug":"accidentes","status":"publish","type":"page","link":"https:\/\/idecesos.com\/seguros\/tipo\/accidentes\/","title":{"rendered":"Seguro de Decesos y Accidentes"},"content":{"rendered":"\r\n\r\n<p>En la actualidad, podemos encontrar compa\u00f1\u00edas aseguradoras que ofrecen productos muy completos con el fin de ofrecer la mayor asistencia y protecci\u00f3n a su familia. Adem\u00e1s de aportarle servicios m\u00e1s amplios, varias entidades tambi\u00e9n posibilitan a sus clientes a\u00f1adir varios seguros y garant\u00edas complementarias a la misma p\u00f3liza.<\/p>\r\n\r\n\r\n\r\n<p>Esta combinaci\u00f3n de coberturas dan lugar, por ejemplo, a los seguros de decesos y accidentes, para que una aseguradora se encarge de los tr\u00e1mites y los costes derivados del fallecimiento o de un accidente.<\/p>\r\n\r\n\r\n\r\n<p>Mediante la contrataci\u00f3n de un seguro de decesos recibir\u00e1 la asistencia que necesite en relaci\u00f3n a los servicios f\u00fanebres, la asistencia en viaje y el traslado completo del fallecido. Asimismo, podr\u00e1 contratar ciertas garant\u00edas opcionales para completar a\u00fan m\u00e1s su seguro de decesos.<\/p>\r\n\r\n\r\n\r\n<p>Los seguros de decesos atienden los gastos del sepelio y de las diligencias necesarias cuando el cliente fallece. Aunque, la cobertura b\u00e1sica de dicho seguro depende de las diferentes compa\u00f1\u00edas aseguradoras y de la localidad donde se quiera realizar el sepelio, este tipo de seguros suele incluir la prestaci\u00f3n del servicio funerario y las gestiones administrativas. Adem\u00e1s, es posible que la compa\u00f1\u00eda de seguros donde vaya a adquirir su p\u00f3liza le ofrezca contratar ciertas coberturas opcionales.<\/p>\r\n\r\n\r\n\r\n<p>Por otro lado, los seguros de accidentes le cubrir\u00e1n los accidentes que sufra tanto en su vida privada como profesional, se trata de un seguro \u00fatil para aquellos que necesiten recibir una garant\u00eda econ\u00f3mica en caso de accidente.<\/p>\r\n\r\n\r\n\r\n<p>Los seguros de accidentes cubren la muerte o la invalidez (permanente o temporal) del asegurado si se ha producido por un accidente que sea s\u00fabito, violento, externo y ajeno a la voluntad de la persona que contrate el seguro.<\/p>\r\n\r\n\r\n\r\n<p>Los seguros de decesos y accidentes son de los m\u00e1s demandados, pues casi 20 millones de espa\u00f1oles han adquirido un seguro de decesos, y muchas personas y pymes intentan protegerse a ellos y a sus empleados a trav\u00e9s de la contrataci\u00f3n de un seguro de accidentes.<\/p>\r\n\r\n<div class=\"oficinas\">\r\n<h3>P\u00e1ginas relacionadas<\/h3>\r\n<ul><li><a href=\"https:\/\/idecesos.com\/seguros\/tipo\/mayores\/\"><span>Seguro Decesos Para Mayores<\/span><\/a><\/li><li><a href=\"https:\/\/idecesos.com\/seguros\/tipo\/extranjeros-repatriacion\/\"><span>Seguro Decesos para Extranjeros y Repatriaci\u00f3n<\/span><\/a><\/li><li><a href=\"https:\/\/idecesos.com\/seguros\/tipo\/basico\/\"><span>Seguro de Decesos B\u00e1sico<\/span><\/a><\/li><li><a href=\"https:\/\/idecesos.com\/seguros\/tipo\/hogar\/\"><span>Seguro de Decesos Combinado con Seguro de Hogar<\/span><\/a><\/li><li><a href=\"https:\/\/idecesos.com\/seguros\/tipo\/familiar\/\"><span>Seguro de Decesos Familiar<\/span><\/a><\/li><li><a href=\"https:\/\/idecesos.com\/seguros\/tipo\/sucesiones\/\"><span>Seguro de Decesos Impuesto de Sucesiones<\/span><\/a><\/li><li><a href=\"https:\/\/idecesos.com\/seguros\/tipo\/internacional\/\"><span>Seguro de Decesos Internacional<\/span><\/a><\/li><li><a href=\"https:\/\/idecesos.com\/seguros\/tipo\/judiciales\/\"><span>Seguro de Decesos Judiciales<\/span><\/a><\/li><li><a href=\"https:\/\/idecesos.com\/seguros\/tipo\/nicho\/\"><span>Seguro de Decesos Nicho<\/span><\/a><\/li><li><a href=\"https:\/\/idecesos.com\/seguros\/tipo\/mixta\/\"><span>Seguro de Decesos Prima Mixta<\/span><\/a><\/li><li><a href=\"https:\/\/idecesos.com\/seguros\/tipo\/natural\/\"><span>Seguro de Decesos Prima Natural<\/span><\/a><\/li><li><a href=\"https:\/\/idecesos.com\/seguros\/tipo\/nivelada\/\"><span>Seguro de Decesos Prima Nivelada<\/span><\/a><\/li><li><a href=\"https:\/\/idecesos.com\/seguros\/tipo\/constante\/\"><span>Seguro de Decesos Prima constante<\/span><\/a><\/li><li><a href=\"https:\/\/idecesos.com\/seguros\/tipo\/prima-unica\/\"><span>Seguro de Decesos Prima \u00danica<\/span><\/a><\/li><li><a href=\"https:\/\/idecesos.com\/seguros\/tipo\/todo-previsto\/\"><span>Seguro de Decesos Todo Previsto<\/span><\/a><\/li><li><a href=\"https:\/\/idecesos.com\/seguros\/tipo\/previsto\/\"><span>Seguro de Decesos Todo previsto<\/span><\/a><\/li><li><a href=\"https:\/\/idecesos.com\/seguros\/tipo\/vitalicio\/\"><span>Seguro de Decesos Vitalicio<\/span><\/a><\/li><li><a href=\"https:\/\/idecesos.com\/seguros\/tipo\/dental\/\"><span>Seguro de Decesos con Cobertura Dental<\/span><\/a><\/li><li><a href=\"https:\/\/idecesos.com\/seguros\/tipo\/enfermedad\/\"><span>Seguro de Decesos con Enfermedad Grave<\/span><\/a><\/li><li><a href=\"https:\/\/idecesos.com\/seguros\/tipo\/incineracion\/\"><span>Seguro de Decesos con Incineraci\u00f3n<\/span><\/a><\/li><li><a href=\"https:\/\/idecesos.com\/seguros\/tipo\/adultos\/\"><span>Seguro de Decesos para Adultos<\/span><\/a><\/li><li><a href=\"https:\/\/idecesos.com\/seguros\/tipo\/bebe\/\"><span>Seguro de Decesos para Beb\u00e9s<\/span><\/a><\/li><li><a href=\"https:\/\/idecesos.com\/seguros\/tipo\/medicos\/\"><span>Seguro de Decesos y M\u00e9dicos<\/span><\/a><\/li><li><a href=\"https:\/\/idecesos.com\/seguros\/tipo\/vida\/\"><span>Seguro de Decesos y Vida<\/span><\/a><\/li><li><a href=\"https:\/\/idecesos.com\/seguros\/tipo\/sepelio\/\"><span>Seguro de Sepelio<\/span><\/a><\/li><\/ul>\r\n<\/div>","protected":false},"excerpt":{"rendered":"<p>En la actualidad, podemos encontrar compa\u00f1\u00edas aseguradoras que ofrecen productos muy completos con el fin de ofrecer la mayor asistencia y protecci\u00f3n a su familia. Adem\u00e1s de aportarle servicios m\u00e1s amplios, varias entidades tambi\u00e9n posibilitan a sus clientes a\u00f1adir varios seguros y garant\u00edas complementarias a la misma p\u00f3liza. Esta combinaci\u00f3n de coberturas dan lugar, por&hellip; <\/p>\n","protected":false},"author":2,"featured_media":0,"parent":586,"menu_order":0,"comment_status":"closed","ping_status":"closed","template":"single.php","meta":{"footnotes":""},"class_list":["post-760","page","type-page","status-publish","hentry"],"yoast_head":"<!-- This site is optimized with the Yoast SEO plugin v27.5 - https:\/\/yoast.com\/product\/yoast-seo-wordpress\/ -->\n<title>Seguro de Decesos y Accidentes \u25b7 Coberturas y Precios 2026<\/title>\n<meta name=\"description\" content=\"Calcula aqu\u00ed el mejor\u3010seguro de decesos y accidentes\u3011Coberturas, precios y condiciones generales \u2611\ufe0fOfertas de seguro combinado de iDecesos\u00ae\" \/>\n<meta name=\"robots\" content=\"index, follow, max-snippet:-1, max-image-preview:large, max-video-preview:-1\" \/>\n<link rel=\"canonical\" href=\"https:\/\/idecesos.com\/seguros\/tipo\/accidentes\/\" \/>\n<meta property=\"og:locale\" content=\"es_ES\" \/>\n<meta property=\"og:type\" content=\"article\" \/>\n<meta property=\"og:title\" content=\"Seguro de Decesos y Accidentes \u25b7 Coberturas y Precios 2026\" \/>\n<meta property=\"og:description\" content=\"Calcula aqu\u00ed el mejor\u3010seguro de decesos y accidentes\u3011Coberturas, precios y condiciones generales \u2611\ufe0fOfertas de seguro combinado de iDecesos\u00ae\" \/>\n<meta property=\"og:url\" content=\"https:\/\/idecesos.com\/seguros\/tipo\/accidentes\/\" \/>\n<meta property=\"article:modified_time\" content=\"2022-01-03T12:31:51+00:00\" \/>\n<meta name=\"twitter:card\" content=\"summary_large_image\" \/>\n<meta name=\"twitter:label1\" content=\"Tiempo de lectura\" \/>\n\t<meta name=\"twitter:data1\" content=\"2 minutos\" \/>\n<script type=\"application\/ld+json\" class=\"yoast-schema-graph\">{\"@context\":\"https:\\\/\\\/schema.org\",\"@graph\":[{\"@type\":\"WebPage\",\"@id\":\"https:\\\/\\\/idecesos.com\\\/seguros\\\/tipo\\\/accidentes\\\/\",\"url\":\"https:\\\/\\\/idecesos.com\\\/seguros\\\/tipo\\\/accidentes\\\/\",\"name\":\"Seguro de Decesos y Accidentes \u25b7 Coberturas y Precios 2026\",\"isPartOf\":{\"@id\":\"https:\\\/\\\/idecesos.com\\\/seguros\\\/#website\"},\"datePublished\":\"2021-07-13T09:40:38+00:00\",\"dateModified\":\"2022-01-03T12:31:51+00:00\",\"description\":\"Calcula aqu\u00ed el mejor\u3010seguro de decesos y accidentes\u3011Coberturas, precios y condiciones generales \u2611\ufe0fOfertas de seguro combinado de iDecesos\u00ae\",\"breadcrumb\":{\"@id\":\"https:\\\/\\\/idecesos.com\\\/seguros\\\/tipo\\\/accidentes\\\/#breadcrumb\"},\"inLanguage\":\"es\",\"potentialAction\":[{\"@type\":\"ReadAction\",\"target\":[\"https:\\\/\\\/idecesos.com\\\/seguros\\\/tipo\\\/accidentes\\\/\"]}]},{\"@type\":\"BreadcrumbList\",\"@id\":\"https:\\\/\\\/idecesos.com\\\/seguros\\\/tipo\\\/accidentes\\\/#breadcrumb\",\"itemListElement\":[{\"@type\":\"ListItem\",\"position\":1,\"name\":\"Portada\",\"item\":\"https:\\\/\\\/idecesos.com\\\/seguros\\\/\"},{\"@type\":\"ListItem\",\"position\":2,\"name\":\"Tipos de seguros de decesos\",\"item\":\"https:\\\/\\\/idecesos.com\\\/seguros\\\/tipo\\\/\"},{\"@type\":\"ListItem\",\"position\":3,\"name\":\"Seguro de Decesos y Accidentes\"}]},{\"@type\":\"WebSite\",\"@id\":\"https:\\\/\\\/idecesos.com\\\/seguros\\\/#website\",\"url\":\"https:\\\/\\\/idecesos.com\\\/seguros\\\/\",\"name\":\"\",\"description\":\"\",\"potentialAction\":[{\"@type\":\"SearchAction\",\"target\":{\"@type\":\"EntryPoint\",\"urlTemplate\":\"https:\\\/\\\/idecesos.com\\\/seguros\\\/?s={search_term_string}\"},\"query-input\":{\"@type\":\"PropertyValueSpecification\",\"valueRequired\":true,\"valueName\":\"search_term_string\"}}],\"inLanguage\":\"es\"}]}<\/script>\n<!-- \/ Yoast SEO plugin. -->","yoast_head_json":{"title":"Seguro de Decesos y Accidentes \u25b7 Coberturas y Precios 2026","description":"Calcula aqu\u00ed el mejor\u3010seguro de decesos y accidentes\u3011Coberturas, precios y condiciones generales \u2611\ufe0fOfertas de seguro combinado de iDecesos\u00ae","robots":{"index":"index","follow":"follow","max-snippet":"max-snippet:-1","max-image-preview":"max-image-preview:large","max-video-preview":"max-video-preview:-1"},"canonical":"https:\/\/idecesos.com\/seguros\/tipo\/accidentes\/","og_locale":"es_ES","og_type":"article","og_title":"Seguro de Decesos y Accidentes \u25b7 Coberturas y Precios 2026","og_description":"Calcula aqu\u00ed el mejor\u3010seguro de decesos y accidentes\u3011Coberturas, precios y condiciones generales \u2611\ufe0fOfertas de seguro combinado de iDecesos\u00ae","og_url":"https:\/\/idecesos.com\/seguros\/tipo\/accidentes\/","article_modified_time":"2022-01-03T12:31:51+00:00","twitter_card":"summary_large_image","twitter_misc":{"Tiempo de lectura":"2 minutos"},"schema":{"@context":"https:\/\/schema.org","@graph":[{"@type":"WebPage","@id":"https:\/\/idecesos.com\/seguros\/tipo\/accidentes\/","url":"https:\/\/idecesos.com\/seguros\/tipo\/accidentes\/","name":"Seguro de Decesos y Accidentes \u25b7 Coberturas y Precios 2026","isPartOf":{"@id":"https:\/\/idecesos.com\/seguros\/#website"},"datePublished":"2021-07-13T09:40:38+00:00","dateModified":"2022-01-03T12:31:51+00:00","description":"Calcula aqu\u00ed el mejor\u3010seguro de decesos y accidentes\u3011Coberturas, precios y condiciones generales \u2611\ufe0fOfertas de seguro combinado de iDecesos\u00ae","breadcrumb":{"@id":"https:\/\/idecesos.com\/seguros\/tipo\/accidentes\/#breadcrumb"},"inLanguage":"es","potentialAction":[{"@type":"ReadAction","target":["https:\/\/idecesos.com\/seguros\/tipo\/accidentes\/"]}]},{"@type":"BreadcrumbList","@id":"https:\/\/idecesos.com\/seguros\/tipo\/accidentes\/#breadcrumb","itemListElement":[{"@type":"ListItem","position":1,"name":"Portada","item":"https:\/\/idecesos.com\/seguros\/"},{"@type":"ListItem","position":2,"name":"Tipos de seguros de decesos","item":"https:\/\/idecesos.com\/seguros\/tipo\/"},{"@type":"ListItem","position":3,"name":"Seguro de Decesos y Accidentes"}]},{"@type":"WebSite","@id":"https:\/\/idecesos.com\/seguros\/#website","url":"https:\/\/idecesos.com\/seguros\/","name":"","description":"","potentialAction":[{"@type":"SearchAction","target":{"@type":"EntryPoint","urlTemplate":"https:\/\/idecesos.com\/seguros\/?s={search_term_string}"},"query-input":{"@type":"PropertyValueSpecification","valueRequired":true,"valueName":"search_term_string"}}],"inLanguage":"es"}]}},"_links":{"self":[{"href":"https:\/\/idecesos.com\/seguros\/wp-json\/wp\/v2\/pages\/760","targetHints":{"allow":["GET"]}}],"collection":[{"href":"https:\/\/idecesos.com\/seguros\/wp-json\/wp\/v2\/pages"}],"about":[{"href":"https:\/\/idecesos.com\/seguros\/wp-json\/wp\/v2\/types\/page"}],"author":[{"embeddable":true,"href":"https:\/\/idecesos.com\/seguros\/wp-json\/wp\/v2\/users\/2"}],"replies":[{"embeddable":true,"href":"https:\/\/idecesos.com\/seguros\/wp-json\/wp\/v2\/comments?post=760"}],"version-history":[{"count":8,"href":"https:\/\/idecesos.com\/seguros\/wp-json\/wp\/v2\/pages\/760\/revisions"}],"predecessor-version":[{"id":14990,"href":"https:\/\/idecesos.com\/seguros\/wp-json\/wp\/v2\/pages\/760\/revisions\/14990"}],"up":[{"embeddable":true,"href":"https:\/\/idecesos.com\/seguros\/wp-json\/wp\/v2\/pages\/586"}],"wp:attachment":[{"href":"https:\/\/idecesos.com\/seguros\/wp-json\/wp\/v2\/media?parent=760"}],"curies":[{"name":"wp","href":"https:\/\/api.w.org\/{rel}","templated":true}]}}