{"id":766,"date":"2024-12-02T09:44:36","date_gmt":"2024-12-02T08:44:36","guid":{"rendered":"https:\/\/idecesos.com\/seguros\/?page_id=766"},"modified":"2024-12-02T12:31:22","modified_gmt":"2024-12-02T11:31:22","slug":"que-es","status":"publish","type":"page","link":"https:\/\/idecesos.com\/seguros\/que-es\/","title":{"rendered":"\u00bfQu\u00e9 es el seguro de decesos?"},"content":{"rendered":"<div id=\"ez-toc-container\" class=\"ez-toc-v2_0_83 ez-toc-wrap-center counter-hierarchy ez-toc-counter ez-toc-custom ez-toc-container-direction\">\n<div class=\"ez-toc-title-container\">\n<p class=\"ez-toc-title\" style=\"cursor:inherit\">Tabla de Contenido<\/p>\n<span class=\"ez-toc-title-toggle\"><a href=\"#\" class=\"ez-toc-pull-right ez-toc-btn ez-toc-btn-xs ez-toc-btn-default ez-toc-toggle\" aria-label=\"Alternar tabla de contenidos\"><span class=\"ez-toc-js-icon-con\"><span class=\"\"><span class=\"eztoc-hide\" style=\"display:none;\">Toggle<\/span><span class=\"ez-toc-icon-toggle-span\"><svg style=\"fill: #db6415;color:#db6415\" xmlns=\"http:\/\/www.w3.org\/2000\/svg\" class=\"list-377408\" width=\"20px\" height=\"20px\" viewBox=\"0 0 24 24\" fill=\"none\"><path d=\"M6 6H4v2h2V6zm14 0H8v2h12V6zM4 11h2v2H4v-2zm16 0H8v2h12v-2zM4 16h2v2H4v-2zm16 0H8v2h12v-2z\" fill=\"currentColor\"><\/path><\/svg><svg style=\"fill: #db6415;color:#db6415\" class=\"arrow-unsorted-368013\" xmlns=\"http:\/\/www.w3.org\/2000\/svg\" width=\"10px\" height=\"10px\" viewBox=\"0 0 24 24\" version=\"1.2\" baseProfile=\"tiny\"><path d=\"M18.2 9.3l-6.2-6.3-6.2 6.3c-.2.2-.3.4-.3.7s.1.5.3.7c.2.2.4.3.7.3h11c.3 0 .5-.1.7-.3.2-.2.3-.5.3-.7s-.1-.5-.3-.7zM5.8 14.7l6.2 6.3 6.2-6.3c.2-.2.3-.5.3-.7s-.1-.5-.3-.7c-.2-.2-.4-.3-.7-.3h-11c-.3 0-.5.1-.7.3-.2.2-.3.5-.3.7s.1.5.3.7z\"\/><\/svg><\/span><\/span><\/span><\/a><\/span><\/div>\n<nav><ul class='ez-toc-list ez-toc-list-level-1 ' ><li class='ez-toc-page-1 ez-toc-heading-level-2'><a class=\"ez-toc-link ez-toc-heading-1\" href=\"https:\/\/idecesos.com\/seguros\/que-es\/#%C2%BFQue_cubre_un_seguro_de_muerte\" >\u00bfQu\u00e9 cubre un seguro de muerte?<\/a><ul class='ez-toc-list-level-3' ><li class='ez-toc-heading-level-3'><a class=\"ez-toc-link ez-toc-heading-2\" href=\"https:\/\/idecesos.com\/seguros\/que-es\/#%C2%BFQue_es_el_capital_asegurado\" >\u00bfQu\u00e9 es el capital asegurado?<\/a><\/li><li class='ez-toc-page-1 ez-toc-heading-level-3'><a class=\"ez-toc-link ez-toc-heading-3\" href=\"https:\/\/idecesos.com\/seguros\/que-es\/#Tipos_de_seguros_de_decesos\" >Tipos de seguros de decesos<\/a><\/li><li class='ez-toc-page-1 ez-toc-heading-level-3'><a class=\"ez-toc-link ez-toc-heading-4\" href=\"https:\/\/idecesos.com\/seguros\/que-es\/#%C2%BFCuando_contratar_un_seguro_de_decesos\" >\u00bfCu\u00e1ndo contratar un seguro de decesos?<\/a><\/li><li class='ez-toc-page-1 ez-toc-heading-level-3'><a class=\"ez-toc-link ez-toc-heading-5\" href=\"https:\/\/idecesos.com\/seguros\/que-es\/#%C2%BFCual_es_el_precio_de_un_seguro_de_decesos\" >\u00bfCu\u00e1l es el precio de un seguro de decesos?<\/a><\/li><li class='ez-toc-page-1 ez-toc-heading-level-3'><a class=\"ez-toc-link ez-toc-heading-6\" href=\"https:\/\/idecesos.com\/seguros\/que-es\/#Diferencias_entre_un_seguro_de_muerte_y_vida\" >Diferencias entre un seguro de muerte y vida<\/a><\/li><\/ul><\/li><\/ul><\/nav><\/div>\n\r\n\r\n<p>Son muchas las personas que deciden contratar un seguro de decesos para que sus seres queridos no se tengan que preocupar por los gastos o los tr\u00e1mites que derivados \u00a0del dif\u00edcil momento del fallecimiento. En Espa\u00f1a, casi 20 millones de personas tienen una p\u00f3liza, ya sea por comodidad de que en el momento que suceda no tengan que preocuparse por ning\u00fan tramite o simplemente por el hecho de prevenir esos gastos de manera repentina.\u00a0<\/p>\r\n<p>Cada persona no suele pensar en lo que ocurre cuando fallece un ser querido, pero asumir con los gastos en un momento tan dif\u00edcil es complicado, contratar un seguro te facilita todo ese proceso ayud\u00e1ndote a gestionar esos momentos tan duros.\u00a0<\/p>\r\n<div class=\"colorf \"  ><div class=\"container clearfix\"><div class=\"col-md-7\"><\/p>\r\n<p>Es lo que contratamos para que nos puedan cubrir ciertas gestiones una ves hayamos fallecido, cumpliendo con la p\u00f3liza que se contrata, contemplando las coberturas b\u00e1sicas. <strong><em>\u00bfQu\u00e9 quiere decir eso?<\/em><\/strong> cuando fallece nuestro ser querido hacemos el pago en su totalidad que se encuentra entre los rango de unos 3.000 &#8211; 8.000 euros, es cierto que cubrir este dinero repentinamente es dif\u00edcil, por ello las aseguradoras han querido que con diferentes cuotas, cuentas con toda las coberturas a la hora del fallecimiento. Ahorr\u00e1ndote ese gasto de una manera tan imprevista.<\/p>\r\n<p>Es muy habitual que si en el momento que eres joven no optas por contratar una p\u00f3liza, a larga es m\u00e1s complicado y mas tedioso conseguirlo. Es recomendable siempre obtenerlo en edad joven.\u00a0<\/p>\r\n<p><\/div><\/div><\/div>\r\n<h2><span class=\"ez-toc-section\" id=\"%C2%BFQue_cubre_un_seguro_de_muerte\"><\/span><span style=\"font-size: 29px; font-weight: bold;\">\u00bfQu\u00e9 cubre un seguro de muerte?<\/span><span class=\"ez-toc-section-end\"><\/span><\/h2>\r\n<div class=\"cobertura \"  ><div class=\"borde_cobertura\"><div class=\"titulo_cobertura titulo\"><strong>Coberturas b\u00e1sicas del seguro de decesos<\/strong><\/div><div class=\"texto_cobertura\"><\/p>\r\n<p>\r\n\r\n<\/p>\r\n<p>El seguro de decesos se hace cargo de los gastos del sepelio y de las diligencias necesarias cuando el asegurado fallece. Aunque la cobertura b\u00e1sica del seguro de decesos depende de cada compa\u00f1\u00eda aseguradora y de la localidad donde se indique que se quiere realizar el sepelio, esta modalidad de seguros suele incluir la prestaci\u00f3n del servicio funerario y las gestiones administrativas. Adem\u00e1s, cabe la posibilidad de contratar coberturas opcionales de las p\u00f3lizas de decesos.<\/p>\r\n<p><\/div><\/div><\/div>\r\n<div class=\"cobertura \"  ><div class=\"borde_cobertura\"><div class=\"titulo_cobertura titulo\"><strong>Prestaci\u00f3n del servicio funerario<\/strong><\/div><div class=\"texto_cobertura\"><\/p>\r\n<p>\r\n\r\n<\/p>\r\n<p>\r\n\r\n<\/p>\r\n<p>El servicio f\u00fanebre incluye el coche f\u00fanebre, el f\u00e9retro, el sudario y los gastos de inhumaci\u00f3n e incineraci\u00f3n, adem\u00e1s del acondicionamiento del cad\u00e1ver. La p\u00f3liza tambi\u00e9n cubre la l\u00e1pida, la sala del tanatorio, el coche de acompa\u00f1amiento, el servicio religioso, la autopsia, las flores e incluso los recordatorios.<\/p>\r\n<p><\/div><\/div><\/div>\r\n<div class=\"cobertura \"  ><div class=\"borde_cobertura\"><div class=\"titulo_cobertura titulo\"><strong>Gestiones administrativas<\/strong><\/div><div class=\"texto_cobertura\"><\/p>\r\n<p>\r\n\r\n<\/p>\r\n<p>\r\n\r\n<\/p>\r\n<p>Asimismo, mediante el seguro de decesos los familiares no tendr\u00e1n que preocuparse de la tarea administrativa que deriva del sepelio y podr\u00e1n recibir un asesoramiento especializado en el momento de realizar todas las gestiones post mortem.\u00a0<\/p>\r\n<p>\r\n\r\n<\/p>\r\n<p>Estas gestiones hacen referencia a:<\/p>\r\n<p>\r\n\r\n<\/p>\r\n<ul class=\"wp-block-list\">\r\n<li>Obtenci\u00f3n del certificado de defunci\u00f3n.<\/li>\r\n<li>Inscripci\u00f3n en el Registro Civil.<\/li>\r\n<li>Solicitud de la pensi\u00f3n de orfandad, viudedad, invalidez o jubilaci\u00f3n.<\/li>\r\n<li>Baja del libro de familia.<\/li>\r\n<li>Adjudicaci\u00f3n de herencias.<\/li>\r\n<li>Partidas de defunci\u00f3n y de testamentos.<\/li>\r\n<\/ul>\r\n<p><\/div><\/div><\/div>\r\n<div class=\"cobertura \"  ><div class=\"borde_cobertura\"><div class=\"titulo_cobertura titulo\"><strong>Coberturas opcionales del seguro de decesos<\/strong><\/div><div class=\"texto_cobertura\"><\/p>\r\n<p>Las coberturas opcionales pueden variar en funci\u00f3n de la entidad con la que contrate su p\u00f3liza, sin embargo, entre las coberturas opcionales m\u00e1s comunes encontramos:<br \/>Traslado nacional. Atenci\u00f3n psicol\u00f3gica.<\/p>\r\n<p>\r\n\r\n<\/p>\r\n<p>\r\n\r\n<\/p>\r\n<p>\r\n\r\n<\/p>\r\n<p>Asistencia en viaje para el asegurado, incluyendo el traslado o repatriaci\u00f3n en caso de fallecimiento, los gastos m\u00e9dicos en el extranjero y los gastos de viaje y estancia para un acompa\u00f1ante.<\/p>\r\n<p>\r\n\r\n<\/p>\r\n<p>Asistencia en viaje para el acompa\u00f1ante del asegurado en el caso de que el asegurado fallezca.<\/p>\r\n<p><\/div><\/div><\/div>\r\n<div class=\"colorf \"  ><div class=\"container clearfix\"><div class=\"col-md-7\"><\/p>\r\n<p>\r\n\r\n<\/p>\r\n<h3><span class=\"ez-toc-section\" id=\"%C2%BFQue_es_el_capital_asegurado\"><\/span>\u00bfQu\u00e9 es el capital asegurado?<span class=\"ez-toc-section-end\"><\/span><\/h3>\r\n<p>Cuando hablamos del capital, es la cantidad econ\u00f3mica que percibir\u00e1 la persona una vez que hay ocurrido el fallecimiento, seg\u00fan la p\u00f3liza contratada, que ser\u00e1 la cobertura m\u00e1xima que lo contemple, o que haya adquirido.\u00a0<\/p>\r\n<p><\/div><\/div><\/div>\r\n<h3><span class=\"ez-toc-section\" id=\"Tipos_de_seguros_de_decesos\"><\/span>Tipos de seguros de decesos<span class=\"ez-toc-section-end\"><\/span><\/h3>\r\n<p>Los seguros de decesos se pueden contratar en funci\u00f3n de si el cliente prefiere realizar los pagos de forma anual o no. Por lo tanto, los distintos tipos de seguros de decesos que podemos encontrar son:<\/p>\r\n<p><strong><a href=\"https:\/\/idecesos.com\/seguros\/tipo\/natural\/\">Seguros de decesos a prima natural<\/a>:<\/strong> mediante esta modalidad de contrataci\u00f3n realizar\u00e1 un pago anual, ya que el seguro se contrata por un per\u00edodo de un a\u00f1o y se renueva al finalizar dicho tiempo.\u00a0<\/p>\r\n<p>\r\n\r\n<\/p>\r\n<p><strong>Seguro de decesos a prima seminatural:<\/strong> Esta forma de pago es similar a la anterior pero se distingue de la misma en que, a pesar de que el seguro se renueva cada a\u00f1o, el precio del seguro de decesos aumenta en tramos de 5 a\u00f1os.<\/p>\r\n<p>\r\n\r\n<\/p>\r\n<p><strong><a href=\"https:\/\/idecesos.com\/seguros\/tipo\/nivelada\/\">Seguros de decesos a prima nivelada<\/a>:<\/strong> La forma de contrataci\u00f3n de la p\u00f3liza de este tipo de seguros tambi\u00e9n es anual.<\/p>\r\n<p>\r\n\r\n<\/p>\r\n<p><strong><a href=\"https:\/\/idecesos.com\/seguros\/tipo\/mixta\/\">Seguro de decesos a prima mixta<\/a>:<\/strong> La forma de pagos consiste en una combinaci\u00f3n entre la prima natural y la prima nivelada. Es decir, una parte la pagamos mediante prima natural y la otra mediante prima nivelando, consiguiendo que el aumento del precio del seguro con el paso de los a\u00f1os sea m\u00e1s suave.<\/p>\r\n<p>\r\n\r\n<\/p>\r\n<p><strong><a href=\"https:\/\/idecesos.com\/seguros\/tipo\/prima-unica\/\">Seguros de decesos vitalicios a prima \u00fanica<\/a>:<\/strong> mediante la contrataci\u00f3n de este tipo de seguro de pago \u00fanico el servicio funerario del asegurado quedar\u00e1 garantizado de por vida. Esta modalidad de contrataci\u00f3n est\u00e1 especialmente destinada a las personas mayores de 70 a\u00f1os.<\/p>\r\n<p>\r\n\r\n<\/p>\r\n\n\t\t<hr class=\"separador\">\n\t\t<div class=\"bloque-accion\">\n\t\t<p class=\"txt-accion\">Calcula el precio de tu seguro de decesos en menos de 1 minuto<\/p>\n\t\t<a class=\"btn-accion\" href=\"https:\/\/idecesos.com\/\">CALCULAR<\/a>\n\t\t<\/div>\n\t\t<hr class=\"separador\">\n\t\t\r\n<h3><span class=\"ez-toc-section\" id=\"%C2%BFCuando_contratar_un_seguro_de_decesos\"><\/span>\u00bfCu\u00e1ndo contratar un seguro de decesos?<span class=\"ez-toc-section-end\"><\/span><\/h3>\r\n<p>Contratar una p\u00f3liza de decesos, no se trata de cuando hacerlo ya que puedes adquirirlo en cualquier momento, es cierto que es m\u00e1s recomendable cuando se encuentra una edad m\u00e1s joven, pero no decir por ella que si no lo obtiene de joven ya no va a poder acceder a ello, lo puedes obtener a cualquier edad. Pero es mejor prevenir por ello es recomendable que lo contrate cuando se es joven.\u00a0<\/p>\r\n<div class=\"colorf\"><div class=\"container clearfix\"><div class=\"col-md-7\">\r\n<h3><span class=\"ez-toc-section\" id=\"%C2%BFCual_es_el_precio_de_un_seguro_de_decesos\"><\/span>\u00bfCu\u00e1l es el precio de un seguro de decesos?<span class=\"ez-toc-section-end\"><\/span><\/h3>\r\n<p>El precio depender\u00e1 a que edad realice la contrataci\u00f3n, as\u00ed como el tipo de seguro que elija y las coberturas que lleven sin contar con las coberturas m\u00e1s b\u00e1sicas.\u00a0<\/p>\r\n<p>El precio de un seguro de Decesos es desde 1,90\u20ac\u20ac\/mes.<\/p>\r\n<p>Te pones a tu alcance un formulario donde obtendr\u00e1s el presupuesto del seguro que necesites de una manera m\u00e1s r\u00e1pida y sencilla. con tan solo un paso tendr\u00e1s lo que buscas.<\/p>\r\n<\/div><\/div><\/div>\r\n<div>\r\n<h3><span class=\"ez-toc-section\" id=\"Diferencias_entre_un_seguro_de_muerte_y_vida\"><\/span>Diferencias entre un seguro de muerte y vida<span class=\"ez-toc-section-end\"><\/span><\/h3>\r\n<p>Las diferencias que hay entre una y es otro es notoriamente diferentes en cualquier tipo de p\u00f3liza.\u00a0\u00a0<\/p>\r\n<p><em><strong>\u00bfQu\u00e9 es un seguro de muerte?<\/strong><\/em> Pues aquello que cubre el fallecimiento de una persona a lo largo del proceso, tanto del traslado f\u00fanebre,\u00a0 tramites burocr\u00e1ticos, atenci\u00f3n psicol\u00f3gica. etc<\/p>\r\n<p><em><strong>\u00bfQu\u00e9 es un seguro de muerte?\u00a0<\/strong><\/em>La diferencia que existen entre ellos radican, desde el punto de la cobertura, una vez que has fallecido por cualquier motivo, indemnizan a los familiares.\u00a0\u00a0<\/p>\r\n<\/div>","protected":false},"excerpt":{"rendered":"<p>Son muchas las personas que deciden contratar un seguro de decesos para que sus seres queridos no se tengan que preocupar por los gastos o los tr\u00e1mites que derivados \u00a0del dif\u00edcil momento del fallecimiento. En Espa\u00f1a, casi 20 millones de personas tienen una p\u00f3liza, ya sea por comodidad de que en el momento que suceda&hellip; <\/p>\n","protected":false},"author":2,"featured_media":0,"parent":0,"menu_order":0,"comment_status":"open","ping_status":"closed","template":"single.php","meta":{"footnotes":""},"class_list":["post-766","page","type-page","status-publish","hentry"],"yoast_head":"<!-- This site is optimized with the Yoast SEO plugin v27.6 - https:\/\/yoast.com\/product\/yoast-seo-wordpress\/ -->\n<title>Qu\u00e9 es el Seguro de Decesos I Tipos, Coberturas, Precios 2025<\/title>\n<meta name=\"description\" content=\"Gu\u00eda completa del Seguro de Decesos en Espa\u00f1a \u2b50Informaci\u00f3n actualizada en 2025 \u2714\ufe0fInformaci\u00f3n, precios y coberturas verificadas por iDecesos.\" \/>\n<meta name=\"robots\" content=\"index, follow, max-snippet:-1, max-image-preview:large, max-video-preview:-1\" \/>\n<link rel=\"canonical\" href=\"https:\/\/idecesos.com\/seguros\/que-es\/\" \/>\n<meta property=\"og:locale\" content=\"es_ES\" \/>\n<meta property=\"og:type\" content=\"article\" \/>\n<meta property=\"og:title\" content=\"Qu\u00e9 es el Seguro de Decesos I Tipos, Coberturas, Precios 2025\" \/>\n<meta property=\"og:description\" content=\"Gu\u00eda completa del Seguro de Decesos en Espa\u00f1a \u2b50Informaci\u00f3n actualizada en 2025 \u2714\ufe0fInformaci\u00f3n, precios y coberturas verificadas por iDecesos.\" \/>\n<meta property=\"og:url\" content=\"https:\/\/idecesos.com\/seguros\/que-es\/\" \/>\n<meta property=\"article:modified_time\" content=\"2024-12-02T11:31:22+00:00\" \/>\n<meta name=\"twitter:card\" content=\"summary_large_image\" \/>\n<meta name=\"twitter:label1\" content=\"Tiempo de lectura\" \/>\n\t<meta name=\"twitter:data1\" content=\"5 minutos\" \/>\n<script type=\"application\/ld+json\" class=\"yoast-schema-graph\">{\"@context\":\"https:\\\/\\\/schema.org\",\"@graph\":[{\"@type\":\"WebPage\",\"@id\":\"https:\\\/\\\/idecesos.com\\\/seguros\\\/que-es\\\/\",\"url\":\"https:\\\/\\\/idecesos.com\\\/seguros\\\/que-es\\\/\",\"name\":\"Qu\u00e9 es el Seguro de Decesos I Tipos, Coberturas, Precios 2025\",\"isPartOf\":{\"@id\":\"https:\\\/\\\/idecesos.com\\\/seguros\\\/#website\"},\"datePublished\":\"2024-12-02T08:44:36+00:00\",\"dateModified\":\"2024-12-02T11:31:22+00:00\",\"description\":\"Gu\u00eda completa del Seguro de Decesos en Espa\u00f1a \u2b50Informaci\u00f3n actualizada en 2025 \u2714\ufe0fInformaci\u00f3n, precios y coberturas verificadas por iDecesos.\",\"breadcrumb\":{\"@id\":\"https:\\\/\\\/idecesos.com\\\/seguros\\\/que-es\\\/#breadcrumb\"},\"inLanguage\":\"es\",\"potentialAction\":[{\"@type\":\"ReadAction\",\"target\":[\"https:\\\/\\\/idecesos.com\\\/seguros\\\/que-es\\\/\"]}]},{\"@type\":\"BreadcrumbList\",\"@id\":\"https:\\\/\\\/idecesos.com\\\/seguros\\\/que-es\\\/#breadcrumb\",\"itemListElement\":[{\"@type\":\"ListItem\",\"position\":1,\"name\":\"Portada\",\"item\":\"https:\\\/\\\/idecesos.com\\\/seguros\\\/\"},{\"@type\":\"ListItem\",\"position\":2,\"name\":\"\u00bfQu\u00e9 es el seguro de decesos?\"}]},{\"@type\":\"WebSite\",\"@id\":\"https:\\\/\\\/idecesos.com\\\/seguros\\\/#website\",\"url\":\"https:\\\/\\\/idecesos.com\\\/seguros\\\/\",\"name\":\"\",\"description\":\"\",\"potentialAction\":[{\"@type\":\"SearchAction\",\"target\":{\"@type\":\"EntryPoint\",\"urlTemplate\":\"https:\\\/\\\/idecesos.com\\\/seguros\\\/?s={search_term_string}\"},\"query-input\":{\"@type\":\"PropertyValueSpecification\",\"valueRequired\":true,\"valueName\":\"search_term_string\"}}],\"inLanguage\":\"es\"}]}<\/script>\n<!-- \/ Yoast SEO plugin. -->","yoast_head_json":{"title":"Qu\u00e9 es el Seguro de Decesos I Tipos, Coberturas, Precios 2025","description":"Gu\u00eda completa del Seguro de Decesos en Espa\u00f1a \u2b50Informaci\u00f3n actualizada en 2025 \u2714\ufe0fInformaci\u00f3n, precios y coberturas verificadas por iDecesos.","robots":{"index":"index","follow":"follow","max-snippet":"max-snippet:-1","max-image-preview":"max-image-preview:large","max-video-preview":"max-video-preview:-1"},"canonical":"https:\/\/idecesos.com\/seguros\/que-es\/","og_locale":"es_ES","og_type":"article","og_title":"Qu\u00e9 es el Seguro de Decesos I Tipos, Coberturas, Precios 2025","og_description":"Gu\u00eda completa del Seguro de Decesos en Espa\u00f1a \u2b50Informaci\u00f3n actualizada en 2025 \u2714\ufe0fInformaci\u00f3n, precios y coberturas verificadas por iDecesos.","og_url":"https:\/\/idecesos.com\/seguros\/que-es\/","article_modified_time":"2024-12-02T11:31:22+00:00","twitter_card":"summary_large_image","twitter_misc":{"Tiempo de lectura":"5 minutos"},"schema":{"@context":"https:\/\/schema.org","@graph":[{"@type":"WebPage","@id":"https:\/\/idecesos.com\/seguros\/que-es\/","url":"https:\/\/idecesos.com\/seguros\/que-es\/","name":"Qu\u00e9 es el Seguro de Decesos I Tipos, Coberturas, Precios 2025","isPartOf":{"@id":"https:\/\/idecesos.com\/seguros\/#website"},"datePublished":"2024-12-02T08:44:36+00:00","dateModified":"2024-12-02T11:31:22+00:00","description":"Gu\u00eda completa del Seguro de Decesos en Espa\u00f1a \u2b50Informaci\u00f3n actualizada en 2025 \u2714\ufe0fInformaci\u00f3n, precios y coberturas verificadas por iDecesos.","breadcrumb":{"@id":"https:\/\/idecesos.com\/seguros\/que-es\/#breadcrumb"},"inLanguage":"es","potentialAction":[{"@type":"ReadAction","target":["https:\/\/idecesos.com\/seguros\/que-es\/"]}]},{"@type":"BreadcrumbList","@id":"https:\/\/idecesos.com\/seguros\/que-es\/#breadcrumb","itemListElement":[{"@type":"ListItem","position":1,"name":"Portada","item":"https:\/\/idecesos.com\/seguros\/"},{"@type":"ListItem","position":2,"name":"\u00bfQu\u00e9 es el seguro de decesos?"}]},{"@type":"WebSite","@id":"https:\/\/idecesos.com\/seguros\/#website","url":"https:\/\/idecesos.com\/seguros\/","name":"","description":"","potentialAction":[{"@type":"SearchAction","target":{"@type":"EntryPoint","urlTemplate":"https:\/\/idecesos.com\/seguros\/?s={search_term_string}"},"query-input":{"@type":"PropertyValueSpecification","valueRequired":true,"valueName":"search_term_string"}}],"inLanguage":"es"}]}},"_links":{"self":[{"href":"https:\/\/idecesos.com\/seguros\/wp-json\/wp\/v2\/pages\/766","targetHints":{"allow":["GET"]}}],"collection":[{"href":"https:\/\/idecesos.com\/seguros\/wp-json\/wp\/v2\/pages"}],"about":[{"href":"https:\/\/idecesos.com\/seguros\/wp-json\/wp\/v2\/types\/page"}],"author":[{"embeddable":true,"href":"https:\/\/idecesos.com\/seguros\/wp-json\/wp\/v2\/users\/2"}],"replies":[{"embeddable":true,"href":"https:\/\/idecesos.com\/seguros\/wp-json\/wp\/v2\/comments?post=766"}],"version-history":[{"count":39,"href":"https:\/\/idecesos.com\/seguros\/wp-json\/wp\/v2\/pages\/766\/revisions"}],"predecessor-version":[{"id":22079,"href":"https:\/\/idecesos.com\/seguros\/wp-json\/wp\/v2\/pages\/766\/revisions\/22079"}],"wp:attachment":[{"href":"https:\/\/idecesos.com\/seguros\/wp-json\/wp\/v2\/media?parent=766"}],"curies":[{"name":"wp","href":"https:\/\/api.w.org\/{rel}","templated":true}]}}