{"id":790,"date":"2021-07-13T10:18:45","date_gmt":"2021-07-13T10:18:45","guid":{"rendered":"https:\/\/idecesos.com\/seguros\/?page_id=790"},"modified":"2024-12-11T13:44:33","modified_gmt":"2024-12-11T12:44:33","slug":"poliza","status":"publish","type":"page","link":"https:\/\/idecesos.com\/seguros\/companias\/ocaso\/poliza\/","title":{"rendered":"P\u00d3LIZA SEGURO DECESOS OCASO"},"content":{"rendered":"\r\n\r\n<p>Son varias las p\u00f3lizas de seguro de decesos que en la compa\u00f1\u00eda Ocaso nos ofrecen. La primera de estas p\u00f3lizas es Ocaso asistencia familiar integral, la segunda opci\u00f3n Ocaso asistencia a prima \u00fanica integral y la tercera alternativa es Ocaso oro integral.<\/p>\r\n\r\n\r\n\r\n<p>Antes de hablar de cada una de estas p\u00f3lizas de seguros y de comentar qu\u00e9 ofrece cada una, las coberturas que tiene, los servicios que da, etc. vamos a hablar de la aseguradora Ocaso. Esta empresa se fund\u00f3 en el a\u00f1o 1920 y lleva desde entonces asegurando a gente en toda Espa\u00f1a. Siempre las principales apuestas de una compa\u00f1\u00eda aseguradora son dar bienestar y la m\u00e1xima tranquilidad, de modo que Ocaso no ha querido ser menos y ha apostado por estas dos premisas. Como ya sabr\u00e9is, una de las principales compa\u00f1\u00edas del mundo de los seguros es Ocaso, lleva siendo solvente y estando entre las m\u00e1s importantes casi cien a\u00f1os. Su poder empresarial y financiero es otro de los fuertes pilares de la empresa. El peso de Ocaso en el mercado es innegable, as\u00ed como su solvencia y rentabilidad. Eso hace que las personas que apuesten por esta aseguradora para contratar su p\u00f3liza est\u00e9n m\u00e1s tranquilas y confiadas con respecto a sus servicios y a sus prestaciones. Es por todo esto que la entidad mantiene una posici\u00f3n que est\u00e1 por encima de sus principales competidores. Su equipo humano est\u00e1 conformado por un gran n\u00famero de agentes, de empleados y de colaboradores, siendo un total de m\u00e1s de 30.000 los empleados que tiene la empresa. Se ha creado este gran y eficaz grupo de trabajo con el fin de dar a sus clientes y a las personas que contraten la p\u00f3liza de seguro de decesos con ellos el mayor servicio y la mejor atenci\u00f3n en cualquier momento del d\u00eda.<\/p>\r\n\r\n\r\n\r\n<p>Ocaso S.A. Compa\u00f1\u00eda de Seguros y Reaseguros y Eterna Aseguradora, Sociedad An\u00f3nima Compa\u00f1\u00eda de Seguros y Reaseguros son las dos empresas que forman el grupo empresarial Ocaso, esto quiere decir que Ocaso ha sabido crecer y expandirse, lo que hace al grupo m\u00e1s confiable aun. Ya no solo por los a\u00f1os que lleva existiendo, casi 100 a\u00f1os, sino porque ha sabido expandirse y crecer. Adem\u00e1s hay que tener en cuenta que en Ocaso dan un servicio experto y directo que viene dirigido por manos de especialistas del sector. Son personas profesionales de las distintas \u00e1reas que hay dentro de la industria de los seguros. Destacamos el hecho de que tienen personal experto en las diferentes ramas de los seguros porque son varios los tipos de seguros que ofertan, entre ellos tienen seguro del hogar, seguro de viajes, seguro de comunidades de vecinos, seguro de animales dom\u00e9sticos, seguros de vida y de accidentes, seguros pensados para un comercio o una pyme, etc.<\/p>\r\n\r\n\r\n\r\n<p>Para comparar entre varios tipos de seguros de decesos y encontrar la mejor oferta, ten en cuenta que siempre dispones de iDecesos.com, nuestra comparadora que va a buscarte en tan solo dos minutos lo que m\u00e1s te interesa y lo que mejor te viene.<\/p>\r\n\r\n\r\n\r\n<p>Como ya hemos comentado disponen en Ocaso de tres tipos de p\u00f3lizas distintas de seguros de decesos. Por un lado est\u00e1 la p\u00f3liza Ocaso asistencia familiar integral. Esta p\u00f3liza es muy flexible y se ajusta a tus necesidades, es por esto que opta por la prima nivelada de forma creciente. Recordad que la prima nivelada se ajusta a la edad de la persona asegurada, va aumentando con respecto a la edad, conforme vas cumpliendo a\u00f1os va siendo m\u00e1s alto el precio de la p\u00f3liza. Lo bueno de esta prima nivelada que nos ofrece Ocaso es que te aseguran que vas a poder ajustar el precio del seguro de decesos a la econom\u00eda que tengas en esos momentos. Se entiende por esto que si tienes mayor salario vas a ir pagando m\u00e1s, si tiene menos pues por ese tiempo baja el precio de la p\u00f3liza. Esta modalidad de seguro de decesos es muy completa y cuenta con todos los servicios. Incluye todas las necesidades que cualquier persona y su familia puedan tener, cubriendo numerosos riesgos. A continuaci\u00f3n veremos algunos. Servicio funerario que cuenta con la administraci\u00f3n y el coste del sepelio, el duelo, el funeral o la incineraci\u00f3n, el traslado, la decoraci\u00f3n, todo. Lo positivo es que aparte de que con este seguro se hace responsable la compa\u00f1\u00eda del coste de todo el servicio, se encarga de todo. El hecho de encargarse de todo implica realizar todas las gestiones, los tr\u00e1mites, el papeleo, la organizaci\u00f3n, etc.<\/p>\r\n\r\n\r\n\r\n<p>Igualmente vas a poder contar con una asistencia m\u00e9dica telef\u00f3nica 24 horas. Esta consiste en tener consultas m\u00e9dicas de cualquier tipo de especialidad, pruebas de diagn\u00f3stico, adem\u00e1s de otros servicios exclusivos con un servicio preferente que apuesta por el ahorro y la economizaci\u00f3n del tiempo. T\u00fa y toda tu familia dispondr\u00e9is de asistencia odontol\u00f3gica en una red de cl\u00ednicas que son seleccionadas por Ocaso que es muy amplia. Tendr\u00e9is tambi\u00e9n prestaciones gratuitas y grandes promociones.<\/p>\r\n\r\n\r\n\r\n<p>Por otro lado, est\u00e1 la p\u00f3liza de seguros de decesos oro integral. Este es un seguro enfocado a las familias y a los profesionales aut\u00f3nomos que quieren disponer de un seguro con grandes prestaciones y servicios, de manera que sea m\u00e1s completo que los seguros que podemos encontrar habitualmente en este sector. Son numerosos los servicios y las garant\u00edas que con este seguro vas a tener. Entre ellos cabr\u00eda destacar la asistencia y la protecci\u00f3n de las que ya dispones para toda la vida. Si tienes alguna enfermedad, si necesitas servicio odontol\u00f3gico, en caso de accidente, en los viajes que hagas por Espa\u00f1a o fuera de nuestro pa\u00eds tambi\u00e9n estar\u00e1s asegurado, para las consultas legales de cualquier tipo que tengas que hacer, etc. Todos los servicios que se han mencionado en el seguro asistencia familiar integral est\u00e1n, del mismo modo, incluidos en la p\u00f3liza de seguros oro integral.<\/p>\r\n\r\n\r\n\r\n<p>En tercer y \u00faltimo lugar, existe la opci\u00f3n Ocaso asistencia a prima \u00fanica integral. Este tipo de p\u00f3liza de seguros est\u00e1 pensada espec\u00edficamente para aquellas personas que tienen m\u00e1s de setenta a\u00f1os y que viven en nuestro pa\u00eds. Ocaso asistencia a prima \u00fanica integral posibilita disponer de una plataforma de atenci\u00f3n ante cualquier problema que pueda pasarle a la persona asegurada. Con tan solo una llamada desde Ocaso van a resolver todos los problemas que puedan surgirle al asegurado y todas las necesidades que tenga en ese mismo instante. Sea el d\u00eda que sea y a cualquier hora. Cuando llega el momento del fallecimiento del asegurado, la compa\u00f1\u00eda estar\u00e1 ah\u00ed para prestar todos sus servicios y para atender a la familia en todo lo que necesite.<\/p>\r\n<h3>P\u00e1ginas relacionadas<\/h3><div class=\"enlazado\"><ul> <li><a href=\"https:\/\/idecesos.com\/seguros\/companias\/ocaso\/coberturas\/\">Coberturas Seguro de Decesos Ocaso<\/a><\/li> <li><a href=\"https:\/\/idecesos.com\/seguros\/companias\/ocaso\/opiniones\/\">Opiniones Ocaso<\/a><\/li> <li><a href=\"https:\/\/idecesos.com\/seguros\/companias\/ocaso\/oro\/\">Ocaso Oro<\/a><\/li> <li><a href=\"https:\/\/idecesos.com\/seguros\/companias\/ocaso\/poliza\/\">P\u00f3liza Ocaso<\/a><\/li> <li><a href=\"https:\/\/idecesos.com\/seguros\/companias\/ocaso\/precio\/\">Precio seguro Ocaso<\/a><\/li> <li><a href=\"https:\/\/idecesos.com\/seguros\/companias\/ocaso\/prima-mixta\/\">Ocaso Prima Mixta<\/a><\/li> <li><a href=\"https:\/\/idecesos.com\/seguros\/companias\/ocaso\/prima-natural\/\">Ocaso Prima Natural<\/a><\/li> <li><a href=\"https:\/\/idecesos.com\/seguros\/companias\/ocaso\/prima-nivelada\/\">Ocaso Prima Nivelada<\/a><\/li> <li><a href=\"https:\/\/idecesos.com\/seguros\/companias\/ocaso\/prima-unica\/\">Ocaso Prima \u00danica<\/a><\/li> <li><a href=\"https:\/\/idecesos.com\/seguros\/companias\/ocaso\/repatriacion\/\">Ocaso Repatriaci\u00f3n<\/a><\/li> <li><a href=\"https:\/\/idecesos.com\/seguros\/companias\/ocaso\/telefono\/\">Tel\u00e9fono Gratuito Ocaso<\/a><\/li> <\/ul><\/div>\r\n","protected":false},"excerpt":{"rendered":"<p>Son varias las p\u00f3lizas de seguro de decesos que en la compa\u00f1\u00eda Ocaso nos ofrecen. La primera de estas p\u00f3lizas es Ocaso asistencia familiar integral, la segunda opci\u00f3n Ocaso asistencia a prima \u00fanica integral y la tercera alternativa es Ocaso oro integral. Antes de hablar de cada una de estas p\u00f3lizas de seguros y de&hellip; <\/p>\n","protected":false},"author":2,"featured_media":0,"parent":777,"menu_order":0,"comment_status":"closed","ping_status":"closed","template":"single.php","meta":{"footnotes":""},"class_list":["post-790","page","type-page","status-publish","hentry"],"yoast_head":"<!-- This site is optimized with the Yoast SEO plugin v27.3 - https:\/\/yoast.com\/product\/yoast-seo-wordpress\/ -->\n<title>P\u00d3LIZA SEGURO DECESOS OCASO -<\/title>\n<meta name=\"robots\" content=\"index, follow, max-snippet:-1, max-image-preview:large, max-video-preview:-1\" \/>\n<link rel=\"canonical\" href=\"https:\/\/idecesos.com\/seguros\/companias\/ocaso\/poliza\/\" \/>\n<meta property=\"og:locale\" content=\"es_ES\" \/>\n<meta property=\"og:type\" content=\"article\" \/>\n<meta property=\"og:title\" content=\"P\u00d3LIZA SEGURO DECESOS OCASO -\" \/>\n<meta property=\"og:description\" content=\"Son varias las p\u00f3lizas de seguro de decesos que en la compa\u00f1\u00eda Ocaso nos ofrecen. La primera de estas p\u00f3lizas es Ocaso asistencia familiar integral, la segunda opci\u00f3n Ocaso asistencia a prima \u00fanica integral y la tercera alternativa es Ocaso oro integral. Antes de hablar de cada una de estas p\u00f3lizas de seguros y de&hellip;\" \/>\n<meta property=\"og:url\" content=\"https:\/\/idecesos.com\/seguros\/companias\/ocaso\/poliza\/\" \/>\n<meta property=\"article:modified_time\" content=\"2024-12-11T12:44:33+00:00\" \/>\n<meta name=\"twitter:card\" content=\"summary_large_image\" \/>\n<meta name=\"twitter:label1\" content=\"Tiempo de lectura\" \/>\n\t<meta name=\"twitter:data1\" content=\"6 minutos\" \/>\n<script type=\"application\/ld+json\" class=\"yoast-schema-graph\">{\"@context\":\"https:\\\/\\\/schema.org\",\"@graph\":[{\"@type\":\"WebPage\",\"@id\":\"https:\\\/\\\/idecesos.com\\\/seguros\\\/companias\\\/ocaso\\\/poliza\\\/\",\"url\":\"https:\\\/\\\/idecesos.com\\\/seguros\\\/companias\\\/ocaso\\\/poliza\\\/\",\"name\":\"P\u00d3LIZA SEGURO DECESOS OCASO -\",\"isPartOf\":{\"@id\":\"https:\\\/\\\/idecesos.com\\\/seguros\\\/#website\"},\"datePublished\":\"2021-07-13T10:18:45+00:00\",\"dateModified\":\"2024-12-11T12:44:33+00:00\",\"breadcrumb\":{\"@id\":\"https:\\\/\\\/idecesos.com\\\/seguros\\\/companias\\\/ocaso\\\/poliza\\\/#breadcrumb\"},\"inLanguage\":\"es\",\"potentialAction\":[{\"@type\":\"ReadAction\",\"target\":[\"https:\\\/\\\/idecesos.com\\\/seguros\\\/companias\\\/ocaso\\\/poliza\\\/\"]}]},{\"@type\":\"BreadcrumbList\",\"@id\":\"https:\\\/\\\/idecesos.com\\\/seguros\\\/companias\\\/ocaso\\\/poliza\\\/#breadcrumb\",\"itemListElement\":[{\"@type\":\"ListItem\",\"position\":1,\"name\":\"Portada\",\"item\":\"https:\\\/\\\/idecesos.com\\\/seguros\\\/\"},{\"@type\":\"ListItem\",\"position\":2,\"name\":\"Compa\u00f1\u00edas de Seguros de Decesos en Espa\u00f1a\",\"item\":\"https:\\\/\\\/idecesos.com\\\/seguros\\\/companias\\\/\"},{\"@type\":\"ListItem\",\"position\":3,\"name\":\"Seguro de Decesos Ocaso\",\"item\":\"https:\\\/\\\/idecesos.com\\\/seguros\\\/companias\\\/ocaso\\\/\"},{\"@type\":\"ListItem\",\"position\":4,\"name\":\"P\u00d3LIZA SEGURO DECESOS OCASO\"}]},{\"@type\":\"WebSite\",\"@id\":\"https:\\\/\\\/idecesos.com\\\/seguros\\\/#website\",\"url\":\"https:\\\/\\\/idecesos.com\\\/seguros\\\/\",\"name\":\"\",\"description\":\"\",\"potentialAction\":[{\"@type\":\"SearchAction\",\"target\":{\"@type\":\"EntryPoint\",\"urlTemplate\":\"https:\\\/\\\/idecesos.com\\\/seguros\\\/?s={search_term_string}\"},\"query-input\":{\"@type\":\"PropertyValueSpecification\",\"valueRequired\":true,\"valueName\":\"search_term_string\"}}],\"inLanguage\":\"es\"}]}<\/script>\n<!-- \/ Yoast SEO plugin. -->","yoast_head_json":{"title":"P\u00d3LIZA SEGURO DECESOS OCASO -","robots":{"index":"index","follow":"follow","max-snippet":"max-snippet:-1","max-image-preview":"max-image-preview:large","max-video-preview":"max-video-preview:-1"},"canonical":"https:\/\/idecesos.com\/seguros\/companias\/ocaso\/poliza\/","og_locale":"es_ES","og_type":"article","og_title":"P\u00d3LIZA SEGURO DECESOS OCASO -","og_description":"Son varias las p\u00f3lizas de seguro de decesos que en la compa\u00f1\u00eda Ocaso nos ofrecen. La primera de estas p\u00f3lizas es Ocaso asistencia familiar integral, la segunda opci\u00f3n Ocaso asistencia a prima \u00fanica integral y la tercera alternativa es Ocaso oro integral. Antes de hablar de cada una de estas p\u00f3lizas de seguros y de&hellip;","og_url":"https:\/\/idecesos.com\/seguros\/companias\/ocaso\/poliza\/","article_modified_time":"2024-12-11T12:44:33+00:00","twitter_card":"summary_large_image","twitter_misc":{"Tiempo de lectura":"6 minutos"},"schema":{"@context":"https:\/\/schema.org","@graph":[{"@type":"WebPage","@id":"https:\/\/idecesos.com\/seguros\/companias\/ocaso\/poliza\/","url":"https:\/\/idecesos.com\/seguros\/companias\/ocaso\/poliza\/","name":"P\u00d3LIZA SEGURO DECESOS OCASO -","isPartOf":{"@id":"https:\/\/idecesos.com\/seguros\/#website"},"datePublished":"2021-07-13T10:18:45+00:00","dateModified":"2024-12-11T12:44:33+00:00","breadcrumb":{"@id":"https:\/\/idecesos.com\/seguros\/companias\/ocaso\/poliza\/#breadcrumb"},"inLanguage":"es","potentialAction":[{"@type":"ReadAction","target":["https:\/\/idecesos.com\/seguros\/companias\/ocaso\/poliza\/"]}]},{"@type":"BreadcrumbList","@id":"https:\/\/idecesos.com\/seguros\/companias\/ocaso\/poliza\/#breadcrumb","itemListElement":[{"@type":"ListItem","position":1,"name":"Portada","item":"https:\/\/idecesos.com\/seguros\/"},{"@type":"ListItem","position":2,"name":"Compa\u00f1\u00edas de Seguros de Decesos en Espa\u00f1a","item":"https:\/\/idecesos.com\/seguros\/companias\/"},{"@type":"ListItem","position":3,"name":"Seguro de Decesos Ocaso","item":"https:\/\/idecesos.com\/seguros\/companias\/ocaso\/"},{"@type":"ListItem","position":4,"name":"P\u00d3LIZA SEGURO DECESOS OCASO"}]},{"@type":"WebSite","@id":"https:\/\/idecesos.com\/seguros\/#website","url":"https:\/\/idecesos.com\/seguros\/","name":"","description":"","potentialAction":[{"@type":"SearchAction","target":{"@type":"EntryPoint","urlTemplate":"https:\/\/idecesos.com\/seguros\/?s={search_term_string}"},"query-input":{"@type":"PropertyValueSpecification","valueRequired":true,"valueName":"search_term_string"}}],"inLanguage":"es"}]}},"_links":{"self":[{"href":"https:\/\/idecesos.com\/seguros\/wp-json\/wp\/v2\/pages\/790","targetHints":{"allow":["GET"]}}],"collection":[{"href":"https:\/\/idecesos.com\/seguros\/wp-json\/wp\/v2\/pages"}],"about":[{"href":"https:\/\/idecesos.com\/seguros\/wp-json\/wp\/v2\/types\/page"}],"author":[{"embeddable":true,"href":"https:\/\/idecesos.com\/seguros\/wp-json\/wp\/v2\/users\/2"}],"replies":[{"embeddable":true,"href":"https:\/\/idecesos.com\/seguros\/wp-json\/wp\/v2\/comments?post=790"}],"version-history":[{"count":3,"href":"https:\/\/idecesos.com\/seguros\/wp-json\/wp\/v2\/pages\/790\/revisions"}],"predecessor-version":[{"id":22155,"href":"https:\/\/idecesos.com\/seguros\/wp-json\/wp\/v2\/pages\/790\/revisions\/22155"}],"up":[{"embeddable":true,"href":"https:\/\/idecesos.com\/seguros\/wp-json\/wp\/v2\/pages\/777"}],"wp:attachment":[{"href":"https:\/\/idecesos.com\/seguros\/wp-json\/wp\/v2\/media?parent=790"}],"curies":[{"name":"wp","href":"https:\/\/api.w.org\/{rel}","templated":true}]}}